66.249.65.168 - - [15/Mar/2025:20:30:15 +0700] "POST /get-message-notify HTTP/1.1" 200 21983 "https://www.aturtoko.id/?32292020390.shtm" "Mozilla/5.0 (Linux; Android 6.0.1; Nexus 5X Build/MMB29P) AppleWebKit/537.36 (KHTML, like Gecko) Chrome/133.0.6943.141 Mobile Safari/537.36 (compatible; Googlebot/2.1; +http://www.google.com/bot.html)"
66.249.65.168 - - [15/Mar/2025:20:30:16 +0700] "GET /?e=46382392963 HTTP/1.1" 200 19970 "-" "Mozilla/5.0 (Linux; Android 6.0.1; Nexus 5X Build/MMB29P) AppleWebKit/537.36 (KHTML, like Gecko) Chrome/133.0.6943.141 Mobile Safari/537.36 (compatible; GoogleOther)"
66.249.65.168 - - [15/Mar/2025:20:30:19 +0700] "GET /?determining/good/3225143700.shtm HTTP/1.1" 200 20151 "-" "Mozilla/5.0 (Linux; Android 6.0.1; Nexus 5X Build/MMB29P) AppleWebKit/537.36 (KHTML, like Gecko) Chrome/133.0.6943.141 Mobile Safari/537.36 (compatible; Googlebot/2.1; +http://www.google.com/bot.html)"
66.249.71.3 - - [15/Mar/2025:20:30:21 +0700] "GET /?llc/good/3226860430.shtm HTTP/1.1" 200 21074 "-" "Mozilla/5.0 (Linux; Android 6.0.1; Nexus 5X Build/MMB29P) AppleWebKit/537.36 (KHTML, like Gecko) Chrome/133.0.6943.141 Mobile Safari/537.36 (compatible; Googlebot/2.1; +http://www.google.com/bot.html)"
66.249.65.168 - - [15/Mar/2025:20:30:21 +0700] "GET /?32271442938.shtm HTTP/1.1" 200 20375 "-" "Mozilla/5.0 (Linux; Android 6.0.1; Nexus 5X Build/MMB29P) AppleWebKit/537.36 (KHTML, like Gecko) Chrome/133.0.6943.141 Mobile Safari/537.36 (compatible; Googlebot/2.1; +http://www.google.com/bot.html)"
66.249.65.99 - - [15/Mar/2025:20:30:24 +0700] "GET /favicon.ico HTTP/1.1" 404 1251 "-" "Googlebot-Image/1.0"
66.249.65.168 - - [15/Mar/2025:20:30:23 +0700] "GET /?rammstein/32281911530.shtm HTTP/1.1" 200 20309 "-" "Mozilla/5.0 (Linux; Android 6.0.1; Nexus 5X Build/MMB29P) AppleWebKit/537.36 (KHTML, like Gecko) Chrome/133.0.6943.141 Mobile Safari/537.36 (compatible; Googlebot/2.1; +http://www.google.com/bot.html)"
66.249.65.168 - - [15/Mar/2025:20:30:24 +0700] "GET /?kathy/good/322566750.shtm HTTP/1.1" 200 20080 "-" "Mozilla/5.0 (Linux; Android 6.0.1; Nexus 5X Build/MMB29P) AppleWebKit/537.36 (KHTML, like Gecko) Chrome/133.0.6943.141 Mobile Safari/537.36 (compatible; Googlebot/2.1; +http://www.google.com/bot.html)"
66.249.65.168 - - [15/Mar/2025:20:30:26 +0700] "GET /?e=83413315277 HTTP/1.1" 200 19695 "-" "Mozilla/5.0 (Linux; Android 6.0.1; Nexus 5X Build/MMB29P) AppleWebKit/537.36 (KHTML, like Gecko) Chrome/133.0.6943.141 Mobile Safari/537.36 (compatible; GoogleOther)"
66.249.65.168 - - [15/Mar/2025:20:30:26 +0700] "GET /?hosting/products/32281859274.shtm HTTP/1.1" 200 19718 "-" "Mozilla/5.0 (Linux; Android 6.0.1; Nexus 5X Build/MMB29P) AppleWebKit/537.36 (KHTML, like Gecko) Chrome/133.0.6943.141 Mobile Safari/537.36 (compatible; Googlebot/2.1; +http://www.google.com/bot.html)"
66.249.71.3 - - [15/Mar/2025:20:30:29 +0700] "GET /?thrill/merchandises/32292253165.shtm HTTP/1.1" 200 20225 "-" "Mozilla/5.0 (Linux; Android 6.0.1; Nexus 5X Build/MMB29P) AppleWebKit/537.36 (KHTML, like Gecko) Chrome/133.0.6943.141 Mobile Safari/537.36 (compatible; Googlebot/2.1; +http://www.google.com/bot.html)"
66.249.65.168 - - [15/Mar/2025:20:30:35 +0700] "GET /?leaks/3225134975.shtm HTTP/1.1" 200 19647 "-" "Mozilla/5.0 (Linux; Android 6.0.1; Nexus 5X Build/MMB29P) AppleWebKit/537.36 (KHTML, like Gecko) Chrome/133.0.6943.141 Mobile Safari/537.36 (compatible; Googlebot/2.1; +http://www.google.com/bot.html)"
66.249.71.3 - - [15/Mar/2025:20:30:35 +0700] "GET /?e=14671897499 HTTP/1.1" 200 19629 "-" "Mozilla/5.0 (Linux; Android 6.0.1; Nexus 5X Build/MMB29P) AppleWebKit/537.36 (KHTML, like Gecko) Chrome/133.0.6943.141 Mobile Safari/537.36 (compatible; GoogleOther)"
66.249.65.169 - - [15/Mar/2025:20:30:37 +0700] "GET /?3225114013.shtm HTTP/1.1" 200 20051 "-" "Mozilla/5.0 (Linux; Android 6.0.1; Nexus 5X Build/MMB29P) AppleWebKit/537.36 (KHTML, like Gecko) Chrome/133.0.6943.141 Mobile Safari/537.36 (compatible; Googlebot/2.1; +http://www.google.com/bot.html)"
66.249.65.169 - - [15/Mar/2025:20:30:37 +0700] "GET /?322516825.shtm HTTP/1.1" 200 21302 "-" "Mozilla/5.0 (Linux; Android 6.0.1; Nexus 5X Build/MMB29P) AppleWebKit/537.36 (KHTML, like Gecko) Chrome/133.0.6943.141 Mobile Safari/537.36 (compatible; Googlebot/2.1; +http://www.google.com/bot.html)"
180.235.151.3 - - [15/Mar/2025:20:30:44 +0700] "POST /wp-cron.php?doing_wp_cron=1742045444.5975940227508544921875 HTTP/1.1" 403 1242 "-" "WordPress/6.7.2; https://www.aturtoko.id"
18.210.92.235 - - [15/Mar/2025:20:30:39 +0700] "GET /en/blog/lainnya/tantangan-keamanan-data-dan-privasi-dalam-e-commerce HTTP/1.1" 404 2947 "-" "Mozilla/5.0 AppleWebKit/537.36 (KHTML, like Gecko; compatible; PerplexityBot/1.0; +https://perplexity.ai/perplexitybot)"
180.235.151.3 - - [15/Mar/2025:20:30:44 +0700] "POST /wp-cron.php?doing_wp_cron=1742045444.6672959327697753906250 HTTP/1.1" 403 1242 "-" "WordPress/6.7.2; https://www.aturtoko.id"
3.222.232.239 - - [15/Mar/2025:20:30:39 +0700] "GET /en/blog/lainnya/tantangan-keamanan-data-dan-privasi-dalam-e-commerce HTTP/1.1" 404 2947 "-" "Mozilla/5.0 AppleWebKit/537.36 (KHTML, like Gecko; compatible; PerplexityBot/1.0; +https://perplexity.ai/perplexitybot)"
66.249.71.4 - - [15/Mar/2025:20:30:43 +0700] "GET /?e=75428830776 HTTP/1.1" 200 19667 "-" "Mozilla/5.0 (Linux; Android 6.0.1; Nexus 5X Build/MMB29P) AppleWebKit/537.36 (KHTML, like Gecko) Chrome/133.0.6943.141 Mobile Safari/537.36 (compatible; GoogleOther)"
66.249.65.169 - - [15/Mar/2025:20:30:43 +0700] "GET /?witty/3225277424.shtm HTTP/1.1" 200 19578 "-" "Mozilla/5.0 (Linux; Android 6.0.1; Nexus 5X Build/MMB29P) AppleWebKit/537.36 (KHTML, like Gecko) Chrome/133.0.6943.141 Mobile Safari/537.36 (compatible; Googlebot/2.1; +http://www.google.com/bot.html)"
66.249.65.169 - - [15/Mar/2025:20:30:45 +0700] "GET /?analytic/goods/32271313478.shtm HTTP/1.1" 200 20352 "-" "Mozilla/5.0 (Linux; Android 6.0.1; Nexus 5X Build/MMB29P) AppleWebKit/537.36 (KHTML, like Gecko) Chrome/133.0.6943.141 Mobile Safari/537.36 (compatible; Googlebot/2.1; +http://www.google.com/bot.html)"
66.249.65.168 - - [15/Mar/2025:20:30:46 +0700] "GET /?3225421615.shtm HTTP/1.1" 200 19795 "-" "Mozilla/5.0 (Linux; Android 6.0.1; Nexus 5X Build/MMB29P) AppleWebKit/537.36 (KHTML, like Gecko) Chrome/133.0.6943.141 Mobile Safari/537.36 (compatible; Googlebot/2.1; +http://www.google.com/bot.html)"
66.249.65.169 - - [15/Mar/2025:20:30:48 +0700] "GET /?validate/32271110578.shtm HTTP/1.1" 200 20909 "-" "Mozilla/5.0 (Linux; Android 6.0.1; Nexus 5X Build/MMB29P) AppleWebKit/537.36 (KHTML, like Gecko) Chrome/133.0.6943.141 Mobile Safari/537.36 (compatible; Googlebot/2.1; +http://www.google.com/bot.html)"
66.249.65.169 - - [15/Mar/2025:20:30:51 +0700] "GET /?3226800362.shtm HTTP/1.1" 200 20727 "-" "Mozilla/5.0 (Linux; Android 6.0.1; Nexus 5X Build/MMB29P) AppleWebKit/537.36 (KHTML, like Gecko) Chrome/133.0.6943.141 Mobile Safari/537.36 (compatible; GoogleOther)"
66.249.65.169 - - [15/Mar/2025:20:30:53 +0700] "GET /?counterpart/auction/32271416546.shtm HTTP/1.1" 200 22455 "-" "Mozilla/5.0 (Linux; Android 6.0.1; Nexus 5X Build/MMB29P) AppleWebKit/537.36 (KHTML, like Gecko) Chrome/133.0.6943.141 Mobile Safari/537.36 (compatible; Googlebot/2.1; +http://www.google.com/bot.html)"
66.249.65.168 - - [15/Mar/2025:20:30:59 +0700] "GET /?e=26975862862 HTTP/1.1" 200 19700 "-" "Mozilla/5.0 (Linux; Android 6.0.1; Nexus 5X Build/MMB29P) AppleWebKit/537.36 (KHTML, like Gecko) Chrome/133.0.6943.141 Mobile Safari/537.36 (compatible; GoogleOther)"
66.249.65.170 - - [15/Mar/2025:20:30:59 +0700] "GET /?fond/32271431440.shtm HTTP/1.1" 200 20439 "-" "Mozilla/5.0 (Linux; Android 6.0.1; Nexus 5X Build/MMB29P) AppleWebKit/537.36 (KHTML, like Gecko) Chrome/133.0.6943.141 Mobile Safari/537.36 (compatible; Googlebot/2.1; +http://www.google.com/bot.html)"
66.249.65.169 - - [15/Mar/2025:20:31:02 +0700] "GET /?encounters/commoditys/32281591371.shtm HTTP/1.1" 200 20562 "-" "Mozilla/5.0 (Linux; Android 6.0.1; Nexus 5X Build/MMB29P) AppleWebKit/537.36 (KHTML, like Gecko) Chrome/133.0.6943.141 Mobile Safari/537.36 (compatible; Googlebot/2.1; +http://www.google.com/bot.html)"
66.249.65.168 - - [15/Mar/2025:20:31:04 +0700] "GET /?wilkinson/auction/32281694346.shtm HTTP/1.1" 200 19928 "-" "Mozilla/5.0 (Linux; Android 6.0.1; Nexus 5X Build/MMB29P) AppleWebKit/537.36 (KHTML, like Gecko) Chrome/133.0.6943.141 Mobile Safari/537.36 (compatible; Googlebot/2.1; +http://www.google.com/bot.html)"
66.249.71.3 - - [15/Mar/2025:20:31:07 +0700] "GET /?e=73240151219 HTTP/1.1" 200 21749 "-" "Mozilla/5.0 (Linux; Android 6.0.1; Nexus 5X Build/MMB29P) AppleWebKit/537.36 (KHTML, like Gecko) Chrome/133.0.6943.141 Mobile Safari/537.36 (compatible; GoogleOther)"
66.249.65.168 - - [15/Mar/2025:20:31:10 +0700] "GET /?occasionally/3226564782.shtm HTTP/1.1" 200 19986 "-" "Mozilla/5.0 (Linux; Android 6.0.1; Nexus 5X Build/MMB29P) AppleWebKit/537.36 (KHTML, like Gecko) Chrome/133.0.6943.141 Mobile Safari/537.36 (compatible; Googlebot/2.1; +http://www.google.com/bot.html)"
66.249.65.168 - - [15/Mar/2025:20:31:12 +0700] "GET /?wire/32292481014.shtm HTTP/1.1" 200 19656 "-" "Mozilla/5.0 (Linux; Android 6.0.1; Nexus 5X Build/MMB29P) AppleWebKit/537.36 (KHTML, like Gecko) Chrome/133.0.6943.141 Mobile Safari/537.36 (compatible; Googlebot/2.1; +http://www.google.com/bot.html)"
66.249.65.168 - - [15/Mar/2025:20:31:14 +0700] "GET /?kidney/32281706087.shtm HTTP/1.1" 200 19118 "-" "Mozilla/5.0 (Linux; Android 6.0.1; Nexus 5X Build/MMB29P) AppleWebKit/537.36 (KHTML, like Gecko) Chrome/133.0.6943.141 Mobile Safari/537.36 (compatible; Googlebot/2.1; +http://www.google.com/bot.html)"
66.249.71.3 - - [15/Mar/2025:20:31:15 +0700] "GET /?e=86434498156 HTTP/1.1" 200 21209 "-" "Mozilla/5.0 (Linux; Android 6.0.1; Nexus 5X Build/MMB29P) AppleWebKit/537.36 (KHTML, like Gecko) Chrome/133.0.6943.141 Mobile Safari/537.36 (compatible; GoogleOther)"
66.249.71.3 - - [15/Mar/2025:20:31:17 +0700] "GET /comment.php?m=33282835968 HTTP/1.1" 403 1242 "-" "Mozilla/5.0 (Linux; Android 6.0.1; Nexus 5X Build/MMB29P) AppleWebKit/537.36 (KHTML, like Gecko) Chrome/133.0.6943.141 Mobile Safari/537.36 (compatible; Googlebot/2.1; +http://www.google.com/bot.html)"
66.249.65.168 - - [15/Mar/2025:20:31:16 +0700] "GET /?elapsed/32292316086.shtm HTTP/1.1" 200 22126 "-" "Mozilla/5.0 (Linux; Android 6.0.1; Nexus 5X Build/MMB29P) AppleWebKit/537.36 (KHTML, like Gecko) Chrome/133.0.6943.141 Mobile Safari/537.36 (compatible; Googlebot/2.1; +http://www.google.com/bot.html)"
66.249.65.168 - - [15/Mar/2025:20:31:20 +0700] "GET /?replacements/3226672752.shtm HTTP/1.1" 200 20211 "-" "Mozilla/5.0 (Linux; Android 6.0.1; Nexus 5X Build/MMB29P) AppleWebKit/537.36 (KHTML, like Gecko) Chrome/133.0.6943.141 Mobile Safari/537.36 (compatible; Googlebot/2.1; +http://www.google.com/bot.html)"
66.249.65.168 - - [15/Mar/2025:20:31:22 +0700] "GET /?e=64774641749 HTTP/1.1" 200 20648 "-" "Mozilla/5.0 (Linux; Android 6.0.1; Nexus 5X Build/MMB29P) AppleWebKit/537.36 (KHTML, like Gecko) Chrome/133.0.6943.141 Mobile Safari/537.36 (compatible; GoogleOther)"
66.249.71.3 - - [15/Mar/2025:20:31:24 +0700] "GET /?password/item/32271179042.shtm HTTP/1.1" 200 19877 "-" "Mozilla/5.0 (Linux; Android 6.0.1; Nexus 5X Build/MMB29P) AppleWebKit/537.36 (KHTML, like Gecko) Chrome/133.0.6943.141 Mobile Safari/537.36 (compatible; Googlebot/2.1; +http://www.google.com/bot.html)"
66.249.65.168 - - [15/Mar/2025:20:31:30 +0700] "GET /?32271294492.shtm HTTP/1.1" 200 20077 "-" "Mozilla/5.0 (Linux; Android 6.0.1; Nexus 5X Build/MMB29P) AppleWebKit/537.36 (KHTML, like Gecko) Chrome/133.0.6943.141 Mobile Safari/537.36 (compatible; Googlebot/2.1; +http://www.google.com/bot.html)"
66.249.65.168 - - [15/Mar/2025:20:31:32 +0700] "GET /?always/auction/32271179066.shtm HTTP/1.1" 200 20779 "-" "Mozilla/5.0 (Linux; Android 6.0.1; Nexus 5X Build/MMB29P) AppleWebKit/537.36 (KHTML, like Gecko) Chrome/133.0.6943.141 Mobile Safari/537.36 (compatible; Googlebot/2.1; +http://www.google.com/bot.html)"
66.249.65.168 - - [15/Mar/2025:20:31:34 +0700] "GET /?adversely/good/32281514010.shtm HTTP/1.1" 200 19471 "-" "Mozilla/5.0 (Linux; Android 6.0.1; Nexus 5X Build/MMB29P) AppleWebKit/537.36 (KHTML, like Gecko) Chrome/133.0.6943.141 Mobile Safari/537.36 (compatible; Googlebot/2.1; +http://www.google.com/bot.html)"
66.249.65.168 - - [15/Mar/2025:20:31:36 +0700] "GET /?3226526810.shtm HTTP/1.1" 200 19621 "-" "Mozilla/5.0 (Linux; Android 6.0.1; Nexus 5X Build/MMB29P) AppleWebKit/537.36 (KHTML, like Gecko) Chrome/133.0.6943.141 Mobile Safari/537.36 (compatible; Googlebot/2.1; +http://www.google.com/bot.html)"
66.249.65.169 - - [15/Mar/2025:20:31:39 +0700] "GET /?32292431030.shtm HTTP/1.1" 200 19430 "-" "Mozilla/5.0 (Linux; Android 6.0.1; Nexus 5X Build/MMB29P) AppleWebKit/537.36 (KHTML, like Gecko) Chrome/133.0.6943.141 Mobile Safari/537.36 (compatible; GoogleOther)"
66.249.71.4 - - [15/Mar/2025:20:31:42 +0700] "GET /?32271459420.shtm HTTP/1.1" 200 19782 "-" "Mozilla/5.0 (Linux; Android 6.0.1; Nexus 5X Build/MMB29P) AppleWebKit/537.36 (KHTML, like Gecko) Chrome/133.0.6943.141 Mobile Safari/537.36 (compatible; Googlebot/2.1; +http://www.google.com/bot.html)"
66.249.71.3 - - [15/Mar/2025:20:31:44 +0700] "GET /?3225145942.shtm HTTP/1.1" 200 20120 "-" "Mozilla/5.0 (Linux; Android 6.0.1; Nexus 5X Build/MMB29P) AppleWebKit/537.36 (KHTML, like Gecko) Chrome/133.0.6943.141 Mobile Safari/537.36 (compatible; Googlebot/2.1; +http://www.google.com/bot.html)"
66.249.65.169 - - [15/Mar/2025:20:31:49 +0700] "GET /?star/32271179095.shtm HTTP/1.1" 200 20189 "-" "Mozilla/5.0 (Linux; Android 6.0.1; Nexus 5X Build/MMB29P) AppleWebKit/537.36 (KHTML, like Gecko) Chrome/133.0.6943.141 Mobile Safari/537.36 (compatible; Googlebot/2.1; +http://www.google.com/bot.html)"
66.249.65.168 - - [15/Mar/2025:20:31:50 +0700] "GET /?e=67293811834 HTTP/1.1" 200 19982 "-" "Mozilla/5.0 (Linux; Android 6.0.1; Nexus 5X Build/MMB29P) AppleWebKit/537.36 (KHTML, like Gecko) Chrome/133.0.6943.141 Mobile Safari/537.36 (compatible; GoogleOther)"
66.249.65.168 - - [15/Mar/2025:20:31:52 +0700] "GET /?adidas/shopping/32281725747.shtm HTTP/1.1" 200 20256 "-" "Mozilla/5.0 (Linux; Android 6.0.1; Nexus 5X Build/MMB29P) AppleWebKit/537.36 (KHTML, like Gecko) Chrome/133.0.6943.141 Mobile Safari/537.36 (compatible; Googlebot/2.1; +http://www.google.com/bot.html)"
66.249.71.3 - - [15/Mar/2025:20:31:58 +0700] "GET /?e=87524161521 HTTP/1.1" 200 19808 "-" "Mozilla/5.0 (Linux; Android 6.0.1; Nexus 5X Build/MMB29P) AppleWebKit/537.36 (KHTML, like Gecko) Chrome/133.0.6943.141 Mobile Safari/537.36 (compatible; GoogleOther)"
66.249.65.168 - - [15/Mar/2025:20:31:58 +0700] "GET /?trigger/32281605362.shtm HTTP/1.1" 200 19684 "-" "Mozilla/5.0 (Linux; Android 6.0.1; Nexus 5X Build/MMB29P) AppleWebKit/537.36 (KHTML, like Gecko) Chrome/133.0.6943.141 Mobile Safari/537.36 (compatible; Googlebot/2.1; +http://www.google.com/bot.html)"
66.249.65.168 - - [15/Mar/2025:20:32:00 +0700] "GET /?3226964636.shtm HTTP/1.1" 200 20057 "-" "Mozilla/5.0 (Linux; Android 6.0.1; Nexus 5X Build/MMB29P) AppleWebKit/537.36 (KHTML, like Gecko) Chrome/133.0.6943.141 Mobile Safari/537.36 (compatible; Googlebot/2.1; +http://www.google.com/bot.html)"
18.97.9.97 - - [15/Mar/2025:20:32:04 +0700] "GET https://www.aturtoko.id/robots.txt HTTP/1.1" 200 298 "-" "Mozilla/5.0 AppleWebKit/537.36 (KHTML"
66.249.65.168 - - [15/Mar/2025:20:32:05 +0700] "GET /?32271129564.shtm HTTP/1.1" 200 19908 "-" "Mozilla/5.0 (Linux; Android 6.0.1; Nexus 5X Build/MMB29P) AppleWebKit/537.36 (KHTML, like Gecko) Chrome/133.0.6943.141 Mobile Safari/537.36 (compatible; Googlebot/2.1; +http://www.google.com/bot.html)"
66.249.65.168 - - [15/Mar/2025:20:32:05 +0700] "GET /?e=53848707210 HTTP/1.1" 200 20999 "-" "Mozilla/5.0 (Linux; Android 6.0.1; Nexus 5X Build/MMB29P) AppleWebKit/537.36 (KHTML, like Gecko) Chrome/133.0.6943.141 Mobile Safari/537.36 (compatible; GoogleOther)"
180.235.151.3 - - [15/Mar/2025:20:32:08 +0700] "POST /wp-cron.php?doing_wp_cron=1742045528.6322169303894042968750 HTTP/1.1" 403 1242 "-" "WordPress/6.7.2; https://www.aturtoko.id"
18.97.9.97 - - [15/Mar/2025:20:32:04 +0700] "GET https://www.aturtoko.id/en/blog/lainnya/pentingnya-kehadiran-online-untuk-kesuksesan-bisnis-anda HTTP/1.1" 404 3371 "-" "Mozilla/5.0 AppleWebKit/537.36 (KHTML"
180.235.151.3 - - [15/Mar/2025:20:32:08 +0700] "POST /wp-cron.php?doing_wp_cron=1742045528.8564169406890869140625 HTTP/1.1" 403 1242 "-" "WordPress/6.7.2; https://www.aturtoko.id"
18.97.9.98 - - [15/Mar/2025:20:32:04 +0700] "GET https://www.aturtoko.id/en/blog/tag/digitalitas HTTP/1.1" 404 3371 "-" "Mozilla/5.0 AppleWebKit/537.36 (KHTML"
180.235.151.3 - - [15/Mar/2025:20:32:09 +0700] "POST /wp-cron.php?doing_wp_cron=1742045529.0187640190124511718750 HTTP/1.1" 403 1242 "-" "WordPress/6.7.2; https://www.aturtoko.id"
18.97.9.97 - - [15/Mar/2025:20:32:04 +0700] "GET https://www.aturtoko.id/ms/blog/manajemen-bisnis/analisis-keuntungan-dan-kerugian-penggunaan-e-commerce-untuk-usaha-mikro-dan-kecil/ HTTP/1.1" 404 3371 "-" "like Gecko; compatible; PerplexityBot/1.0; +https://perplexity.ai/perplexitybot)"
180.235.151.3 - - [15/Mar/2025:20:32:09 +0700] "POST /wp-cron.php?doing_wp_cron=1742045529.2808170318603515625000 HTTP/1.1" 403 1242 "-" "WordPress/6.7.2; https://www.aturtoko.id"
18.97.9.96 - - [15/Mar/2025:20:32:04 +0700] "GET https://www.aturtoko.id/en/blog/tag/era-digital HTTP/1.1" 404 3371 "-" "Mozilla/5.0 AppleWebKit/537.36 (KHTML"
180.235.151.3 - - [15/Mar/2025:20:32:10 +0700] "POST /wp-cron.php?doing_wp_cron=1742045530.1166379451751708984375 HTTP/1.1" 403 1242 "-" "WordPress/6.7.2; https://www.aturtoko.id"
18.97.9.96 - - [15/Mar/2025:20:32:05 +0700] "GET https://www.aturtoko.id/en/blog/tag/digital HTTP/1.1" 404 3371 "-" "like Gecko; compatible; PerplexityBot/1.0; +https://perplexity.ai/perplexitybot)"
180.235.151.3 - - [15/Mar/2025:20:32:10 +0700] "POST /wp-cron.php?doing_wp_cron=1742045530.5967249870300292968750 HTTP/1.1" 403 1242 "-" "WordPress/6.7.2; https://www.aturtoko.id"
18.97.9.98 - - [15/Mar/2025:20:32:05 +0700] "GET https://www.aturtoko.id/en/blog/tag/usaha-kecil-menengah-mikro HTTP/1.1" 404 3371 "-" "like Gecko; compatible; PerplexityBot/1.0; +https://perplexity.ai/perplexitybot)"
180.235.151.3 - - [15/Mar/2025:20:32:11 +0700] "POST /wp-cron.php?doing_wp_cron=1742045531.0718541145324707031250 HTTP/1.1" 403 1242 "-" "WordPress/6.7.2; https://www.aturtoko.id"
18.97.9.98 - - [15/Mar/2025:20:32:06 +0700] "GET https://www.aturtoko.id/en/blog/tag/umkm HTTP/1.1" 404 3371 "-" "like Gecko; compatible; PerplexityBot/1.0; +https://perplexity.ai/perplexitybot)"
180.235.151.3 - - [15/Mar/2025:20:32:11 +0700] "POST /wp-cron.php?doing_wp_cron=1742045531.1416020393371582031250 HTTP/1.1" 403 1242 "-" "WordPress/6.7.2; https://www.aturtoko.id"
18.97.9.97 - - [15/Mar/2025:20:32:06 +0700] "GET https://www.aturtoko.id/en/blog/tag/marketplace HTTP/1.1" 404 3371 "-" "like Gecko; compatible; PerplexityBot/1.0; +https://perplexity.ai/perplexitybot)"
66.249.65.168 - - [15/Mar/2025:20:32:11 +0700] "GET /?skies/32271210412.shtm HTTP/1.1" 200 20730 "-" "Mozilla/5.0 (Linux; Android 6.0.1; Nexus 5X Build/MMB29P) AppleWebKit/537.36 (KHTML, like Gecko) Chrome/133.0.6943.141 Mobile Safari/537.36 (compatible; Googlebot/2.1; +http://www.google.com/bot.html)"
66.249.65.168 - - [15/Mar/2025:20:32:12 +0700] "POST /get-message-notify HTTP/1.1" 200 21983 "https://www.aturtoko.id/?e=75428830776" "Mozilla/5.0 (Linux; Android 6.0.1; Nexus 5X Build/MMB29P) AppleWebKit/537.36 (KHTML, like Gecko) Chrome/133.0.6943.141 Mobile Safari/537.36 (compatible; Googlebot/2.1; +http://www.google.com/bot.html)"
66.249.65.168 - - [15/Mar/2025:20:32:13 +0700] "GET /?32281532896.shtm HTTP/1.1" 200 20308 "-" "Mozilla/5.0 (Linux; Android 6.0.1; Nexus 5X Build/MMB29P) AppleWebKit/537.36 (KHTML, like Gecko) Chrome/133.0.6943.141 Mobile Safari/537.36 (compatible; Googlebot/2.1; +http://www.google.com/bot.html)"
18.97.9.97 - - [15/Mar/2025:20:32:12 +0700] "GET https://www.aturtoko.id/ms/blog/manajemen-bisnis/strategi-harga-yang-efektif-dalam-bisnis-e-commerce/ HTTP/1.1" 404 3371 "-" "Mozilla/5.0 AppleWebKit/537.36 (KHTML"
18.97.9.97 - - [15/Mar/2025:20:32:12 +0700] "GET https://www.aturtoko.id/en/blog/manajemen-bisnis/pentingnya-memiliki-website-untuk-umkm HTTP/1.1" 404 3371 "-" "Mozilla/5.0 AppleWebKit/537.36 (KHTML"
18.97.9.98 - - [15/Mar/2025:20:32:12 +0700] "GET https://www.aturtoko.id/en/blog/manajemen-bisnis/membangun-toko-online-yang-sukses-tips-dan-trik-dari-wirausaha-yang-berhasil HTTP/1.1" 404 3371 "-" "like Gecko; compatible; PerplexityBot/1.0; +https://perplexity.ai/perplexitybot)"
66.249.65.168 - - [15/Mar/2025:20:32:15 +0700] "GET /?e=42372253863 HTTP/1.1" 200 21000 "-" "Mozilla/5.0 (Linux; Android 6.0.1; Nexus 5X Build/MMB29P) AppleWebKit/537.36 (KHTML, like Gecko) Chrome/133.0.6943.141 Mobile Safari/537.36 (compatible; GoogleOther)"
18.97.9.97 - - [15/Mar/2025:20:32:12 +0700] "GET https://www.aturtoko.id/en/blog/tag/harga HTTP/1.1" 404 3371 "-" "Mozilla/5.0 AppleWebKit/537.36 (KHTML"
66.249.71.3 - - [15/Mar/2025:20:32:18 +0700] "GET /?warning/3225399854.shtm HTTP/1.1" 200 19847 "-" "Mozilla/5.0 (Linux; Android 6.0.1; Nexus 5X Build/MMB29P) AppleWebKit/537.36 (KHTML, like Gecko) Chrome/133.0.6943.141 Mobile Safari/537.36 (compatible; Googlebot/2.1; +http://www.google.com/bot.html)"
180.235.151.3 - - [15/Mar/2025:20:32:20 +0700] "GET /wp-content/themes/aturtoko/assets/json/testi.json HTTP/1.0" 200 3616 "-" "-"
180.235.151.3 - - [15/Mar/2025:20:32:20 +0700] "GET /wp-content/themes/aturtoko/assets/json/liputan.json HTTP/1.0" 200 1813 "-" "-"
180.235.151.3 - - [15/Mar/2025:20:32:21 +0700] "GET /wp-content/themes/aturtoko/assets/json/partner.json HTTP/1.0" 200 843 "-" "-"
18.97.9.96 - - [15/Mar/2025:20:32:18 +0700] "GET https://www.aturtoko.id/ HTTP/1.1" 200 12832 "-" "Mozilla/5.0 AppleWebKit/537.36 (KHTML"
66.249.65.168 - - [15/Mar/2025:20:32:21 +0700] "GET /?canceled/3225234926.shtm HTTP/1.1" 200 22516 "-" "Mozilla/5.0 (Linux; Android 6.0.1; Nexus 5X Build/MMB29P) AppleWebKit/537.36 (KHTML, like Gecko) Chrome/133.0.6943.141 Mobile Safari/537.36 (compatible; Googlebot/2.1; +http://www.google.com/bot.html)"
66.249.65.168 - - [15/Mar/2025:20:32:23 +0700] "GET /item.php?e=54678468730 HTTP/1.1" 403 1242 "-" "Mozilla/5.0 (Linux; Android 6.0.1; Nexus 5X Build/MMB29P) AppleWebKit/537.36 (KHTML, like Gecko) Chrome/133.0.6943.141 Mobile Safari/537.36 (compatible; GoogleOther)"
66.249.65.168 - - [15/Mar/2025:20:32:23 +0700] "GET /?32281714843.shtm HTTP/1.1" 200 20202 "-" "Mozilla/5.0 (Linux; Android 6.0.1; Nexus 5X Build/MMB29P) AppleWebKit/537.36 (KHTML, like Gecko) Chrome/133.0.6943.141 Mobile Safari/537.36 (compatible; Googlebot/2.1; +http://www.google.com/bot.html)"
66.249.65.168 - - [15/Mar/2025:20:32:24 +0700] "GET /?trio/products/32292386314.shtm HTTP/1.1" 200 19477 "-" "Mozilla/5.0 (Linux; Android 6.0.1; Nexus 5X Build/MMB29P) AppleWebKit/537.36 (KHTML, like Gecko) Chrome/133.0.6943.141 Mobile Safari/537.36 (compatible; Googlebot/2.1; +http://www.google.com/bot.html)"
66.249.65.168 - - [15/Mar/2025:20:32:25 +0700] "GET /?32271402462.shtm HTTP/1.1" 200 21453 "-" "Mozilla/5.0 (Linux; Android 6.0.1; Nexus 5X Build/MMB29P) AppleWebKit/537.36 (KHTML, like Gecko) Chrome/133.0.6943.141 Mobile Safari/537.36 (compatible; Googlebot/2.1; +http://www.google.com/bot.html)"
72.14.201.201 - - [15/Mar/2025:20:32:26 +0700] "GET /ms/cara-jualan-di-lazada/cara-mendaftar-jadi-agen-lex-lazada-mdop-terdekat-di-kotamu HTTP/2" 200 0 "https://www.google.com/" "Mozilla/5.0 (Linux; Android 10; K) AppleWebKit/537.36 (KHTML, like Gecko) Chrome/134.0.0.0 Mobile Safari/537.36"
66.249.65.168 - - [15/Mar/2025:20:32:30 +0700] "GET /?e=81925809388 HTTP/1.1" 200 19702 "-" "Mozilla/5.0 (Linux; Android 6.0.1; Nexus 5X Build/MMB29P) AppleWebKit/537.36 (KHTML, like Gecko) Chrome/133.0.6943.141 Mobile Safari/537.36 (compatible; GoogleOther)"
66.249.71.3 - - [15/Mar/2025:20:32:31 +0700] "GET /?cues/32292473508.shtm HTTP/1.1" 200 20349 "-" "Mozilla/5.0 (Linux; Android 6.0.1; Nexus 5X Build/MMB29P) AppleWebKit/537.36 (KHTML, like Gecko) Chrome/133.0.6943.141 Mobile Safari/537.36 (compatible; Googlebot/2.1; +http://www.google.com/bot.html)"
66.249.71.3 - - [15/Mar/2025:20:32:33 +0700] "GET /?32292005216.shtm HTTP/1.1" 200 19896 "-" "Mozilla/5.0 (Linux; Android 6.0.1; Nexus 5X Build/MMB29P) AppleWebKit/537.36 (KHTML, like Gecko) Chrome/133.0.6943.141 Mobile Safari/537.36 (compatible; Googlebot/2.1; +http://www.google.com/bot.html)"
66.249.65.168 - - [15/Mar/2025:20:32:33 +0700] "GET /?labeled/item/32271327632.shtm HTTP/1.1" 200 19491 "-" "Mozilla/5.0 (Linux; Android 6.0.1; Nexus 5X Build/MMB29P) AppleWebKit/537.36 (KHTML, like Gecko) Chrome/133.0.6943.141 Mobile Safari/537.36 (compatible; Googlebot/2.1; +http://www.google.com/bot.html)"
66.249.65.168 - - [15/Mar/2025:20:32:38 +0700] "GET /?e=65139977474 HTTP/1.1" 200 19229 "-" "Mozilla/5.0 (Linux; Android 6.0.1; Nexus 5X Build/MMB29P) AppleWebKit/537.36 (KHTML, like Gecko) Chrome/133.0.6943.141 Mobile Safari/537.36 (compatible; GoogleOther)"
66.249.65.169 - - [15/Mar/2025:20:32:39 +0700] "GET /?ray/auction/3225120936.shtm HTTP/1.1" 200 20987 "-" "Mozilla/5.0 (Linux; Android 6.0.1; Nexus 5X Build/MMB29P) AppleWebKit/537.36 (KHTML, like Gecko) Chrome/133.0.6943.141 Mobile Safari/537.36 (compatible; Googlebot/2.1; +http://www.google.com/bot.html)"
66.249.71.3 - - [15/Mar/2025:20:32:40 +0700] "GET /?3225374191.shtm HTTP/1.1" 200 21585 "-" "Mozilla/5.0 (Linux; Android 6.0.1; Nexus 5X Build/MMB29P) AppleWebKit/537.36 (KHTML, like Gecko) Chrome/133.0.6943.141 Mobile Safari/537.36 (compatible; Googlebot/2.1; +http://www.google.com/bot.html)"
66.249.65.169 - - [15/Mar/2025:20:32:41 +0700] "GET /?32271493221.shtm HTTP/1.1" 200 21871 "-" "Mozilla/5.0 (Linux; Android 6.0.1; Nexus 5X Build/MMB29P) AppleWebKit/537.36 (KHTML, like Gecko) Chrome/133.0.6943.141 Mobile Safari/537.36 (compatible; Googlebot/2.1; +http://www.google.com/bot.html)"
66.249.71.3 - - [15/Mar/2025:20:32:45 +0700] "GET /?e=82479126253 HTTP/1.1" 200 19513 "-" "Mozilla/5.0 (Linux; Android 6.0.1; Nexus 5X Build/MMB29P) AppleWebKit/537.36 (KHTML, like Gecko) Chrome/133.0.6943.141 Mobile Safari/537.36 (compatible; GoogleOther)"
85.208.96.202 - - [15/Mar/2025:20:32:43 +0700] "GET /en/blog/tag/omzet HTTP/1.1" 404 3371 "-" "Mozilla/5.0 (compatible; SemrushBot/7~bl; +http://www.semrush.com/bot.html)"
66.249.65.168 - - [15/Mar/2025:20:32:47 +0700] "GET /?recruited/auction/32281855206.shtm HTTP/1.1" 200 19615 "-" "Mozilla/5.0 (Linux; Android 6.0.1; Nexus 5X Build/MMB29P) AppleWebKit/537.36 (KHTML, like Gecko) Chrome/133.0.6943.141 Mobile Safari/537.36 (compatible; Googlebot/2.1; +http://www.google.com/bot.html)"
66.249.65.168 - - [15/Mar/2025:20:32:49 +0700] "GET /?wil/32271275506.shtm HTTP/1.1" 200 19398 "-" "Mozilla/5.0 (Linux; Android 6.0.1; Nexus 5X Build/MMB29P) AppleWebKit/537.36 (KHTML, like Gecko) Chrome/133.0.6943.141 Mobile Safari/537.36 (compatible; Googlebot/2.1; +http://www.google.com/bot.html)"
66.249.65.168 - - [15/Mar/2025:20:32:53 +0700] "GET /?e=44124185601 HTTP/1.1" 200 22475 "-" "Mozilla/5.0 (Linux; Android 6.0.1; Nexus 5X Build/MMB29P) AppleWebKit/537.36 (KHTML, like Gecko) Chrome/133.0.6943.141 Mobile Safari/537.36 (compatible; GoogleOther)"
66.249.65.169 - - [15/Mar/2025:20:32:55 +0700] "GET /?decor/32292483837.shtm HTTP/1.1" 200 19622 "-" "Mozilla/5.0 (Linux; Android 6.0.1; Nexus 5X Build/MMB29P) AppleWebKit/537.36 (KHTML, like Gecko) Chrome/133.0.6943.141 Mobile Safari/537.36 (compatible; Googlebot/2.1; +http://www.google.com/bot.html)"
66.249.71.3 - - [15/Mar/2025:20:32:55 +0700] "GET /?3226856666.shtm HTTP/1.1" 200 21475 "-" "Mozilla/5.0 (Linux; Android 6.0.1; Nexus 5X Build/MMB29P) AppleWebKit/537.36 (KHTML, like Gecko) Chrome/133.0.6943.141 Mobile Safari/537.36 (compatible; Googlebot/2.1; +http://www.google.com/bot.html)"
66.249.65.169 - - [15/Mar/2025:20:32:57 +0700] "GET /?32281732318.shtm HTTP/1.1" 200 20597 "-" "Mozilla/5.0 (Linux; Android 6.0.1; Nexus 5X Build/MMB29P) AppleWebKit/537.36 (KHTML, like Gecko) Chrome/133.0.6943.141 Mobile Safari/537.36 (compatible; Googlebot/2.1; +http://www.google.com/bot.html)"
66.249.65.168 - - [15/Mar/2025:20:33:00 +0700] "POST /get-message-notify HTTP/1.1" 200 21983 "https://www.aturtoko.id/?3225369370.shtm" "Mozilla/5.0 (Linux; Android 6.0.1; Nexus 5X Build/MMB29P) AppleWebKit/537.36 (KHTML, like Gecko) Chrome/133.0.6943.141 Mobile Safari/537.36 (compatible; Googlebot/2.1; +http://www.google.com/bot.html)"
66.249.65.168 - - [15/Mar/2025:20:33:01 +0700] "GET /?e=58874250288 HTTP/1.1" 200 19667 "-" "Mozilla/5.0 (Linux; Android 6.0.1; Nexus 5X Build/MMB29P) AppleWebKit/537.36 (KHTML, like Gecko) Chrome/133.0.6943.141 Mobile Safari/537.36 (compatible; GoogleOther)"
66.249.65.168 - - [15/Mar/2025:20:33:02 +0700] "GET /?battlefield/auction/32281586376.shtm HTTP/1.1" 200 21212 "-" "Mozilla/5.0 (Linux; Android 6.0.1; Nexus 5X Build/MMB29P) AppleWebKit/537.36 (KHTML, like Gecko) Chrome/133.0.6943.141 Mobile Safari/537.36 (compatible; Googlebot/2.1; +http://www.google.com/bot.html)"
66.249.65.168 - - [15/Mar/2025:20:33:04 +0700] "GET /?32281802422.shtm HTTP/1.1" 200 19799 "-" "Mozilla/5.0 (Linux; Android 6.0.1; Nexus 5X Build/MMB29P) AppleWebKit/537.36 (KHTML, like Gecko) Chrome/133.0.6943.141 Mobile Safari/537.36 (compatible; Googlebot/2.1; +http://www.google.com/bot.html)"
66.249.65.168 - - [15/Mar/2025:20:33:07 +0700] "POST /get-message-notify HTTP/1.1" 200 21984 "https://www.aturtoko.id/?32271493221.shtm" "Mozilla/5.0 (Linux; Android 6.0.1; Nexus 5X Build/MMB29P) AppleWebKit/537.36 (KHTML, like Gecko) Chrome/133.0.6943.141 Mobile Safari/537.36 (compatible; Googlebot/2.1; +http://www.google.com/bot.html)"
66.249.65.168 - - [15/Mar/2025:20:33:09 +0700] "GET /?e=16144030927 HTTP/1.1" 200 19752 "-" "Mozilla/5.0 (Linux; Android 6.0.1; Nexus 5X Build/MMB29P) AppleWebKit/537.36 (KHTML, like Gecko) Chrome/133.0.6943.141 Mobile Safari/537.36 (compatible; GoogleOther)"
66.249.65.168 - - [15/Mar/2025:20:33:10 +0700] "GET /?3226512905.shtm HTTP/1.1" 200 19752 "-" "Mozilla/5.0 (Linux; Android 6.0.1; Nexus 5X Build/MMB29P) AppleWebKit/537.36 (KHTML, like Gecko) Chrome/133.0.6943.141 Mobile Safari/537.36 (compatible; Googlebot/2.1; +http://www.google.com/bot.html)"
66.249.65.168 - - [15/Mar/2025:20:33:12 +0700] "GET /?32292089378.shtm HTTP/1.1" 200 19459 "-" "Mozilla/5.0 (Linux; Android 6.0.1; Nexus 5X Build/MMB29P) AppleWebKit/537.36 (KHTML, like Gecko) Chrome/133.0.6943.141 Mobile Safari/537.36 (compatible; Googlebot/2.1; +http://www.google.com/bot.html)"
66.249.65.168 - - [15/Mar/2025:20:33:17 +0700] "GET /?e=12347295709 HTTP/1.1" 200 19513 "-" "Mozilla/5.0 (Linux; Android 6.0.1; Nexus 5X Build/MMB29P) AppleWebKit/537.36 (KHTML, like Gecko) Chrome/133.0.6943.141 Mobile Safari/537.36 (compatible; GoogleOther)"
66.249.71.3 - - [15/Mar/2025:20:33:18 +0700] "GET /?3226613408.shtm HTTP/1.1" 200 19647 "-" "Mozilla/5.0 (Linux; Android 6.0.1; Nexus 5X Build/MMB29P) AppleWebKit/537.36 (KHTML, like Gecko) Chrome/133.0.6943.141 Mobile Safari/537.36 (compatible; Googlebot/2.1; +http://www.google.com/bot.html)"
66.249.65.168 - - [15/Mar/2025:20:33:20 +0700] "GET /?hemp/shopping/32292395047.shtm HTTP/1.1" 200 21302 "-" "Mozilla/5.0 (Linux; Android 6.0.1; Nexus 5X Build/MMB29P) AppleWebKit/537.36 (KHTML, like Gecko) Chrome/133.0.6943.141 Mobile Safari/537.36 (compatible; Googlebot/2.1; +http://www.google.com/bot.html)"
66.249.65.168 - - [15/Mar/2025:20:33:20 +0700] "GET /?isles/32281591166.shtm HTTP/1.1" 200 19896 "-" "Mozilla/5.0 (Linux; Android 6.0.1; Nexus 5X Build/MMB29P) AppleWebKit/537.36 (KHTML, like Gecko) Chrome/133.0.6943.141 Mobile Safari/537.36 (compatible; Googlebot/2.1; +http://www.google.com/bot.html)"
66.249.65.168 - - [15/Mar/2025:20:33:23 +0700] "GET /?deserved/item/32281715142.shtm HTTP/1.1" 200 19879 "-" "Mozilla/5.0 (Linux; Android 6.0.1; Nexus 5X Build/MMB29P) AppleWebKit/537.36 (KHTML, like Gecko) Chrome/133.0.6943.141 Mobile Safari/537.36 (compatible; Googlebot/2.1; +http://www.google.com/bot.html)"
66.249.65.168 - - [15/Mar/2025:20:33:25 +0700] "GET /?e=25974870569 HTTP/1.1" 200 19229 "-" "Mozilla/5.0 (Linux; Android 6.0.1; Nexus 5X Build/MMB29P) AppleWebKit/537.36 (KHTML, like Gecko) Chrome/133.0.6943.141 Mobile Safari/537.36 (compatible; GoogleOther)"
66.249.65.168 - - [15/Mar/2025:20:33:27 +0700] "GET /?32292348962.shtm HTTP/1.1" 200 19550 "-" "Mozilla/5.0 (Linux; Android 6.0.1; Nexus 5X Build/MMB29P) AppleWebKit/537.36 (KHTML, like Gecko) Chrome/133.0.6943.141 Mobile Safari/537.36 (compatible; Googlebot/2.1; +http://www.google.com/bot.html)"
66.249.65.168 - - [15/Mar/2025:20:33:33 +0700] "GET /en/cara-jualan-di-shopee/shopee-express-jenis-layanan-ketentuan-durasi-pengiriman-dan-cashback HTTP/1.1" 200 19620 "-" "Mozilla/5.0 (Linux; Android 6.0.1; Nexus 5X Build/MMB29P) AppleWebKit/537.36 (KHTML, like Gecko) Chrome/133.0.6943.141 Mobile Safari/537.36 (compatible; Googlebot/2.1; +http://www.google.com/bot.html)"
66.249.65.169 - - [15/Mar/2025:20:33:33 +0700] "GET /?e=73232719375 HTTP/1.1" 200 19513 "-" "Mozilla/5.0 (Linux; Android 6.0.1; Nexus 5X Build/MMB29P) AppleWebKit/537.36 (KHTML, like Gecko) Chrome/133.0.6943.141 Mobile Safari/537.36 (compatible; GoogleOther)"
66.249.71.3 - - [15/Mar/2025:20:33:41 +0700] "GET /?32292102590.shtm HTTP/1.1" 200 20661 "-" "Mozilla/5.0 (Linux; Android 6.0.1; Nexus 5X Build/MMB29P) AppleWebKit/537.36 (KHTML, like Gecko) Chrome/133.0.6943.141 Mobile Safari/537.36 (compatible; GoogleOther)"
180.235.151.3 - - [15/Mar/2025:20:33:45 +0700] "POST /wp-cron.php?doing_wp_cron=1742045625.9033269882202148437500 HTTP/1.1" 403 1242 "-" "WordPress/6.7.2; https://www.aturtoko.id"
114.119.146.255 - - [15/Mar/2025:20:33:41 +0700] "GET /en/blog/category/kewirausahaan/communication/page/2 HTTP/1.1" 404 3371 "https://www.aturtoko.id/en/blog/category/kewirausahaan/communication/page/2" "Mozilla/5.0 (Linux; Android 7.0;) AppleWebKit/537.36 (KHTML, like Gecko) Mobile Safari/537.36 (compatible; PetalBot;+https://webmaster.petalsearch.com/site/petalbot)"
66.249.65.169 - - [15/Mar/2025:20:33:51 +0700] "GET /?wholly/3226549248.shtm HTTP/1.1" 200 20394 "-" "Mozilla/5.0 (Linux; Android 6.0.1; Nexus 5X Build/MMB29P) AppleWebKit/537.36 (KHTML, like Gecko) Chrome/133.0.6943.141 Mobile Safari/537.36 (compatible; GoogleOther)"
66.249.65.168 - - [15/Mar/2025:20:33:52 +0700] "GET /en/blog/management/accounting-finance/cek-dan-bilyet-giro-apakah-sama-atau-beda-jawabannya-ada-di-sini HTTP/1.1" 200 20068 "-" "Mozilla/5.0 (Linux; Android 6.0.1; Nexus 5X Build/MMB29P) AppleWebKit/537.36 (KHTML, like Gecko) Chrome/133.0.6943.141 Mobile Safari/537.36 (compatible; Googlebot/2.1; +http://www.google.com/bot.html)"
66.249.65.168 - - [15/Mar/2025:20:33:54 +0700] "GET /?e=65724793306 HTTP/1.1" 200 19981 "-" "Mozilla/5.0 (Linux; Android 6.0.1; Nexus 5X Build/MMB29P) AppleWebKit/537.36 (KHTML, like Gecko) Chrome/133.0.6943.141 Mobile Safari/537.36 (compatible; Googlebot/2.1; +http://www.google.com/bot.html)"
66.249.65.168 - - [15/Mar/2025:20:33:59 +0700] "GET /?3226929629.shtm HTTP/1.1" 200 20241 "-" "Mozilla/5.0 (Linux; Android 6.0.1; Nexus 5X Build/MMB29P) AppleWebKit/537.36 (KHTML, like Gecko) Chrome/133.0.6943.141 Mobile Safari/537.36 (compatible; GoogleOther)"
66.249.65.169 - - [15/Mar/2025:20:34:00 +0700] "GET /?e=26497525187 HTTP/1.1" 200 19739 "-" "Mozilla/5.0 (Linux; Android 6.0.1; Nexus 5X Build/MMB29P) AppleWebKit/537.36 (KHTML, like Gecko) Chrome/133.0.6943.141 Mobile Safari/537.36 (compatible; Googlebot/2.1; +http://www.google.com/bot.html)"
66.249.71.4 - - [15/Mar/2025:20:34:02 +0700] "GET /?e=36524234957 HTTP/1.1" 200 21965 "-" "Mozilla/5.0 (Linux; Android 6.0.1; Nexus 5X Build/MMB29P) AppleWebKit/537.36 (KHTML, like Gecko) Chrome/133.0.6943.141 Mobile Safari/537.36 (compatible; Googlebot/2.1; +http://www.google.com/bot.html)"
66.249.65.169 - - [15/Mar/2025:20:34:02 +0700] "GET /?e=17166353147 HTTP/1.1" 200 19695 "-" "Mozilla/5.0 (Linux; Android 6.0.1; Nexus 5X Build/MMB29P) AppleWebKit/537.36 (KHTML, like Gecko) Chrome/133.0.6943.141 Mobile Safari/537.36 (compatible; Googlebot/2.1; +http://www.google.com/bot.html)"
66.249.65.168 - - [15/Mar/2025:20:34:04 +0700] "GET /?e=57884516745 HTTP/1.1" 200 19498 "-" "Mozilla/5.0 (Linux; Android 6.0.1; Nexus 5X Build/MMB29P) AppleWebKit/537.36 (KHTML, like Gecko) Chrome/133.0.6943.141 Mobile Safari/537.36 (compatible; Googlebot/2.1; +http://www.google.com/bot.html)"
66.249.71.3 - - [15/Mar/2025:20:34:07 +0700] "GET /?e=74256042815 HTTP/1.1" 200 19695 "-" "Mozilla/5.0 (Linux; Android 6.0.1; Nexus 5X Build/MMB29P) AppleWebKit/537.36 (KHTML, like Gecko) Chrome/133.0.6943.141 Mobile Safari/537.36 (compatible; GoogleOther)"
66.249.65.168 - - [15/Mar/2025:20:34:09 +0700] "GET /?e=16883734877 HTTP/1.1" 200 19229 "-" "Mozilla/5.0 (Linux; Android 6.0.1; Nexus 5X Build/MMB29P) AppleWebKit/537.36 (KHTML, like Gecko) Chrome/133.0.6943.141 Mobile Safari/537.36 (compatible; Googlebot/2.1; +http://www.google.com/bot.html)"
196.251.66.203 - - [15/Mar/2025:20:34:11 +0700] "POST /wp-login.php HTTP/1.1" 200 7719 "-" "Mozilla/5.0"
66.249.71.3 - - [15/Mar/2025:20:34:11 +0700] "POST /get-message-notify HTTP/1.1" 200 21982 "https://www.aturtoko.id/?e=26497525187" "Mozilla/5.0 (Linux; Android 6.0.1; Nexus 5X Build/MMB29P) AppleWebKit/537.36 (KHTML, like Gecko) Chrome/133.0.6943.141 Mobile Safari/537.36 (compatible; Googlebot/2.1; +http://www.google.com/bot.html)"
66.249.65.168 - - [15/Mar/2025:20:34:15 +0700] "GET /?e=64195420359 HTTP/1.1" 200 20861 "-" "Mozilla/5.0 (Linux; Android 6.0.1; Nexus 5X Build/MMB29P) AppleWebKit/537.36 (KHTML, like Gecko) Chrome/133.0.6943.141 Mobile Safari/537.36 (compatible; Googlebot/2.1; +http://www.google.com/bot.html)"
66.249.65.168 - - [15/Mar/2025:20:34:16 +0700] "GET /?later/3225319400.shtm HTTP/1.1" 200 21419 "-" "Mozilla/5.0 (Linux; Android 6.0.1; Nexus 5X Build/MMB29P) AppleWebKit/537.36 (KHTML, like Gecko) Chrome/133.0.6943.141 Mobile Safari/537.36 (compatible; GoogleOther)"
66.249.65.168 - - [15/Mar/2025:20:34:17 +0700] "GET /?e=19428779101 HTTP/1.1" 200 19513 "-" "Mozilla/5.0 (Linux; Android 6.0.1; Nexus 5X Build/MMB29P) AppleWebKit/537.36 (KHTML, like Gecko) Chrome/133.0.6943.141 Mobile Safari/537.36 (compatible; Googlebot/2.1; +http://www.google.com/bot.html)"
66.249.71.3 - - [15/Mar/2025:20:34:20 +0700] "GET /?e=11460099329 HTTP/1.1" 200 19695 "-" "Mozilla/5.0 (Linux; Android 6.0.1; Nexus 5X Build/MMB29P) AppleWebKit/537.36 (KHTML, like Gecko) Chrome/133.0.6943.141 Mobile Safari/537.36 (compatible; Googlebot/2.1; +http://www.google.com/bot.html)"
66.249.65.168 - - [15/Mar/2025:20:34:24 +0700] "GET /?condosaver/32271132943.shtm HTTP/1.1" 200 19649 "-" "Mozilla/5.0 (Linux; Android 6.0.1; Nexus 5X Build/MMB29P) AppleWebKit/537.36 (KHTML, like Gecko) Chrome/133.0.6943.141 Mobile Safari/537.36 (compatible; GoogleOther)"
66.249.65.168 - - [15/Mar/2025:20:34:24 +0700] "GET /?e=14173619193 HTTP/1.1" 200 21000 "-" "Mozilla/5.0 (Linux; Android 6.0.1; Nexus 5X Build/MMB29P) AppleWebKit/537.36 (KHTML, like Gecko) Chrome/133.0.6943.141 Mobile Safari/537.36 (compatible; Googlebot/2.1; +http://www.google.com/bot.html)"
180.235.151.3 - - [15/Mar/2025:20:34:27 +0700] "GET /wp-content/themes/aturtoko/assets/json/testi.json HTTP/1.0" 200 3616 "-" "-"
180.235.151.3 - - [15/Mar/2025:20:34:27 +0700] "GET /wp-content/themes/aturtoko/assets/json/liputan.json HTTP/1.0" 200 1813 "-" "-"
180.235.151.3 - - [15/Mar/2025:20:34:27 +0700] "GET /wp-content/themes/aturtoko/assets/json/partner.json HTTP/1.0" 200 843 "-" "-"
157.245.202.14 - - [15/Mar/2025:20:34:25 +0700] "GET / HTTP/1.1" 200 12832 "-" "Mozilla/5.0 (Windows NT 10.0; Win64; x64) AppleWebKit/537.36 (KHTML, like Gecko) Chrome/58.0.3029.110 Safari/537.3"
66.249.65.169 - - [15/Mar/2025:20:34:28 +0700] "GET /?e=76350020213 HTTP/1.1" 200 22287 "-" "Mozilla/5.0 (Linux; Android 6.0.1; Nexus 5X Build/MMB29P) AppleWebKit/537.36 (KHTML, like Gecko) Chrome/133.0.6943.141 Mobile Safari/537.36 (compatible; Googlebot/2.1; +http://www.google.com/bot.html)"
66.249.65.169 - - [15/Mar/2025:20:34:32 +0700] "GET /?e=39535212857 HTTP/1.1" 200 21992 "-" "Mozilla/5.0 (Linux; Android 6.0.1; Nexus 5X Build/MMB29P) AppleWebKit/537.36 (KHTML, like Gecko) Chrome/133.0.6943.141 Mobile Safari/537.36 (compatible; GoogleOther)"
66.249.71.3 - - [15/Mar/2025:20:34:32 +0700] "GET /?e=67169315459 HTTP/1.1" 200 19741 "-" "Mozilla/5.0 (Linux; Android 6.0.1; Nexus 5X Build/MMB29P) AppleWebKit/537.36 (KHTML, like Gecko) Chrome/133.0.6943.141 Mobile Safari/537.36 (compatible; Googlebot/2.1; +http://www.google.com/bot.html)"
66.249.65.168 - - [15/Mar/2025:20:34:36 +0700] "GET /?e=49538463567 HTTP/1.1" 200 19500 "-" "Mozilla/5.0 (Linux; Android 6.0.1; Nexus 5X Build/MMB29P) AppleWebKit/537.36 (KHTML, like Gecko) Chrome/133.0.6943.141 Mobile Safari/537.36 (compatible; Googlebot/2.1; +http://www.google.com/bot.html)"
157.245.202.14 - - [15/Mar/2025:20:34:35 +0700] "GET /blog/author/aturtoko HTTP/1.1" 200 10788 "-" "Mozilla/5.0 (Macintosh; Intel Mac OS X 10_11_5) AppleWebKit/537.36 (KHTML, like Gecko) Chrome/50.0.2661.102 Safari/537.36"
66.249.65.168 - - [15/Mar/2025:20:34:40 +0700] "GET /comment.php?m=36777237785 HTTP/1.1" 403 1242 "-" "Mozilla/5.0 (Linux; Android 6.0.1; Nexus 5X Build/MMB29P) AppleWebKit/537.36 (KHTML, like Gecko) Chrome/133.0.6943.141 Mobile Safari/537.36 (compatible; GoogleOther)"
66.249.65.169 - - [15/Mar/2025:20:34:40 +0700] "GET /?e=21724004757 HTTP/1.1" 200 19681 "-" "Mozilla/5.0 (Linux; Android 6.0.1; Nexus 5X Build/MMB29P) AppleWebKit/537.36 (KHTML, like Gecko) Chrome/133.0.6943.141 Mobile Safari/537.36 (compatible; Googlebot/2.1; +http://www.google.com/bot.html)"
66.249.65.169 - - [15/Mar/2025:20:34:43 +0700] "POST /get-message-notify HTTP/1.1" 200 21983 "https://www.aturtoko.id/?e=25234226215" "Mozilla/5.0 (Linux; Android 6.0.1; Nexus 5X Build/MMB29P) AppleWebKit/537.36 (KHTML, like Gecko) Chrome/133.0.6943.141 Mobile Safari/537.36 (compatible; Googlebot/2.1; +http://www.google.com/bot.html)"
66.249.71.4 - - [15/Mar/2025:20:34:44 +0700] "GET /?e=39527064315 HTTP/1.1" 200 20998 "-" "Mozilla/5.0 (Linux; Android 6.0.1; Nexus 5X Build/MMB29P) AppleWebKit/537.36 (KHTML, like Gecko) Chrome/133.0.6943.141 Mobile Safari/537.36 (compatible; Googlebot/2.1; +http://www.google.com/bot.html)"
66.249.65.168 - - [15/Mar/2025:20:34:47 +0700] "GET /?e=81124036139 HTTP/1.1" 200 20032 "-" "Mozilla/5.0 (Linux; Android 6.0.1; Nexus 5X Build/MMB29P) AppleWebKit/537.36 (KHTML, like Gecko) Chrome/133.0.6943.141 Mobile Safari/537.36 (compatible; GoogleOther)"
66.249.65.169 - - [15/Mar/2025:20:34:47 +0700] "GET /?e=73168636006 HTTP/1.1" 200 20173 "-" "Mozilla/5.0 (Linux; Android 6.0.1; Nexus 5X Build/MMB29P) AppleWebKit/537.36 (KHTML, like Gecko) Chrome/133.0.6943.141 Mobile Safari/537.36 (compatible; Googlebot/2.1; +http://www.google.com/bot.html)"
66.249.65.169 - - [15/Mar/2025:20:34:51 +0700] "GET /?e=85769499782 HTTP/1.1" 200 20911 "-" "Mozilla/5.0 (Linux; Android 6.0.1; Nexus 5X Build/MMB29P) AppleWebKit/537.36 (KHTML, like Gecko) Chrome/133.0.6943.141 Mobile Safari/537.36 (compatible; Googlebot/2.1; +http://www.google.com/bot.html)"
180.235.151.3 - - [15/Mar/2025:20:34:54 +0700] "POST /wp-cron.php?doing_wp_cron=1742045694.7201130390167236328125 HTTP/1.1" 403 1242 "-" "WordPress/6.7.2; https://www.aturtoko.id"
114.119.146.255 - - [15/Mar/2025:20:34:50 +0700] "GET /ms/blog/management/hrd/standar-operasional-prosedur-sop-arti-manfaat-dan-cara-membuatnya HTTP/1.1" 404 3371 "https://www.aturtoko.id/ms/blog/management/hrd/pengertian-produktivitas-tujuan-dan-faktor-faktor-yang-mempengaruhi" "Mozilla/5.0 (Linux; Android 7.0;) AppleWebKit/537.36 (KHTML, like Gecko) Mobile Safari/537.36 (compatible; PetalBot;+https://webmaster.petalsearch.com/site/petalbot)"
66.249.65.169 - - [15/Mar/2025:20:34:55 +0700] "GET /?e=16958154010 HTTP/1.1" 200 20181 "-" "Mozilla/5.0 (Linux; Android 6.0.1; Nexus 5X Build/MMB29P) AppleWebKit/537.36 (KHTML, like Gecko) Chrome/133.0.6943.141 Mobile Safari/537.36 (compatible; Googlebot/2.1; +http://www.google.com/bot.html)"
66.249.71.4 - - [15/Mar/2025:20:34:57 +0700] "GET /comment.php?m=69922200486 HTTP/1.1" 403 1242 "-" "Mozilla/5.0 (Linux; Android 6.0.1; Nexus 5X Build/MMB29P) AppleWebKit/537.36 (KHTML, like Gecko) Chrome/133.0.6943.141 Mobile Safari/537.36 (compatible; GoogleOther)"
66.249.65.169 - - [15/Mar/2025:20:34:59 +0700] "GET /?e=62241487787 HTTP/1.1" 200 19741 "-" "Mozilla/5.0 (Linux; Android 6.0.1; Nexus 5X Build/MMB29P) AppleWebKit/537.36 (KHTML, like Gecko) Chrome/133.0.6943.141 Mobile Safari/537.36 (compatible; Googlebot/2.1; +http://www.google.com/bot.html)"
66.249.65.168 - - [15/Mar/2025:20:35:04 +0700] "GET /?e=45766063925 HTTP/1.1" 200 19759 "-" "Mozilla/5.0 (Linux; Android 6.0.1; Nexus 5X Build/MMB29P) AppleWebKit/537.36 (KHTML, like Gecko) Chrome/133.0.6943.141 Mobile Safari/537.36 (compatible; Googlebot/2.1; +http://www.google.com/bot.html)"
66.249.65.168 - - [15/Mar/2025:20:35:07 +0700] "GET /?e=61298890239 HTTP/1.1" 200 19667 "-" "Mozilla/5.0 (Linux; Android 6.0.1; Nexus 5X Build/MMB29P) AppleWebKit/537.36 (KHTML, like Gecko) Chrome/133.0.6943.141 Mobile Safari/537.36 (compatible; Googlebot/2.1; +http://www.google.com/bot.html)"
66.249.71.3 - - [15/Mar/2025:20:35:08 +0700] "GET /?e=54928001086 HTTP/1.1" 200 19552 "-" "Mozilla/5.0 (Linux; Android 6.0.1; Nexus 5X Build/MMB29P) AppleWebKit/537.36 (KHTML, like Gecko) Chrome/133.0.6943.141 Mobile Safari/537.36 (compatible; GoogleOther)"
66.249.65.168 - - [15/Mar/2025:20:35:13 +0700] "GET /?e=81913200822 HTTP/1.1" 200 22473 "-" "Mozilla/5.0 (Linux; Android 6.0.1; Nexus 5X Build/MMB29P) AppleWebKit/537.36 (KHTML, like Gecko) Chrome/133.0.6943.141 Mobile Safari/537.36 (compatible; Googlebot/2.1; +http://www.google.com/bot.html)"
66.249.65.168 - - [15/Mar/2025:20:35:16 +0700] "GET /?e=25147273580 HTTP/1.1" 200 19695 "-" "Mozilla/5.0 (Linux; Android 6.0.1; Nexus 5X Build/MMB29P) AppleWebKit/537.36 (KHTML, like Gecko) Chrome/133.0.6943.141 Mobile Safari/537.36 (compatible; GoogleOther)"
66.249.65.168 - - [15/Mar/2025:20:35:18 +0700] "GET /?e=72284959721 HTTP/1.1" 200 19739 "-" "Mozilla/5.0 (Linux; Android 6.0.1; Nexus 5X Build/MMB29P) AppleWebKit/537.36 (KHTML, like Gecko) Chrome/133.0.6943.141 Mobile Safari/537.36 (compatible; Googlebot/2.1; +http://www.google.com/bot.html)"
66.249.65.168 - - [15/Mar/2025:20:35:20 +0700] "GET /?e=79444163640 HTTP/1.1" 200 20861 "-" "Mozilla/5.0 (Linux; Android 6.0.1; Nexus 5X Build/MMB29P) AppleWebKit/537.36 (KHTML, like Gecko) Chrome/133.0.6943.141 Mobile Safari/537.36 (compatible; Googlebot/2.1; +http://www.google.com/bot.html)"
66.249.65.168 - - [15/Mar/2025:20:35:23 +0700] "GET /item.php?e=63613076515 HTTP/1.1" 403 1242 "-" "Mozilla/5.0 (Linux; Android 6.0.1; Nexus 5X Build/MMB29P) AppleWebKit/537.36 (KHTML, like Gecko) Chrome/133.0.6943.141 Mobile Safari/537.36 (compatible; GoogleOther)"
66.249.65.168 - - [15/Mar/2025:20:35:23 +0700] "GET /?e=15638732395 HTTP/1.1" 200 19980 "-" "Mozilla/5.0 (Linux; Android 6.0.1; Nexus 5X Build/MMB29P) AppleWebKit/537.36 (KHTML, like Gecko) Chrome/133.0.6943.141 Mobile Safari/537.36 (compatible; Googlebot/2.1; +http://www.google.com/bot.html)"
66.249.65.168 - - [15/Mar/2025:20:35:25 +0700] "GET /?e=88973875800 HTTP/1.1" 200 21624 "-" "Mozilla/5.0 (Linux; Android 6.0.1; Nexus 5X Build/MMB29P) AppleWebKit/537.36 (KHTML, like Gecko) Chrome/133.0.6943.141 Mobile Safari/537.36 (compatible; Googlebot/2.1; +http://www.google.com/bot.html)"
66.249.65.168 - - [15/Mar/2025:20:35:27 +0700] "GET /?e=12816033740 HTTP/1.1" 200 21720 "-" "Mozilla/5.0 (Linux; Android 6.0.1; Nexus 5X Build/MMB29P) AppleWebKit/537.36 (KHTML, like Gecko) Chrome/133.0.6943.141 Mobile Safari/537.36 (compatible; Googlebot/2.1; +http://www.google.com/bot.html)"
66.249.65.168 - - [15/Mar/2025:20:35:29 +0700] "GET /?e=37417002039 HTTP/1.1" 200 22473 "-" "Mozilla/5.0 (Linux; Android 6.0.1; Nexus 5X Build/MMB29P) AppleWebKit/537.36 (KHTML, like Gecko) Chrome/133.0.6943.141 Mobile Safari/537.36 (compatible; Googlebot/2.1; +http://www.google.com/bot.html)"
66.249.65.168 - - [15/Mar/2025:20:35:30 +0700] "GET /?tent/3226806858.shtm HTTP/1.1" 200 21665 "-" "Mozilla/5.0 (Linux; Android 6.0.1; Nexus 5X Build/MMB29P) AppleWebKit/537.36 (KHTML, like Gecko) Chrome/133.0.6943.141 Mobile Safari/537.36 (compatible; GoogleOther)"
66.249.65.168 - - [15/Mar/2025:20:35:31 +0700] "GET /?e=83653115897 HTTP/1.1" 200 19741 "-" "Mozilla/5.0 (Linux; Android 6.0.1; Nexus 5X Build/MMB29P) AppleWebKit/537.36 (KHTML, like Gecko) Chrome/133.0.6943.141 Mobile Safari/537.36 (compatible; Googlebot/2.1; +http://www.google.com/bot.html)"
66.249.65.168 - - [15/Mar/2025:20:35:33 +0700] "GET /?e=67192273693 HTTP/1.1" 200 19970 "-" "Mozilla/5.0 (Linux; Android 6.0.1; Nexus 5X Build/MMB29P) AppleWebKit/537.36 (KHTML, like Gecko) Chrome/133.0.6943.141 Mobile Safari/537.36 (compatible; Googlebot/2.1; +http://www.google.com/bot.html)"
66.249.65.168 - - [15/Mar/2025:20:35:35 +0700] "POST /get-message-notify HTTP/1.1" 200 21983 "https://www.aturtoko.id/?e=56478795807" "Mozilla/5.0 (Linux; Android 6.0.1; Nexus 5X Build/MMB29P) AppleWebKit/537.36 (KHTML, like Gecko) Chrome/133.0.6943.141 Mobile Safari/537.36 (compatible; Googlebot/2.1; +http://www.google.com/bot.html)"
66.249.71.4 - - [15/Mar/2025:20:35:39 +0700] "GET /?e=42257023113 HTTP/1.1" 200 19740 "-" "Mozilla/5.0 (Linux; Android 6.0.1; Nexus 5X Build/MMB29P) AppleWebKit/537.36 (KHTML, like Gecko) Chrome/133.0.6943.141 Mobile Safari/537.36 (compatible; Googlebot/2.1; +http://www.google.com/bot.html)"
66.249.71.4 - - [15/Mar/2025:20:35:41 +0700] "GET /?e=11637358849 HTTP/1.1" 200 19970 "-" "Mozilla/5.0 (Linux; Android 6.0.1; Nexus 5X Build/MMB29P) AppleWebKit/537.36 (KHTML, like Gecko) Chrome/133.0.6943.141 Mobile Safari/537.36 (compatible; Googlebot/2.1; +http://www.google.com/bot.html)"
