66.249.65.168 - - [15/Mar/2025:21:14:21 +0700] "GET /item.php?e=56178646265 HTTP/1.1" 403 1242 "-" "Mozilla/5.0 (Linux; Android 6.0.1; Nexus 5X Build/MMB29P) AppleWebKit/537.36 (KHTML, like Gecko) Chrome/133.0.6943.141 Mobile Safari/537.36 (compatible; GoogleOther)"
54.169.147.125 - - [15/Mar/2025:21:14:22 +0700] "GET /comment.php HTTP/2" 403 1242 "-" "Mozilla/5.0 (Windows NT 10.0; Win64; x64) AppleWebKit/537.36 (KHTML, like Gecko) Chrome/134.0.0.0 Safari/537.36"
54.169.147.125 - - [15/Mar/2025:21:14:22 +0700] "GET /favicon.ico HTTP/2" 404 1251 "https://aturtoko.id/comment.php" "Mozilla/5.0 (Windows NT 10.0; Win64; x64) AppleWebKit/537.36 (KHTML, like Gecko) Chrome/134.0.0.0 Safari/537.36"
66.249.65.168 - - [15/Mar/2025:21:14:21 +0700] "GET /?e=45237173533 HTTP/1.1" 200 19552 "-" "Mozilla/5.0 (Linux; Android 6.0.1; Nexus 5X Build/MMB29P) AppleWebKit/537.36 (KHTML, like Gecko) Chrome/133.0.6943.141 Mobile Safari/537.36 (compatible; Googlebot/2.1; +http://www.google.com/bot.html)"
66.249.65.168 - - [15/Mar/2025:21:14:23 +0700] "GET /?e=17685796861 HTTP/1.1" 200 19380 "-" "Mozilla/5.0 (Linux; Android 6.0.1; Nexus 5X Build/MMB29P) AppleWebKit/537.36 (KHTML, like Gecko) Chrome/133.0.6943.141 Mobile Safari/537.36 (compatible; Googlebot/2.1; +http://www.google.com/bot.html)"
66.249.65.168 - - [15/Mar/2025:21:14:23 +0700] "POST /get-message-notify HTTP/1.1" 200 21983 "https://www.aturtoko.id/?e=88615531663" "Mozilla/5.0 (Linux; Android 6.0.1; Nexus 5X Build/MMB29P) AppleWebKit/537.36 (KHTML, like Gecko) Chrome/133.0.6943.141 Mobile Safari/537.36 (compatible; Googlebot/2.1; +http://www.google.com/bot.html)"
66.249.65.169 - - [15/Mar/2025:21:14:26 +0700] "GET /?e=78457001776 HTTP/1.1" 200 19980 "-" "Mozilla/5.0 (Linux; Android 6.0.1; Nexus 5X Build/MMB29P) AppleWebKit/537.36 (KHTML, like Gecko) Chrome/133.0.6943.141 Mobile Safari/537.36 (compatible; Googlebot/2.1; +http://www.google.com/bot.html)"
54.169.147.125 - - [15/Mar/2025:21:14:28 +0700] "GET /admin.php HTTP/2" 403 1242 "-" "Mozilla/5.0 (Windows NT 10.0; Win64; x64) AppleWebKit/537.36 (KHTML, like Gecko) Chrome/134.0.0.0 Safari/537.36"
66.249.65.168 - - [15/Mar/2025:21:14:27 +0700] "GET /?e=28624525571 HTTP/1.1" 200 20084 "-" "Mozilla/5.0 (Linux; Android 6.0.1; Nexus 5X Build/MMB29P) AppleWebKit/537.36 (KHTML, like Gecko) Chrome/133.0.6943.141 Mobile Safari/537.36 (compatible; Googlebot/2.1; +http://www.google.com/bot.html)"
66.249.65.168 - - [15/Mar/2025:21:14:28 +0700] "GET /?e=43827086285 HTTP/1.1" 200 19759 "-" "Mozilla/5.0 (Linux; Android 6.0.1; Nexus 5X Build/MMB29P) AppleWebKit/537.36 (KHTML, like Gecko) Chrome/133.0.6943.141 Mobile Safari/537.36 (compatible; Googlebot/2.1; +http://www.google.com/bot.html)"
180.235.151.3 - - [15/Mar/2025:21:14:29 +0700] "POST /wp-cron.php?doing_wp_cron=1742048069.9296998977661132812500 HTTP/1.1" 403 1242 "-" "WordPress/6.7.2; https://www.aturtoko.id"
64.235.44.5 - - [15/Mar/2025:21:14:28 +0700] "POST /wp-login.php HTTP/1.1" 200 2553 "-" "Mozilla/5.0 (Windows NT 10.0; Win64; x64; rv:70.0) Gecko/20100101 Firefox/70.0"
66.249.65.169 - - [15/Mar/2025:21:14:29 +0700] "GET /?e=81436072216 HTTP/1.1" 200 20179 "-" "Mozilla/5.0 (Linux; Android 6.0.1; Nexus 5X Build/MMB29P) AppleWebKit/537.36 (KHTML, like Gecko) Chrome/133.0.6943.141 Mobile Safari/537.36 (compatible; GoogleOther)"
66.249.65.168 - - [15/Mar/2025:21:14:30 +0700] "GET /?e=74435679918 HTTP/1.1" 200 21625 "-" "Mozilla/5.0 (Linux; Android 6.0.1; Nexus 5X Build/MMB29P) AppleWebKit/537.36 (KHTML, like Gecko) Chrome/133.0.6943.141 Mobile Safari/537.36 (compatible; Googlebot/2.1; +http://www.google.com/bot.html)"
66.249.65.169 - - [15/Mar/2025:21:14:32 +0700] "GET /?e=52232054027 HTTP/1.1" 200 19659 "-" "Mozilla/5.0 (Linux; Android 6.0.1; Nexus 5X Build/MMB29P) AppleWebKit/537.36 (KHTML, like Gecko) Chrome/133.0.6943.141 Mobile Safari/537.36 (compatible; Googlebot/2.1; +http://www.google.com/bot.html)"
66.249.71.3 - - [15/Mar/2025:21:14:34 +0700] "GET /?e=38529955192 HTTP/1.1" 200 21224 "-" "Mozilla/5.0 (Linux; Android 6.0.1; Nexus 5X Build/MMB29P) AppleWebKit/537.36 (KHTML, like Gecko) Chrome/133.0.6943.141 Mobile Safari/537.36 (compatible; Googlebot/2.1; +http://www.google.com/bot.html)"
66.249.65.168 - - [15/Mar/2025:21:14:36 +0700] "POST /get-message-notify HTTP/1.1" 200 21983 "https://www.aturtoko.id/?e=28624525571" "Mozilla/5.0 (Linux; Android 6.0.1; Nexus 5X Build/MMB29P) AppleWebKit/537.36 (KHTML, like Gecko) Chrome/133.0.6943.141 Mobile Safari/537.36 (compatible; Googlebot/2.1; +http://www.google.com/bot.html)"
66.249.65.168 - - [15/Mar/2025:21:14:36 +0700] "GET /?e=39856785936 HTTP/1.1" 200 20924 "-" "Mozilla/5.0 (Linux; Android 6.0.1; Nexus 5X Build/MMB29P) AppleWebKit/537.36 (KHTML, like Gecko) Chrome/133.0.6943.141 Mobile Safari/537.36 (compatible; Googlebot/2.1; +http://www.google.com/bot.html)"
66.249.65.169 - - [15/Mar/2025:21:14:38 +0700] "GET /?e=44589561743 HTTP/1.1" 200 19739 "-" "Mozilla/5.0 (Linux; Android 6.0.1; Nexus 5X Build/MMB29P) AppleWebKit/537.36 (KHTML, like Gecko) Chrome/133.0.6943.141 Mobile Safari/537.36 (compatible; GoogleOther)"
66.249.65.168 - - [15/Mar/2025:21:14:38 +0700] "GET /?e=82557341783 HTTP/1.1" 200 19759 "-" "Mozilla/5.0 (Linux; Android 6.0.1; Nexus 5X Build/MMB29P) AppleWebKit/537.36 (KHTML, like Gecko) Chrome/133.0.6943.141 Mobile Safari/537.36 (compatible; Googlebot/2.1; +http://www.google.com/bot.html)"
66.249.65.168 - - [15/Mar/2025:21:14:40 +0700] "GET /?e=77368706342 HTTP/1.1" 200 19759 "-" "Mozilla/5.0 (Linux; Android 6.0.1; Nexus 5X Build/MMB29P) AppleWebKit/537.36 (KHTML, like Gecko) Chrome/133.0.6943.141 Mobile Safari/537.36 (compatible; Googlebot/2.1; +http://www.google.com/bot.html)"
66.249.65.169 - - [15/Mar/2025:21:14:41 +0700] "GET /?e=68980018236 HTTP/1.1" 200 20904 "-" "Mozilla/5.0 (Linux; Android 6.0.1; Nexus 5X Build/MMB29P) AppleWebKit/537.36 (KHTML, like Gecko) Chrome/133.0.6943.141 Mobile Safari/537.36 (compatible; Googlebot/2.1; +http://www.google.com/bot.html)"
66.249.65.168 - - [15/Mar/2025:21:14:42 +0700] "GET /?sobre/32271293104.shtm HTTP/1.1" 200 20099 "-" "Mozilla/5.0 (Linux; Android 6.0.1; Nexus 5X Build/MMB29P) AppleWebKit/537.36 (KHTML, like Gecko) Chrome/133.0.6943.141 Mobile Safari/537.36 (compatible; Googlebot/2.1; +http://www.google.com/bot.html)"
66.249.65.170 - - [15/Mar/2025:21:14:45 +0700] "GET /?modules/32271281560.shtm HTTP/1.1" 200 21065 "-" "Mozilla/5.0 (Linux; Android 6.0.1; Nexus 5X Build/MMB29P) AppleWebKit/537.36 (KHTML, like Gecko) Chrome/133.0.6943.141 Mobile Safari/537.36 (compatible; Googlebot/2.1; +http://www.google.com/bot.html)"
66.249.65.168 - - [15/Mar/2025:21:14:46 +0700] "GET /?3226989416.shtm HTTP/1.1" 200 19922 "-" "Mozilla/5.0 (Linux; Android 6.0.1; Nexus 5X Build/MMB29P) AppleWebKit/537.36 (KHTML, like Gecko) Chrome/133.0.6943.141 Mobile Safari/537.36 (compatible; GoogleOther)"
66.249.65.168 - - [15/Mar/2025:21:14:47 +0700] "POST /get-message-notify HTTP/1.1" 200 21982 "https://www.aturtoko.id/?e=58851488048" "Mozilla/5.0 (Linux; Android 6.0.1; Nexus 5X Build/MMB29P) AppleWebKit/537.36 (KHTML, like Gecko) Chrome/133.0.6943.141 Mobile Safari/537.36 (compatible; Googlebot/2.1; +http://www.google.com/bot.html)"
193.186.4.144 - - [15/Mar/2025:21:14:44 +0700] "GET /en/cara-jualan-di-shopee/selain-jualan-begini-cara-dapat-uang-dari-shopee-affiliate HTTP/2" 301 0 "https://www.google.com/" "Mozilla/5.0 (Linux; Android 10; K) AppleWebKit/537.36 (KHTML, like Gecko) Chrome/134.0.0.0 Mobile Safari/537.36"
66.249.65.170 - - [15/Mar/2025:21:14:48 +0700] "GET /?inches/item/3225201282.shtm HTTP/1.1" 200 20779 "-" "Mozilla/5.0 (Linux; Android 6.0.1; Nexus 5X Build/MMB29P) AppleWebKit/537.36 (KHTML, like Gecko) Chrome/133.0.6943.141 Mobile Safari/537.36 (compatible; Googlebot/2.1; +http://www.google.com/bot.html)"
66.249.65.168 - - [15/Mar/2025:21:14:49 +0700] "GET /?conquest/commoditys/32292113461.shtm HTTP/1.1" 200 19665 "-" "Mozilla/5.0 (Linux; Android 6.0.1; Nexus 5X Build/MMB29P) AppleWebKit/537.36 (KHTML, like Gecko) Chrome/133.0.6943.141 Mobile Safari/537.36 (compatible; Googlebot/2.1; +http://www.google.com/bot.html)"
66.249.71.5 - - [15/Mar/2025:21:14:51 +0700] "GET /?e=76825954924 HTTP/1.1" 200 19700 "-" "Mozilla/5.0 (Linux; Android 6.0.1; Nexus 5X Build/MMB29P) AppleWebKit/537.36 (KHTML, like Gecko) Chrome/133.0.6943.141 Mobile Safari/537.36 (compatible; Googlebot/2.1; +http://www.google.com/bot.html)"
66.249.65.169 - - [15/Mar/2025:21:14:52 +0700] "GET /?elevator/3225209771.shtm HTTP/1.1" 200 20366 "-" "Mozilla/5.0 (Linux; Android 6.0.1; Nexus 5X Build/MMB29P) AppleWebKit/537.36 (KHTML, like Gecko) Chrome/133.0.6943.141 Mobile Safari/537.36 (compatible; Googlebot/2.1; +http://www.google.com/bot.html)"
66.249.65.170 - - [15/Mar/2025:21:14:55 +0700] "GET /item.php?e=69416277862 HTTP/1.1" 403 1242 "-" "Mozilla/5.0 (Linux; Android 6.0.1; Nexus 5X Build/MMB29P) AppleWebKit/537.36 (KHTML, like Gecko) Chrome/133.0.6943.141 Mobile Safari/537.36 (compatible; GoogleOther)"
66.249.65.169 - - [15/Mar/2025:21:14:54 +0700] "GET /?subgroup/3225217307.shtm HTTP/1.1" 200 22183 "-" "Mozilla/5.0 (Linux; Android 6.0.1; Nexus 5X Build/MMB29P) AppleWebKit/537.36 (KHTML, like Gecko) Chrome/133.0.6943.141 Mobile Safari/537.36 (compatible; Googlebot/2.1; +http://www.google.com/bot.html)"
66.249.65.169 - - [15/Mar/2025:21:14:55 +0700] "POST /get-message-notify HTTP/1.1" 200 21982 "https://www.aturtoko.id/?e=84985172764" "Mozilla/5.0 (Linux; Android 6.0.1; Nexus 5X Build/MMB29P) AppleWebKit/537.36 (KHTML, like Gecko) Chrome/133.0.6943.141 Mobile Safari/537.36 (compatible; Googlebot/2.1; +http://www.google.com/bot.html)"
66.249.65.169 - - [15/Mar/2025:21:14:56 +0700] "GET /?courage/commoditys/32271107051.shtm HTTP/1.1" 200 20435 "-" "Mozilla/5.0 (Linux; Android 6.0.1; Nexus 5X Build/MMB29P) AppleWebKit/537.36 (KHTML, like Gecko) Chrome/133.0.6943.141 Mobile Safari/537.36 (compatible; Googlebot/2.1; +http://www.google.com/bot.html)"
66.249.71.5 - - [15/Mar/2025:21:14:58 +0700] "GET /?3226535255.shtm HTTP/1.1" 200 19427 "-" "Mozilla/5.0 (Linux; Android 6.0.1; Nexus 5X Build/MMB29P) AppleWebKit/537.36 (KHTML, like Gecko) Chrome/133.0.6943.141 Mobile Safari/537.36 (compatible; Googlebot/2.1; +http://www.google.com/bot.html)"
66.249.65.169 - - [15/Mar/2025:21:14:59 +0700] "POST /get-message-notify HTTP/1.1" 200 21983 "https://www.aturtoko.id/?e=43496902875" "Mozilla/5.0 (Linux; Android 6.0.1; Nexus 5X Build/MMB29P) AppleWebKit/537.36 (KHTML, like Gecko) Chrome/133.0.6943.141 Mobile Safari/537.36 (compatible; Googlebot/2.1; +http://www.google.com/bot.html)"
66.249.65.168 - - [15/Mar/2025:21:15:00 +0700] "GET /?challenge/commoditys/3225100641.shtm HTTP/1.1" 200 19664 "-" "Mozilla/5.0 (Linux; Android 6.0.1; Nexus 5X Build/MMB29P) AppleWebKit/537.36 (KHTML, like Gecko) Chrome/133.0.6943.141 Mobile Safari/537.36 (compatible; Googlebot/2.1; +http://www.google.com/bot.html)"
66.249.65.168 - - [15/Mar/2025:21:15:02 +0700] "GET /?e=32838100112 HTTP/1.1" 200 22286 "-" "Mozilla/5.0 (Linux; Android 6.0.1; Nexus 5X Build/MMB29P) AppleWebKit/537.36 (KHTML, like Gecko) Chrome/133.0.6943.141 Mobile Safari/537.36 (compatible; GoogleOther)"
66.249.65.169 - - [15/Mar/2025:21:15:02 +0700] "GET /?applications/32271339262.shtm HTTP/1.1" 200 19886 "-" "Mozilla/5.0 (Linux; Android 6.0.1; Nexus 5X Build/MMB29P) AppleWebKit/537.36 (KHTML, like Gecko) Chrome/133.0.6943.141 Mobile Safari/537.36 (compatible; Googlebot/2.1; +http://www.google.com/bot.html)"
66.249.65.168 - - [15/Mar/2025:21:15:04 +0700] "GET /?322521601.shtm HTTP/1.1" 200 19986 "-" "Mozilla/5.0 (Linux; Android 6.0.1; Nexus 5X Build/MMB29P) AppleWebKit/537.36 (KHTML, like Gecko) Chrome/133.0.6943.141 Mobile Safari/537.36 (compatible; Googlebot/2.1; +http://www.google.com/bot.html)"
66.249.65.169 - - [15/Mar/2025:21:15:06 +0700] "GET /?informal/auction/32271425666.shtm HTTP/1.1" 200 20157 "-" "Mozilla/5.0 (Linux; Android 6.0.1; Nexus 5X Build/MMB29P) AppleWebKit/537.36 (KHTML, like Gecko) Chrome/133.0.6943.141 Mobile Safari/537.36 (compatible; Googlebot/2.1; +http://www.google.com/bot.html)"
66.249.65.168 - - [15/Mar/2025:21:15:09 +0700] "GET /?advisory/commoditys/32271101651.shtm HTTP/1.1" 200 19989 "-" "Mozilla/5.0 (Linux; Android 6.0.1; Nexus 5X Build/MMB29P) AppleWebKit/537.36 (KHTML, like Gecko) Chrome/133.0.6943.141 Mobile Safari/537.36 (compatible; Googlebot/2.1; +http://www.google.com/bot.html)"
66.249.65.168 - - [15/Mar/2025:21:15:09 +0700] "GET /?3225140794.shtm HTTP/1.1" 200 19628 "-" "Mozilla/5.0 (Linux; Android 6.0.1; Nexus 5X Build/MMB29P) AppleWebKit/537.36 (KHTML, like Gecko) Chrome/133.0.6943.141 Mobile Safari/537.36 (compatible; GoogleOther)"
66.249.65.168 - - [15/Mar/2025:21:15:11 +0700] "GET /?santo/commoditys/32292417301.shtm HTTP/1.1" 200 20300 "-" "Mozilla/5.0 (Linux; Android 6.0.1; Nexus 5X Build/MMB29P) AppleWebKit/537.36 (KHTML, like Gecko) Chrome/133.0.6943.141 Mobile Safari/537.36 (compatible; Googlebot/2.1; +http://www.google.com/bot.html)"
66.249.65.168 - - [15/Mar/2025:21:15:13 +0700] "GET /?3226993646.shtm HTTP/1.1" 200 19966 "-" "Mozilla/5.0 (Linux; Android 6.0.1; Nexus 5X Build/MMB29P) AppleWebKit/537.36 (KHTML, like Gecko) Chrome/133.0.6943.141 Mobile Safari/537.36 (compatible; Googlebot/2.1; +http://www.google.com/bot.html)"
66.249.65.168 - - [15/Mar/2025:21:15:16 +0700] "GET /?cookie/merchandises/3225324015.shtm HTTP/1.1" 200 19831 "-" "Mozilla/5.0 (Linux; Android 6.0.1; Nexus 5X Build/MMB29P) AppleWebKit/537.36 (KHTML, like Gecko) Chrome/133.0.6943.141 Mobile Safari/537.36 (compatible; Googlebot/2.1; +http://www.google.com/bot.html)"
66.249.71.3 - - [15/Mar/2025:21:15:17 +0700] "GET /?e=22864539964 HTTP/1.1" 200 21224 "-" "Mozilla/5.0 (Linux; Android 6.0.1; Nexus 5X Build/MMB29P) AppleWebKit/537.36 (KHTML, like Gecko) Chrome/133.0.6943.141 Mobile Safari/537.36 (compatible; GoogleOther)"
66.249.65.168 - - [15/Mar/2025:21:15:18 +0700] "GET /?3226669631.shtm HTTP/1.1" 200 20531 "-" "Mozilla/5.0 (Linux; Android 6.0.1; Nexus 5X Build/MMB29P) AppleWebKit/537.36 (KHTML, like Gecko) Chrome/133.0.6943.141 Mobile Safari/537.36 (compatible; Googlebot/2.1; +http://www.google.com/bot.html)"
66.249.65.168 - - [15/Mar/2025:21:15:20 +0700] "GET /?vor/merchandises/3225456165.shtm HTTP/1.1" 200 20024 "-" "Mozilla/5.0 (Linux; Android 6.0.1; Nexus 5X Build/MMB29P) AppleWebKit/537.36 (KHTML, like Gecko) Chrome/133.0.6943.141 Mobile Safari/537.36 (compatible; Googlebot/2.1; +http://www.google.com/bot.html)"
66.249.65.168 - - [15/Mar/2025:21:15:23 +0700] "GET /?brands/32271080050.shtm HTTP/1.1" 200 20117 "-" "Mozilla/5.0 (Linux; Android 6.0.1; Nexus 5X Build/MMB29P) AppleWebKit/537.36 (KHTML, like Gecko) Chrome/133.0.6943.141 Mobile Safari/537.36 (compatible; Googlebot/2.1; +http://www.google.com/bot.html)"
66.249.71.3 - - [15/Mar/2025:21:15:25 +0700] "GET /?myers/3226885641.shtm HTTP/1.1" 200 21926 "-" "Mozilla/5.0 (Linux; Android 6.0.1; Nexus 5X Build/MMB29P) AppleWebKit/537.36 (KHTML, like Gecko) Chrome/133.0.6943.141 Mobile Safari/537.36 (compatible; Googlebot/2.1; +http://www.google.com/bot.html)"
66.249.65.168 - - [15/Mar/2025:21:15:27 +0700] "GET /?edt/product/3226842439.shtm HTTP/1.1" 200 20707 "-" "Mozilla/5.0 (Linux; Android 6.0.1; Nexus 5X Build/MMB29P) AppleWebKit/537.36 (KHTML, like Gecko) Chrome/133.0.6943.141 Mobile Safari/537.36 (compatible; Googlebot/2.1; +http://www.google.com/bot.html)"
66.249.65.168 - - [15/Mar/2025:21:15:29 +0700] "GET /?nova/322543202.shtm HTTP/1.1" 200 21881 "-" "Mozilla/5.0 (Linux; Android 6.0.1; Nexus 5X Build/MMB29P) AppleWebKit/537.36 (KHTML, like Gecko) Chrome/133.0.6943.141 Mobile Safari/537.36 (compatible; Googlebot/2.1; +http://www.google.com/bot.html)"
66.249.65.169 - - [15/Mar/2025:21:15:32 +0700] "GET /?e=49365158684 HTTP/1.1" 200 20584 "-" "Mozilla/5.0 (Linux; Android 6.0.1; Nexus 5X Build/MMB29P) AppleWebKit/537.36 (KHTML, like Gecko) Chrome/133.0.6943.141 Mobile Safari/537.36 (compatible; GoogleOther)"
66.249.71.4 - - [15/Mar/2025:21:15:34 +0700] "GET /?e=89461698016 HTTP/1.1" 200 21224 "-" "Mozilla/5.0 (Linux; Android 6.0.1; Nexus 5X Build/MMB29P) AppleWebKit/537.36 (KHTML, like Gecko) Chrome/133.0.6943.141 Mobile Safari/537.36 (compatible; Googlebot/2.1; +http://www.google.com/bot.html)"
66.249.65.168 - - [15/Mar/2025:21:15:36 +0700] "GET /?jew/shopdetail/3226712833.shtm HTTP/1.1" 200 19581 "-" "Mozilla/5.0 (Linux; Android 6.0.1; Nexus 5X Build/MMB29P) AppleWebKit/537.36 (KHTML, like Gecko) Chrome/133.0.6943.141 Mobile Safari/537.36 (compatible; Googlebot/2.1; +http://www.google.com/bot.html)"
66.249.71.3 - - [15/Mar/2025:21:15:38 +0700] "GET /?invasion/goods/32281526178.shtm HTTP/1.1" 200 19718 "-" "Mozilla/5.0 (Linux; Android 6.0.1; Nexus 5X Build/MMB29P) AppleWebKit/537.36 (KHTML, like Gecko) Chrome/133.0.6943.141 Mobile Safari/537.36 (compatible; Googlebot/2.1; +http://www.google.com/bot.html)"
66.249.65.169 - - [15/Mar/2025:21:15:43 +0700] "GET /?spa/auction/3226900966.shtm HTTP/1.1" 200 21064 "-" "Mozilla/5.0 (Linux; Android 6.0.1; Nexus 5X Build/MMB29P) AppleWebKit/537.36 (KHTML, like Gecko) Chrome/133.0.6943.141 Mobile Safari/537.36 (compatible; Googlebot/2.1; +http://www.google.com/bot.html)"
66.249.65.168 - - [15/Mar/2025:21:15:45 +0700] "GET /?e=27816655629 HTTP/1.1" 200 19667 "-" "Mozilla/5.0 (Linux; Android 6.0.1; Nexus 5X Build/MMB29P) AppleWebKit/537.36 (KHTML, like Gecko) Chrome/133.0.6943.141 Mobile Safari/537.36 (compatible; Googlebot/2.1; +http://www.google.com/bot.html)"
66.249.71.3 - - [15/Mar/2025:21:15:47 +0700] "GET /?historian/3226652394.shtm HTTP/1.1" 200 22148 "-" "Mozilla/5.0 (Linux; Android 6.0.1; Nexus 5X Build/MMB29P) AppleWebKit/537.36 (KHTML, like Gecko) Chrome/133.0.6943.141 Mobile Safari/537.36 (compatible; Googlebot/2.1; +http://www.google.com/bot.html)"
66.249.71.4 - - [15/Mar/2025:21:15:49 +0700] "GET /?criterion/3225427223.shtm HTTP/1.1" 200 21511 "-" "Mozilla/5.0 (Linux; Android 6.0.1; Nexus 5X Build/MMB29P) AppleWebKit/537.36 (KHTML, like Gecko) Chrome/133.0.6943.141 Mobile Safari/537.36 (compatible; Googlebot/2.1; +http://www.google.com/bot.html)"
66.249.65.169 - - [15/Mar/2025:21:15:52 +0700] "GET /comment.php?m=67284646456 HTTP/1.1" 403 1242 "-" "Mozilla/5.0 (Linux; Android 6.0.1; Nexus 5X Build/MMB29P) AppleWebKit/537.36 (KHTML, like Gecko) Chrome/133.0.6943.141 Mobile Safari/537.36 (compatible; GoogleOther)"
66.249.65.169 - - [15/Mar/2025:21:15:50 +0700] "GET /?construed/shopdetail/322531233.shtm HTTP/1.1" 200 19566 "-" "Mozilla/5.0 (Linux; Android 6.0.1; Nexus 5X Build/MMB29P) AppleWebKit/537.36 (KHTML, like Gecko) Chrome/133.0.6943.141 Mobile Safari/537.36 (compatible; Googlebot/2.1; +http://www.google.com/bot.html)"
66.249.65.168 - - [15/Mar/2025:21:15:53 +0700] "GET /?bx/shopdetail/32292176653.shtm HTTP/1.1" 200 19687 "-" "Mozilla/5.0 (Linux; Android 6.0.1; Nexus 5X Build/MMB29P) AppleWebKit/537.36 (KHTML, like Gecko) Chrome/133.0.6943.141 Mobile Safari/537.36 (compatible; Googlebot/2.1; +http://www.google.com/bot.html)"
66.249.71.3 - - [15/Mar/2025:21:15:52 +0700] "GET /?injury/32271381076.shtm HTTP/1.1" 200 19907 "-" "Mozilla/5.0 (Linux; Android 6.0.1; Nexus 5X Build/MMB29P) AppleWebKit/537.36 (KHTML, like Gecko) Chrome/133.0.6943.141 Mobile Safari/537.36 (compatible; Googlebot/2.1; +http://www.google.com/bot.html)"
66.249.71.4 - - [15/Mar/2025:21:15:54 +0700] "GET /?3226528571.shtm HTTP/1.1" 200 19834 "-" "Mozilla/5.0 (Linux; Android 6.0.1; Nexus 5X Build/MMB29P) AppleWebKit/537.36 (KHTML, like Gecko) Chrome/133.0.6943.141 Mobile Safari/537.36 (compatible; Googlebot/2.1; +http://www.google.com/bot.html)"
66.249.65.169 - - [15/Mar/2025:21:15:55 +0700] "GET /?e=11749016800 HTTP/1.1" 200 19752 "-" "Mozilla/5.0 (Linux; Android 6.0.1; Nexus 5X Build/MMB29P) AppleWebKit/537.36 (KHTML, like Gecko) Chrome/133.0.6943.141 Mobile Safari/537.36 (compatible; Googlebot/2.1; +http://www.google.com/bot.html)"
66.249.71.3 - - [15/Mar/2025:21:15:56 +0700] "GET /?ppc/shopping/3226825627.shtm HTTP/1.1" 200 20757 "-" "Mozilla/5.0 (Linux; Android 6.0.1; Nexus 5X Build/MMB29P) AppleWebKit/537.36 (KHTML, like Gecko) Chrome/133.0.6943.141 Mobile Safari/537.36 (compatible; Googlebot/2.1; +http://www.google.com/bot.html)"
66.249.65.169 - - [15/Mar/2025:21:15:58 +0700] "GET /?32292163238.shtm HTTP/1.1" 200 21233 "-" "Mozilla/5.0 (Linux; Android 6.0.1; Nexus 5X Build/MMB29P) AppleWebKit/537.36 (KHTML, like Gecko) Chrome/133.0.6943.141 Mobile Safari/537.36 (compatible; Googlebot/2.1; +http://www.google.com/bot.html)"
66.249.65.170 - - [15/Mar/2025:21:16:00 +0700] "GET /?arbor/shopdetail/3226528453.shtm HTTP/1.1" 200 19755 "-" "Mozilla/5.0 (Linux; Android 6.0.1; Nexus 5X Build/MMB29P) AppleWebKit/537.36 (KHTML, like Gecko) Chrome/133.0.6943.141 Mobile Safari/537.36 (compatible; Googlebot/2.1; +http://www.google.com/bot.html)"
66.249.65.168 - - [15/Mar/2025:21:16:01 +0700] "POST /get-message-notify HTTP/1.1" 200 21982 "https://www.aturtoko.id/?e=15649044482" "Mozilla/5.0 (Linux; Android 6.0.1; Nexus 5X Build/MMB29P) AppleWebKit/537.36 (KHTML, like Gecko) Chrome/133.0.6943.141 Mobile Safari/537.36 (compatible; Googlebot/2.1; +http://www.google.com/bot.html)"
66.249.65.168 - - [15/Mar/2025:21:16:02 +0700] "GET /?e=57924740779 HTTP/1.1" 200 19700 "-" "Mozilla/5.0 (Linux; Android 6.0.1; Nexus 5X Build/MMB29P) AppleWebKit/537.36 (KHTML, like Gecko) Chrome/133.0.6943.141 Mobile Safari/537.36 (compatible; GoogleOther)"
180.235.151.3 - - [15/Mar/2025:21:16:06 +0700] "GET /wp-content/themes/aturtoko/assets/json/testi.json HTTP/1.0" 200 3616 "-" "-"
180.235.151.3 - - [15/Mar/2025:21:16:06 +0700] "GET /wp-content/themes/aturtoko/assets/json/liputan.json HTTP/1.0" 200 1813 "-" "-"
180.235.151.3 - - [15/Mar/2025:21:16:06 +0700] "GET /wp-content/themes/aturtoko/assets/json/partner.json HTTP/1.0" 200 843 "-" "-"
185.213.83.121 - - [15/Mar/2025:21:16:06 +0700] "GET /wp-content/themes/aturtoko/assets/css/bootstrap.min.css HTTP/2" 200 21692 "https://www.aturtoko.id/" "Mozilla/5.0 (Windows NT 10.0; Win64; x64) AppleWebKit/537.36 (KHTML, like Gecko) Chrome/134.0.0.0 Safari/537.36"
185.213.83.121 - - [15/Mar/2025:21:16:06 +0700] "GET /wp-content/themes/aturtoko/assets/css/style.css HTTP/2" 200 6233 "https://www.aturtoko.id/" "Mozilla/5.0 (Windows NT 10.0; Win64; x64) AppleWebKit/537.36 (KHTML, like Gecko) Chrome/134.0.0.0 Safari/537.36"
185.213.83.121 - - [15/Mar/2025:21:16:06 +0700] "GET /wp-content/themes/aturtoko/assets/aos/aos.css HTTP/2" 200 1539 "https://www.aturtoko.id/" "Mozilla/5.0 (Windows NT 10.0; Win64; x64) AppleWebKit/537.36 (KHTML, like Gecko) Chrome/134.0.0.0 Safari/537.36"
185.213.83.121 - - [15/Mar/2025:21:16:06 +0700] "GET /wp-content/themes/aturtoko/assets/css/toastr.min1.css HTTP/2" 200 2837 "https://www.aturtoko.id/" "Mozilla/5.0 (Windows NT 10.0; Win64; x64) AppleWebKit/537.36 (KHTML, like Gecko) Chrome/134.0.0.0 Safari/537.36"
185.213.83.121 - - [15/Mar/2025:21:16:06 +0700] "GET /wp-includes/css/dist/block-library/style.min.css?ver=6.7.2 HTTP/2" 200 14225 "https://www.aturtoko.id/" "Mozilla/5.0 (Windows NT 10.0; Win64; x64) AppleWebKit/537.36 (KHTML, like Gecko) Chrome/134.0.0.0 Safari/537.36"
185.213.83.121 - - [15/Mar/2025:21:16:03 +0700] "GET / HTTP/2" 200 11564 "-" "Mozilla/5.0 (Windows NT 10.0; Win64; x64) AppleWebKit/537.36 (KHTML, like Gecko) Chrome/134.0.0.0 Safari/537.36"
185.213.83.121 - - [15/Mar/2025:21:16:06 +0700] "GET /wp-content/themes/aturtoko/assets/clients/aelin.webp HTTP/2" 200 5554 "https://www.aturtoko.id/" "Mozilla/5.0 (Windows NT 10.0; Win64; x64) AppleWebKit/537.36 (KHTML, like Gecko) Chrome/134.0.0.0 Safari/537.36"
185.213.83.121 - - [15/Mar/2025:21:16:06 +0700] "GET /wp-content/themes/aturtoko/assets/backgrounds/headline-rev.webp HTTP/2" 200 85968 "https://www.aturtoko.id/" "Mozilla/5.0 (Windows NT 10.0; Win64; x64) AppleWebKit/537.36 (KHTML, like Gecko) Chrome/134.0.0.0 Safari/537.36"
185.213.83.121 - - [15/Mar/2025:21:16:06 +0700] "GET /wp-content/themes/aturtoko/assets/clients/arra-beauty.webp HTTP/2" 200 5190 "https://www.aturtoko.id/" "Mozilla/5.0 (Windows NT 10.0; Win64; x64) AppleWebKit/537.36 (KHTML, like Gecko) Chrome/134.0.0.0 Safari/537.36"
185.213.83.121 - - [15/Mar/2025:21:16:06 +0700] "GET /wp-content/uploads/2023/09/money-3431772_1280.jpg HTTP/2" 200 326526 "https://www.aturtoko.id/" "Mozilla/5.0 (Windows NT 10.0; Win64; x64) AppleWebKit/537.36 (KHTML, like Gecko) Chrome/134.0.0.0 Safari/537.36"
185.213.83.121 - - [15/Mar/2025:21:16:06 +0700] "GET /wp-content/themes/aturtoko/assets/clients/draft-8-leather-goods.webp HTTP/2" 200 3354 "https://www.aturtoko.id/" "Mozilla/5.0 (Windows NT 10.0; Win64; x64) AppleWebKit/537.36 (KHTML, like Gecko) Chrome/134.0.0.0 Safari/537.36"
66.249.65.168 - - [15/Mar/2025:21:16:04 +0700] "GET /?escapes/3225276659.shtm HTTP/1.1" 200 20314 "-" "Mozilla/5.0 (Linux; Android 6.0.1; Nexus 5X Build/MMB29P) AppleWebKit/537.36 (KHTML, like Gecko) Chrome/133.0.6943.141 Mobile Safari/537.36 (compatible; Googlebot/2.1; +http://www.google.com/bot.html)"
185.213.83.121 - - [15/Mar/2025:21:16:07 +0700] "GET /google60c640ed6d8db69e.html HTTP/2" 200 53 "-" "Mozilla/5.0 (Windows NT 10.0; Win64; x64) AppleWebKit/537.36 (KHTML, like Gecko) Chrome/134.0.0.0 Safari/537.36"
185.213.83.121 - - [15/Mar/2025:21:16:06 +0700] "GET /cloudme.fonts.googleapis.com/css2?family=Montserrat:wght@400;500;700&family=Signika:wght@600&display=swap HTTP/2" 200 0 "https://www.aturtoko.id/" "Mozilla/5.0 (Windows NT 10.0; Win64; x64) AppleWebKit/537.36 (KHTML, like Gecko) Chrome/134.0.0.0 Safari/537.36"
185.213.83.121 - - [15/Mar/2025:21:16:07 +0700] "GET /favicon.ico HTTP/2" 404 1251 "https://www.aturtoko.id/google60c640ed6d8db69e.html" "Mozilla/5.0 (Windows NT 10.0; Win64; x64) AppleWebKit/537.36 (KHTML, like Gecko) Chrome/134.0.0.0 Safari/537.36"
66.249.71.3 - - [15/Mar/2025:21:16:06 +0700] "GET /?traveling/3226644798.shtm HTTP/1.1" 200 20496 "-" "Mozilla/5.0 (Linux; Android 6.0.1; Nexus 5X Build/MMB29P) AppleWebKit/537.36 (KHTML, like Gecko) Chrome/133.0.6943.141 Mobile Safari/537.36 (compatible; Googlebot/2.1; +http://www.google.com/bot.html)"
66.249.65.168 - - [15/Mar/2025:21:16:07 +0700] "GET /?listserv/3226613565.shtm HTTP/1.1" 200 21227 "-" "Mozilla/5.0 (Linux; Android 6.0.1; Nexus 5X Build/MMB29P) AppleWebKit/537.36 (KHTML, like Gecko) Chrome/133.0.6943.141 Mobile Safari/537.36 (compatible; Googlebot/2.1; +http://www.google.com/bot.html)"
66.249.71.3 - - [15/Mar/2025:21:16:09 +0700] "GET /?32292110606.shtm HTTP/1.1" 200 21924 "-" "Mozilla/5.0 (Linux; Android 6.0.1; Nexus 5X Build/MMB29P) AppleWebKit/537.36 (KHTML, like Gecko) Chrome/133.0.6943.141 Mobile Safari/537.36 (compatible; Googlebot/2.1; +http://www.google.com/bot.html)"
66.249.65.168 - - [15/Mar/2025:21:16:10 +0700] "GET /?alienware/commoditys/32292476881.shtm HTTP/1.1" 200 22119 "-" "Mozilla/5.0 (Linux; Android 6.0.1; Nexus 5X Build/MMB29P) AppleWebKit/537.36 (KHTML, like Gecko) Chrome/133.0.6943.141 Mobile Safari/537.36 (compatible; Googlebot/2.1; +http://www.google.com/bot.html)"
66.249.71.3 - - [15/Mar/2025:21:16:11 +0700] "GET /?calculators/32292285807.shtm HTTP/1.1" 200 21145 "-" "Mozilla/5.0 (Linux; Android 6.0.1; Nexus 5X Build/MMB29P) AppleWebKit/537.36 (KHTML, like Gecko) Chrome/133.0.6943.141 Mobile Safari/537.36 (compatible; Googlebot/2.1; +http://www.google.com/bot.html)"
66.249.71.3 - - [15/Mar/2025:21:16:13 +0700] "GET /?silence/32271345100.shtm HTTP/1.1" 200 22182 "-" "Mozilla/5.0 (Linux; Android 6.0.1; Nexus 5X Build/MMB29P) AppleWebKit/537.36 (KHTML, like Gecko) Chrome/133.0.6943.141 Mobile Safari/537.36 (compatible; Googlebot/2.1; +http://www.google.com/bot.html)"
66.249.65.168 - - [15/Mar/2025:21:16:14 +0700] "GET /?volumes/3225445112.shtm HTTP/1.1" 200 19549 "-" "Mozilla/5.0 (Linux; Android 6.0.1; Nexus 5X Build/MMB29P) AppleWebKit/537.36 (KHTML, like Gecko) Chrome/133.0.6943.141 Mobile Safari/537.36 (compatible; Googlebot/2.1; +http://www.google.com/bot.html)"
66.249.71.3 - - [15/Mar/2025:21:16:15 +0700] "GET /?e=31146200186 HTTP/1.1" 200 19659 "-" "Mozilla/5.0 (Linux; Android 6.0.1; Nexus 5X Build/MMB29P) AppleWebKit/537.36 (KHTML, like Gecko) Chrome/133.0.6943.141 Mobile Safari/537.36 (compatible; GoogleOther)"
66.249.65.168 - - [15/Mar/2025:21:16:17 +0700] "GET /?kruger/good/32292387400.shtm HTTP/1.1" 200 19409 "-" "Mozilla/5.0 (Linux; Android 6.0.1; Nexus 5X Build/MMB29P) AppleWebKit/537.36 (KHTML, like Gecko) Chrome/133.0.6943.141 Mobile Safari/537.36 (compatible; Googlebot/2.1; +http://www.google.com/bot.html)"
66.249.65.168 - - [15/Mar/2025:21:16:18 +0700] "GET /?dramatic/item/32271365372.shtm HTTP/1.1" 200 19981 "-" "Mozilla/5.0 (Linux; Android 6.0.1; Nexus 5X Build/MMB29P) AppleWebKit/537.36 (KHTML, like Gecko) Chrome/133.0.6943.141 Mobile Safari/537.36 (compatible; Googlebot/2.1; +http://www.google.com/bot.html)"
66.249.71.3 - - [15/Mar/2025:21:16:19 +0700] "GET /?32292003575.shtm HTTP/1.1" 200 19914 "-" "Mozilla/5.0 (Linux; Android 6.0.1; Nexus 5X Build/MMB29P) AppleWebKit/537.36 (KHTML, like Gecko) Chrome/133.0.6943.141 Mobile Safari/537.36 (compatible; Googlebot/2.1; +http://www.google.com/bot.html)"
66.249.71.3 - - [15/Mar/2025:21:16:21 +0700] "GET /?32271136830.shtm HTTP/1.1" 200 20301 "-" "Mozilla/5.0 (Linux; Android 6.0.1; Nexus 5X Build/MMB29P) AppleWebKit/537.36 (KHTML, like Gecko) Chrome/133.0.6943.141 Mobile Safari/537.36 (compatible; Googlebot/2.1; +http://www.google.com/bot.html)"
168.235.203.223 - - [15/Mar/2025:21:16:21 +0700] "GET /en/cara-jualan-di-shopee/cara-mengaktifkan-fitur-paylater-agar-penjual-shopee-lebih-untung HTTP/1.1" 301 0 "https://www.google.co.id/" "Mozilla/5.0 (Linux; U; Android 12; en-US; RMX2170 Build/SKQ1.210216.001) AppleWebKit/534.30 (KHTML, like Gecko) Version/4.0 UCBrowser/14.2.5.1347 (SpeedMode) U4/1.0 UCWEB/2.0 Mobile Safari/534.30"
66.249.65.168 - - [15/Mar/2025:21:16:22 +0700] "GET /?gentlemen/32292370500.shtm HTTP/1.1" 200 20965 "-" "Mozilla/5.0 (Linux; Android 6.0.1; Nexus 5X Build/MMB29P) AppleWebKit/537.36 (KHTML, like Gecko) Chrome/133.0.6943.141 Mobile Safari/537.36 (compatible; Googlebot/2.1; +http://www.google.com/bot.html)"
66.249.65.168 - - [15/Mar/2025:21:16:24 +0700] "GET /?32292110930.shtm HTTP/1.1" 200 19670 "-" "Mozilla/5.0 (Linux; Android 6.0.1; Nexus 5X Build/MMB29P) AppleWebKit/537.36 (KHTML, like Gecko) Chrome/133.0.6943.141 Mobile Safari/537.36 (compatible; Googlebot/2.1; +http://www.google.com/bot.html)"
66.249.65.168 - - [15/Mar/2025:21:16:24 +0700] "GET /?32271316950.shtm HTTP/1.1" 200 19322 "-" "Mozilla/5.0 (Linux; Android 6.0.1; Nexus 5X Build/MMB29P) AppleWebKit/537.36 (KHTML, like Gecko) Chrome/133.0.6943.141 Mobile Safari/537.36 (compatible; Googlebot/2.1; +http://www.google.com/bot.html)"
66.249.65.169 - - [15/Mar/2025:21:16:26 +0700] "GET /?ngc/3226613196.shtm HTTP/1.1" 200 19611 "-" "Mozilla/5.0 (Linux; Android 6.0.1; Nexus 5X Build/MMB29P) AppleWebKit/537.36 (KHTML, like Gecko) Chrome/133.0.6943.141 Mobile Safari/537.36 (compatible; Googlebot/2.1; +http://www.google.com/bot.html)"
66.249.65.169 - - [15/Mar/2025:21:16:28 +0700] "GET /?e=35197864279 HTTP/1.1" 200 19702 "-" "Mozilla/5.0 (Linux; Android 6.0.1; Nexus 5X Build/MMB29P) AppleWebKit/537.36 (KHTML, like Gecko) Chrome/133.0.6943.141 Mobile Safari/537.36 (compatible; GoogleOther)"
66.249.71.3 - - [15/Mar/2025:21:16:29 +0700] "GET /?totaling/products/32292057604.shtm HTTP/1.1" 200 19708 "-" "Mozilla/5.0 (Linux; Android 6.0.1; Nexus 5X Build/MMB29P) AppleWebKit/537.36 (KHTML, like Gecko) Chrome/133.0.6943.141 Mobile Safari/537.36 (compatible; Googlebot/2.1; +http://www.google.com/bot.html)"
66.249.65.168 - - [15/Mar/2025:21:16:30 +0700] "GET /?32271039420.shtm HTTP/1.1" 200 20674 "-" "Mozilla/5.0 (Linux; Android 6.0.1; Nexus 5X Build/MMB29P) AppleWebKit/537.36 (KHTML, like Gecko) Chrome/133.0.6943.141 Mobile Safari/537.36 (compatible; Googlebot/2.1; +http://www.google.com/bot.html)"
66.249.65.168 - - [15/Mar/2025:21:16:32 +0700] "GET /?3225385165.shtm HTTP/1.1" 200 20474 "-" "Mozilla/5.0 (Linux; Android 6.0.1; Nexus 5X Build/MMB29P) AppleWebKit/537.36 (KHTML, like Gecko) Chrome/133.0.6943.141 Mobile Safari/537.36 (compatible; Googlebot/2.1; +http://www.google.com/bot.html)"
66.249.65.169 - - [15/Mar/2025:21:16:36 +0700] "GET /item.php?e=14877501631 HTTP/1.1" 403 1242 "-" "Mozilla/5.0 (Linux; Android 6.0.1; Nexus 5X Build/MMB29P) AppleWebKit/537.36 (KHTML, like Gecko) Chrome/133.0.6943.141 Mobile Safari/537.36 (compatible; GoogleOther)"
66.249.65.169 - - [15/Mar/2025:21:16:34 +0700] "GET /?ger/32292031725.shtm HTTP/1.1" 200 19889 "-" "Mozilla/5.0 (Linux; Android 6.0.1; Nexus 5X Build/MMB29P) AppleWebKit/537.36 (KHTML, like Gecko) Chrome/133.0.6943.141 Mobile Safari/537.36 (compatible; Googlebot/2.1; +http://www.google.com/bot.html)"
66.249.65.169 - - [15/Mar/2025:21:16:36 +0700] "GET /?pharmacists/good/32292275620.shtm HTTP/1.1" 200 20550 "-" "Mozilla/5.0 (Linux; Android 6.0.1; Nexus 5X Build/MMB29P) AppleWebKit/537.36 (KHTML, like Gecko) Chrome/133.0.6943.141 Mobile Safari/537.36 (compatible; Googlebot/2.1; +http://www.google.com/bot.html)"
66.249.71.4 - - [15/Mar/2025:21:16:38 +0700] "GET /?wv/good/32281563450.shtm HTTP/1.1" 200 19865 "-" "Mozilla/5.0 (Linux; Android 6.0.1; Nexus 5X Build/MMB29P) AppleWebKit/537.36 (KHTML, like Gecko) Chrome/133.0.6943.141 Mobile Safari/537.36 (compatible; Googlebot/2.1; +http://www.google.com/bot.html)"
66.249.65.169 - - [15/Mar/2025:21:16:40 +0700] "GET /?dialup/32281795145.shtm HTTP/1.1" 200 19908 "-" "Mozilla/5.0 (Linux; Android 6.0.1; Nexus 5X Build/MMB29P) AppleWebKit/537.36 (KHTML, like Gecko) Chrome/133.0.6943.141 Mobile Safari/537.36 (compatible; Googlebot/2.1; +http://www.google.com/bot.html)"
66.249.65.168 - - [15/Mar/2025:21:16:42 +0700] "GET /?e=46377964284 HTTP/1.1" 200 19500 "-" "Mozilla/5.0 (Linux; Android 6.0.1; Nexus 5X Build/MMB29P) AppleWebKit/537.36 (KHTML, like Gecko) Chrome/133.0.6943.141 Mobile Safari/537.36 (compatible; GoogleOther)"
66.249.65.168 - - [15/Mar/2025:21:16:43 +0700] "GET /?32281795852.shtm HTTP/1.1" 200 19705 "-" "Mozilla/5.0 (Linux; Android 6.0.1; Nexus 5X Build/MMB29P) AppleWebKit/537.36 (KHTML, like Gecko) Chrome/133.0.6943.141 Mobile Safari/537.36 (compatible; Googlebot/2.1; +http://www.google.com/bot.html)"
66.249.65.169 - - [15/Mar/2025:21:16:44 +0700] "GET /?e=74895802437 HTTP/1.1" 200 19667 "-" "Mozilla/5.0 (Linux; Android 6.0.1; Nexus 5X Build/MMB29P) AppleWebKit/537.36 (KHTML, like Gecko) Chrome/133.0.6943.141 Mobile Safari/537.36 (compatible; Googlebot/2.1; +http://www.google.com/bot.html)"
66.249.65.170 - - [15/Mar/2025:21:16:45 +0700] "GET /?revealing/shopdetail/32281591503.shtm HTTP/1.1" 200 19770 "-" "Mozilla/5.0 (Linux; Android 6.0.1; Nexus 5X Build/MMB29P) AppleWebKit/537.36 (KHTML, like Gecko) Chrome/133.0.6943.141 Mobile Safari/537.36 (compatible; Googlebot/2.1; +http://www.google.com/bot.html)"
66.249.65.168 - - [15/Mar/2025:21:16:46 +0700] "GET /?realm/3226787244.shtm HTTP/1.1" 200 20480 "-" "Mozilla/5.0 (Linux; Android 6.0.1; Nexus 5X Build/MMB29P) AppleWebKit/537.36 (KHTML, like Gecko) Chrome/133.0.6943.141 Mobile Safari/537.36 (compatible; Googlebot/2.1; +http://www.google.com/bot.html)"
66.249.65.170 - - [15/Mar/2025:21:16:47 +0700] "GET /?rot/3226795800.shtm HTTP/1.1" 200 19666 "-" "Mozilla/5.0 (Linux; Android 6.0.1; Nexus 5X Build/MMB29P) AppleWebKit/537.36 (KHTML, like Gecko) Chrome/133.0.6943.141 Mobile Safari/537.36 (compatible; Googlebot/2.1; +http://www.google.com/bot.html)"
66.249.71.5 - - [15/Mar/2025:21:16:49 +0700] "GET /?e=42168739806 HTTP/1.1" 200 19505 "-" "Mozilla/5.0 (Linux; Android 6.0.1; Nexus 5X Build/MMB29P) AppleWebKit/537.36 (KHTML, like Gecko) Chrome/133.0.6943.141 Mobile Safari/537.36 (compatible; Googlebot/2.1; +http://www.google.com/bot.html)"
66.249.65.169 - - [15/Mar/2025:21:16:49 +0700] "GET /?classy/merchandises/32271235925.shtm HTTP/1.1" 200 19699 "-" "Mozilla/5.0 (Linux; Android 6.0.1; Nexus 5X Build/MMB29P) AppleWebKit/537.36 (KHTML, like Gecko) Chrome/133.0.6943.141 Mobile Safari/537.36 (compatible; Googlebot/2.1; +http://www.google.com/bot.html)"
66.249.71.5 - - [15/Mar/2025:21:16:51 +0700] "POST /get-message-notify HTTP/1.1" 200 21983 "https://www.aturtoko.id/?dialup/32281795145.shtm" "Mozilla/5.0 (Linux; Android 6.0.1; Nexus 5X Build/MMB29P) AppleWebKit/537.36 (KHTML, like Gecko) Chrome/133.0.6943.141 Mobile Safari/537.36 (compatible; Googlebot/2.1; +http://www.google.com/bot.html)"
66.249.65.170 - - [15/Mar/2025:21:16:52 +0700] "GET /?3226942010.shtm HTTP/1.1" 200 19482 "-" "Mozilla/5.0 (Linux; Android 6.0.1; Nexus 5X Build/MMB29P) AppleWebKit/537.36 (KHTML, like Gecko) Chrome/133.0.6943.141 Mobile Safari/537.36 (compatible; Googlebot/2.1; +http://www.google.com/bot.html)"
66.249.65.168 - - [15/Mar/2025:21:16:54 +0700] "GET /?e=68419164810 HTTP/1.1" 200 20861 "-" "Mozilla/5.0 (Linux; Android 6.0.1; Nexus 5X Build/MMB29P) AppleWebKit/537.36 (KHTML, like Gecko) Chrome/133.0.6943.141 Mobile Safari/537.36 (compatible; Googlebot/2.1; +http://www.google.com/bot.html)"
66.249.65.169 - - [15/Mar/2025:21:16:55 +0700] "GET /?3226747190.shtm HTTP/1.1" 200 20037 "-" "Mozilla/5.0 (Linux; Android 6.0.1; Nexus 5X Build/MMB29P) AppleWebKit/537.36 (KHTML, like Gecko) Chrome/133.0.6943.141 Mobile Safari/537.36 (compatible; Googlebot/2.1; +http://www.google.com/bot.html)"
66.249.65.168 - - [15/Mar/2025:21:16:56 +0700] "POST /get-message-notify HTTP/1.1" 200 21983 "https://www.aturtoko.id/?e=35197864279" "Mozilla/5.0 (Linux; Android 6.0.1; Nexus 5X Build/MMB29P) AppleWebKit/537.36 (KHTML, like Gecko) Chrome/133.0.6943.141 Mobile Safari/537.36 (compatible; Googlebot/2.1; +http://www.google.com/bot.html)"
66.249.65.169 - - [15/Mar/2025:21:16:58 +0700] "GET /?e=69237663957 HTTP/1.1" 200 21623 "-" "Mozilla/5.0 (Linux; Android 6.0.1; Nexus 5X Build/MMB29P) AppleWebKit/537.36 (KHTML, like Gecko) Chrome/133.0.6943.141 Mobile Safari/537.36 (compatible; GoogleOther)"
66.249.65.168 - - [15/Mar/2025:21:16:59 +0700] "GET /?conversely/good/322597410.shtm HTTP/1.1" 200 21065 "-" "Mozilla/5.0 (Linux; Android 6.0.1; Nexus 5X Build/MMB29P) AppleWebKit/537.36 (KHTML, like Gecko) Chrome/133.0.6943.141 Mobile Safari/537.36 (compatible; Googlebot/2.1; +http://www.google.com/bot.html)"
66.249.65.170 - - [15/Mar/2025:21:17:00 +0700] "GET /?seldom/merchandises/322552875.shtm HTTP/1.1" 200 22179 "-" "Mozilla/5.0 (Linux; Android 6.0.1; Nexus 5X Build/MMB29P) AppleWebKit/537.36 (KHTML, like Gecko) Chrome/133.0.6943.141 Mobile Safari/537.36 (compatible; Googlebot/2.1; +http://www.google.com/bot.html)"
66.249.65.169 - - [15/Mar/2025:21:17:02 +0700] "GET /?e=82332252709 HTTP/1.1" 200 19552 "-" "Mozilla/5.0 (Linux; Android 6.0.1; Nexus 5X Build/MMB29P) AppleWebKit/537.36 (KHTML, like Gecko) Chrome/133.0.6943.141 Mobile Safari/537.36 (compatible; Googlebot/2.1; +http://www.google.com/bot.html)"
66.249.65.169 - - [15/Mar/2025:21:17:03 +0700] "GET /?3225357550.shtm HTTP/1.1" 200 20314 "-" "Mozilla/5.0 (Linux; Android 6.0.1; Nexus 5X Build/MMB29P) AppleWebKit/537.36 (KHTML, like Gecko) Chrome/133.0.6943.141 Mobile Safari/537.36 (compatible; Googlebot/2.1; +http://www.google.com/bot.html)"
66.249.71.3 - - [15/Mar/2025:21:17:04 +0700] "GET /?educator/3225230744.shtm HTTP/1.1" 200 21247 "-" "Mozilla/5.0 (Linux; Android 6.0.1; Nexus 5X Build/MMB29P) AppleWebKit/537.36 (KHTML, like Gecko) Chrome/133.0.6943.141 Mobile Safari/537.36 (compatible; Googlebot/2.1; +http://www.google.com/bot.html)"
66.249.65.169 - - [15/Mar/2025:21:17:05 +0700] "GET /?e=47853078290 HTTP/1.1" 200 19759 "-" "Mozilla/5.0 (Linux; Android 6.0.1; Nexus 5X Build/MMB29P) AppleWebKit/537.36 (KHTML, like Gecko) Chrome/133.0.6943.141 Mobile Safari/537.36 (compatible; Googlebot/2.1; +http://www.google.com/bot.html)"
66.249.71.3 - - [15/Mar/2025:21:17:06 +0700] "GET /?ark/good/3225190200.shtm HTTP/1.1" 200 20293 "-" "Mozilla/5.0 (Linux; Android 6.0.1; Nexus 5X Build/MMB29P) AppleWebKit/537.36 (KHTML, like Gecko) Chrome/133.0.6943.141 Mobile Safari/537.36 (compatible; Googlebot/2.1; +http://www.google.com/bot.html)"
104.244.72.22 - - [15/Mar/2025:21:17:07 +0700] "GET /testsitemap.xml HTTP/1.1" 200 106 "-" "google,yahoo,bot,googlebot"
66.249.65.168 - - [15/Mar/2025:21:17:08 +0700] "GET /?alley/3225109175.shtm HTTP/1.1" 200 20285 "-" "Mozilla/5.0 (Linux; Android 6.0.1; Nexus 5X Build/MMB29P) AppleWebKit/537.36 (KHTML, like Gecko) Chrome/133.0.6943.141 Mobile Safari/537.36 (compatible; Googlebot/2.1; +http://www.google.com/bot.html)"
66.249.65.168 - - [15/Mar/2025:21:17:11 +0700] "GET /item.php?e=69415441002 HTTP/1.1" 403 1242 "-" "Mozilla/5.0 (Linux; Android 6.0.1; Nexus 5X Build/MMB29P) AppleWebKit/537.36 (KHTML, like Gecko) Chrome/133.0.6943.141 Mobile Safari/537.36 (compatible; GoogleOther)"
66.249.65.168 - - [15/Mar/2025:21:17:09 +0700] "GET /?32271454275.shtm HTTP/1.1" 200 20220 "-" "Mozilla/5.0 (Linux; Android 6.0.1; Nexus 5X Build/MMB29P) AppleWebKit/537.36 (KHTML, like Gecko) Chrome/133.0.6943.141 Mobile Safari/537.36 (compatible; Googlebot/2.1; +http://www.google.com/bot.html)"
66.249.65.168 - - [15/Mar/2025:21:17:12 +0700] "GET /?blvd/32281523444.shtm HTTP/1.1" 200 19519 "-" "Mozilla/5.0 (Linux; Android 6.0.1; Nexus 5X Build/MMB29P) AppleWebKit/537.36 (KHTML, like Gecko) Chrome/133.0.6943.141 Mobile Safari/537.36 (compatible; Googlebot/2.1; +http://www.google.com/bot.html)"
66.249.65.168 - - [15/Mar/2025:21:17:13 +0700] "GET /?rule/merchandises/32292059875.shtm HTTP/1.1" 200 19610 "-" "Mozilla/5.0 (Linux; Android 6.0.1; Nexus 5X Build/MMB29P) AppleWebKit/537.36 (KHTML, like Gecko) Chrome/133.0.6943.141 Mobile Safari/537.36 (compatible; Googlebot/2.1; +http://www.google.com/bot.html)"
66.249.65.168 - - [15/Mar/2025:21:17:14 +0700] "GET /?mafia/good/32271373250.shtm HTTP/1.1" 200 19440 "-" "Mozilla/5.0 (Linux; Android 6.0.1; Nexus 5X Build/MMB29P) AppleWebKit/537.36 (KHTML, like Gecko) Chrome/133.0.6943.141 Mobile Safari/537.36 (compatible; Googlebot/2.1; +http://www.google.com/bot.html)"
66.249.71.3 - - [15/Mar/2025:21:17:17 +0700] "GET /?32271299064.shtm HTTP/1.1" 200 19699 "-" "Mozilla/5.0 (Linux; Android 6.0.1; Nexus 5X Build/MMB29P) AppleWebKit/537.36 (KHTML, like Gecko) Chrome/133.0.6943.141 Mobile Safari/537.36 (compatible; Googlebot/2.1; +http://www.google.com/bot.html)"
66.249.65.168 - - [15/Mar/2025:21:17:18 +0700] "GET /?storey/product/32281795479.shtm HTTP/1.1" 200 19731 "-" "Mozilla/5.0 (Linux; Android 6.0.1; Nexus 5X Build/MMB29P) AppleWebKit/537.36 (KHTML, like Gecko) Chrome/133.0.6943.141 Mobile Safari/537.36 (compatible; Googlebot/2.1; +http://www.google.com/bot.html)"
66.249.65.168 - - [15/Mar/2025:21:17:20 +0700] "GET /?322543312.shtm HTTP/1.1" 200 19566 "-" "Mozilla/5.0 (Linux; Android 6.0.1; Nexus 5X Build/MMB29P) AppleWebKit/537.36 (KHTML, like Gecko) Chrome/133.0.6943.141 Mobile Safari/537.36 (compatible; GoogleOther)"
66.249.65.168 - - [15/Mar/2025:21:17:21 +0700] "GET /?32281880680.shtm HTTP/1.1" 200 19725 "-" "Mozilla/5.0 (Linux; Android 6.0.1; Nexus 5X Build/MMB29P) AppleWebKit/537.36 (KHTML, like Gecko) Chrome/133.0.6943.141 Mobile Safari/537.36 (compatible; Googlebot/2.1; +http://www.google.com/bot.html)"
185.213.83.121 - - [15/Mar/2025:21:17:24 +0700] "GET /wp-content/plugins/heartbeat-control/vendor/cmb2/cmb2/includes/rest-api/vporn.php HTTP/2" 403 1242 "-" "Mozilla/5.0 (Windows NT 10.0; Win64; x64) AppleWebKit/537.36 (KHTML, like Gecko) Chrome/134.0.0.0 Safari/537.36"
66.249.65.168 - - [15/Mar/2025:21:17:22 +0700] "GET /?retreats/good/3226876690.shtm HTTP/1.1" 200 22534 "-" "Mozilla/5.0 (Linux; Android 6.0.1; Nexus 5X Build/MMB29P) AppleWebKit/537.36 (KHTML, like Gecko) Chrome/133.0.6943.141 Mobile Safari/537.36 (compatible; Googlebot/2.1; +http://www.google.com/bot.html)"
66.249.65.169 - - [15/Mar/2025:21:17:25 +0700] "GET /?jewel/shopdetail/3225387813.shtm HTTP/1.1" 200 22186 "-" "Mozilla/5.0 (Linux; Android 6.0.1; Nexus 5X Build/MMB29P) AppleWebKit/537.36 (KHTML, like Gecko) Chrome/133.0.6943.141 Mobile Safari/537.36 (compatible; Googlebot/2.1; +http://www.google.com/bot.html)"
66.249.65.169 - - [15/Mar/2025:21:17:26 +0700] "GET /?autos/322524725.shtm HTTP/1.1" 200 20513 "-" "Mozilla/5.0 (Linux; Android 6.0.1; Nexus 5X Build/MMB29P) AppleWebKit/537.36 (KHTML, like Gecko) Chrome/133.0.6943.141 Mobile Safari/537.36 (compatible; Googlebot/2.1; +http://www.google.com/bot.html)"
66.249.65.169 - - [15/Mar/2025:21:17:27 +0700] "GET /?32271249210.shtm HTTP/1.1" 200 21253 "-" "Mozilla/5.0 (Linux; Android 6.0.1; Nexus 5X Build/MMB29P) AppleWebKit/537.36 (KHTML, like Gecko) Chrome/133.0.6943.141 Mobile Safari/537.36 (compatible; GoogleOther)"
66.249.71.4 - - [15/Mar/2025:21:17:28 +0700] "GET /?micro/good/3226681870.shtm HTTP/1.1" 200 19582 "-" "Mozilla/5.0 (Linux; Android 6.0.1; Nexus 5X Build/MMB29P) AppleWebKit/537.36 (KHTML, like Gecko) Chrome/133.0.6943.141 Mobile Safari/537.36 (compatible; Googlebot/2.1; +http://www.google.com/bot.html)"
66.249.65.168 - - [15/Mar/2025:21:17:30 +0700] "GET /?outpatient/32271450772.shtm HTTP/1.1" 200 19325 "-" "Mozilla/5.0 (Linux; Android 6.0.1; Nexus 5X Build/MMB29P) AppleWebKit/537.36 (KHTML, like Gecko) Chrome/133.0.6943.141 Mobile Safari/537.36 (compatible; Googlebot/2.1; +http://www.google.com/bot.html)"
66.249.71.4 - - [15/Mar/2025:21:17:32 +0700] "GET /?3225387589.shtm HTTP/1.1" 200 20324 "-" "Mozilla/5.0 (Linux; Android 6.0.1; Nexus 5X Build/MMB29P) AppleWebKit/537.36 (KHTML, like Gecko) Chrome/133.0.6943.141 Mobile Safari/537.36 (compatible; Googlebot/2.1; +http://www.google.com/bot.html)"
66.249.65.169 - - [15/Mar/2025:21:17:34 +0700] "GET /?psalm/goods/32281794948.shtm HTTP/1.1" 200 21512 "-" "Mozilla/5.0 (Linux; Android 6.0.1; Nexus 5X Build/MMB29P) AppleWebKit/537.36 (KHTML, like Gecko) Chrome/133.0.6943.141 Mobile Safari/537.36 (compatible; Googlebot/2.1; +http://www.google.com/bot.html)"
66.249.65.169 - - [15/Mar/2025:21:17:35 +0700] "GET /?denying/3226653528.shtm HTTP/1.1" 200 21057 "-" "Mozilla/5.0 (Linux; Android 6.0.1; Nexus 5X Build/MMB29P) AppleWebKit/537.36 (KHTML, like Gecko) Chrome/133.0.6943.141 Mobile Safari/537.36 (compatible; GoogleOther)"
180.235.151.3 - - [15/Mar/2025:21:17:37 +0700] "POST /wp-cron.php?doing_wp_cron=1742048257.4216470718383789062500 HTTP/1.1" 403 1242 "-" "WordPress/6.7.2; https://www.aturtoko.id"
196.251.66.203 - - [15/Mar/2025:21:17:36 +0700] "POST /wp-login.php HTTP/1.1" 200 7719 "-" "Mozilla/5.0"
66.249.65.168 - - [15/Mar/2025:21:17:37 +0700] "GET /?shotgun/32281794923.shtm HTTP/1.1" 200 20162 "-" "Mozilla/5.0 (Linux; Android 6.0.1; Nexus 5X Build/MMB29P) AppleWebKit/537.36 (KHTML, like Gecko) Chrome/133.0.6943.141 Mobile Safari/537.36 (compatible; Googlebot/2.1; +http://www.google.com/bot.html)"
66.249.65.169 - - [15/Mar/2025:21:17:38 +0700] "GET /?bulldog/products/32281795194.shtm HTTP/1.1" 200 21025 "-" "Mozilla/5.0 (Linux; Android 6.0.1; Nexus 5X Build/MMB29P) AppleWebKit/537.36 (KHTML, like Gecko) Chrome/133.0.6943.141 Mobile Safari/537.36 (compatible; Googlebot/2.1; +http://www.google.com/bot.html)"
66.249.65.169 - - [15/Mar/2025:21:17:40 +0700] "GET /?vi/32271482425.shtm HTTP/1.1" 200 19818 "-" "Mozilla/5.0 (Linux; Android 6.0.1; Nexus 5X Build/MMB29P) AppleWebKit/537.36 (KHTML, like Gecko) Chrome/133.0.6943.141 Mobile Safari/537.36 (compatible; Googlebot/2.1; +http://www.google.com/bot.html)"
66.249.65.168 - - [15/Mar/2025:21:17:43 +0700] "GET /item.php?e=41554112679 HTTP/1.1" 403 1242 "-" "Mozilla/5.0 (Linux; Android 6.0.1; Nexus 5X Build/MMB29P) AppleWebKit/537.36 (KHTML, like Gecko) Chrome/133.0.6943.141 Mobile Safari/537.36 (compatible; GoogleOther)"
66.249.65.170 - - [15/Mar/2025:21:17:43 +0700] "GET /?lilies/merchandises/3225137325.shtm HTTP/1.1" 200 19851 "-" "Mozilla/5.0 (Linux; Android 6.0.1; Nexus 5X Build/MMB29P) AppleWebKit/537.36 (KHTML, like Gecko) Chrome/133.0.6943.141 Mobile Safari/537.36 (compatible; Googlebot/2.1; +http://www.google.com/bot.html)"
66.249.65.170 - - [15/Mar/2025:21:17:46 +0700] "GET /?32281866250.shtm HTTP/1.1" 200 19801 "-" "Mozilla/5.0 (Linux; Android 6.0.1; Nexus 5X Build/MMB29P) AppleWebKit/537.36 (KHTML, like Gecko) Chrome/133.0.6943.141 Mobile Safari/537.36 (compatible; Googlebot/2.1; +http://www.google.com/bot.html)"
66.249.65.169 - - [15/Mar/2025:21:17:48 +0700] "GET /?huron/good/3225437550.shtm HTTP/1.1" 200 19514 "-" "Mozilla/5.0 (Linux; Android 6.0.1; Nexus 5X Build/MMB29P) AppleWebKit/537.36 (KHTML, like Gecko) Chrome/133.0.6943.141 Mobile Safari/537.36 (compatible; Googlebot/2.1; +http://www.google.com/bot.html)"
66.249.71.3 - - [15/Mar/2025:21:17:49 +0700] "GET /?e=42381713279 HTTP/1.1" 200 20084 "-" "Mozilla/5.0 (Linux; Android 6.0.1; Nexus 5X Build/MMB29P) AppleWebKit/537.36 (KHTML, like Gecko) Chrome/133.0.6943.141 Mobile Safari/537.36 (compatible; GoogleOther)"
66.249.65.168 - - [15/Mar/2025:21:17:50 +0700] "GET /?tutorials/good/32281762530.shtm HTTP/1.1" 200 21339 "-" "Mozilla/5.0 (Linux; Android 6.0.1; Nexus 5X Build/MMB29P) AppleWebKit/537.36 (KHTML, like Gecko) Chrome/133.0.6943.141 Mobile Safari/537.36 (compatible; Googlebot/2.1; +http://www.google.com/bot.html)"
66.249.65.168 - - [15/Mar/2025:21:17:52 +0700] "GET /?32281818547.shtm HTTP/1.1" 200 20735 "-" "Mozilla/5.0 (Linux; Android 6.0.1; Nexus 5X Build/MMB29P) AppleWebKit/537.36 (KHTML, like Gecko) Chrome/133.0.6943.141 Mobile Safari/537.36 (compatible; Googlebot/2.1; +http://www.google.com/bot.html)"
185.213.83.121 - - [15/Mar/2025:21:17:54 +0700] "GET /.well-known/acme-challenge/.init.php HTTP/2" 403 1242 "-" "Mozilla/5.0 (Windows NT 10.0; Win64; x64) AppleWebKit/537.36 (KHTML, like Gecko) Chrome/134.0.0.0 Safari/537.36"
66.249.71.3 - - [15/Mar/2025:21:17:54 +0700] "GET /?e=13589393973 HTTP/1.1" 200 19500 "-" "Mozilla/5.0 (Linux; Android 6.0.1; Nexus 5X Build/MMB29P) AppleWebKit/537.36 (KHTML, like Gecko) Chrome/133.0.6943.141 Mobile Safari/537.36 (compatible; Googlebot/2.1; +http://www.google.com/bot.html)"
