54.169.147.125 - - [15/Mar/2025:19:23:25 +0700] "GET /bootstrapbypass.php HTTP/1.1" 301 0 "-" "Mozilla/5.0 (Windows NT 10.0; Win64; x64) AppleWebKit/537.36 (KHTML, like Gecko) Chrome/85.0.4183.102 Safari/537.36"
54.169.147.125 - - [15/Mar/2025:19:23:27 +0700] "GET /bootstrapbypass.php HTTP/1.1" 404 3380 "-" "Mozilla/5.0 (Windows NT 10.0; Win64; x64) AppleWebKit/537.36 (KHTML, like Gecko) Chrome/85.0.4183.102 Safari/537.36"
54.169.147.125 - - [15/Mar/2025:19:23:30 +0700] "GET /bootstrapk.php HTTP/1.1" 301 0 "-" "Mozilla/5.0 (Windows NT 10.0; Win64; x64) AppleWebKit/537.36 (KHTML, like Gecko) Chrome/85.0.4183.102 Safari/537.36"
54.169.147.125 - - [15/Mar/2025:19:23:32 +0700] "GET /bootstrapk.php HTTP/1.1" 404 3380 "-" "Mozilla/5.0 (Windows NT 10.0; Win64; x64) AppleWebKit/537.36 (KHTML, like Gecko) Chrome/85.0.4183.102 Safari/537.36"
54.169.147.125 - - [15/Mar/2025:19:23:35 +0700] "GET /bootstrapwp.php HTTP/1.1" 301 0 "-" "Mozilla/5.0 (Windows NT 10.0; Win64; x64) AppleWebKit/537.36 (KHTML, like Gecko) Chrome/85.0.4183.102 Safari/537.36"
54.169.147.125 - - [15/Mar/2025:19:23:38 +0700] "GET /bootstrapwp.php HTTP/1.1" 404 3380 "-" "Mozilla/5.0 (Windows NT 10.0; Win64; x64) AppleWebKit/537.36 (KHTML, like Gecko) Chrome/85.0.4183.102 Safari/537.36"
216.244.66.248 - - [15/Mar/2025:19:23:37 +0700] "GET /en/blog/tag/layanan/feed HTTP/1.1" 404 11504 "-" "Mozilla/5.0 (compatible; DotBot/1.2; +https://opensiteexplorer.org/dotbot; help@moz.com)"
54.169.147.125 - - [15/Mar/2025:19:23:41 +0700] "GET /bowo.php HTTP/1.1" 301 0 "-" "Mozilla/5.0 (Windows NT 10.0; Win64; x64) AppleWebKit/537.36 (KHTML, like Gecko) Chrome/85.0.4183.102 Safari/537.36"
54.169.147.125 - - [15/Mar/2025:19:23:43 +0700] "GET /bowo.php HTTP/1.1" 404 3380 "-" "Mozilla/5.0 (Windows NT 10.0; Win64; x64) AppleWebKit/537.36 (KHTML, like Gecko) Chrome/85.0.4183.102 Safari/537.36"
54.169.147.125 - - [15/Mar/2025:19:23:47 +0700] "GET /bowotod.php HTTP/1.1" 301 0 "-" "Mozilla/5.0 (Windows NT 10.0; Win64; x64) AppleWebKit/537.36 (KHTML, like Gecko) Chrome/85.0.4183.102 Safari/537.36"
54.169.147.125 - - [15/Mar/2025:19:23:49 +0700] "GET /bowotod.php HTTP/1.1" 404 3380 "-" "Mozilla/5.0 (Windows NT 10.0; Win64; x64) AppleWebKit/537.36 (KHTML, like Gecko) Chrome/85.0.4183.102 Safari/537.36"
54.169.147.125 - - [15/Mar/2025:19:23:52 +0700] "GET /bps.php HTTP/1.1" 301 0 "-" "Mozilla/5.0 (Windows NT 10.0; Win64; x64) AppleWebKit/537.36 (KHTML, like Gecko) Chrome/85.0.4183.102 Safari/537.36"
216.244.66.248 - - [15/Mar/2025:19:23:53 +0700] "GET /en/blog/tag/otoritas-jasa-keuangan/ HTTP/1.1" 404 11504 "-" "Mozilla/5.0 (compatible; DotBot/1.2; +https://opensiteexplorer.org/dotbot; help@moz.com)"
54.169.147.125 - - [15/Mar/2025:19:23:54 +0700] "GET /bps.php HTTP/1.1" 404 3380 "-" "Mozilla/5.0 (Windows NT 10.0; Win64; x64) AppleWebKit/537.36 (KHTML, like Gecko) Chrome/85.0.4183.102 Safari/537.36"
54.169.147.125 - - [15/Mar/2025:19:23:58 +0700] "GET /bre.php HTTP/1.1" 301 0 "-" "Mozilla/5.0 (Windows NT 10.0; Win64; x64) AppleWebKit/537.36 (KHTML, like Gecko) Chrome/85.0.4183.102 Safari/537.36"
180.235.151.3 - - [15/Mar/2025:19:24:03 +0700] "POST /wp-cron.php?doing_wp_cron=1742041443.9828710556030273437500 HTTP/1.1" 403 1242 "-" "WordPress/6.7.2; https://www.aturtoko.id"
54.169.147.125 - - [15/Mar/2025:19:24:01 +0700] "GET /bre.php HTTP/1.1" 404 3380 "-" "Mozilla/5.0 (Windows NT 10.0; Win64; x64) AppleWebKit/537.36 (KHTML, like Gecko) Chrome/85.0.4183.102 Safari/537.36"
54.169.147.125 - - [15/Mar/2025:19:24:05 +0700] "GET /browse.php HTTP/1.1" 301 0 "-" "Mozilla/5.0 (Windows NT 10.0; Win64; x64) AppleWebKit/537.36 (KHTML, like Gecko) Chrome/85.0.4183.102 Safari/537.36"
54.169.147.125 - - [15/Mar/2025:19:24:09 +0700] "GET /browse.php HTTP/1.1" 404 3380 "-" "Mozilla/5.0 (Windows NT 10.0; Win64; x64) AppleWebKit/537.36 (KHTML, like Gecko) Chrome/85.0.4183.102 Safari/537.36"
216.244.66.248 - - [15/Mar/2025:19:24:08 +0700] "GET /en/blog/tag/riset-pasar/ HTTP/1.1" 404 11504 "-" "Mozilla/5.0 (compatible; DotBot/1.2; +https://opensiteexplorer.org/dotbot; help@moz.com)"
54.169.147.125 - - [15/Mar/2025:19:24:11 +0700] "GET /bs.php7 HTTP/1.1" 301 0 "-" "Mozilla/5.0 (Windows NT 10.0; Win64; x64) AppleWebKit/537.36 (KHTML, like Gecko) Chrome/85.0.4183.102 Safari/537.36"
54.169.147.125 - - [15/Mar/2025:19:24:16 +0700] "GET /bs.php7 HTTP/1.1" 404 3380 "-" "Mozilla/5.0 (Windows NT 10.0; Win64; x64) AppleWebKit/537.36 (KHTML, like Gecko) Chrome/85.0.4183.102 Safari/537.36"
54.169.147.125 - - [15/Mar/2025:19:24:23 +0700] "GET /by.php HTTP/1.1" 301 0 "-" "Mozilla/5.0 (Windows NT 10.0; Win64; x64) AppleWebKit/537.36 (KHTML, like Gecko) Chrome/85.0.4183.102 Safari/537.36"
54.169.147.125 - - [15/Mar/2025:19:24:25 +0700] "GET /by.php HTTP/1.1" 404 3380 "-" "Mozilla/5.0 (Windows NT 10.0; Win64; x64) AppleWebKit/537.36 (KHTML, like Gecko) Chrome/85.0.4183.102 Safari/537.36"
216.244.66.248 - - [15/Mar/2025:19:24:25 +0700] "GET /en/blog/tag/variabel/feed HTTP/1.1" 404 11504 "-" "Mozilla/5.0 (compatible; DotBot/1.2; +https://opensiteexplorer.org/dotbot; help@moz.com)"
54.169.147.125 - - [15/Mar/2025:19:24:30 +0700] "GET /byp.php HTTP/1.1" 301 0 "-" "Mozilla/5.0 (Windows NT 10.0; Win64; x64) AppleWebKit/537.36 (KHTML, like Gecko) Chrome/85.0.4183.102 Safari/537.36"
54.169.147.125 - - [15/Mar/2025:19:24:34 +0700] "GET /byp.php HTTP/1.1" 404 3380 "-" "Mozilla/5.0 (Windows NT 10.0; Win64; x64) AppleWebKit/537.36 (KHTML, like Gecko) Chrome/85.0.4183.102 Safari/537.36"
54.169.147.125 - - [15/Mar/2025:19:24:37 +0700] "GET /bypas.php HTTP/1.1" 301 0 "-" "Mozilla/5.0 (Windows NT 10.0; Win64; x64) AppleWebKit/537.36 (KHTML, like Gecko) Chrome/85.0.4183.102 Safari/537.36"
54.169.147.125 - - [15/Mar/2025:19:24:39 +0700] "GET /bypas.php HTTP/1.1" 404 3380 "-" "Mozilla/5.0 (Windows NT 10.0; Win64; x64) AppleWebKit/537.36 (KHTML, like Gecko) Chrome/85.0.4183.102 Safari/537.36"
54.169.147.125 - - [15/Mar/2025:19:24:42 +0700] "GET /bypass.php HTTP/1.1" 301 0 "-" "Mozilla/5.0 (Windows NT 10.0; Win64; x64) AppleWebKit/537.36 (KHTML, like Gecko) Chrome/85.0.4183.102 Safari/537.36"
216.244.66.248 - - [15/Mar/2025:19:24:42 +0700] "GET /ms/blog/tag/debitur/feed HTTP/1.1" 404 11504 "-" "Mozilla/5.0 (compatible; DotBot/1.2; +https://opensiteexplorer.org/dotbot; help@moz.com)"
54.169.147.125 - - [15/Mar/2025:19:24:45 +0700] "GET /bypass.php HTTP/1.1" 404 3380 "-" "Mozilla/5.0 (Windows NT 10.0; Win64; x64) AppleWebKit/537.36 (KHTML, like Gecko) Chrome/85.0.4183.102 Safari/537.36"
54.169.147.125 - - [15/Mar/2025:19:24:48 +0700] "GET /bypass403.php HTTP/1.1" 301 0 "-" "Mozilla/5.0 (Windows NT 10.0; Win64; x64) AppleWebKit/537.36 (KHTML, like Gecko) Chrome/85.0.4183.102 Safari/537.36"
54.169.147.125 - - [15/Mar/2025:19:24:50 +0700] "GET /bypass403.php HTTP/1.1" 404 3380 "-" "Mozilla/5.0 (Windows NT 10.0; Win64; x64) AppleWebKit/537.36 (KHTML, like Gecko) Chrome/85.0.4183.102 Safari/537.36"
66.249.71.1 - - [15/Mar/2025:19:24:53 +0700] "GET /32281548595.shtm HTTP/1.1" 200 19704 "-" "Mozilla/5.0 (compatible; Googlebot/2.1; +http://www.google.com/bot.html)"
54.169.147.125 - - [15/Mar/2025:19:24:53 +0700] "GET /bypass404.php HTTP/1.1" 301 0 "-" "Mozilla/5.0 (Windows NT 10.0; Win64; x64) AppleWebKit/537.36 (KHTML, like Gecko) Chrome/85.0.4183.102 Safari/537.36"
54.169.147.125 - - [15/Mar/2025:19:24:56 +0700] "GET /bypass404.php HTTP/1.1" 404 3380 "-" "Mozilla/5.0 (Windows NT 10.0; Win64; x64) AppleWebKit/537.36 (KHTML, like Gecko) Chrome/85.0.4183.102 Safari/537.36"
54.169.147.125 - - [15/Mar/2025:19:24:59 +0700] "GET /byps.php HTTP/1.1" 301 0 "-" "Mozilla/5.0 (Windows NT 10.0; Win64; x64) AppleWebKit/537.36 (KHTML, like Gecko) Chrome/85.0.4183.102 Safari/537.36"
216.244.66.248 - - [15/Mar/2025:19:24:58 +0700] "GET /ms/blog/tag/feedback/feed HTTP/1.1" 404 11504 "-" "Mozilla/5.0 (compatible; DotBot/1.2; +https://opensiteexplorer.org/dotbot; help@moz.com)"
180.235.151.3 - - [15/Mar/2025:19:25:04 +0700] "POST /wp-cron.php?doing_wp_cron=1742041504.8389370441436767578125 HTTP/1.1" 403 1242 "-" "WordPress/6.7.2; https://www.aturtoko.id"
54.169.147.125 - - [15/Mar/2025:19:25:01 +0700] "GET /byps.php HTTP/1.1" 404 3380 "-" "Mozilla/5.0 (Windows NT 10.0; Win64; x64) AppleWebKit/537.36 (KHTML, like Gecko) Chrome/85.0.4183.102 Safari/537.36"
54.169.147.125 - - [15/Mar/2025:19:25:06 +0700] "GET /c.php HTTP/1.1" 301 0 "-" "Mozilla/5.0 (Windows NT 10.0; Win64; x64) AppleWebKit/537.36 (KHTML, like Gecko) Chrome/85.0.4183.102 Safari/537.36"
54.169.147.125 - - [15/Mar/2025:19:25:08 +0700] "GET /c.php HTTP/1.1" 404 3380 "-" "Mozilla/5.0 (Windows NT 10.0; Win64; x64) AppleWebKit/537.36 (KHTML, like Gecko) Chrome/85.0.4183.102 Safari/537.36"
54.169.147.125 - - [15/Mar/2025:19:25:11 +0700] "GET /c0derz_shell.php HTTP/1.1" 301 0 "-" "Mozilla/5.0 (Windows NT 10.0; Win64; x64) AppleWebKit/537.36 (KHTML, like Gecko) Chrome/85.0.4183.102 Safari/537.36"
54.169.147.125 - - [15/Mar/2025:19:25:13 +0700] "GET /c0derz_shell.php HTTP/1.1" 404 3380 "-" "Mozilla/5.0 (Windows NT 10.0; Win64; x64) AppleWebKit/537.36 (KHTML, like Gecko) Chrome/85.0.4183.102 Safari/537.36"
216.244.66.248 - - [15/Mar/2025:19:25:12 +0700] "GET /ms/blog/tag/multi-channel/feed HTTP/1.1" 404 11504 "-" "Mozilla/5.0 (compatible; DotBot/1.2; +https://opensiteexplorer.org/dotbot; help@moz.com)"
54.169.147.125 - - [15/Mar/2025:19:25:15 +0700] "GET /c99.php HTTP/1.1" 301 0 "-" "Mozilla/5.0 (Windows NT 10.0; Win64; x64) AppleWebKit/537.36 (KHTML, like Gecko) Chrome/85.0.4183.102 Safari/537.36"
54.169.147.125 - - [15/Mar/2025:19:25:18 +0700] "GET /c99.php HTTP/1.1" 404 3380 "-" "Mozilla/5.0 (Windows NT 10.0; Win64; x64) AppleWebKit/537.36 (KHTML, like Gecko) Chrome/85.0.4183.102 Safari/537.36"
54.169.147.125 - - [15/Mar/2025:19:25:21 +0700] "GET /c999shell.php HTTP/1.1" 301 0 "-" "Mozilla/5.0 (Windows NT 10.0; Win64; x64) AppleWebKit/537.36 (KHTML, like Gecko) Chrome/85.0.4183.102 Safari/537.36"
54.169.147.125 - - [15/Mar/2025:19:25:23 +0700] "GET /c999shell.php HTTP/1.1" 404 3380 "-" "Mozilla/5.0 (Windows NT 10.0; Win64; x64) AppleWebKit/537.36 (KHTML, like Gecko) Chrome/85.0.4183.102 Safari/537.36"
54.169.147.125 - - [15/Mar/2025:19:25:27 +0700] "GET /cache.php HTTP/1.1" 301 0 "-" "Mozilla/5.0 (Windows NT 10.0; Win64; x64) AppleWebKit/537.36 (KHTML, like Gecko) Chrome/85.0.4183.102 Safari/537.36"
216.244.66.248 - - [15/Mar/2025:19:25:28 +0700] "GET /ms/blog/aturtoko-update/strategi-bersaing-dari-kompetitor/feed HTTP/1.1" 404 11504 "-" "Mozilla/5.0 (compatible; DotBot/1.2; +https://opensiteexplorer.org/dotbot; help@moz.com)"
54.169.147.125 - - [15/Mar/2025:19:25:29 +0700] "GET /cache.php HTTP/1.1" 404 3380 "-" "Mozilla/5.0 (Windows NT 10.0; Win64; x64) AppleWebKit/537.36 (KHTML, like Gecko) Chrome/85.0.4183.102 Safari/537.36"
54.169.147.125 - - [15/Mar/2025:19:25:34 +0700] "GET /cache/admin.php HTTP/1.1" 301 0 "-" "Mozilla/5.0 (Windows NT 10.0; Win64; x64) AppleWebKit/537.36 (KHTML, like Gecko) Chrome/85.0.4183.102 Safari/537.36"
54.169.147.125 - - [15/Mar/2025:19:25:36 +0700] "GET /cache/admin.php HTTP/1.1" 404 3380 "-" "Mozilla/5.0 (Windows NT 10.0; Win64; x64) AppleWebKit/537.36 (KHTML, like Gecko) Chrome/85.0.4183.102 Safari/537.36"
54.169.147.125 - - [15/Mar/2025:19:25:39 +0700] "GET /cache/alfa.php HTTP/1.1" 301 0 "-" "Mozilla/5.0 (Windows NT 10.0; Win64; x64) AppleWebKit/537.36 (KHTML, like Gecko) Chrome/85.0.4183.102 Safari/537.36"
54.169.147.125 - - [15/Mar/2025:19:25:42 +0700] "GET /cache/alfa.php HTTP/1.1" 404 3380 "-" "Mozilla/5.0 (Windows NT 10.0; Win64; x64) AppleWebKit/537.36 (KHTML, like Gecko) Chrome/85.0.4183.102 Safari/537.36"
54.169.147.125 - - [15/Mar/2025:19:25:45 +0700] "GET /cache/bypass.php HTTP/1.1" 301 0 "-" "Mozilla/5.0 (Windows NT 10.0; Win64; x64) AppleWebKit/537.36 (KHTML, like Gecko) Chrome/85.0.4183.102 Safari/537.36"
54.169.147.125 - - [15/Mar/2025:19:25:47 +0700] "GET /cache/bypass.php HTTP/1.1" 404 3380 "-" "Mozilla/5.0 (Windows NT 10.0; Win64; x64) AppleWebKit/537.36 (KHTML, like Gecko) Chrome/85.0.4183.102 Safari/537.36"
54.169.147.125 - - [15/Mar/2025:19:25:51 +0700] "GET /cache/index.php HTTP/1.1" 301 0 "-" "Mozilla/5.0 (Windows NT 10.0; Win64; x64) AppleWebKit/537.36 (KHTML, like Gecko) Chrome/85.0.4183.102 Safari/537.36"
54.169.147.125 - - [15/Mar/2025:19:25:54 +0700] "GET /cache/ HTTP/1.1" 404 3380 "-" "Mozilla/5.0 (Windows NT 10.0; Win64; x64) AppleWebKit/537.36 (KHTML, like Gecko) Chrome/85.0.4183.102 Safari/537.36"
54.169.147.125 - - [15/Mar/2025:19:25:58 +0700] "GET /cache/k.php HTTP/1.1" 301 0 "-" "Mozilla/5.0 (Windows NT 10.0; Win64; x64) AppleWebKit/537.36 (KHTML, like Gecko) Chrome/85.0.4183.102 Safari/537.36"
54.169.147.125 - - [15/Mar/2025:19:26:01 +0700] "GET /cache/k.php HTTP/1.1" 404 3380 "-" "Mozilla/5.0 (Windows NT 10.0; Win64; x64) AppleWebKit/537.36 (KHTML, like Gecko) Chrome/85.0.4183.102 Safari/537.36"
180.235.151.3 - - [15/Mar/2025:19:26:07 +0700] "POST /wp-cron.php?doing_wp_cron=1742041567.6227369308471679687500 HTTP/1.1" 403 1242 "-" "WordPress/6.7.2; https://www.aturtoko.id"
54.169.147.125 - - [15/Mar/2025:19:26:04 +0700] "GET /cache/wp.php HTTP/1.1" 301 0 "-" "Mozilla/5.0 (Windows NT 10.0; Win64; x64) AppleWebKit/537.36 (KHTML, like Gecko) Chrome/85.0.4183.102 Safari/537.36"
54.169.147.125 - - [15/Mar/2025:19:26:07 +0700] "GET /cache/wp.php HTTP/1.1" 404 3380 "-" "Mozilla/5.0 (Windows NT 10.0; Win64; x64) AppleWebKit/537.36 (KHTML, like Gecko) Chrome/85.0.4183.102 Safari/537.36"
54.169.147.125 - - [15/Mar/2025:19:26:10 +0700] "GET /cacheadmin.php HTTP/1.1" 301 0 "-" "Mozilla/5.0 (Windows NT 10.0; Win64; x64) AppleWebKit/537.36 (KHTML, like Gecko) Chrome/85.0.4183.102 Safari/537.36"
54.169.147.125 - - [15/Mar/2025:19:26:12 +0700] "GET /cacheadmin.php HTTP/1.1" 404 3380 "-" "Mozilla/5.0 (Windows NT 10.0; Win64; x64) AppleWebKit/537.36 (KHTML, like Gecko) Chrome/85.0.4183.102 Safari/537.36"
54.169.147.125 - - [15/Mar/2025:19:26:15 +0700] "GET /cachealfa.php HTTP/1.1" 301 0 "-" "Mozilla/5.0 (Windows NT 10.0; Win64; x64) AppleWebKit/537.36 (KHTML, like Gecko) Chrome/85.0.4183.102 Safari/537.36"
54.169.147.125 - - [15/Mar/2025:19:26:17 +0700] "GET /cachealfa.php HTTP/1.1" 404 3380 "-" "Mozilla/5.0 (Windows NT 10.0; Win64; x64) AppleWebKit/537.36 (KHTML, like Gecko) Chrome/85.0.4183.102 Safari/537.36"
54.169.147.125 - - [15/Mar/2025:19:26:21 +0700] "GET /cachebypass.php HTTP/1.1" 301 0 "-" "Mozilla/5.0 (Windows NT 10.0; Win64; x64) AppleWebKit/537.36 (KHTML, like Gecko) Chrome/85.0.4183.102 Safari/537.36"
54.169.147.125 - - [15/Mar/2025:19:26:23 +0700] "GET /cachebypass.php HTTP/1.1" 404 3380 "-" "Mozilla/5.0 (Windows NT 10.0; Win64; x64) AppleWebKit/537.36 (KHTML, like Gecko) Chrome/85.0.4183.102 Safari/537.36"
54.169.147.125 - - [15/Mar/2025:19:26:27 +0700] "GET /cachek.php HTTP/1.1" 301 0 "-" "Mozilla/5.0 (Windows NT 10.0; Win64; x64) AppleWebKit/537.36 (KHTML, like Gecko) Chrome/85.0.4183.102 Safari/537.36"
54.169.147.125 - - [15/Mar/2025:19:26:30 +0700] "GET /cachek.php HTTP/1.1" 404 3380 "-" "Mozilla/5.0 (Windows NT 10.0; Win64; x64) AppleWebKit/537.36 (KHTML, like Gecko) Chrome/85.0.4183.102 Safari/537.36"
54.169.147.125 - - [15/Mar/2025:19:26:33 +0700] "GET /caches.php HTTP/1.1" 301 0 "-" "Mozilla/5.0 (Windows NT 10.0; Win64; x64) AppleWebKit/537.36 (KHTML, like Gecko) Chrome/85.0.4183.102 Safari/537.36"
54.169.147.125 - - [15/Mar/2025:19:26:35 +0700] "GET /caches.php HTTP/1.1" 404 3380 "-" "Mozilla/5.0 (Windows NT 10.0; Win64; x64) AppleWebKit/537.36 (KHTML, like Gecko) Chrome/85.0.4183.102 Safari/537.36"
54.169.147.125 - - [15/Mar/2025:19:26:38 +0700] "GET /cachewp.php HTTP/1.1" 301 0 "-" "Mozilla/5.0 (Windows NT 10.0; Win64; x64) AppleWebKit/537.36 (KHTML, like Gecko) Chrome/85.0.4183.102 Safari/537.36"
54.169.147.125 - - [15/Mar/2025:19:26:41 +0700] "GET /cachewp.php HTTP/1.1" 404 3380 "-" "Mozilla/5.0 (Windows NT 10.0; Win64; x64) AppleWebKit/537.36 (KHTML, like Gecko) Chrome/85.0.4183.102 Safari/537.36"
54.169.147.125 - - [15/Mar/2025:19:26:44 +0700] "GET /catalog/admin.php HTTP/1.1" 301 0 "-" "Mozilla/5.0 (Windows NT 10.0; Win64; x64) AppleWebKit/537.36 (KHTML, like Gecko) Chrome/85.0.4183.102 Safari/537.36"
54.169.147.125 - - [15/Mar/2025:19:26:47 +0700] "GET /catalog/admin.php HTTP/1.1" 404 3380 "-" "Mozilla/5.0 (Windows NT 10.0; Win64; x64) AppleWebKit/537.36 (KHTML, like Gecko) Chrome/85.0.4183.102 Safari/537.36"
54.169.147.125 - - [15/Mar/2025:19:26:50 +0700] "GET /catalog/alfa.php HTTP/1.1" 301 0 "-" "Mozilla/5.0 (Windows NT 10.0; Win64; x64) AppleWebKit/537.36 (KHTML, like Gecko) Chrome/85.0.4183.102 Safari/537.36"
54.169.147.125 - - [15/Mar/2025:19:26:52 +0700] "GET /catalog/alfa.php HTTP/1.1" 404 3380 "-" "Mozilla/5.0 (Windows NT 10.0; Win64; x64) AppleWebKit/537.36 (KHTML, like Gecko) Chrome/85.0.4183.102 Safari/537.36"
54.169.147.125 - - [15/Mar/2025:19:26:54 +0700] "GET /catalog/bypass.php HTTP/1.1" 301 0 "-" "Mozilla/5.0 (Windows NT 10.0; Win64; x64) AppleWebKit/537.36 (KHTML, like Gecko) Chrome/85.0.4183.102 Safari/537.36"
54.169.147.125 - - [15/Mar/2025:19:26:57 +0700] "GET /catalog/bypass.php HTTP/1.1" 404 3380 "-" "Mozilla/5.0 (Windows NT 10.0; Win64; x64) AppleWebKit/537.36 (KHTML, like Gecko) Chrome/85.0.4183.102 Safari/537.36"
54.169.147.125 - - [15/Mar/2025:19:27:03 +0700] "GET /catalog/index.php HTTP/1.1" 301 0 "-" "Mozilla/5.0 (Windows NT 10.0; Win64; x64) AppleWebKit/537.36 (KHTML, like Gecko) Chrome/85.0.4183.102 Safari/537.36"
180.235.151.3 - - [15/Mar/2025:19:27:09 +0700] "POST /wp-cron.php?doing_wp_cron=1742041629.9772610664367675781250 HTTP/1.1" 403 1242 "-" "WordPress/6.7.2; https://www.aturtoko.id"
54.169.147.125 - - [15/Mar/2025:19:27:05 +0700] "GET /catalog/ HTTP/1.1" 404 3380 "-" "Mozilla/5.0 (Windows NT 10.0; Win64; x64) AppleWebKit/537.36 (KHTML, like Gecko) Chrome/85.0.4183.102 Safari/537.36"
54.169.147.125 - - [15/Mar/2025:19:27:10 +0700] "GET /catalog/k.php HTTP/1.1" 301 0 "-" "Mozilla/5.0 (Windows NT 10.0; Win64; x64) AppleWebKit/537.36 (KHTML, like Gecko) Chrome/85.0.4183.102 Safari/537.36"
54.169.147.125 - - [15/Mar/2025:19:27:12 +0700] "GET /catalog/k.php HTTP/1.1" 404 3380 "-" "Mozilla/5.0 (Windows NT 10.0; Win64; x64) AppleWebKit/537.36 (KHTML, like Gecko) Chrome/85.0.4183.102 Safari/537.36"
54.169.147.125 - - [15/Mar/2025:19:27:15 +0700] "GET /catalog/wp.php HTTP/1.1" 301 0 "-" "Mozilla/5.0 (Windows NT 10.0; Win64; x64) AppleWebKit/537.36 (KHTML, like Gecko) Chrome/85.0.4183.102 Safari/537.36"
54.169.147.125 - - [15/Mar/2025:19:27:17 +0700] "GET /catalog/wp.php HTTP/1.1" 404 3380 "-" "Mozilla/5.0 (Windows NT 10.0; Win64; x64) AppleWebKit/537.36 (KHTML, like Gecko) Chrome/85.0.4183.102 Safari/537.36"
54.169.147.125 - - [15/Mar/2025:19:27:21 +0700] "GET /catalogadmin.php HTTP/1.1" 301 0 "-" "Mozilla/5.0 (Windows NT 10.0; Win64; x64) AppleWebKit/537.36 (KHTML, like Gecko) Chrome/85.0.4183.102 Safari/537.36"
54.169.147.125 - - [15/Mar/2025:19:27:23 +0700] "GET /catalogadmin.php HTTP/1.1" 404 3380 "-" "Mozilla/5.0 (Windows NT 10.0; Win64; x64) AppleWebKit/537.36 (KHTML, like Gecko) Chrome/85.0.4183.102 Safari/537.36"
54.169.147.125 - - [15/Mar/2025:19:27:27 +0700] "GET /catalogalfa.php HTTP/1.1" 301 0 "-" "Mozilla/5.0 (Windows NT 10.0; Win64; x64) AppleWebKit/537.36 (KHTML, like Gecko) Chrome/85.0.4183.102 Safari/537.36"
54.169.147.125 - - [15/Mar/2025:19:27:30 +0700] "GET /catalogalfa.php HTTP/1.1" 404 3380 "-" "Mozilla/5.0 (Windows NT 10.0; Win64; x64) AppleWebKit/537.36 (KHTML, like Gecko) Chrome/85.0.4183.102 Safari/537.36"
54.169.147.125 - - [15/Mar/2025:19:27:33 +0700] "GET /catalogbypass.php HTTP/1.1" 301 0 "-" "Mozilla/5.0 (Windows NT 10.0; Win64; x64) AppleWebKit/537.36 (KHTML, like Gecko) Chrome/85.0.4183.102 Safari/537.36"
54.169.147.125 - - [15/Mar/2025:19:27:35 +0700] "GET /catalogbypass.php HTTP/1.1" 404 3380 "-" "Mozilla/5.0 (Windows NT 10.0; Win64; x64) AppleWebKit/537.36 (KHTML, like Gecko) Chrome/85.0.4183.102 Safari/537.36"
54.169.147.125 - - [15/Mar/2025:19:27:39 +0700] "GET /catalogk.php HTTP/1.1" 301 0 "-" "Mozilla/5.0 (Windows NT 10.0; Win64; x64) AppleWebKit/537.36 (KHTML, like Gecko) Chrome/85.0.4183.102 Safari/537.36"
54.169.147.125 - - [15/Mar/2025:19:27:43 +0700] "GET /catalogk.php HTTP/1.1" 404 3380 "-" "Mozilla/5.0 (Windows NT 10.0; Win64; x64) AppleWebKit/537.36 (KHTML, like Gecko) Chrome/85.0.4183.102 Safari/537.36"
54.169.147.125 - - [15/Mar/2025:19:27:53 +0700] "GET /catalogwp.php HTTP/1.1" 301 0 "-" "Mozilla/5.0 (Windows NT 10.0; Win64; x64) AppleWebKit/537.36 (KHTML, like Gecko) Chrome/85.0.4183.102 Safari/537.36"
54.169.147.125 - - [15/Mar/2025:19:27:55 +0700] "GET /catalogwp.php HTTP/1.1" 404 3380 "-" "Mozilla/5.0 (Windows NT 10.0; Win64; x64) AppleWebKit/537.36 (KHTML, like Gecko) Chrome/85.0.4183.102 Safari/537.36"
54.169.147.125 - - [15/Mar/2025:19:27:58 +0700] "GET /ccaef.php HTTP/1.1" 301 0 "-" "Mozilla/5.0 (Windows NT 10.0; Win64; x64) AppleWebKit/537.36 (KHTML, like Gecko) Chrome/85.0.4183.102 Safari/537.36"
54.169.147.125 - - [15/Mar/2025:19:28:00 +0700] "GET /ccaef.php HTTP/1.1" 404 3380 "-" "Mozilla/5.0 (Windows NT 10.0; Win64; x64) AppleWebKit/537.36 (KHTML, like Gecko) Chrome/85.0.4183.102 Safari/537.36"
54.169.147.125 - - [15/Mar/2025:19:28:03 +0700] "GET /cd.php HTTP/1.1" 301 0 "-" "Mozilla/5.0 (Windows NT 10.0; Win64; x64) AppleWebKit/537.36 (KHTML, like Gecko) Chrome/85.0.4183.102 Safari/537.36"
54.169.147.125 - - [15/Mar/2025:19:28:05 +0700] "GET /cd.php HTTP/1.1" 404 3380 "-" "Mozilla/5.0 (Windows NT 10.0; Win64; x64) AppleWebKit/537.36 (KHTML, like Gecko) Chrome/85.0.4183.102 Safari/537.36"
54.169.147.125 - - [15/Mar/2025:19:28:09 +0700] "GET /cgi-bin/admin.php HTTP/1.1" 404 1251 "-" "Mozilla/5.0 (Windows NT 10.0; Win64; x64) AppleWebKit/537.36 (KHTML, like Gecko) Chrome/85.0.4183.102 Safari/537.36"
54.169.147.125 - - [15/Mar/2025:19:28:11 +0700] "GET /cgi-bin/alfa.php HTTP/1.1" 404 1251 "-" "Mozilla/5.0 (Windows NT 10.0; Win64; x64) AppleWebKit/537.36 (KHTML, like Gecko) Chrome/85.0.4183.102 Safari/537.36"
54.169.147.125 - - [15/Mar/2025:19:28:12 +0700] "GET /cgi-bin/bypass.php HTTP/1.1" 404 1251 "-" "Mozilla/5.0 (Windows NT 10.0; Win64; x64) AppleWebKit/537.36 (KHTML, like Gecko) Chrome/85.0.4183.102 Safari/537.36"
54.169.147.125 - - [15/Mar/2025:19:28:12 +0700] "GET /cgi-bin/index.php HTTP/1.1" 404 1251 "-" "Mozilla/5.0 (Windows NT 10.0; Win64; x64) AppleWebKit/537.36 (KHTML, like Gecko) Chrome/85.0.4183.102 Safari/537.36"
173.252.83.115 - - [15/Mar/2025:19:28:13 +0700] "GET /robots.txt HTTP/1.1" 200 298 "-" "facebookexternalhit/1.1 (+http://www.facebook.com/externalhit_uatext.php)"
54.169.147.125 - - [15/Mar/2025:19:28:14 +0700] "GET /cgi-bin/k.php HTTP/1.1" 404 1251 "-" "Mozilla/5.0 (Windows NT 10.0; Win64; x64) AppleWebKit/537.36 (KHTML, like Gecko) Chrome/85.0.4183.102 Safari/537.36"
180.235.151.3 - - [15/Mar/2025:19:28:15 +0700] "POST /wp-cron.php?doing_wp_cron=1742041695.1803569793701171875000 HTTP/1.1" 403 1242 "-" "WordPress/6.7.2; https://www.aturtoko.id"
185.191.171.9 - - [15/Mar/2025:19:28:11 +0700] "GET /en/blog/tag/metaverse HTTP/1.1" 404 3380 "-" "Mozilla/5.0 (compatible; SemrushBot/7~bl; +http://www.semrush.com/bot.html)"
54.169.147.125 - - [15/Mar/2025:19:28:15 +0700] "GET /cgi-bin/moon.php HTTP/1.1" 404 1251 "-" "Mozilla/5.0 (Windows NT 10.0; Win64; x64) AppleWebKit/537.36 (KHTML, like Gecko) Chrome/85.0.4183.102 Safari/537.36"
54.169.147.125 - - [15/Mar/2025:19:28:15 +0700] "GET /cgi-bin/wp-login.php HTTP/1.1" 404 1251 "-" "Mozilla/5.0 (Windows NT 10.0; Win64; x64) AppleWebKit/537.36 (KHTML, like Gecko) Chrome/85.0.4183.102 Safari/537.36"
54.169.147.125 - - [15/Mar/2025:19:28:16 +0700] "GET /cgi-bin/wp.php HTTP/1.1" 404 1251 "-" "Mozilla/5.0 (Windows NT 10.0; Win64; x64) AppleWebKit/537.36 (KHTML, like Gecko) Chrome/85.0.4183.102 Safari/537.36"
54.169.147.125 - - [15/Mar/2025:19:28:17 +0700] "GET /cgi-binadmin.php HTTP/1.1" 301 0 "-" "Mozilla/5.0 (Windows NT 10.0; Win64; x64) AppleWebKit/537.36 (KHTML, like Gecko) Chrome/85.0.4183.102 Safari/537.36"
54.169.147.125 - - [15/Mar/2025:19:28:20 +0700] "GET /cgi-binadmin.php HTTP/1.1" 404 3380 "-" "Mozilla/5.0 (Windows NT 10.0; Win64; x64) AppleWebKit/537.36 (KHTML, like Gecko) Chrome/85.0.4183.102 Safari/537.36"
54.169.147.125 - - [15/Mar/2025:19:28:23 +0700] "GET /cgi-binalfa.php HTTP/1.1" 301 0 "-" "Mozilla/5.0 (Windows NT 10.0; Win64; x64) AppleWebKit/537.36 (KHTML, like Gecko) Chrome/85.0.4183.102 Safari/537.36"
54.169.147.125 - - [15/Mar/2025:19:28:25 +0700] "GET /cgi-binalfa.php HTTP/1.1" 404 3380 "-" "Mozilla/5.0 (Windows NT 10.0; Win64; x64) AppleWebKit/537.36 (KHTML, like Gecko) Chrome/85.0.4183.102 Safari/537.36"
54.169.147.125 - - [15/Mar/2025:19:28:27 +0700] "GET /cgi-binbypass.php HTTP/1.1" 301 0 "-" "Mozilla/5.0 (Windows NT 10.0; Win64; x64) AppleWebKit/537.36 (KHTML, like Gecko) Chrome/85.0.4183.102 Safari/537.36"
54.169.147.125 - - [15/Mar/2025:19:28:30 +0700] "GET /cgi-binbypass.php HTTP/1.1" 404 3380 "-" "Mozilla/5.0 (Windows NT 10.0; Win64; x64) AppleWebKit/537.36 (KHTML, like Gecko) Chrome/85.0.4183.102 Safari/537.36"
54.169.147.125 - - [15/Mar/2025:19:28:35 +0700] "GET /cgi-bink.php HTTP/1.1" 301 0 "-" "Mozilla/5.0 (Windows NT 10.0; Win64; x64) AppleWebKit/537.36 (KHTML, like Gecko) Chrome/85.0.4183.102 Safari/537.36"
54.169.147.125 - - [15/Mar/2025:19:28:37 +0700] "GET /cgi-bink.php HTTP/1.1" 404 3380 "-" "Mozilla/5.0 (Windows NT 10.0; Win64; x64) AppleWebKit/537.36 (KHTML, like Gecko) Chrome/85.0.4183.102 Safari/537.36"
54.169.147.125 - - [15/Mar/2025:19:28:40 +0700] "GET /cgi-binwp.php HTTP/1.1" 301 0 "-" "Mozilla/5.0 (Windows NT 10.0; Win64; x64) AppleWebKit/537.36 (KHTML, like Gecko) Chrome/85.0.4183.102 Safari/537.36"
54.169.147.125 - - [15/Mar/2025:19:28:43 +0700] "GET /cgi-binwp.php HTTP/1.1" 404 3380 "-" "Mozilla/5.0 (Windows NT 10.0; Win64; x64) AppleWebKit/537.36 (KHTML, like Gecko) Chrome/85.0.4183.102 Safari/537.36"
54.169.147.125 - - [15/Mar/2025:19:28:48 +0700] "GET /cgi.php HTTP/1.1" 301 0 "-" "Mozilla/5.0 (Windows NT 10.0; Win64; x64) AppleWebKit/537.36 (KHTML, like Gecko) Chrome/85.0.4183.102 Safari/537.36"
54.169.147.125 - - [15/Mar/2025:19:28:50 +0700] "GET /cgi.php HTTP/1.1" 404 3380 "-" "Mozilla/5.0 (Windows NT 10.0; Win64; x64) AppleWebKit/537.36 (KHTML, like Gecko) Chrome/85.0.4183.102 Safari/537.36"
54.169.147.125 - - [15/Mar/2025:19:28:52 +0700] "GET /cgialfa/admin.php HTTP/1.1" 301 0 "-" "Mozilla/5.0 (Windows NT 10.0; Win64; x64) AppleWebKit/537.36 (KHTML, like Gecko) Chrome/85.0.4183.102 Safari/537.36"
54.169.147.125 - - [15/Mar/2025:19:28:55 +0700] "GET /cgialfa/admin.php HTTP/1.1" 404 3380 "-" "Mozilla/5.0 (Windows NT 10.0; Win64; x64) AppleWebKit/537.36 (KHTML, like Gecko) Chrome/85.0.4183.102 Safari/537.36"
54.169.147.125 - - [15/Mar/2025:19:29:00 +0700] "GET /cgialfa/alfa.php HTTP/1.1" 301 0 "-" "Mozilla/5.0 (Windows NT 10.0; Win64; x64) AppleWebKit/537.36 (KHTML, like Gecko) Chrome/85.0.4183.102 Safari/537.36"
54.169.147.125 - - [15/Mar/2025:19:29:03 +0700] "GET /cgialfa/alfa.php HTTP/1.1" 404 3380 "-" "Mozilla/5.0 (Windows NT 10.0; Win64; x64) AppleWebKit/537.36 (KHTML, like Gecko) Chrome/85.0.4183.102 Safari/537.36"
54.169.147.125 - - [15/Mar/2025:19:29:05 +0700] "GET /cgialfa/bypass.php HTTP/1.1" 301 0 "-" "Mozilla/5.0 (Windows NT 10.0; Win64; x64) AppleWebKit/537.36 (KHTML, like Gecko) Chrome/85.0.4183.102 Safari/537.36"
54.169.147.125 - - [15/Mar/2025:19:29:08 +0700] "GET /cgialfa/bypass.php HTTP/1.1" 404 3380 "-" "Mozilla/5.0 (Windows NT 10.0; Win64; x64) AppleWebKit/537.36 (KHTML, like Gecko) Chrome/85.0.4183.102 Safari/537.36"
54.169.147.125 - - [15/Mar/2025:19:29:10 +0700] "GET /cgialfa/index.php HTTP/1.1" 301 0 "-" "Mozilla/5.0 (Windows NT 10.0; Win64; x64) AppleWebKit/537.36 (KHTML, like Gecko) Chrome/85.0.4183.102 Safari/537.36"
180.235.151.3 - - [15/Mar/2025:19:29:17 +0700] "POST /wp-cron.php?doing_wp_cron=1742041757.9870491027832031250000 HTTP/1.1" 403 1242 "-" "WordPress/6.7.2; https://www.aturtoko.id"
54.169.147.125 - - [15/Mar/2025:19:29:13 +0700] "GET /cgialfa/ HTTP/1.1" 404 3380 "-" "Mozilla/5.0 (Windows NT 10.0; Win64; x64) AppleWebKit/537.36 (KHTML, like Gecko) Chrome/85.0.4183.102 Safari/537.36"
54.169.147.125 - - [15/Mar/2025:19:29:18 +0700] "GET /cgialfa/k.php HTTP/1.1" 301 0 "-" "Mozilla/5.0 (Windows NT 10.0; Win64; x64) AppleWebKit/537.36 (KHTML, like Gecko) Chrome/85.0.4183.102 Safari/537.36"
54.169.147.125 - - [15/Mar/2025:19:29:21 +0700] "GET /cgialfa/k.php HTTP/1.1" 404 3380 "-" "Mozilla/5.0 (Windows NT 10.0; Win64; x64) AppleWebKit/537.36 (KHTML, like Gecko) Chrome/85.0.4183.102 Safari/537.36"
54.169.147.125 - - [15/Mar/2025:19:29:24 +0700] "GET /cgialfa/wp.php HTTP/1.1" 301 0 "-" "Mozilla/5.0 (Windows NT 10.0; Win64; x64) AppleWebKit/537.36 (KHTML, like Gecko) Chrome/85.0.4183.102 Safari/537.36"
54.169.147.125 - - [15/Mar/2025:19:29:27 +0700] "GET /cgialfa/wp.php HTTP/1.1" 404 3380 "-" "Mozilla/5.0 (Windows NT 10.0; Win64; x64) AppleWebKit/537.36 (KHTML, like Gecko) Chrome/85.0.4183.102 Safari/537.36"
54.169.147.125 - - [15/Mar/2025:19:29:30 +0700] "GET /cgialfaadmin.php HTTP/1.1" 301 0 "-" "Mozilla/5.0 (Windows NT 10.0; Win64; x64) AppleWebKit/537.36 (KHTML, like Gecko) Chrome/85.0.4183.102 Safari/537.36"
54.169.147.125 - - [15/Mar/2025:19:29:33 +0700] "GET /cgialfaadmin.php HTTP/1.1" 404 3380 "-" "Mozilla/5.0 (Windows NT 10.0; Win64; x64) AppleWebKit/537.36 (KHTML, like Gecko) Chrome/85.0.4183.102 Safari/537.36"
54.169.147.125 - - [15/Mar/2025:19:29:36 +0700] "GET /cgialfaalfa.php HTTP/1.1" 301 0 "-" "Mozilla/5.0 (Windows NT 10.0; Win64; x64) AppleWebKit/537.36 (KHTML, like Gecko) Chrome/85.0.4183.102 Safari/537.36"
54.169.147.125 - - [15/Mar/2025:19:29:38 +0700] "GET /cgialfaalfa.php HTTP/1.1" 404 3380 "-" "Mozilla/5.0 (Windows NT 10.0; Win64; x64) AppleWebKit/537.36 (KHTML, like Gecko) Chrome/85.0.4183.102 Safari/537.36"
54.169.147.125 - - [15/Mar/2025:19:29:42 +0700] "GET /cgialfabypass.php HTTP/1.1" 301 0 "-" "Mozilla/5.0 (Windows NT 10.0; Win64; x64) AppleWebKit/537.36 (KHTML, like Gecko) Chrome/85.0.4183.102 Safari/537.36"
54.169.147.125 - - [15/Mar/2025:19:29:44 +0700] "GET /cgialfabypass.php HTTP/1.1" 404 3380 "-" "Mozilla/5.0 (Windows NT 10.0; Win64; x64) AppleWebKit/537.36 (KHTML, like Gecko) Chrome/85.0.4183.102 Safari/537.36"
54.169.147.125 - - [15/Mar/2025:19:29:47 +0700] "GET /cgialfak.php HTTP/1.1" 301 0 "-" "Mozilla/5.0 (Windows NT 10.0; Win64; x64) AppleWebKit/537.36 (KHTML, like Gecko) Chrome/85.0.4183.102 Safari/537.36"
54.169.147.125 - - [15/Mar/2025:19:29:49 +0700] "GET /cgialfak.php HTTP/1.1" 404 3380 "-" "Mozilla/5.0 (Windows NT 10.0; Win64; x64) AppleWebKit/537.36 (KHTML, like Gecko) Chrome/85.0.4183.102 Safari/537.36"
54.169.147.125 - - [15/Mar/2025:19:29:54 +0700] "GET /cgialfawp.php HTTP/1.1" 301 0 "-" "Mozilla/5.0 (Windows NT 10.0; Win64; x64) AppleWebKit/537.36 (KHTML, like Gecko) Chrome/85.0.4183.102 Safari/537.36"
54.169.147.125 - - [15/Mar/2025:19:29:56 +0700] "GET /cgialfawp.php HTTP/1.1" 404 3380 "-" "Mozilla/5.0 (Windows NT 10.0; Win64; x64) AppleWebKit/537.36 (KHTML, like Gecko) Chrome/85.0.4183.102 Safari/537.36"
54.169.147.125 - - [15/Mar/2025:19:29:59 +0700] "GET /checkbox.php HTTP/1.1" 301 0 "-" "Mozilla/5.0 (Windows NT 10.0; Win64; x64) AppleWebKit/537.36 (KHTML, like Gecko) Chrome/85.0.4183.102 Safari/537.36"
54.169.147.125 - - [15/Mar/2025:19:30:02 +0700] "GET /checkbox.php HTTP/1.1" 404 3380 "-" "Mozilla/5.0 (Windows NT 10.0; Win64; x64) AppleWebKit/537.36 (KHTML, like Gecko) Chrome/85.0.4183.102 Safari/537.36"
54.169.147.125 - - [15/Mar/2025:19:30:07 +0700] "GET /chitoge.php HTTP/1.1" 301 0 "-" "Mozilla/5.0 (Windows NT 10.0; Win64; x64) AppleWebKit/537.36 (KHTML, like Gecko) Chrome/85.0.4183.102 Safari/537.36"
54.169.147.125 - - [15/Mar/2025:19:30:09 +0700] "GET /chitoge.php HTTP/1.1" 404 3380 "-" "Mozilla/5.0 (Windows NT 10.0; Win64; x64) AppleWebKit/537.36 (KHTML, like Gecko) Chrome/85.0.4183.102 Safari/537.36"
54.169.147.125 - - [15/Mar/2025:19:30:14 +0700] "GET /chosen.php HTTP/1.1" 301 0 "-" "Mozilla/5.0 (Windows NT 10.0; Win64; x64) AppleWebKit/537.36 (KHTML, like Gecko) Chrome/85.0.4183.102 Safari/537.36"
180.235.151.3 - - [15/Mar/2025:19:30:18 +0700] "POST /wp-cron.php?doing_wp_cron=1742041818.8944098949432373046875 HTTP/1.1" 403 1242 "-" "WordPress/6.7.2; https://www.aturtoko.id"
54.169.147.125 - - [15/Mar/2025:19:30:16 +0700] "GET /chosen.php HTTP/1.1" 404 3380 "-" "Mozilla/5.0 (Windows NT 10.0; Win64; x64) AppleWebKit/537.36 (KHTML, like Gecko) Chrome/85.0.4183.102 Safari/537.36"
54.169.147.125 - - [15/Mar/2025:19:30:19 +0700] "GET /chosen.php?p= HTTP/1.1" 301 0 "-" "Mozilla/5.0 (Windows NT 10.0; Win64; x64) AppleWebKit/537.36 (KHTML, like Gecko) Chrome/85.0.4183.102 Safari/537.36"
54.169.147.125 - - [15/Mar/2025:19:30:23 +0700] "GET /chosen.php HTTP/1.1" 404 3380 "-" "Mozilla/5.0 (Windows NT 10.0; Win64; x64) AppleWebKit/537.36 (KHTML, like Gecko) Chrome/85.0.4183.102 Safari/537.36"
54.169.147.125 - - [15/Mar/2025:19:30:27 +0700] "GET /ciis.php HTTP/1.1" 301 0 "-" "Mozilla/5.0 (Windows NT 10.0; Win64; x64) AppleWebKit/537.36 (KHTML, like Gecko) Chrome/85.0.4183.102 Safari/537.36"
54.169.147.125 - - [15/Mar/2025:19:30:29 +0700] "GET /ciis.php HTTP/1.1" 404 3380 "-" "Mozilla/5.0 (Windows NT 10.0; Win64; x64) AppleWebKit/537.36 (KHTML, like Gecko) Chrome/85.0.4183.102 Safari/537.36"
54.169.147.125 - - [15/Mar/2025:19:30:32 +0700] "GET /clan.php HTTP/1.1" 301 0 "-" "Mozilla/5.0 (Windows NT 10.0; Win64; x64) AppleWebKit/537.36 (KHTML, like Gecko) Chrome/85.0.4183.102 Safari/537.36"
54.169.147.125 - - [15/Mar/2025:19:30:34 +0700] "GET /clan.php HTTP/1.1" 404 3380 "-" "Mozilla/5.0 (Windows NT 10.0; Win64; x64) AppleWebKit/537.36 (KHTML, like Gecko) Chrome/85.0.4183.102 Safari/537.36"
54.169.147.125 - - [15/Mar/2025:19:30:38 +0700] "GET /class-ftp-pures.php HTTP/1.1" 301 0 "-" "Mozilla/5.0 (Windows NT 10.0; Win64; x64) AppleWebKit/537.36 (KHTML, like Gecko) Chrome/85.0.4183.102 Safari/537.36"
54.169.147.125 - - [15/Mar/2025:19:30:40 +0700] "GET /class-ftp-pures.php HTTP/1.1" 404 3380 "-" "Mozilla/5.0 (Windows NT 10.0; Win64; x64) AppleWebKit/537.36 (KHTML, like Gecko) Chrome/85.0.4183.102 Safari/537.36"
54.169.147.125 - - [15/Mar/2025:19:30:43 +0700] "GET /class-wp-settings.php HTTP/1.1" 301 0 "-" "Mozilla/5.0 (Windows NT 10.0; Win64; x64) AppleWebKit/537.36 (KHTML, like Gecko) Chrome/85.0.4183.102 Safari/537.36"
54.169.147.125 - - [15/Mar/2025:19:30:46 +0700] "GET /class-wp-settings.php HTTP/1.1" 404 3380 "-" "Mozilla/5.0 (Windows NT 10.0; Win64; x64) AppleWebKit/537.36 (KHTML, like Gecko) Chrome/85.0.4183.102 Safari/537.36"
54.169.147.125 - - [15/Mar/2025:19:30:49 +0700] "GET /class-wp.php HTTP/1.1" 301 0 "-" "Mozilla/5.0 (Windows NT 10.0; Win64; x64) AppleWebKit/537.36 (KHTML, like Gecko) Chrome/85.0.4183.102 Safari/537.36"
66.249.71.9 - - [15/Mar/2025:19:30:51 +0700] "GET /tape/32271421021.shtm HTTP/1.1" 200 19543 "-" "Mozilla/5.0 (compatible; Googlebot/2.1; +http://www.google.com/bot.html)"
54.169.147.125 - - [15/Mar/2025:19:30:52 +0700] "GET /class-wp.php HTTP/1.1" 404 3380 "-" "Mozilla/5.0 (Windows NT 10.0; Win64; x64) AppleWebKit/537.36 (KHTML, like Gecko) Chrome/85.0.4183.102 Safari/537.36"
180.235.151.3 - - [15/Mar/2025:19:31:23 +0700] "POST /wp-cron.php?doing_wp_cron=1742041883.3193750381469726562500 HTTP/1.1" 403 1242 "-" "WordPress/6.7.2; https://www.aturtoko.id"
54.169.147.125 - - [15/Mar/2025:19:31:21 +0700] "GET /class.php HTTP/1.1" 301 0 "-" "Mozilla/5.0 (Windows NT 10.0; Win64; x64) AppleWebKit/537.36 (KHTML, like Gecko) Chrome/85.0.4183.102 Safari/537.36"
54.169.147.125 - - [15/Mar/2025:19:31:23 +0700] "GET /class.php HTTP/1.1" 404 3380 "-" "Mozilla/5.0 (Windows NT 10.0; Win64; x64) AppleWebKit/537.36 (KHTML, like Gecko) Chrome/85.0.4183.102 Safari/537.36"
54.169.147.125 - - [15/Mar/2025:19:31:26 +0700] "GET /class_appfun.php HTTP/1.1" 301 0 "-" "Mozilla/5.0 (Windows NT 10.0; Win64; x64) AppleWebKit/537.36 (KHTML, like Gecko) Chrome/85.0.4183.102 Safari/537.36"
54.169.147.125 - - [15/Mar/2025:19:31:28 +0700] "GET /class_appfun.php HTTP/1.1" 404 3380 "-" "Mozilla/5.0 (Windows NT 10.0; Win64; x64) AppleWebKit/537.36 (KHTML, like Gecko) Chrome/85.0.4183.102 Safari/537.36"
54.169.147.125 - - [15/Mar/2025:19:31:32 +0700] "GET /classwithtostring.php HTTP/1.1" 301 0 "-" "Mozilla/5.0 (Windows NT 10.0; Win64; x64) AppleWebKit/537.36 (KHTML, like Gecko) Chrome/85.0.4183.102 Safari/537.36"
54.169.147.125 - - [15/Mar/2025:19:31:34 +0700] "GET /classwithtostring.php HTTP/1.1" 404 3373 "-" "Mozilla/5.0 (Windows NT 10.0; Win64; x64) AppleWebKit/537.36 (KHTML, like Gecko) Chrome/85.0.4183.102 Safari/537.36"
54.169.147.125 - - [15/Mar/2025:19:31:37 +0700] "GET /clay.php HTTP/1.1" 301 0 "-" "Mozilla/5.0 (Windows NT 10.0; Win64; x64) AppleWebKit/537.36 (KHTML, like Gecko) Chrome/85.0.4183.102 Safari/537.36"
54.169.147.125 - - [15/Mar/2025:19:31:40 +0700] "GET /clay.php HTTP/1.1" 404 3380 "-" "Mozilla/5.0 (Windows NT 10.0; Win64; x64) AppleWebKit/537.36 (KHTML, like Gecko) Chrome/85.0.4183.102 Safari/537.36"
54.169.147.125 - - [15/Mar/2025:19:31:42 +0700] "GET /clen.php HTTP/1.1" 301 0 "-" "Mozilla/5.0 (Windows NT 10.0; Win64; x64) AppleWebKit/537.36 (KHTML, like Gecko) Chrome/85.0.4183.102 Safari/537.36"
54.169.147.125 - - [15/Mar/2025:19:31:45 +0700] "GET /clen.php HTTP/1.1" 404 3380 "-" "Mozilla/5.0 (Windows NT 10.0; Win64; x64) AppleWebKit/537.36 (KHTML, like Gecko) Chrome/85.0.4183.102 Safari/537.36"
54.169.147.125 - - [15/Mar/2025:19:31:47 +0700] "GET /click.php HTTP/1.1" 301 0 "-" "Mozilla/5.0 (Windows NT 10.0; Win64; x64) AppleWebKit/537.36 (KHTML, like Gecko) Chrome/85.0.4183.102 Safari/537.36"
54.169.147.125 - - [15/Mar/2025:19:31:52 +0700] "GET /click.php HTTP/1.1" 404 3380 "-" "Mozilla/5.0 (Windows NT 10.0; Win64; x64) AppleWebKit/537.36 (KHTML, like Gecko) Chrome/85.0.4183.102 Safari/537.36"
180.235.151.3 - - [15/Mar/2025:19:32:48 +0700] "POST /wp-cron.php?doing_wp_cron=1742041968.0355010032653808593750 HTTP/1.1" 403 1242 "-" "WordPress/6.7.2; https://www.aturtoko.id"
185.191.171.15 - - [15/Mar/2025:19:32:44 +0700] "GET /en/blog/tag/strategi/page/2 HTTP/1.1" 404 3380 "-" "Mozilla/5.0 (compatible; SemrushBot/7~bl; +http://www.semrush.com/bot.html)"
180.235.151.3 - - [15/Mar/2025:19:35:00 +0700] "POST /wp-cron.php?doing_wp_cron=1742042100.7195448875427246093750 HTTP/1.1" 403 1242 "-" "WordPress/6.7.2; https://www.aturtoko.id"
85.208.96.209 - - [15/Mar/2025:19:34:57 +0700] "GET /ms/blog/tag/akun HTTP/1.1" 404 3380 "-" "Mozilla/5.0 (compatible; SemrushBot/7~bl; +http://www.semrush.com/bot.html)"
66.249.75.229 - - [15/Mar/2025:19:36:57 +0700] "GET /monk/shopdetail/3225310833.shtm HTTP/1.1" 200 19405 "-" "Mozilla/5.0 (compatible; Googlebot/2.1; +http://www.google.com/bot.html)"
180.235.151.3 - - [15/Mar/2025:19:38:47 +0700] "POST /wp-cron.php?doing_wp_cron=1742042327.6391139030456542968750 HTTP/1.1" 403 1242 "-" "WordPress/6.7.2; https://www.aturtoko.id"
147.182.206.211 - - [15/Mar/2025:19:38:45 +0700] "GET / HTTP/1.1" 301 0 "-" "Mozilla/5.0 (Windows NT 10.0; Win64; x64) AppleWebKit/537.36 (KHTML, like Gecko) Chrome/58.0.3029.110 Safari/537.36"
66.249.75.229 - - [15/Mar/2025:19:41:58 +0700] "GET /32271099366.shtm HTTP/1.1" 200 19605 "-" "Mozilla/5.0 (compatible; Googlebot/2.1; +http://www.google.com/bot.html)"
51.75.122.208 - - [15/Mar/2025:19:44:18 +0700] "GET / HTTP/1.1" 301 0 "-" "Mozilla/5.0 AppleWebKit/537.36 (KHTML, like Gecko) LookoutBot/1.0; Chrome/133.0.0.0 Safari/537.36"
66.249.71.9 - - [15/Mar/2025:19:47:59 +0700] "GET /begun/3226985352.shtm HTTP/1.1" 200 20498 "-" "Mozilla/5.0 (compatible; Googlebot/2.1; +http://www.google.com/bot.html)"
66.249.75.230 - - [15/Mar/2025:19:48:04 +0700] "GET /greenfield/auction/32292334996.shtm HTTP/1.1" 200 21210 "-" "Mozilla/5.0 (compatible; Googlebot/2.1; +http://www.google.com/bot.html)"
66.249.75.230 - - [15/Mar/2025:19:48:04 +0700] "GET /entry/auction/32292019456.shtm HTTP/1.1" 200 21121 "-" "Mozilla/5.0 (compatible; Googlebot/2.1; +http://www.google.com/bot.html)"
66.249.75.229 - - [15/Mar/2025:19:48:07 +0700] "GET /32271300282.shtm HTTP/1.1" 200 19537 "-" "Mozilla/5.0 (compatible; Googlebot/2.1; +http://www.google.com/bot.html)"
66.249.75.228 - - [15/Mar/2025:19:48:09 +0700] "GET /barbuda/32281929926.shtm HTTP/1.1" 200 19737 "-" "Mozilla/5.0 (compatible; Googlebot/2.1; +http://www.google.com/bot.html)"
66.249.71.9 - - [15/Mar/2025:19:48:10 +0700] "GET /webcasts/goods/32271410618.shtm HTTP/1.1" 200 20200 "-" "Mozilla/5.0 (compatible; Googlebot/2.1; +http://www.google.com/bot.html)"
66.249.71.9 - - [15/Mar/2025:19:48:15 +0700] "GET /approved/goods/3226640038.shtm HTTP/1.1" 200 21571 "-" "Mozilla/5.0 (compatible; Googlebot/2.1; +http://www.google.com/bot.html)"
66.249.75.228 - - [15/Mar/2025:19:48:17 +0700] "GET /322529785.shtm HTTP/1.1" 200 22133 "-" "Mozilla/5.0 (compatible; Googlebot/2.1; +http://www.google.com/bot.html)"
66.249.75.228 - - [15/Mar/2025:19:48:19 +0700] "GET /apache/shopdetail/32292082693.shtm HTTP/1.1" 200 20156 "-" "Mozilla/5.0 (compatible; Googlebot/2.1; +http://www.google.com/bot.html)"
66.249.75.229 - - [15/Mar/2025:19:48:21 +0700] "GET /wing/3225182552.shtm HTTP/1.1" 200 20690 "-" "Mozilla/5.0 (compatible; Googlebot/2.1; +http://www.google.com/bot.html)"
66.249.75.229 - - [15/Mar/2025:19:48:23 +0700] "GET /ceiling/auction/32271404456.shtm HTTP/1.1" 200 21660 "-" "Mozilla/5.0 (compatible; Googlebot/2.1; +http://www.google.com/bot.html)"
180.235.151.3 - - [15/Mar/2025:19:48:25 +0700] "POST /wp-cron.php?doing_wp_cron=1742042905.5601339340209960937500 HTTP/1.1" 403 1242 "-" "WordPress/6.7.2; https://www.aturtoko.id"
185.191.171.8 - - [15/Mar/2025:19:48:22 +0700] "GET /ms/blog/category/management/page/6 HTTP/1.1" 404 3380 "-" "Mozilla/5.0 (compatible; SemrushBot/7~bl; +http://www.semrush.com/bot.html)"
66.249.75.229 - - [15/Mar/2025:19:48:29 +0700] "GET /32281564822.shtm HTTP/1.1" 200 19583 "-" "Mozilla/5.0 (compatible; Googlebot/2.1; +http://www.google.com/bot.html)"
66.249.75.228 - - [15/Mar/2025:19:50:04 +0700] "GET /3225196819.shtm HTTP/1.1" 200 21217 "-" "Mozilla/5.0 (compatible; Googlebot/2.1; +http://www.google.com/bot.html)"
66.249.75.228 - - [15/Mar/2025:19:50:04 +0700] "GET /bergen/32292292359.shtm HTTP/1.1" 200 19393 "-" "Mozilla/5.0 (compatible; Googlebot/2.1; +http://www.google.com/bot.html)"
66.249.75.228 - - [15/Mar/2025:19:50:06 +0700] "GET /32281939495.shtm HTTP/1.1" 200 22985 "-" "Mozilla/5.0 (compatible; Googlebot/2.1; +http://www.google.com/bot.html)"
66.249.75.228 - - [15/Mar/2025:19:50:09 +0700] "GET /3225259237.shtm HTTP/1.1" 200 20365 "-" "Mozilla/5.0 (compatible; Googlebot/2.1; +http://www.google.com/bot.html)"
43.153.47.201 - - [15/Mar/2025:19:50:12 +0700] "GET / HTTP/1.1" 301 0 "-" "Mozilla/5.0 (iPhone; CPU iPhone OS 13_2_3 like Mac OS X) AppleWebKit/605.1.15 (KHTML, like Gecko) Version/13.0.3 Mobile/15E148 Safari/604.1"
66.249.75.228 - - [15/Mar/2025:19:50:13 +0700] "GET /32271161784.shtm HTTP/1.1" 200 22260 "-" "Mozilla/5.0 (compatible; Googlebot/2.1; +http://www.google.com/bot.html)"
66.249.71.9 - - [15/Mar/2025:19:50:15 +0700] "GET /32271068157.shtm HTTP/1.1" 200 19765 "-" "Mozilla/5.0 (compatible; Googlebot/2.1; +http://www.google.com/bot.html)"
66.249.71.9 - - [15/Mar/2025:19:50:16 +0700] "GET /32281548613.shtm HTTP/1.1" 200 19572 "-" "Mozilla/5.0 (compatible; Googlebot/2.1; +http://www.google.com/bot.html)"
66.249.75.228 - - [15/Mar/2025:19:50:18 +0700] "GET /swimwear/good/3226631080.shtm HTTP/1.1" 200 20031 "-" "Mozilla/5.0 (compatible; Googlebot/2.1; +http://www.google.com/bot.html)"
66.249.75.228 - - [15/Mar/2025:19:50:22 +0700] "GET /gr/auction/32281703916.shtm HTTP/1.1" 200 20109 "-" "Mozilla/5.0 (compatible; Googlebot/2.1; +http://www.google.com/bot.html)"
66.249.75.228 - - [15/Mar/2025:19:50:26 +0700] "GET /census/shopdetail/3226641493.shtm HTTP/1.1" 200 21204 "-" "Mozilla/5.0 (compatible; Googlebot/2.1; +http://www.google.com/bot.html)"
120.76.195.11 - - [15/Mar/2025:19:50:32 +0700] "POST /xmlrpc.php HTTP/1.1" 403 1242 "-" "Mozilla/5.0 (X11; Fedora; Linux x86_64; rv:94.0) Gecko/20100101 Firefox/95.0"
66.249.75.228 - - [15/Mar/2025:19:50:31 +0700] "GET /squares/products/3225189324.shtm HTTP/1.1" 200 20048 "-" "Mozilla/5.0 (compatible; Googlebot/2.1; +http://www.google.com/bot.html)"
66.249.75.229 - - [15/Mar/2025:19:50:33 +0700] "GET /behavioural/good/32281577700.shtm HTTP/1.1" 200 20012 "-" "Mozilla/5.0 (compatible; Googlebot/2.1; +http://www.google.com/bot.html)"
66.249.75.228 - - [15/Mar/2025:19:50:36 +0700] "GET /appetizers/3226637721.shtm HTTP/1.1" 200 20362 "-" "Mozilla/5.0 (compatible; Googlebot/2.1; +http://www.google.com/bot.html)"
66.249.75.229 - - [15/Mar/2025:19:50:37 +0700] "GET /breastfeeding/auction/32271072836.shtm HTTP/1.1" 200 19957 "-" "Mozilla/5.0 (compatible; Googlebot/2.1; +http://www.google.com/bot.html)"
66.249.75.229 - - [15/Mar/2025:19:50:41 +0700] "GET /varying/shopdetail/32292347233.shtm HTTP/1.1" 200 19676 "-" "Mozilla/5.0 (compatible; Googlebot/2.1; +http://www.google.com/bot.html)"
45.138.100.206 - - [15/Mar/2025:19:53:29 +0700] "GET /webmail HTTP/1.1" 200 13546 "-" "Mozilla/5.0 (Windows NT 6.1; WOW64; rv:39.0) Gecko/20100101 Firefox/49.0"
180.235.151.3 - - [15/Mar/2025:19:53:34 +0700] "POST /wp-cron.php?doing_wp_cron=1742043214.1795690059661865234375 HTTP/1.1" 403 1242 "-" "WordPress/6.7.2; https://www.aturtoko.id"
45.138.100.206 - - [15/Mar/2025:19:53:29 +0700] "GET /horde HTTP/1.1" 404 3380 "-" "Mozilla/5.0 (Windows NT 6.1; WOW64; rv:39.0) Gecko/20100101 Firefox/49.0"
180.235.151.3 - - [15/Mar/2025:19:53:34 +0700] "POST /wp-cron.php?doing_wp_cron=1742043214.3976120948791503906250 HTTP/1.1" 403 1242 "-" "WordPress/6.7.2; https://www.aturtoko.id"
45.138.100.206 - - [15/Mar/2025:19:53:29 +0700] "GET /squirrel HTTP/1.1" 404 3380 "-" "Mozilla/5.0 (Windows NT 6.1; WOW64; rv:39.0) Gecko/20100101 Firefox/49.0"
180.235.151.3 - - [15/Mar/2025:19:53:34 +0700] "POST /wp-cron.php?doing_wp_cron=1742043214.8318169116973876953125 HTTP/1.1" 403 1242 "-" "WordPress/6.7.2; https://www.aturtoko.id"
45.138.100.206 - - [15/Mar/2025:19:53:29 +0700] "GET /mail HTTP/1.1" 404 3380 "-" "Mozilla/5.0 (Windows NT 6.1; WOW64; rv:39.0) Gecko/20100101 Firefox/49.0"
180.235.151.3 - - [15/Mar/2025:19:53:34 +0700] "POST /wp-cron.php?doing_wp_cron=1742043214.8568170070648193359375 HTTP/1.1" 403 1242 "-" "WordPress/6.7.2; https://www.aturtoko.id"
45.138.100.206 - - [15/Mar/2025:19:53:29 +0700] "GET /roundcube HTTP/1.1" 404 3380 "-" "Mozilla/5.0 (Windows NT 6.1; WOW64; rv:39.0) Gecko/20100101 Firefox/49.0"
180.235.151.3 - - [15/Mar/2025:19:53:34 +0700] "POST /wp-cron.php?doing_wp_cron=1742043214.8694260120391845703125 HTTP/1.1" 403 1242 "-" "WordPress/6.7.2; https://www.aturtoko.id"
45.138.100.206 - - [15/Mar/2025:19:53:29 +0700] "GET /roundcubemail HTTP/1.1" 404 3380 "-" "Mozilla/5.0 (Windows NT 6.1; WOW64; rv:39.0) Gecko/20100101 Firefox/49.0"
180.235.151.3 - - [15/Mar/2025:19:53:34 +0700] "POST /wp-cron.php?doing_wp_cron=1742043214.9282240867614746093750 HTTP/1.1" 403 1242 "-" "WordPress/6.7.2; https://www.aturtoko.id"
45.138.100.206 - - [15/Mar/2025:19:53:29 +0700] "GET /squirrelmail HTTP/1.1" 404 3380 "-" "Mozilla/5.0 (Windows NT 6.1; WOW64; rv:39.0) Gecko/20100101 Firefox/49.0"
216.244.66.248 - - [15/Mar/2025:19:53:42 +0700] "GET /robots.txt HTTP/1.1" 200 304 "-" "Mozilla/5.0 (compatible; DotBot/1.2; +https://opensiteexplorer.org/dotbot; help@moz.com)"
85.208.96.210 - - [15/Mar/2025:19:53:55 +0700] "GET /en/blog/tag/usaha/page/6 HTTP/1.1" 404 3380 "-" "Mozilla/5.0 (compatible; SemrushBot/7~bl; +http://www.semrush.com/bot.html)"
66.249.75.229 - - [15/Mar/2025:19:54:01 +0700] "GET /audit/item/3225342042.shtm HTTP/1.1" 200 19342 "-" "Mozilla/5.0 (compatible; Googlebot/2.1; +http://www.google.com/bot.html)"
66.249.75.229 - - [15/Mar/2025:19:54:04 +0700] "GET /cursor/32281788368.shtm HTTP/1.1" 200 20132 "-" "Mozilla/5.0 (compatible; Googlebot/2.1; +http://www.google.com/bot.html)"
85.208.96.195 - - [15/Mar/2025:19:56:50 +0700] "GET /ms/blog/lainnya/cara-menghadapi-kebangkruta HTTP/1.1" 404 3380 "-" "Mozilla/5.0 (compatible; SemrushBot/7~bl; +http://www.semrush.com/bot.html)"
180.235.151.3 - - [15/Mar/2025:19:59:18 +0700] "POST /wp-cron.php?doing_wp_cron=1742043558.0428080558776855468750 HTTP/1.1" 403 1242 "-" "WordPress/6.7.2; https://www.aturtoko.id"
85.208.96.212 - - [15/Mar/2025:19:59:13 +0700] "GET /en/blog/digital-marketing/apa-itu-endorse-bagaimana-cara-kerjanya-sebagai-strategi-pemasaran HTTP/1.1" 404 3380 "-" "Mozilla/5.0 (compatible; SemrushBot/7~bl; +http://www.semrush.com/bot.html)"
66.249.65.174 - - [15/Mar/2025:20:00:02 +0700] "GET /32281970920.shtm HTTP/1.1" 200 20375 "-" "Mozilla/5.0 (compatible; Googlebot/2.1; +http://www.google.com/bot.html)"
66.249.71.1 - - [15/Mar/2025:20:00:03 +0700] "GET /32271130575.shtm HTTP/1.1" 200 20804 "-" "Mozilla/5.0 (compatible; Googlebot/2.1; +http://www.google.com/bot.html)"
180.235.151.3 - - [15/Mar/2025:20:01:31 +0700] "POST /wp-cron.php?doing_wp_cron=1742043691.5736839771270751953125 HTTP/1.1" 403 1242 "-" "WordPress/6.7.2; https://www.aturtoko.id"
216.244.66.248 - - [15/Mar/2025:20:01:27 +0700] "GET /ms/blog/tag/metaverse/feed HTTP/1.1" 404 11504 "-" "Mozilla/5.0 (compatible; DotBot/1.2; +https://opensiteexplorer.org/dotbot; help@moz.com)"
66.249.65.174 - - [15/Mar/2025:20:02:27 +0700] "GET /en/blog/tag/marketplace HTTP/1.1" 200 21320 "-" "Mozilla/5.0 (Linux; Android 6.0.1; Nexus 5X Build/MMB29P) AppleWebKit/537.36 (KHTML, like Gecko) Chrome/133.0.6943.141 Mobile Safari/537.36 (compatible; Googlebot/2.1; +http://www.google.com/bot.html)"
66.249.65.160 - - [15/Mar/2025:20:02:29 +0700] "GET /32281620586.shtm HTTP/1.1" 200 21104 "-" "Mozilla/5.0 (Linux; Android 6.0.1; Nexus 5X Build/MMB29P) AppleWebKit/537.36 (KHTML, like Gecko) Chrome/133.0.6943.141 Mobile Safari/537.36 (compatible; Googlebot/2.1; +http://www.google.com/bot.html)"
66.249.65.160 - - [15/Mar/2025:20:05:06 +0700] "GET /rh/3225466076.shtm HTTP/1.1" 200 20594 "-" "Mozilla/5.0 (compatible; Googlebot/2.1; +http://www.google.com/bot.html)"
