66.249.65.174 - - [15/Mar/2025:23:51:08 +0700] "GET /biography/auction/32292341746.shtm HTTP/1.1" 200 19724 "-" "Mozilla/5.0 (compatible; Googlebot/2.1; +http://www.google.com/bot.html)"
66.249.71.1 - - [15/Mar/2025:23:51:32 +0700] "GET /erp/3226626894.shtm HTTP/1.1" 200 20769 "-" "Mozilla/5.0 (compatible; Googlebot/2.1; +http://www.google.com/bot.html)"
66.249.65.160 - - [15/Mar/2025:23:51:36 +0700] "POST /get-message-notify HTTP/1.1" 200 22058 "http://www.aturtoko.id/filled/3225261716.shtm" "Mozilla/5.0 AppleWebKit/537.36 (KHTML, like Gecko; compatible; Googlebot/2.1; +http://www.google.com/bot.html) Chrome/133.0.6943.141 Safari/537.36"
216.244.66.248 - - [15/Mar/2025:23:51:39 +0700] "GET /ms/blog/tag/keuntungan/ HTTP/1.1" 404 11504 "-" "Mozilla/5.0 (compatible; DotBot/1.2; +https://opensiteexplorer.org/dotbot; help@moz.com)"
66.249.65.174 - - [15/Mar/2025:23:51:52 +0700] "GET /bears/auction/32281921776.shtm HTTP/1.1" 200 20139 "-" "Mozilla/5.0 (compatible; Googlebot/2.1; +http://www.google.com/bot.html)"
66.249.65.174 - - [15/Mar/2025:23:51:56 +0700] "GET /complexes/3225111710.shtm HTTP/1.1" 200 22535 "-" "Mozilla/5.0 (compatible; Googlebot/2.1; +http://www.google.com/bot.html)"
66.249.71.9 - - [15/Mar/2025:23:51:58 +0700] "GET /32281687456.shtm HTTP/1.1" 200 20243 "-" "Mozilla/5.0 (compatible; Googlebot/2.1; +http://www.google.com/bot.html)"
66.249.65.174 - - [15/Mar/2025:23:52:04 +0700] "GET /3226523432.shtm HTTP/1.1" 200 19458 "-" "Mozilla/5.0 (compatible; Googlebot/2.1; +http://www.google.com/bot.html)"
66.249.65.160 - - [15/Mar/2025:23:52:09 +0700] "GET /3225103462.shtm HTTP/1.1" 200 20335 "-" "Mozilla/5.0 (compatible; Googlebot/2.1; +http://www.google.com/bot.html)"
66.249.65.160 - - [15/Mar/2025:23:52:10 +0700] "GET /3225117160.shtm HTTP/1.1" 200 19717 "-" "Mozilla/5.0 (compatible; Googlebot/2.1; +http://www.google.com/bot.html)"
66.249.65.174 - - [15/Mar/2025:23:52:19 +0700] "GET /3225111706.shtm HTTP/1.1" 200 20309 "-" "Mozilla/5.0 (compatible; Googlebot/2.1; +http://www.google.com/bot.html)"
66.249.65.174 - - [15/Mar/2025:23:52:20 +0700] "GET /eddie/32271425740.shtm HTTP/1.1" 200 19448 "-" "Mozilla/5.0 (compatible; Googlebot/2.1; +http://www.google.com/bot.html)"
66.249.65.160 - - [15/Mar/2025:23:52:27 +0700] "GET /anger/32271005770.shtm HTTP/1.1" 200 19564 "-" "Mozilla/5.0 (compatible; Googlebot/2.1; +http://www.google.com/bot.html)"
66.249.65.174 - - [15/Mar/2025:23:52:32 +0700] "GET /rowe/3226654290.shtm HTTP/1.1" 200 19552 "-" "Mozilla/5.0 (compatible; Googlebot/2.1; +http://www.google.com/bot.html)"
66.249.65.160 - - [15/Mar/2025:23:52:40 +0700] "GET /jigsaw/goods/3225111678.shtm HTTP/1.1" 200 19727 "-" "Mozilla/5.0 (compatible; Googlebot/2.1; +http://www.google.com/bot.html)"
66.249.65.174 - - [15/Mar/2025:23:52:40 +0700] "GET /cracker/products/32281935474.shtm HTTP/1.1" 200 22199 "-" "Mozilla/5.0 (compatible; Googlebot/2.1; +http://www.google.com/bot.html)"
66.249.65.174 - - [15/Mar/2025:23:52:47 +0700] "GET /passes/products/32271164024.shtm HTTP/1.1" 200 19773 "-" "Mozilla/5.0 (compatible; Googlebot/2.1; +http://www.google.com/bot.html)"
66.249.65.161 - - [15/Mar/2025:23:52:51 +0700] "GET /pioneering/item/3226757752.shtm HTTP/1.1" 200 22185 "-" "Mozilla/5.0 (compatible; Googlebot/2.1; +http://www.google.com/bot.html)"
66.249.65.161 - - [15/Mar/2025:23:52:57 +0700] "GET /32292458906.shtm HTTP/1.1" 200 21666 "-" "Mozilla/5.0 (compatible; Googlebot/2.1; +http://www.google.com/bot.html)"
66.249.71.1 - - [15/Mar/2025:23:53:02 +0700] "GET /tds/32281818314.shtm HTTP/1.1" 200 20781 "-" "Mozilla/5.0 (compatible; Googlebot/2.1; +http://www.google.com/bot.html)"
66.249.65.160 - - [15/Mar/2025:23:53:03 +0700] "GET /3225111718.shtm HTTP/1.1" 200 21683 "-" "Mozilla/5.0 (compatible; Googlebot/2.1; +http://www.google.com/bot.html)"
66.249.65.174 - - [15/Mar/2025:23:53:09 +0700] "GET /evan/shopdetail/3225111573.shtm HTTP/1.1" 200 21697 "-" "Mozilla/5.0 (compatible; Googlebot/2.1; +http://www.google.com/bot.html)"
66.249.71.1 - - [15/Mar/2025:23:53:10 +0700] "POST /get-message-notify HTTP/1.1" 200 22058 "http://www.aturtoko.id/pioneering/item/3226757752.shtm" "Mozilla/5.0 AppleWebKit/537.36 (KHTML, like Gecko; compatible; Googlebot/2.1; +http://www.google.com/bot.html) Chrome/133.0.6943.141 Safari/537.36"
66.249.65.174 - - [15/Mar/2025:23:53:15 +0700] "GET /vehicles/3225220622.shtm HTTP/1.1" 200 22143 "-" "Mozilla/5.0 (compatible; Googlebot/2.1; +http://www.google.com/bot.html)"
66.249.71.9 - - [15/Mar/2025:23:53:17 +0700] "GET /ish/goods/32271136628.shtm HTTP/1.1" 200 20960 "-" "Mozilla/5.0 (compatible; Googlebot/2.1; +http://www.google.com/bot.html)"
180.235.151.3 - - [15/Mar/2025:23:53:19 +0700] "POST /wp-cron.php?doing_wp_cron=1742057599.7045209407806396484375 HTTP/1.1" 403 1242 "-" "WordPress/6.7.2; https://www.aturtoko.id"
216.244.66.248 - - [15/Mar/2025:23:53:15 +0700] "GET /en/blog/kewirausahaan/investasi/mengenal-jenis-jenis-investasi-dan-cara-mengelolanya/ HTTP/1.1" 404 11504 "-" "Mozilla/5.0 (compatible; DotBot/1.2; +https://opensiteexplorer.org/dotbot; help@moz.com)"
66.249.65.174 - - [15/Mar/2025:23:53:24 +0700] "GET /grade/products/3225259974.shtm HTTP/1.1" 200 19694 "-" "Mozilla/5.0 (compatible; Googlebot/2.1; +http://www.google.com/bot.html)"
66.249.71.9 - - [15/Mar/2025:23:53:28 +0700] "GET /greater/auction/3226639936.shtm HTTP/1.1" 200 19757 "-" "Mozilla/5.0 (compatible; Googlebot/2.1; +http://www.google.com/bot.html)"
66.249.71.1 - - [15/Mar/2025:23:53:33 +0700] "GET /vacation/good/3225399960.shtm HTTP/1.1" 200 21401 "-" "Mozilla/5.0 (compatible; Googlebot/2.1; +http://www.google.com/bot.html)"
66.249.65.160 - - [15/Mar/2025:23:53:38 +0700] "GET /expected/item/3225279972.shtm HTTP/1.1" 200 19415 "-" "Mozilla/5.0 (compatible; Googlebot/2.1; +http://www.google.com/bot.html)"
66.249.65.160 - - [15/Mar/2025:23:53:48 +0700] "GET /completed/products/3225359964.shtm HTTP/1.1" 200 19123 "-" "Mozilla/5.0 (compatible; Googlebot/2.1; +http://www.google.com/bot.html)"
66.249.65.174 - - [15/Mar/2025:23:53:58 +0700] "GET /anguilla/shopdetail/3225269973.shtm HTTP/1.1" 200 21798 "-" "Mozilla/5.0 (compatible; Googlebot/2.1; +http://www.google.com/bot.html)"
66.249.65.174 - - [15/Mar/2025:23:54:04 +0700] "GET /turnout/merchandises/3226657015.shtm HTTP/1.1" 200 20437 "-" "Mozilla/5.0 (compatible; Googlebot/2.1; +http://www.google.com/bot.html)"
66.249.65.174 - - [15/Mar/2025:23:54:12 +0700] "GET /vehicle/item/3225179982.shtm HTTP/1.1" 200 22145 "-" "Mozilla/5.0 (compatible; Googlebot/2.1; +http://www.google.com/bot.html)"
66.249.65.174 - - [15/Mar/2025:23:54:21 +0700] "GET /session/products/3225459954.shtm HTTP/1.1" 200 22197 "-" "Mozilla/5.0 (compatible; Googlebot/2.1; +http://www.google.com/bot.html)"
66.249.65.174 - - [15/Mar/2025:23:54:27 +0700] "GET /academic/item/3225379962.shtm HTTP/1.1" 200 20971 "-" "Mozilla/5.0 (compatible; Googlebot/2.1; +http://www.google.com/bot.html)"
66.249.65.160 - - [15/Mar/2025:23:54:31 +0700] "GET /satisfying/product/32259999.shtm HTTP/1.1" 200 19493 "-" "Mozilla/5.0 (compatible; Googlebot/2.1; +http://www.google.com/bot.html)"
66.249.71.9 - - [15/Mar/2025:23:54:36 +0700] "GET /premiums/merchandises/3226549945.shtm HTTP/1.1" 200 19684 "-" "Mozilla/5.0 (compatible; Googlebot/2.1; +http://www.google.com/bot.html)"
66.249.71.9 - - [15/Mar/2025:23:54:37 +0700] "GET /unlocking/products/3226656394.shtm HTTP/1.1" 200 20620 "-" "Mozilla/5.0 (compatible; Googlebot/2.1; +http://www.google.com/bot.html)"
66.249.65.161 - - [15/Mar/2025:23:54:44 +0700] "GET /pacific/auction/3225239976.shtm HTTP/1.1" 200 20290 "-" "Mozilla/5.0 (compatible; Googlebot/2.1; +http://www.google.com/bot.html)"
66.249.65.174 - - [15/Mar/2025:23:54:49 +0700] "GET /ornamental/3226658115.shtm HTTP/1.1" 200 21063 "-" "Mozilla/5.0 (compatible; Googlebot/2.1; +http://www.google.com/bot.html)"
66.249.65.160 - - [15/Mar/2025:23:54:54 +0700] "GET /ideally/shopping/3225429957.shtm HTTP/1.1" 200 20106 "-" "Mozilla/5.0 (compatible; Googlebot/2.1; +http://www.google.com/bot.html)"
66.249.65.160 - - [15/Mar/2025:23:54:55 +0700] "GET /attr/product/3226658179.shtm HTTP/1.1" 200 20079 "-" "Mozilla/5.0 (compatible; Googlebot/2.1; +http://www.google.com/bot.html)"
66.249.65.162 - - [15/Mar/2025:23:55:01 +0700] "GET /splash/product/3225409959.shtm HTTP/1.1" 200 19634 "-" "Mozilla/5.0 (compatible; Googlebot/2.1; +http://www.google.com/bot.html)"
66.249.65.174 - - [15/Mar/2025:23:55:09 +0700] "GET /alle/commoditys/3225189981.shtm HTTP/1.1" 200 19537 "-" "Mozilla/5.0 (compatible; Googlebot/2.1; +http://www.google.com/bot.html)"
66.249.65.174 - - [15/Mar/2025:23:55:10 +0700] "GET /sgt/shopping/3225329967.shtm HTTP/1.1" 200 19833 "-" "Mozilla/5.0 (compatible; Googlebot/2.1; +http://www.google.com/bot.html)"
66.249.71.9 - - [15/Mar/2025:23:55:17 +0700] "GET /mary/good/3225299970.shtm HTTP/1.1" 200 20700 "-" "Mozilla/5.0 (compatible; Googlebot/2.1; +http://www.google.com/bot.html)"
66.249.71.1 - - [15/Mar/2025:23:55:18 +0700] "GET /activist/shopping/322529997.shtm HTTP/1.1" 200 20033 "-" "Mozilla/5.0 (compatible; Googlebot/2.1; +http://www.google.com/bot.html)"
66.249.65.160 - - [15/Mar/2025:23:55:25 +0700] "GET /superman/shopdetail/3225469953.shtm HTTP/1.1" 200 20966 "-" "Mozilla/5.0 (compatible; Googlebot/2.1; +http://www.google.com/bot.html)"
66.249.65.174 - - [15/Mar/2025:23:55:31 +0700] "GET /3226656563.shtm HTTP/1.1" 200 21036 "-" "Mozilla/5.0 (compatible; Googlebot/2.1; +http://www.google.com/bot.html)"
66.249.71.9 - - [15/Mar/2025:23:55:38 +0700] "GET /illustrates/product/3225109989.shtm HTTP/1.1" 200 19392 "-" "Mozilla/5.0 (compatible; Googlebot/2.1; +http://www.google.com/bot.html)"
66.249.65.160 - - [15/Mar/2025:23:55:40 +0700] "POST /get-message-notify HTTP/1.1" 200 22058 "http://www.aturtoko.id/superman/shopdetail/3225469953.shtm" "Mozilla/5.0 AppleWebKit/537.36 (KHTML, like Gecko; compatible; Googlebot/2.1; +http://www.google.com/bot.html) Chrome/133.0.6943.141 Safari/537.36"
66.249.65.160 - - [15/Mar/2025:23:55:49 +0700] "GET /mutation/shopping/3225229977.shtm HTTP/1.1" 200 20182 "-" "Mozilla/5.0 (compatible; Googlebot/2.1; +http://www.google.com/bot.html)"
66.249.65.162 - - [15/Mar/2025:23:56:00 +0700] "GET /iraq/auction/322539996.shtm HTTP/1.1" 200 19664 "-" "Mozilla/5.0 (compatible; Googlebot/2.1; +http://www.google.com/bot.html)"
66.249.65.174 - - [15/Mar/2025:23:56:14 +0700] "GET /rue/merchandises/3225149985.shtm HTTP/1.1" 200 19294 "-" "Mozilla/5.0 (compatible; Googlebot/2.1; +http://www.google.com/bot.html)"
66.249.65.174 - - [15/Mar/2025:23:56:15 +0700] "GET /gran/product/3225309969.shtm HTTP/1.1" 200 19860 "-" "Mozilla/5.0 (compatible; Googlebot/2.1; +http://www.google.com/bot.html)"
66.249.65.174 - - [15/Mar/2025:23:56:21 +0700] "GET /publication/goods/3226519948.shtm HTTP/1.1" 200 19438 "-" "Mozilla/5.0 (compatible; Googlebot/2.1; +http://www.google.com/bot.html)"
66.249.65.174 - - [15/Mar/2025:23:56:27 +0700] "GET /organizations/goods/3225219978.shtm HTTP/1.1" 200 20211 "-" "Mozilla/5.0 (compatible; Googlebot/2.1; +http://www.google.com/bot.html)"
66.249.65.160 - - [15/Mar/2025:23:56:29 +0700] "GET /nickelback/shopping/3226629937.shtm HTTP/1.1" 200 19525 "-" "Mozilla/5.0 (compatible; Googlebot/2.1; +http://www.google.com/bot.html)"
66.249.65.174 - - [15/Mar/2025:23:56:35 +0700] "POST /get-message-notify HTTP/1.1" 200 22058 "http://www.aturtoko.id/publication/goods/3226519948.shtm" "Mozilla/5.0 AppleWebKit/537.36 (KHTML, like Gecko; compatible; Googlebot/2.1; +http://www.google.com/bot.html) Chrome/133.0.6943.141 Safari/537.36"
66.249.65.160 - - [15/Mar/2025:23:56:37 +0700] "GET /develop/goods/3226619938.shtm HTTP/1.1" 200 19772 "-" "Mozilla/5.0 (compatible; Googlebot/2.1; +http://www.google.com/bot.html)"
66.249.65.161 - - [15/Mar/2025:23:56:44 +0700] "GET /muller/3226656141.shtm HTTP/1.1" 200 22226 "-" "Mozilla/5.0 (compatible; Googlebot/2.1; +http://www.google.com/bot.html)"
66.249.65.160 - - [15/Mar/2025:23:56:45 +0700] "GET /filter/good/3225199980.shtm HTTP/1.1" 200 19895 "-" "Mozilla/5.0 (compatible; Googlebot/2.1; +http://www.google.com/bot.html)"
66.249.65.160 - - [15/Mar/2025:23:56:53 +0700] "GET /perkins/merchandises/3225449955.shtm HTTP/1.1" 200 20647 "-" "Mozilla/5.0 (compatible; Googlebot/2.1; +http://www.google.com/bot.html)"
66.249.65.162 - - [15/Mar/2025:23:56:58 +0700] "GET /hedge/commoditys/3225289971.shtm HTTP/1.1" 200 20845 "-" "Mozilla/5.0 (compatible; Googlebot/2.1; +http://www.google.com/bot.html)"
66.249.65.161 - - [15/Mar/2025:23:57:03 +0700] "GET /violet/merchandises/3225249975.shtm HTTP/1.1" 200 21507 "-" "Mozilla/5.0 (compatible; Googlebot/2.1; +http://www.google.com/bot.html)"
66.249.65.174 - - [15/Mar/2025:23:57:05 +0700] "GET /consider/products/3225159984.shtm HTTP/1.1" 200 20482 "-" "Mozilla/5.0 (compatible; Googlebot/2.1; +http://www.google.com/bot.html)"
66.249.71.9 - - [15/Mar/2025:23:57:12 +0700] "GET /van/item/3225479952.shtm HTTP/1.1" 200 20304 "-" "Mozilla/5.0 (compatible; Googlebot/2.1; +http://www.google.com/bot.html)"
66.249.65.174 - - [15/Mar/2025:23:57:17 +0700] "GET /3226656269.shtm HTTP/1.1" 200 19769 "-" "Mozilla/5.0 (compatible; Googlebot/2.1; +http://www.google.com/bot.html)"
66.249.65.174 - - [15/Mar/2025:23:57:23 +0700] "GET /german/good/322599990.shtm HTTP/1.1" 200 19712 "-" "Mozilla/5.0 (compatible; Googlebot/2.1; +http://www.google.com/bot.html)"
66.249.65.174 - - [15/Mar/2025:23:57:28 +0700] "GET /envelopes/product/3225209979.shtm HTTP/1.1" 200 19987 "-" "Mozilla/5.0 (compatible; Googlebot/2.1; +http://www.google.com/bot.html)"
66.249.65.160 - - [15/Mar/2025:23:57:31 +0700] "GET /urn/products/3226656934.shtm HTTP/1.1" 200 20594 "-" "Mozilla/5.0 (compatible; Googlebot/2.1; +http://www.google.com/bot.html)"
66.249.65.160 - - [15/Mar/2025:23:57:36 +0700] "GET /resolution/products/3226559944.shtm HTTP/1.1" 200 21851 "-" "Mozilla/5.0 (compatible; Googlebot/2.1; +http://www.google.com/bot.html)"
66.249.65.160 - - [15/Mar/2025:23:57:46 +0700] "GET /3226656389.shtm HTTP/1.1" 200 19740 "-" "Mozilla/5.0 (compatible; Googlebot/2.1; +http://www.google.com/bot.html)"
66.249.71.1 - - [15/Mar/2025:23:57:52 +0700] "GET /guest/auction/3226539946.shtm HTTP/1.1" 200 20158 "-" "Mozilla/5.0 (compatible; Googlebot/2.1; +http://www.google.com/bot.html)"
66.249.65.174 - - [15/Mar/2025:23:58:11 +0700] "GET /saga/shopdetail/3225369963.shtm HTTP/1.1" 200 20857 "-" "Mozilla/5.0 (compatible; Googlebot/2.1; +http://www.google.com/bot.html)"
66.249.65.174 - - [15/Mar/2025:23:58:16 +0700] "GET /terre/auction/3226656736.shtm HTTP/1.1" 200 20716 "-" "Mozilla/5.0 (compatible; Googlebot/2.1; +http://www.google.com/bot.html)"
66.249.65.160 - - [15/Mar/2025:23:58:19 +0700] "GET /milling/product/3226656829.shtm HTTP/1.1" 200 19867 "-" "Mozilla/5.0 (compatible; Googlebot/2.1; +http://www.google.com/bot.html)"
66.249.65.174 - - [15/Mar/2025:23:58:24 +0700] "GET /northern/auction/3225139986.shtm HTTP/1.1" 200 19549 "-" "Mozilla/5.0 (compatible; Googlebot/2.1; +http://www.google.com/bot.html)"
66.249.65.160 - - [15/Mar/2025:23:58:31 +0700] "GET /relations/good/3225499950.shtm HTTP/1.1" 200 21942 "-" "Mozilla/5.0 (compatible; Googlebot/2.1; +http://www.google.com/bot.html)"
66.249.65.174 - - [15/Mar/2025:23:58:35 +0700] "GET /boyd/product/3226709929.shtm HTTP/1.1" 200 19987 "-" "Mozilla/5.0 (compatible; Googlebot/2.1; +http://www.google.com/bot.html)"
66.249.65.161 - - [15/Mar/2025:23:58:40 +0700] "GET /hitler/shopdetail/3225169983.shtm HTTP/1.1" 200 19567 "-" "Mozilla/5.0 (compatible; Googlebot/2.1; +http://www.google.com/bot.html)"
66.249.65.161 - - [15/Mar/2025:23:58:42 +0700] "GET /processing/item/3226579942.shtm HTTP/1.1" 200 21943 "-" "Mozilla/5.0 (compatible; Googlebot/2.1; +http://www.google.com/bot.html)"
66.249.65.174 - - [15/Mar/2025:23:58:48 +0700] "GET /pga/shopdetail/322569993.shtm HTTP/1.1" 200 20327 "-" "Mozilla/5.0 (compatible; Googlebot/2.1; +http://www.google.com/bot.html)"
66.249.65.160 - - [15/Mar/2025:23:58:54 +0700] "GET /inst/merchandises/3226649935.shtm HTTP/1.1" 200 19635 "-" "Mozilla/5.0 (compatible; Googlebot/2.1; +http://www.google.com/bot.html)"
66.249.71.3 - - [15/Mar/2025:23:58:58 +0700] "GET /artists/good/3226599940.shtm HTTP/1.1" 200 20973 "-" "Mozilla/5.0 (compatible; Googlebot/2.1; +http://www.google.com/bot.html)"
66.249.65.162 - - [15/Mar/2025:23:59:01 +0700] "GET /graphics/auction/3225339966.shtm HTTP/1.1" 200 21722 "-" "Mozilla/5.0 (compatible; Googlebot/2.1; +http://www.google.com/bot.html)"
66.249.71.1 - - [15/Mar/2025:23:59:09 +0700] "GET /mb/goods/3226719928.shtm HTTP/1.1" 200 21328 "-" "Mozilla/5.0 (compatible; Googlebot/2.1; +http://www.google.com/bot.html)"
66.249.71.9 - - [15/Mar/2025:23:59:14 +0700] "GET /negotiating/product/3226609939.shtm HTTP/1.1" 200 19514 "-" "Mozilla/5.0 (compatible; Googlebot/2.1; +http://www.google.com/bot.html)"
66.249.65.174 - - [15/Mar/2025:23:59:19 +0700] "GET /pier/commoditys/3226589941.shtm HTTP/1.1" 200 19772 "-" "Mozilla/5.0 (compatible; Googlebot/2.1; +http://www.google.com/bot.html)"
66.249.71.9 - - [15/Mar/2025:23:59:24 +0700] "GET /syllabus/product/3226509949.shtm HTTP/1.1" 200 20667 "-" "Mozilla/5.0 (compatible; Googlebot/2.1; +http://www.google.com/bot.html)"
66.249.65.174 - - [15/Mar/2025:23:59:25 +0700] "GET /wondered/shopping/3226729927.shtm HTTP/1.1" 200 21477 "-" "Mozilla/5.0 (compatible; Googlebot/2.1; +http://www.google.com/bot.html)"
66.249.65.160 - - [15/Mar/2025:23:59:47 +0700] "GET /football/good/3226699930.shtm HTTP/1.1" 200 19607 "-" "Mozilla/5.0 (compatible; Googlebot/2.1; +http://www.google.com/bot.html)"
66.249.65.174 - - [16/Mar/2025:00:00:03 +0700] "GET /curry/commoditys/322589991.shtm HTTP/1.1" 200 21446 "-" "Mozilla/5.0 (compatible; Googlebot/2.1; +http://www.google.com/bot.html)"
66.249.71.1 - - [16/Mar/2025:00:00:08 +0700] "GET /default/products/322559994.shtm HTTP/1.1" 200 19768 "-" "Mozilla/5.0 (compatible; Googlebot/2.1; +http://www.google.com/bot.html)"
66.249.65.174 - - [16/Mar/2025:00:00:13 +0700] "GET /funds/products/3226659934.shtm HTTP/1.1" 200 22040 "-" "Mozilla/5.0 (compatible; Googlebot/2.1; +http://www.google.com/bot.html)"
66.249.65.174 - - [16/Mar/2025:00:00:14 +0700] "GET /prev/goods/3225319968.shtm HTTP/1.1" 200 21817 "-" "Mozilla/5.0 (compatible; Googlebot/2.1; +http://www.google.com/bot.html)"
103.159.239.202 - - [16/Mar/2025:00:00:17 +0700] "POST /xmlrpc.php HTTP/1.1" 403 1242 "-" "Mozilla/5.0 (X11; Fedora; Linux x86_64; rv:94.0) Gecko/20100101 Firefox/95.0"
66.249.65.174 - - [16/Mar/2025:00:00:23 +0700] "GET /chairperson/commoditys/3225389961.shtm HTTP/1.1" 200 20065 "-" "Mozilla/5.0 (compatible; Googlebot/2.1; +http://www.google.com/bot.html)"
66.249.65.174 - - [16/Mar/2025:00:00:24 +0700] "GET /leverage/merchandises/3225349965.shtm HTTP/1.1" 200 21946 "-" "Mozilla/5.0 (compatible; Googlebot/2.1; +http://www.google.com/bot.html)"
66.249.65.174 - - [16/Mar/2025:00:00:32 +0700] "GET /panel/goods/3225119988.shtm HTTP/1.1" 200 19708 "-" "Mozilla/5.0 (compatible; Googlebot/2.1; +http://www.google.com/bot.html)"
66.249.71.1 - - [16/Mar/2025:00:00:38 +0700] "GET /3226658180.shtm HTTP/1.1" 200 20680 "-" "Mozilla/5.0 (compatible; Googlebot/2.1; +http://www.google.com/bot.html)"
66.249.71.1 - - [16/Mar/2025:00:00:43 +0700] "GET /photography/auction/3225439956.shtm HTTP/1.1" 200 19561 "-" "Mozilla/5.0 (compatible; Googlebot/2.1; +http://www.google.com/bot.html)"
66.249.65.160 - - [16/Mar/2025:00:00:45 +0700] "GET /preparations/shopping/3225129987.shtm HTTP/1.1" 200 19967 "-" "Mozilla/5.0 (compatible; Googlebot/2.1; +http://www.google.com/bot.html)"
157.55.39.49 - - [16/Mar/2025:00:00:59 +0700] "GET /ms/blog/category/management HTTP/1.1" 200 21628 "-" "Mozilla/5.0 AppleWebKit/537.36 (KHTML, like Gecko; compatible; bingbot/2.0; +http://www.bing.com/bingbot.htm) Chrome/116.0.1938.76 Safari/537.36"
66.249.65.174 - - [16/Mar/2025:00:01:00 +0700] "GET /descriptive/shopdetail/3226669933.shtm HTTP/1.1" 200 20694 "-" "Mozilla/5.0 (compatible; Googlebot/2.1; +http://www.google.com/bot.html)"
66.249.65.174 - - [16/Mar/2025:00:01:13 +0700] "GET /nazi/shopdetail/3226569943.shtm HTTP/1.1" 200 21338 "-" "Mozilla/5.0 (compatible; Googlebot/2.1; +http://www.google.com/bot.html)"
66.249.71.1 - - [16/Mar/2025:00:01:25 +0700] "GET /pearls/merchandises/322549995.shtm HTTP/1.1" 200 20002 "-" "Mozilla/5.0 (compatible; Googlebot/2.1; +http://www.google.com/bot.html)"
66.249.65.160 - - [16/Mar/2025:00:01:30 +0700] "GET /fees/goods/3225419958.shtm HTTP/1.1" 200 20224 "-" "Mozilla/5.0 (compatible; Googlebot/2.1; +http://www.google.com/bot.html)"
66.249.65.174 - - [16/Mar/2025:00:01:36 +0700] "GET /outdoor/goods/322519998.shtm HTTP/1.1" 200 19581 "-" "Mozilla/5.0 (compatible; Googlebot/2.1; +http://www.google.com/bot.html)"
66.249.65.174 - - [16/Mar/2025:00:01:38 +0700] "GET /arrays/shopping/3226529947.shtm HTTP/1.1" 200 20636 "-" "Mozilla/5.0 (compatible; Googlebot/2.1; +http://www.google.com/bot.html)"
66.249.65.161 - - [16/Mar/2025:00:01:47 +0700] "GET /fellows/commoditys/3225489951.shtm HTTP/1.1" 200 20141 "-" "Mozilla/5.0 (compatible; Googlebot/2.1; +http://www.google.com/bot.html)"
66.249.71.2 - - [16/Mar/2025:00:01:48 +0700] "GET /match/item/322579992.shtm HTTP/1.1" 200 19427 "-" "Mozilla/5.0 (compatible; Googlebot/2.1; +http://www.google.com/bot.html)"
180.235.151.3 - - [16/Mar/2025:00:02:01 +0700] "POST /wp-cron.php?doing_wp_cron=1742058121.6341660022735595703125 HTTP/1.1" 403 1242 "-" "WordPress/6.7.2; https://www.aturtoko.id"
216.244.66.248 - - [16/Mar/2025:00:01:57 +0700] "GET /ms/blog/category/digital-marketing/page/4 HTTP/1.1" 404 11504 "-" "Mozilla/5.0 (compatible; DotBot/1.2; +https://opensiteexplorer.org/dotbot; help@moz.com)"
66.249.65.174 - - [16/Mar/2025:00:02:07 +0700] "POST /get-message-notify HTTP/1.1" 200 22058 "http://www.aturtoko.id/fees/goods/3225419958.shtm" "Mozilla/5.0 AppleWebKit/537.36 (KHTML, like Gecko; compatible; Googlebot/2.1; +http://www.google.com/bot.html) Chrome/133.0.6943.141 Safari/537.36"
66.249.65.174 - - [16/Mar/2025:00:02:12 +0700] "POST /get-message-notify HTTP/1.1" 200 22058 "http://www.aturtoko.id/panel/goods/3225119988.shtm" "Mozilla/5.0 AppleWebKit/537.36 (KHTML, like Gecko; compatible; Googlebot/2.1; +http://www.google.com/bot.html) Chrome/133.0.6943.141 Safari/537.36"
216.244.66.248 - - [16/Mar/2025:00:12:50 +0700] "GET /robots.txt HTTP/1.1" 200 304 "-" "Mozilla/5.0 (compatible; DotBot/1.2; +https://opensiteexplorer.org/dotbot; help@moz.com)"
180.235.151.3 - - [16/Mar/2025:00:17:03 +0700] "POST /wp-cron.php?doing_wp_cron=1742059023.2721788883209228515625 HTTP/1.1" 403 1242 "-" "WordPress/6.7.2; https://www.aturtoko.id"
216.244.66.248 - - [16/Mar/2025:00:17:01 +0700] "GET /en/blog/lainnya/hot-porn-movies-download HTTP/1.1" 404 11504 "-" "Mozilla/5.0 (compatible; DotBot/1.2; +https://opensiteexplorer.org/dotbot; help@moz.com)"
180.235.151.3 - - [16/Mar/2025:00:20:04 +0700] "POST /wp-cron.php?doing_wp_cron=1742059204.0154049396514892578125 HTTP/1.1" 403 1242 "-" "WordPress/6.7.2; https://www.aturtoko.id"
216.244.66.248 - - [16/Mar/2025:00:20:00 +0700] "GET /en/blog/digital-marketing/5-hal-yang-perlu-anda-tahu-tentang-social-commerce HTTP/1.1" 404 11504 "-" "Mozilla/5.0 (compatible; DotBot/1.2; +https://opensiteexplorer.org/dotbot; help@moz.com)"
216.244.66.248 - - [16/Mar/2025:00:20:43 +0700] "GET /en/blog/management/marketing/mengenal-lebih-jauh-pengertian-manfaat-dan-apa-fungsi-iklan/ HTTP/1.1" 404 11504 "-" "Mozilla/5.0 (compatible; DotBot/1.2; +https://opensiteexplorer.org/dotbot; help@moz.com)"
180.235.151.3 - - [16/Mar/2025:00:21:39 +0700] "POST /wp-cron.php?doing_wp_cron=1742059299.5839259624481201171875 HTTP/1.1" 403 1242 "-" "WordPress/6.7.2; https://www.aturtoko.id"
178.128.95.230 - - [16/Mar/2025:00:21:37 +0700] "GET / HTTP/1.1" 301 0 "-" "python-requests/2.32.3"
216.244.66.248 - - [16/Mar/2025:00:21:50 +0700] "GET /ms/blog/management/marketing/branding-dalam-bisnis-pengertian-manfaat-unsur-dan-strateginya HTTP/1.1" 404 11504 "-" "Mozilla/5.0 (compatible; DotBot/1.2; +https://opensiteexplorer.org/dotbot; help@moz.com)"
180.235.151.3 - - [16/Mar/2025:00:23:08 +0700] "POST /wp-cron.php?doing_wp_cron=1742059388.8540880680084228515625 HTTP/1.1" 403 1242 "-" "WordPress/6.7.2; https://www.aturtoko.id"
216.244.66.248 - - [16/Mar/2025:00:23:04 +0700] "GET /en/blog/tag/izin-komersial HTTP/1.1" 404 11504 "-" "Mozilla/5.0 (compatible; DotBot/1.2; +https://opensiteexplorer.org/dotbot; help@moz.com)"
180.235.151.3 - - [16/Mar/2025:00:26:10 +0700] "POST /wp-cron.php?doing_wp_cron=1742059570.5992939472198486328125 HTTP/1.1" 403 1242 "-" "WordPress/6.7.2; https://www.aturtoko.id"
216.244.66.248 - - [16/Mar/2025:00:26:06 +0700] "GET /ms/blog/tag/penjualan/page/3 HTTP/1.1" 404 11504 "-" "Mozilla/5.0 (compatible; DotBot/1.2; +https://opensiteexplorer.org/dotbot; help@moz.com)"
180.235.151.3 - - [16/Mar/2025:00:29:56 +0700] "POST /wp-cron.php?doing_wp_cron=1742059796.3167080879211425781250 HTTP/1.1" 403 1242 "-" "WordPress/6.7.2; https://www.aturtoko.id"
216.244.66.248 - - [16/Mar/2025:00:29:52 +0700] "GET /en/blog/tag/agar-toko-online-ramai/feed HTTP/1.1" 404 11504 "-" "Mozilla/5.0 (compatible; DotBot/1.2; +https://opensiteexplorer.org/dotbot; help@moz.com)"
216.244.66.248 - - [16/Mar/2025:00:30:10 +0700] "GET /en/blog/tag/entrepreneurship/ HTTP/1.1" 404 11504 "-" "Mozilla/5.0 (compatible; DotBot/1.2; +https://opensiteexplorer.org/dotbot; help@moz.com)"
216.244.66.248 - - [16/Mar/2025:00:30:29 +0700] "GET /en/blog/tag/umkm/ HTTP/1.1" 404 11504 "-" "Mozilla/5.0 (compatible; DotBot/1.2; +https://opensiteexplorer.org/dotbot; help@moz.com)"
216.244.66.248 - - [16/Mar/2025:00:30:51 +0700] "GET /ms/blog/tag/branding-bisnis/feed HTTP/1.1" 404 11504 "-" "Mozilla/5.0 (compatible; DotBot/1.2; +https://opensiteexplorer.org/dotbot; help@moz.com)"
180.235.151.3 - - [16/Mar/2025:00:31:15 +0700] "POST /wp-cron.php?doing_wp_cron=1742059875.2016789913177490234375 HTTP/1.1" 403 1242 "-" "WordPress/6.7.2; https://www.aturtoko.id"
216.244.66.248 - - [16/Mar/2025:00:31:11 +0700] "GET /ms/blog/tag/untung/feed HTTP/1.1" 404 11504 "-" "Mozilla/5.0 (compatible; DotBot/1.2; +https://opensiteexplorer.org/dotbot; help@moz.com)"
216.244.66.248 - - [16/Mar/2025:00:31:26 +0700] "GET /en/blog/digital-marketing/5-hal-yang-perlu-anda-tahu-tentang-social-commerce/ HTTP/1.1" 404 11504 "-" "Mozilla/5.0 (compatible; DotBot/1.2; +https://opensiteexplorer.org/dotbot; help@moz.com)"
216.244.66.248 - - [16/Mar/2025:00:31:44 +0700] "GET /ms/blog/digital-marketing/memahami-strategi-omnichannel-marketing-dan-pentingnya-bagi-bisnis/ HTTP/1.1" 404 11504 "-" "Mozilla/5.0 (compatible; DotBot/1.2; +https://opensiteexplorer.org/dotbot; help@moz.com)"
66.249.65.174 - - [16/Mar/2025:00:34:13 +0700] "GET /en/blog/kewirausahaan/business-opportunity/8-contoh-peluang-usaha-yang-menjanjikan-dengan-modal-kecil HTTP/1.1" 200 21440 "-" "Mozilla/5.0 (Linux; Android 6.0.1; Nexus 5X Build/MMB29P) AppleWebKit/537.36 (KHTML, like Gecko) Chrome/133.0.6943.141 Mobile Safari/537.36 (compatible; Googlebot/2.1; +http://www.google.com/bot.html)"
180.235.151.3 - - [16/Mar/2025:00:34:45 +0700] "POST /wp-cron.php?doing_wp_cron=1742060085.2907071113586425781250 HTTP/1.1" 403 1242 "-" "WordPress/6.7.2; https://www.aturtoko.id"
216.244.66.248 - - [16/Mar/2025:00:34:41 +0700] "GET /en/blog/category/manajemen-bisnis/page/3/ HTTP/1.1" 404 11504 "-" "Mozilla/5.0 (compatible; DotBot/1.2; +https://opensiteexplorer.org/dotbot; help@moz.com)"
103.77.107.199 - - [16/Mar/2025:00:36:07 +0700] "GET /wp-content/json.php HTTP/1.1" 301 0 "-" "Mozlila/5.0 (Linux; Android 7.0; SM-G892A Bulid/NRD90M; wv) AppleWebKit/537.36 (KHTML, like Gecko) Version/4.0 Chrome/60.0.3112.107 Moblie Safari/537.36"
103.77.107.199 - - [16/Mar/2025:00:36:09 +0700] "GET /wp-content/json.php HTTP/1.1" 404 3380 "-" "Mozlila/5.0 (Linux; Android 7.0; SM-G892A Bulid/NRD90M; wv) AppleWebKit/537.36 (KHTML, like Gecko) Version/4.0 Chrome/60.0.3112.107 Moblie Safari/537.36"
103.77.107.199 - - [16/Mar/2025:00:36:31 +0700] "GET /wp-content/uploads/json.php HTTP/1.1" 301 0 "-" "Mozlila/5.0 (Linux; Android 7.0; SM-G892A Bulid/NRD90M; wv) AppleWebKit/537.36 (KHTML, like Gecko) Version/4.0 Chrome/60.0.3112.107 Moblie Safari/537.36"
216.244.66.248 - - [16/Mar/2025:00:36:29 +0700] "GET /ms/blog/digital-marketing/omnichannel-vs-multi-channel-vs-cross-channel-mana-lebih-baik HTTP/1.1" 404 11504 "-" "Mozilla/5.0 (compatible; DotBot/1.2; +https://opensiteexplorer.org/dotbot; help@moz.com)"
103.77.107.199 - - [16/Mar/2025:00:36:42 +0700] "GET /wp-content/uploads/json.php HTTP/1.1" 404 3380 "-" "Mozlila/5.0 (Linux; Android 7.0; SM-G892A Bulid/NRD90M; wv) AppleWebKit/537.36 (KHTML, like Gecko) Version/4.0 Chrome/60.0.3112.107 Moblie Safari/537.36"
103.77.107.199 - - [16/Mar/2025:00:36:47 +0700] "GET /wp-content/themes/freeyanz/config.php HTTP/1.1" 301 0 "-" "Mozlila/5.0 (Linux; Android 7.0; SM-G892A Bulid/NRD90M; wv) AppleWebKit/537.36 (KHTML, like Gecko) Version/4.0 Chrome/60.0.3112.107 Moblie Safari/537.36"
103.77.107.199 - - [16/Mar/2025:00:36:50 +0700] "GET /wp-content/themes/freeyanz/config.php HTTP/1.1" 404 3380 "-" "Mozlila/5.0 (Linux; Android 7.0; SM-G892A Bulid/NRD90M; wv) AppleWebKit/537.36 (KHTML, like Gecko) Version/4.0 Chrome/60.0.3112.107 Moblie Safari/537.36"
103.77.107.199 - - [16/Mar/2025:00:36:52 +0700] "GET /wp-content/themes/erapress/config.php HTTP/1.1" 301 0 "-" "Mozlila/5.0 (Linux; Android 7.0; SM-G892A Bulid/NRD90M; wv) AppleWebKit/537.36 (KHTML, like Gecko) Version/4.0 Chrome/60.0.3112.107 Moblie Safari/537.36"
103.77.107.199 - - [16/Mar/2025:00:36:55 +0700] "GET /wp-content/themes/erapress/config.php HTTP/1.1" 404 3380 "-" "Mozlila/5.0 (Linux; Android 7.0; SM-G892A Bulid/NRD90M; wv) AppleWebKit/537.36 (KHTML, like Gecko) Version/4.0 Chrome/60.0.3112.107 Moblie Safari/537.36"
180.235.151.3 - - [16/Mar/2025:00:37:01 +0700] "POST /wp-cron.php?doing_wp_cron=1742060221.9896619319915771484375 HTTP/1.1" 403 1242 "-" "WordPress/6.7.2; https://www.aturtoko.id"
216.244.66.248 - - [16/Mar/2025:00:36:57 +0700] "GET /ms/blog/tag/ritel HTTP/1.1" 404 11504 "-" "Mozilla/5.0 (compatible; DotBot/1.2; +https://opensiteexplorer.org/dotbot; help@moz.com)"
180.235.151.3 - - [16/Mar/2025:00:37:02 +0700] "POST /wp-cron.php?doing_wp_cron=1742060222.4784059524536132812500 HTTP/1.1" 403 1242 "-" "WordPress/6.7.2; https://www.aturtoko.id"
103.77.107.199 - - [16/Mar/2025:00:37:00 +0700] "GET /wp-content/plugins/doyanz/config.php HTTP/1.1" 301 0 "-" "Mozlila/5.0 (Linux; Android 7.0; SM-G892A Bulid/NRD90M; wv) AppleWebKit/537.36 (KHTML, like Gecko) Version/4.0 Chrome/60.0.3112.107 Moblie Safari/537.36"
103.77.107.199 - - [16/Mar/2025:00:37:02 +0700] "GET /wp-content/plugins/doyanz/config.php HTTP/1.1" 404 3380 "-" "Mozlila/5.0 (Linux; Android 7.0; SM-G892A Bulid/NRD90M; wv) AppleWebKit/537.36 (KHTML, like Gecko) Version/4.0 Chrome/60.0.3112.107 Moblie Safari/537.36"
103.77.107.199 - - [16/Mar/2025:00:37:05 +0700] "GET /wp-content/themes/panama/json.php HTTP/1.1" 301 0 "-" "Mozlila/5.0 (Linux; Android 7.0; SM-G892A Bulid/NRD90M; wv) AppleWebKit/537.36 (KHTML, like Gecko) Version/4.0 Chrome/60.0.3112.107 Moblie Safari/537.36"
103.77.107.199 - - [16/Mar/2025:00:37:08 +0700] "GET /wp-content/themes/panama/json.php HTTP/1.1" 404 3380 "-" "Mozlila/5.0 (Linux; Android 7.0; SM-G892A Bulid/NRD90M; wv) AppleWebKit/537.36 (KHTML, like Gecko) Version/4.0 Chrome/60.0.3112.107 Moblie Safari/537.36"
103.77.107.199 - - [16/Mar/2025:00:37:10 +0700] "GET /wp-content/themes/moog/config.php HTTP/1.1" 301 0 "-" "Mozlila/5.0 (Linux; Android 7.0; SM-G892A Bulid/NRD90M; wv) AppleWebKit/537.36 (KHTML, like Gecko) Version/4.0 Chrome/60.0.3112.107 Moblie Safari/537.36"
103.77.107.199 - - [16/Mar/2025:00:37:13 +0700] "GET /wp-content/themes/moog/config.php HTTP/1.1" 404 3380 "-" "Mozlila/5.0 (Linux; Android 7.0; SM-G892A Bulid/NRD90M; wv) AppleWebKit/537.36 (KHTML, like Gecko) Version/4.0 Chrome/60.0.3112.107 Moblie Safari/537.36"
103.77.107.199 - - [16/Mar/2025:00:37:15 +0700] "GET /wp-content/uploads/2023/11/config.php HTTP/1.1" 301 0 "-" "Mozlila/5.0 (Linux; Android 7.0; SM-G892A Bulid/NRD90M; wv) AppleWebKit/537.36 (KHTML, like Gecko) Version/4.0 Chrome/60.0.3112.107 Moblie Safari/537.36"
103.77.107.199 - - [16/Mar/2025:00:37:19 +0700] "GET /wp-content/uploads/2023/11/config.php HTTP/1.1" 404 3380 "-" "Mozlila/5.0 (Linux; Android 7.0; SM-G892A Bulid/NRD90M; wv) AppleWebKit/537.36 (KHTML, like Gecko) Version/4.0 Chrome/60.0.3112.107 Moblie Safari/537.36"
103.77.107.199 - - [16/Mar/2025:00:37:21 +0700] "GET /wp-content/uploads/2023/12/config.php HTTP/1.1" 301 0 "-" "Mozlila/5.0 (Linux; Android 7.0; SM-G892A Bulid/NRD90M; wv) AppleWebKit/537.36 (KHTML, like Gecko) Version/4.0 Chrome/60.0.3112.107 Moblie Safari/537.36"
103.77.107.199 - - [16/Mar/2025:00:37:24 +0700] "GET /wp-content/uploads/2023/12/config.php HTTP/1.1" 404 3380 "-" "Mozlila/5.0 (Linux; Android 7.0; SM-G892A Bulid/NRD90M; wv) AppleWebKit/537.36 (KHTML, like Gecko) Version/4.0 Chrome/60.0.3112.107 Moblie Safari/537.36"
216.244.66.248 - - [16/Mar/2025:00:37:23 +0700] "GET /ms/blog/teknologi/algoritma-adalah-definisi-ciri-ciri-jenis-fungsi-dan-contohnya/ HTTP/1.1" 404 11504 "-" "Mozilla/5.0 (compatible; DotBot/1.2; +https://opensiteexplorer.org/dotbot; help@moz.com)"
103.77.107.199 - - [16/Mar/2025:00:37:27 +0700] "GET /wp-content/themes/blogai/issue.php HTTP/1.1" 301 0 "-" "Mozlila/5.0 (Linux; Android 7.0; SM-G892A Bulid/NRD90M; wv) AppleWebKit/537.36 (KHTML, like Gecko) Version/4.0 Chrome/60.0.3112.107 Moblie Safari/537.36"
103.77.107.199 - - [16/Mar/2025:00:37:29 +0700] "GET /wp-content/themes/blogai/issue.php HTTP/1.1" 404 3380 "-" "Mozlila/5.0 (Linux; Android 7.0; SM-G892A Bulid/NRD90M; wv) AppleWebKit/537.36 (KHTML, like Gecko) Version/4.0 Chrome/60.0.3112.107 Moblie Safari/537.36"
103.77.107.199 - - [16/Mar/2025:00:37:32 +0700] "GET /wp-content/themes/agwin/config.php HTTP/1.1" 301 0 "-" "Mozlila/5.0 (Linux; Android 7.0; SM-G892A Bulid/NRD90M; wv) AppleWebKit/537.36 (KHTML, like Gecko) Version/4.0 Chrome/60.0.3112.107 Moblie Safari/537.36"
103.77.107.199 - - [16/Mar/2025:00:37:34 +0700] "GET /wp-content/themes/agwin/config.php HTTP/1.1" 404 3380 "-" "Mozlila/5.0 (Linux; Android 7.0; SM-G892A Bulid/NRD90M; wv) AppleWebKit/537.36 (KHTML, like Gecko) Version/4.0 Chrome/60.0.3112.107 Moblie Safari/537.36"
103.77.107.199 - - [16/Mar/2025:00:37:38 +0700] "GET /wp-content/themes/quext/config.php HTTP/1.1" 301 0 "-" "Mozlila/5.0 (Linux; Android 7.0; SM-G892A Bulid/NRD90M; wv) AppleWebKit/537.36 (KHTML, like Gecko) Version/4.0 Chrome/60.0.3112.107 Moblie Safari/537.36"
103.77.107.199 - - [16/Mar/2025:00:37:41 +0700] "GET /wp-content/themes/quext/config.php HTTP/1.1" 404 3380 "-" "Mozlila/5.0 (Linux; Android 7.0; SM-G892A Bulid/NRD90M; wv) AppleWebKit/537.36 (KHTML, like Gecko) Version/4.0 Chrome/60.0.3112.107 Moblie Safari/537.36"
103.77.107.199 - - [16/Mar/2025:00:37:44 +0700] "GET /wp-content/plugins/app-calendar/config.php HTTP/1.1" 301 0 "-" "Mozlila/5.0 (Linux; Android 7.0; SM-G892A Bulid/NRD90M; wv) AppleWebKit/537.36 (KHTML, like Gecko) Version/4.0 Chrome/60.0.3112.107 Moblie Safari/537.36"
103.77.107.199 - - [16/Mar/2025:00:37:47 +0700] "GET /wp-content/plugins/app-calendar/config.php HTTP/1.1" 404 3380 "-" "Mozlila/5.0 (Linux; Android 7.0; SM-G892A Bulid/NRD90M; wv) AppleWebKit/537.36 (KHTML, like Gecko) Version/4.0 Chrome/60.0.3112.107 Moblie Safari/537.36"
216.244.66.248 - - [16/Mar/2025:00:37:47 +0700] "GET /ms/cara-jualan-di-tokopedia/cara-mengaktifkan-fitur-cod-di-tokopedia-penjual-makin-aman/ HTTP/1.1" 404 11504 "-" "Mozilla/5.0 (compatible; DotBot/1.2; +https://opensiteexplorer.org/dotbot; help@moz.com)"
180.235.151.3 - - [16/Mar/2025:00:38:14 +0700] "POST /wp-cron.php?doing_wp_cron=1742060294.7479119300842285156250 HTTP/1.1" 403 1242 "-" "WordPress/6.7.2; https://www.aturtoko.id"
216.244.66.248 - - [16/Mar/2025:00:38:10 +0700] "GET /ms/blog/manajemen-bisnis/memaksimalkan-manajemen-proyek-dengan-teknologi-terbaru HTTP/1.1" 404 11504 "-" "Mozilla/5.0 (compatible; DotBot/1.2; +https://opensiteexplorer.org/dotbot; help@moz.com)"
13.114.6.103 - - [16/Mar/2025:00:38:15 +0700] "GET /3225219739.shtm HTTP/1.1" 404 3380 "-" "Mozilla/5.0 (Windows NT 6.1; WOW64; rv:34.0) Gecko/20100101 Firefox/34.0"
216.244.66.248 - - [16/Mar/2025:00:38:33 +0700] "GET /ms/blog/tag/tiktok HTTP/1.1" 404 11504 "-" "Mozilla/5.0 (compatible; DotBot/1.2; +https://opensiteexplorer.org/dotbot; help@moz.com)"
119.3.239.232 - - [16/Mar/2025:00:39:09 +0700] "POST /xmlrpc.php HTTP/1.1" 403 1242 "-" "Mozilla/5.0 (X11; Fedora; Linux x86_64; rv:94.0) Gecko/20100101 Firefox/95.0"
216.244.66.248 - - [16/Mar/2025:00:40:56 +0700] "GET /ms/blog/author/aturtoko/page/4 HTTP/1.1" 404 11504 "-" "Mozilla/5.0 (compatible; DotBot/1.2; +https://opensiteexplorer.org/dotbot; help@moz.com)"
180.235.151.3 - - [16/Mar/2025:00:43:28 +0700] "POST /wp-cron.php?doing_wp_cron=1742060608.3751089572906494140625 HTTP/1.1" 403 1242 "-" "WordPress/6.7.2; https://www.aturtoko.id"
216.244.66.248 - - [16/Mar/2025:00:43:24 +0700] "GET /ms/blog/aturtoko-update/meningkatkan-kepercayaan-pelanggan-dengan-website-e-commerce-yang-aman-dan-terpercaya HTTP/1.1" 404 11504 "-" "Mozilla/5.0 (compatible; DotBot/1.2; +https://opensiteexplorer.org/dotbot; help@moz.com)"
207.46.13.116 - - [16/Mar/2025:00:53:35 +0700] "GET /cargo/add HTTP/1.1" 200 19794 "-" "Mozilla/5.0 AppleWebKit/537.36 (KHTML, like Gecko; compatible; bingbot/2.0; +http://www.bing.com/bingbot.htm) Chrome/116.0.1938.76 Safari/537.36"
185.191.171.14 - - [16/Mar/2025:00:55:53 +0700] "GET /en/blog/tag/operasional HTTP/1.1" 404 3380 "-" "Mozilla/5.0 (compatible; SemrushBot/7~bl; +http://www.semrush.com/bot.html)"
52.167.144.160 - - [16/Mar/2025:00:56:08 +0700] "GET /farmers/item/32271363092.shtm HTTP/1.1" 200 19862 "-" "Mozilla/5.0 AppleWebKit/537.36 (KHTML, like Gecko; compatible; bingbot/2.0; +http://www.bing.com/bingbot.htm) Chrome/116.0.1938.76 Safari/537.36"
52.167.144.160 - - [16/Mar/2025:00:56:11 +0700] "GET /32271133914.shtm HTTP/1.1" 200 19580 "-" "Mozilla/5.0 AppleWebKit/537.36 (KHTML, like Gecko; compatible; bingbot/2.0; +http://www.bing.com/bingbot.htm) Chrome/116.0.1938.76 Safari/537.36"
52.167.144.160 - - [16/Mar/2025:00:56:14 +0700] "GET /monkey/goods/32292044638.shtm HTTP/1.1" 200 20073 "-" "Mozilla/5.0 AppleWebKit/537.36 (KHTML, like Gecko; compatible; bingbot/2.0; +http://www.bing.com/bingbot.htm) Chrome/116.0.1938.76 Safari/537.36"
52.167.144.160 - - [16/Mar/2025:00:56:16 +0700] "GET /memorabilia/32252924.shtm HTTP/1.1" 200 22062 "-" "Mozilla/5.0 AppleWebKit/537.36 (KHTML, like Gecko; compatible; bingbot/2.0; +http://www.bing.com/bingbot.htm) Chrome/116.0.1938.76 Safari/537.36"
52.167.144.160 - - [16/Mar/2025:00:56:18 +0700] "GET /him/3225338777.shtm HTTP/1.1" 200 19323 "-" "Mozilla/5.0 AppleWebKit/537.36 (KHTML, like Gecko; compatible; bingbot/2.0; +http://www.bing.com/bingbot.htm) Chrome/116.0.1938.76 Safari/537.36"
52.167.144.160 - - [16/Mar/2025:00:56:21 +0700] "GET /32253079.shtm HTTP/1.1" 200 20423 "-" "Mozilla/5.0 AppleWebKit/537.36 (KHTML, like Gecko; compatible; bingbot/2.0; +http://www.bing.com/bingbot.htm) Chrome/116.0.1938.76 Safari/537.36"
52.167.144.160 - - [16/Mar/2025:00:56:23 +0700] "GET /32253394.shtm HTTP/1.1" 200 20392 "-" "Mozilla/5.0 AppleWebKit/537.36 (KHTML, like Gecko; compatible; bingbot/2.0; +http://www.bing.com/bingbot.htm) Chrome/116.0.1938.76 Safari/537.36"
207.46.13.116 - - [16/Mar/2025:00:56:23 +0700] "GET /accidents/auction/3225225186.shtm HTTP/1.1" 200 20093 "-" "Mozilla/5.0 AppleWebKit/537.36 (KHTML, like Gecko; compatible; bingbot/2.0; +http://www.bing.com/bingbot.htm) Chrome/116.0.1938.76 Safari/537.36"
52.167.144.160 - - [16/Mar/2025:00:56:25 +0700] "GET /3225111595.shtm HTTP/1.1" 200 20298 "-" "Mozilla/5.0 AppleWebKit/537.36 (KHTML, like Gecko; compatible; bingbot/2.0; +http://www.bing.com/bingbot.htm) Chrome/116.0.1938.76 Safari/537.36"
207.46.13.116 - - [16/Mar/2025:00:56:25 +0700] "GET /grades/merchandises/32253015.shtm HTTP/1.1" 200 20347 "-" "Mozilla/5.0 AppleWebKit/537.36 (KHTML, like Gecko; compatible; bingbot/2.0; +http://www.bing.com/bingbot.htm) Chrome/116.0.1938.76 Safari/537.36"
52.167.144.160 - - [16/Mar/2025:00:56:27 +0700] "GET /structured/commoditys/32292385411.shtm HTTP/1.1" 200 19644 "-" "Mozilla/5.0 AppleWebKit/537.36 (KHTML, like Gecko; compatible; bingbot/2.0; +http://www.bing.com/bingbot.htm) Chrome/116.0.1938.76 Safari/537.36"
207.46.13.116 - - [16/Mar/2025:00:56:27 +0700] "GET /parse/3225110597.shtm HTTP/1.1" 200 20047 "-" "Mozilla/5.0 AppleWebKit/537.36 (KHTML, like Gecko; compatible; bingbot/2.0; +http://www.bing.com/bingbot.htm) Chrome/116.0.1938.76 Safari/537.36"
207.46.13.116 - - [16/Mar/2025:00:56:30 +0700] "GET /pfizer/32292158229.shtm HTTP/1.1" 200 20046 "-" "Mozilla/5.0 AppleWebKit/537.36 (KHTML, like Gecko; compatible; bingbot/2.0; +http://www.bing.com/bingbot.htm) Chrome/116.0.1938.76 Safari/537.36"
52.167.144.160 - - [16/Mar/2025:00:56:30 +0700] "GET /32292384413.shtm HTTP/1.1" 200 19369 "-" "Mozilla/5.0 AppleWebKit/537.36 (KHTML, like Gecko; compatible; bingbot/2.0; +http://www.bing.com/bingbot.htm) Chrome/116.0.1938.76 Safari/537.36"
207.46.13.116 - - [16/Mar/2025:00:56:32 +0700] "GET /32292156233.shtm HTTP/1.1" 200 20453 "-" "Mozilla/5.0 AppleWebKit/537.36 (KHTML, like Gecko; compatible; bingbot/2.0; +http://www.bing.com/bingbot.htm) Chrome/116.0.1938.76 Safari/537.36"
52.167.144.160 - - [16/Mar/2025:00:56:32 +0700] "GET /3226564961.shtm HTTP/1.1" 200 20162 "-" "Mozilla/5.0 AppleWebKit/537.36 (KHTML, like Gecko; compatible; bingbot/2.0; +http://www.bing.com/bingbot.htm) Chrome/116.0.1938.76 Safari/537.36"
207.46.13.116 - - [16/Mar/2025:00:56:34 +0700] "GET /expose/32292270822.shtm HTTP/1.1" 200 19684 "-" "Mozilla/5.0 AppleWebKit/537.36 (KHTML, like Gecko; compatible; bingbot/2.0; +http://www.bing.com/bingbot.htm) Chrome/116.0.1938.76 Safari/537.36"
52.167.144.160 - - [16/Mar/2025:00:56:35 +0700] "GET /confirmed/product/32252949.shtm HTTP/1.1" 200 19679 "-" "Mozilla/5.0 AppleWebKit/537.36 (KHTML, like Gecko; compatible; bingbot/2.0; +http://www.bing.com/bingbot.htm) Chrome/116.0.1938.76 Safari/537.36"
207.46.13.116 - - [16/Mar/2025:00:56:36 +0700] "GET /amp/32292383415.shtm HTTP/1.1" 200 21212 "-" "Mozilla/5.0 AppleWebKit/537.36 (KHTML, like Gecko; compatible; bingbot/2.0; +http://www.bing.com/bingbot.htm) Chrome/116.0.1938.76 Safari/537.36"
52.167.144.160 - - [16/Mar/2025:00:56:37 +0700] "GET /selective/3226907730.shtm HTTP/1.1" 200 19998 "-" "Mozilla/5.0 AppleWebKit/537.36 (KHTML, like Gecko; compatible; bingbot/2.0; +http://www.bing.com/bingbot.htm) Chrome/116.0.1938.76 Safari/537.36"
207.46.13.116 - - [16/Mar/2025:00:56:39 +0700] "GET /rather/3226679550.shtm HTTP/1.1" 200 19578 "-" "Mozilla/5.0 AppleWebKit/537.36 (KHTML, like Gecko; compatible; bingbot/2.0; +http://www.bing.com/bingbot.htm) Chrome/116.0.1938.76 Safari/537.36"
207.46.13.116 - - [16/Mar/2025:00:56:39 +0700] "GET /clarify/32271248503.shtm HTTP/1.1" 200 20274 "-" "Mozilla/5.0 AppleWebKit/537.36 (KHTML, like Gecko; compatible; bingbot/2.0; +http://www.bing.com/bingbot.htm) Chrome/116.0.1938.76 Safari/537.36"
207.46.13.116 - - [16/Mar/2025:00:56:41 +0700] "GET /32292271820.shtm HTTP/1.1" 200 20613 "-" "Mozilla/5.0 AppleWebKit/537.36 (KHTML, like Gecko; compatible; bingbot/2.0; +http://www.bing.com/bingbot.htm) Chrome/116.0.1938.76 Safari/537.36"
207.46.13.116 - - [16/Mar/2025:00:56:41 +0700] "GET /ornament/3226792143.shtm HTTP/1.1" 200 21129 "-" "Mozilla/5.0 AppleWebKit/537.36 (KHTML, like Gecko; compatible; bingbot/2.0; +http://www.bing.com/bingbot.htm) Chrome/116.0.1938.76 Safari/537.36"
207.46.13.116 - - [16/Mar/2025:00:56:43 +0700] "GET /32271362094.shtm HTTP/1.1" 200 19958 "-" "Mozilla/5.0 AppleWebKit/537.36 (KHTML, like Gecko; compatible; bingbot/2.0; +http://www.bing.com/bingbot.htm) Chrome/116.0.1938.76 Safari/537.36"
207.46.13.116 - - [16/Mar/2025:00:56:44 +0700] "GET /cvsroot/3226795137.shtm HTTP/1.1" 200 21583 "-" "Mozilla/5.0 AppleWebKit/537.36 (KHTML, like Gecko; compatible; bingbot/2.0; +http://www.bing.com/bingbot.htm) Chrome/116.0.1938.76 Safari/537.36"
52.167.144.172 - - [16/Mar/2025:00:56:46 +0700] "GET /reusable/32281817456.shtm HTTP/1.1" 200 19921 "-" "Mozilla/5.0 AppleWebKit/537.36 (KHTML, like Gecko; compatible; bingbot/2.0; +http://www.bing.com/bingbot.htm) Chrome/116.0.1938.76 Safari/537.36"
207.46.13.116 - - [16/Mar/2025:00:56:46 +0700] "GET /garlic/merchandises/32271247505.shtm HTTP/1.1" 200 19347 "-" "Mozilla/5.0 AppleWebKit/537.36 (KHTML, like Gecko; compatible; bingbot/2.0; +http://www.bing.com/bingbot.htm) Chrome/116.0.1938.76 Safari/537.36"
52.167.144.172 - - [16/Mar/2025:00:56:48 +0700] "GET /sq/3225226184.shtm HTTP/1.1" 200 19680 "-" "Mozilla/5.0 AppleWebKit/537.36 (KHTML, like Gecko; compatible; bingbot/2.0; +http://www.bing.com/bingbot.htm) Chrome/116.0.1938.76 Safari/537.36"
207.46.13.116 - - [16/Mar/2025:00:56:49 +0700] "GET /msds/32271135910.shtm HTTP/1.1" 200 20269 "-" "Mozilla/5.0 AppleWebKit/537.36 (KHTML, like Gecko; compatible; bingbot/2.0; +http://www.bing.com/bingbot.htm) Chrome/116.0.1938.76 Safari/537.36"
52.167.144.172 - - [16/Mar/2025:00:56:50 +0700] "GET /32292497006.shtm HTTP/1.1" 200 22021 "-" "Mozilla/5.0 AppleWebKit/537.36 (KHTML, like Gecko; compatible; bingbot/2.0; +http://www.bing.com/bingbot.htm) Chrome/116.0.1938.76 Safari/537.36"
207.46.13.116 - - [16/Mar/2025:00:56:52 +0700] "GET /sherry/product/3226794139.shtm HTTP/1.1" 200 20121 "-" "Mozilla/5.0 AppleWebKit/537.36 (KHTML, like Gecko; compatible; bingbot/2.0; +http://www.bing.com/bingbot.htm) Chrome/116.0.1938.76 Safari/537.36"
52.167.144.172 - - [16/Mar/2025:00:56:53 +0700] "GET /32271474687.shtm HTTP/1.1" 200 19506 "-" "Mozilla/5.0 AppleWebKit/537.36 (KHTML, like Gecko; compatible; bingbot/2.0; +http://www.bing.com/bingbot.htm) Chrome/116.0.1938.76 Safari/537.36"
52.167.144.172 - - [16/Mar/2025:00:56:55 +0700] "GET /32281931047.shtm HTTP/1.1" 200 19683 "-" "Mozilla/5.0 AppleWebKit/537.36 (KHTML, like Gecko; compatible; bingbot/2.0; +http://www.bing.com/bingbot.htm) Chrome/116.0.1938.76 Safari/537.36"
207.46.13.116 - - [16/Mar/2025:00:56:54 +0700] "GET /plugin/merchandises/32281703865.shtm HTTP/1.1" 200 19623 "-" "Mozilla/5.0 AppleWebKit/537.36 (KHTML, like Gecko; compatible; bingbot/2.0; +http://www.bing.com/bingbot.htm) Chrome/116.0.1938.76 Safari/537.36"
207.46.13.116 - - [16/Mar/2025:00:56:56 +0700] "GET /32253286.shtm HTTP/1.1" 200 21071 "-" "Mozilla/5.0 AppleWebKit/537.36 (KHTML, like Gecko; compatible; bingbot/2.0; +http://www.bing.com/bingbot.htm) Chrome/116.0.1938.76 Safari/537.36"
52.167.144.172 - - [16/Mar/2025:00:56:57 +0700] "GET /3225339775.shtm HTTP/1.1" 200 19605 "-" "Mozilla/5.0 AppleWebKit/537.36 (KHTML, like Gecko; compatible; bingbot/2.0; +http://www.bing.com/bingbot.htm) Chrome/116.0.1938.76 Safari/537.36"
52.167.144.172 - - [16/Mar/2025:00:56:59 +0700] "GET /enzyme/3226566957.shtm HTTP/1.1" 200 21643 "-" "Mozilla/5.0 AppleWebKit/537.36 (KHTML, like Gecko; compatible; bingbot/2.0; +http://www.bing.com/bingbot.htm) Chrome/116.0.1938.76 Safari/537.36"
52.167.144.172 - - [16/Mar/2025:00:57:01 +0700] "GET /3225452368.shtm HTTP/1.1" 200 21004 "-" "Mozilla/5.0 AppleWebKit/537.36 (KHTML, like Gecko; compatible; bingbot/2.0; +http://www.bing.com/bingbot.htm) Chrome/116.0.1938.76 Safari/537.36"
52.167.144.172 - - [16/Mar/2025:00:57:04 +0700] "GET /32281815460.shtm HTTP/1.1" 200 21534 "-" "Mozilla/5.0 AppleWebKit/537.36 (KHTML, like Gecko; compatible; bingbot/2.0; +http://www.bing.com/bingbot.htm) Chrome/116.0.1938.76 Safari/537.36"
52.167.144.172 - - [16/Mar/2025:00:57:06 +0700] "GET /3226680548.shtm HTTP/1.1" 200 20469 "-" "Mozilla/5.0 AppleWebKit/537.36 (KHTML, like Gecko; compatible; bingbot/2.0; +http://www.bing.com/bingbot.htm) Chrome/116.0.1938.76 Safari/537.36"
52.167.144.172 - - [16/Mar/2025:00:57:08 +0700] "GET /32252458.shtm HTTP/1.1" 200 19766 "-" "Mozilla/5.0 AppleWebKit/537.36 (KHTML, like Gecko; compatible; bingbot/2.0; +http://www.bing.com/bingbot.htm) Chrome/116.0.1938.76 Safari/537.36"
52.167.144.172 - - [16/Mar/2025:00:57:09 +0700] "GET /32281590274.shtm HTTP/1.1" 200 20699 "-" "Mozilla/5.0 AppleWebKit/537.36 (KHTML, like Gecko; compatible; bingbot/2.0; +http://www.bing.com/bingbot.htm) Chrome/116.0.1938.76 Safari/537.36"
52.167.144.172 - - [16/Mar/2025:00:57:11 +0700] "GET /3226908728.shtm HTTP/1.1" 200 21099 "-" "Mozilla/5.0 AppleWebKit/537.36 (KHTML, like Gecko; compatible; bingbot/2.0; +http://www.bing.com/bingbot.htm) Chrome/116.0.1938.76 Safari/537.36"
52.167.144.172 - - [16/Mar/2025:00:57:11 +0700] "GET /32253043.shtm HTTP/1.1" 200 20612 "-" "Mozilla/5.0 AppleWebKit/537.36 (KHTML, like Gecko; compatible; bingbot/2.0; +http://www.bing.com/bingbot.htm) Chrome/116.0.1938.76 Safari/537.36"
52.167.144.172 - - [16/Mar/2025:00:57:13 +0700] "GET /rumble/32271476683.shtm HTTP/1.1" 200 20226 "-" "Mozilla/5.0 AppleWebKit/537.36 (KHTML, like Gecko; compatible; bingbot/2.0; +http://www.bing.com/bingbot.htm) Chrome/116.0.1938.76 Safari/537.36"
52.167.144.172 - - [16/Mar/2025:00:57:14 +0700] "GET /3226567955.shtm HTTP/1.1" 200 20882 "-" "Mozilla/5.0 AppleWebKit/537.36 (KHTML, like Gecko; compatible; bingbot/2.0; +http://www.bing.com/bingbot.htm) Chrome/116.0.1938.76 Safari/537.36"
52.167.144.172 - - [16/Mar/2025:00:57:15 +0700] "GET /32271249501.shtm HTTP/1.1" 200 20757 "-" "Mozilla/5.0 AppleWebKit/537.36 (KHTML, like Gecko; compatible; bingbot/2.0; +http://www.bing.com/bingbot.htm) Chrome/116.0.1938.76 Safari/537.36"
207.46.13.116 - - [16/Mar/2025:00:57:16 +0700] "GET /bankruptcies/item/32271134912.shtm HTTP/1.1" 200 19714 "-" "Mozilla/5.0 AppleWebKit/537.36 (KHTML, like Gecko; compatible; bingbot/2.0; +http://www.bing.com/bingbot.htm) Chrome/116.0.1938.76 Safari/537.36"
