66.249.65.160 - - [15/Mar/2025:23:22:53 +0700] "GET /reunion/32292265245.shtm HTTP/1.1" 200 19636 "-" "Mozilla/5.0 (compatible; Googlebot/2.1; +http://www.google.com/bot.html)"
66.249.65.174 - - [15/Mar/2025:23:23:12 +0700] "GET /cy/3225111773.shtm HTTP/1.1" 200 21033 "-" "Mozilla/5.0 (compatible; Googlebot/2.1; +http://www.google.com/bot.html)"
66.249.71.9 - - [15/Mar/2025:23:23:18 +0700] "GET /32271035742.shtm HTTP/1.1" 200 20068 "-" "Mozilla/5.0 (compatible; Googlebot/2.1; +http://www.google.com/bot.html)"
66.249.65.174 - - [15/Mar/2025:23:23:19 +0700] "POST /get-message-notify HTTP/1.1" 200 22058 "http://www.aturtoko.id/passwords/32271387100.shtm" "Mozilla/5.0 AppleWebKit/537.36 (KHTML, like Gecko; compatible; Googlebot/2.1; +http://www.google.com/bot.html) Chrome/133.0.6943.141 Safari/537.36"
66.249.65.174 - - [15/Mar/2025:23:23:24 +0700] "GET /32271410505.shtm HTTP/1.1" 200 20155 "-" "Mozilla/5.0 (compatible; Googlebot/2.1; +http://www.google.com/bot.html)"
66.249.65.174 - - [15/Mar/2025:23:23:25 +0700] "GET /managers/goods/3225141558.shtm HTTP/1.1" 200 21518 "-" "Mozilla/5.0 (compatible; Googlebot/2.1; +http://www.google.com/bot.html)"
66.249.65.160 - - [15/Mar/2025:23:23:32 +0700] "GET /spurs/32281594607.shtm HTTP/1.1" 200 19597 "-" "Mozilla/5.0 (compatible; Googlebot/2.1; +http://www.google.com/bot.html)"
66.249.65.174 - - [15/Mar/2025:23:23:35 +0700] "POST /get-message-notify HTTP/1.1" 200 22056 "http://www.aturtoko.id/cy/3225111773.shtm" "Mozilla/5.0 AppleWebKit/537.36 (KHTML, like Gecko; compatible; Googlebot/2.1; +http://www.google.com/bot.html) Chrome/133.0.6943.141 Safari/537.36"
66.249.65.160 - - [15/Mar/2025:23:23:36 +0700] "GET /bookshelf/32292194466.shtm HTTP/1.1" 200 21340 "-" "Mozilla/5.0 (compatible; Googlebot/2.1; +http://www.google.com/bot.html)"
66.249.65.161 - - [15/Mar/2025:23:23:42 +0700] "GET /cartier/good/32281874700.shtm HTTP/1.1" 200 21751 "-" "Mozilla/5.0 (compatible; Googlebot/2.1; +http://www.google.com/bot.html)"
66.249.65.160 - - [15/Mar/2025:23:23:47 +0700] "POST /get-message-notify HTTP/1.1" 200 22056 "http://www.aturtoko.id/32271410505.shtm" "Mozilla/5.0 AppleWebKit/537.36 (KHTML, like Gecko; compatible; Googlebot/2.1; +http://www.google.com/bot.html) Chrome/133.0.6943.141 Safari/537.36"
66.249.65.161 - - [15/Mar/2025:23:23:48 +0700] "GET /3226528679.shtm HTTP/1.1" 200 22094 "-" "Mozilla/5.0 (compatible; Googlebot/2.1; +http://www.google.com/bot.html)"
66.249.65.174 - - [15/Mar/2025:23:23:56 +0700] "GET /tags/good/32281920600.shtm HTTP/1.1" 200 19546 "-" "Mozilla/5.0 (compatible; Googlebot/2.1; +http://www.google.com/bot.html)"
66.249.65.174 - - [15/Mar/2025:23:24:01 +0700] "GET /3225441700.shtm HTTP/1.1" 200 20238 "-" "Mozilla/5.0 (compatible; Googlebot/2.1; +http://www.google.com/bot.html)"
66.249.65.174 - - [15/Mar/2025:23:24:06 +0700] "GET /3226533500.shtm HTTP/1.1" 200 19347 "-" "Mozilla/5.0 (compatible; Googlebot/2.1; +http://www.google.com/bot.html)"
66.249.65.174 - - [15/Mar/2025:23:24:15 +0700] "POST /get-message-notify HTTP/1.1" 200 22054 "http://www.aturtoko.id/3225441700.shtm" "Mozilla/5.0 AppleWebKit/537.36 (KHTML, like Gecko; compatible; Googlebot/2.1; +http://www.google.com/bot.html) Chrome/133.0.6943.141 Safari/537.36"
216.244.66.248 - - [15/Mar/2025:23:24:33 +0700] "GET /robots.txt HTTP/1.1" 200 280 "-" "Mozilla/5.0 (compatible; DotBot/1.2; +https://opensiteexplorer.org/dotbot; help@moz.com)"
66.249.65.160 - - [15/Mar/2025:23:24:46 +0700] "GET /classmates/32271453049.shtm HTTP/1.1" 200 20407 "-" "Mozilla/5.0 (compatible; Googlebot/2.1; +http://www.google.com/bot.html)"
66.249.65.160 - - [15/Mar/2025:23:25:00 +0700] "GET /gather/shopping/32271005957.shtm HTTP/1.1" 200 20172 "-" "Mozilla/5.0 (compatible; Googlebot/2.1; +http://www.google.com/bot.html)"
66.249.65.174 - - [15/Mar/2025:23:25:11 +0700] "GET /32281722100.shtm HTTP/1.1" 200 19776 "-" "Mozilla/5.0 (compatible; Googlebot/2.1; +http://www.google.com/bot.html)"
66.249.71.9 - - [15/Mar/2025:23:25:12 +0700] "GET /loyalty/good/32281828800.shtm HTTP/1.1" 200 19703 "-" "Mozilla/5.0 (compatible; Googlebot/2.1; +http://www.google.com/bot.html)"
66.249.65.160 - - [15/Mar/2025:23:25:21 +0700] "GET /dart/good/3226914400.shtm HTTP/1.1" 200 20288 "-" "Mozilla/5.0 (compatible; Googlebot/2.1; +http://www.google.com/bot.html)"
66.249.65.160 - - [15/Mar/2025:23:25:22 +0700] "GET /32271081900.shtm HTTP/1.1" 200 21492 "-" "Mozilla/5.0 (compatible; Googlebot/2.1; +http://www.google.com/bot.html)"
66.249.65.160 - - [15/Mar/2025:23:25:25 +0700] "POST /get-message-notify HTTP/1.1" 200 22058 "http://www.aturtoko.id/32271035742.shtm" "Mozilla/5.0 AppleWebKit/537.36 (KHTML, like Gecko; compatible; Googlebot/2.1; +http://www.google.com/bot.html) Chrome/133.0.6943.141 Safari/537.36"
66.249.65.174 - - [15/Mar/2025:23:25:29 +0700] "GET /32271493800.shtm HTTP/1.1" 200 21159 "-" "Mozilla/5.0 (compatible; Googlebot/2.1; +http://www.google.com/bot.html)"
66.249.65.174 - - [15/Mar/2025:23:25:34 +0700] "GET /3225213400.shtm HTTP/1.1" 200 20454 "-" "Mozilla/5.0 (compatible; Googlebot/2.1; +http://www.google.com/bot.html)"
66.249.65.174 - - [15/Mar/2025:23:25:39 +0700] "GET /mutants/32281615400.shtm HTTP/1.1" 200 20160 "-" "Mozilla/5.0 (compatible; Googlebot/2.1; +http://www.google.com/bot.html)"
66.249.65.174 - - [15/Mar/2025:23:25:40 +0700] "GET /mating/good/3226548400.shtm HTTP/1.1" 200 20101 "-" "Mozilla/5.0 (compatible; Googlebot/2.1; +http://www.google.com/bot.html)"
66.249.65.174 - - [15/Mar/2025:23:25:49 +0700] "GET /organizing/3225106700.shtm HTTP/1.1" 200 19423 "-" "Mozilla/5.0 (compatible; Googlebot/2.1; +http://www.google.com/bot.html)"
66.249.65.161 - - [15/Mar/2025:23:25:50 +0700] "GET /museum/good/3226640200.shtm HTTP/1.1" 200 19683 "-" "Mozilla/5.0 (compatible; Googlebot/2.1; +http://www.google.com/bot.html)"
66.249.65.160 - - [15/Mar/2025:23:25:58 +0700] "GET /3226528703.shtm HTTP/1.1" 200 21126 "-" "Mozilla/5.0 (compatible; Googlebot/2.1; +http://www.google.com/bot.html)"
66.249.65.160 - - [15/Mar/2025:23:26:46 +0700] "GET /assist/32271021100.shtm HTTP/1.1" 200 21919 "-" "Mozilla/5.0 (compatible; Googlebot/2.1; +http://www.google.com/bot.html)"
66.249.65.161 - - [15/Mar/2025:23:26:50 +0700] "POST /get-message-notify HTTP/1.1" 200 22057 "http://www.aturtoko.id/dart/good/3226914400.shtm" "Mozilla/5.0 AppleWebKit/537.36 (KHTML, like Gecko; compatible; Googlebot/2.1; +http://www.google.com/bot.html) Chrome/133.0.6943.141 Safari/537.36"
66.249.71.1 - - [15/Mar/2025:23:26:56 +0700] "GET /32292042200.shtm HTTP/1.1" 200 19538 "-" "Mozilla/5.0 (compatible; Googlebot/2.1; +http://www.google.com/bot.html)"
66.249.65.174 - - [15/Mar/2025:23:27:11 +0700] "GET /trucking/shopping/3225471417.shtm HTTP/1.1" 200 19992 "-" "Mozilla/5.0 (compatible; Googlebot/2.1; +http://www.google.com/bot.html)"
66.249.71.9 - - [15/Mar/2025:23:27:22 +0700] "GET /touching/commoditys/3225349761.shtm HTTP/1.1" 200 19932 "-" "Mozilla/5.0 (compatible; Googlebot/2.1; +http://www.google.com/bot.html)"
66.249.71.1 - - [15/Mar/2025:23:27:23 +0700] "GET /princes/goods/3226517038.shtm HTTP/1.1" 200 20247 "-" "Mozilla/5.0 (compatible; Googlebot/2.1; +http://www.google.com/bot.html)"
85.208.96.195 - - [15/Mar/2025:23:27:29 +0700] "GET /robots.txt HTTP/1.1" 200 99 "-" "Mozilla/5.0 (compatible; SemrushBot/7~bl; +http://www.semrush.com/bot.html)"
66.249.65.174 - - [15/Mar/2025:23:27:30 +0700] "GET /sar/merchandises/3226532245.shtm HTTP/1.1" 200 19627 "-" "Mozilla/5.0 (compatible; Googlebot/2.1; +http://www.google.com/bot.html)"
66.249.65.174 - - [15/Mar/2025:23:27:33 +0700] "GET /transmitting/merchandises/322576035.shtm HTTP/1.1" 200 19766 "-" "Mozilla/5.0 (compatible; Googlebot/2.1; +http://www.google.com/bot.html)"
180.235.151.3 - - [15/Mar/2025:23:27:35 +0700] "POST /wp-cron.php?doing_wp_cron=1742056055.2509949207305908203125 HTTP/1.1" 403 1242 "-" "WordPress/6.7.2; https://www.aturtoko.id"
85.208.96.210 - - [15/Mar/2025:23:27:31 +0700] "GET /en/blog/tag/crypto HTTP/1.1" 404 3380 "-" "Mozilla/5.0 (compatible; SemrushBot/7~bl; +http://www.semrush.com/bot.html)"
66.249.65.160 - - [15/Mar/2025:23:27:38 +0700] "GET /presidency/commoditys/32271110111.shtm HTTP/1.1" 200 20766 "-" "Mozilla/5.0 (compatible; Googlebot/2.1; +http://www.google.com/bot.html)"
66.249.65.160 - - [15/Mar/2025:23:27:44 +0700] "GET /newly/auction/3226882006.shtm HTTP/1.1" 200 19585 "-" "Mozilla/5.0 (compatible; Googlebot/2.1; +http://www.google.com/bot.html)"
66.249.65.160 - - [15/Mar/2025:23:27:46 +0700] "GET /cognitive/commoditys/322545621.shtm HTTP/1.1" 200 22113 "-" "Mozilla/5.0 (compatible; Googlebot/2.1; +http://www.google.com/bot.html)"
66.249.65.174 - - [15/Mar/2025:23:27:53 +0700] "GET /prince/auction/3225121656.shtm HTTP/1.1" 200 21126 "-" "Mozilla/5.0 (compatible; Googlebot/2.1; +http://www.google.com/bot.html)"
66.249.65.174 - - [15/Mar/2025:23:27:54 +0700] "GET /associated/shopping/32271079697.shtm HTTP/1.1" 200 20764 "-" "Mozilla/5.0 (compatible; Googlebot/2.1; +http://www.google.com/bot.html)"
66.249.65.174 - - [15/Mar/2025:23:28:02 +0700] "GET /unpaid/good/3226912420.shtm HTTP/1.1" 200 20913 "-" "Mozilla/5.0 (compatible; Googlebot/2.1; +http://www.google.com/bot.html)"
66.249.65.160 - - [15/Mar/2025:23:28:08 +0700] "GET /rowling/commoditys/3226958041.shtm HTTP/1.1" 200 19977 "-" "Mozilla/5.0 (compatible; Googlebot/2.1; +http://www.google.com/bot.html)"
66.249.65.160 - - [15/Mar/2025:23:28:09 +0700] "GET /there/product/3225258519.shtm HTTP/1.1" 200 20538 "-" "Mozilla/5.0 (compatible; Googlebot/2.1; +http://www.google.com/bot.html)"
66.249.65.160 - - [15/Mar/2025:23:28:50 +0700] "GET /earthquakes/3226734465.shtm HTTP/1.1" 200 19765 "-" "Mozilla/5.0 (compatible; Googlebot/2.1; +http://www.google.com/bot.html)"
66.249.65.174 - - [15/Mar/2025:23:28:51 +0700] "GET /georgia/merchandises/3225380175.shtm HTTP/1.1" 200 19991 "-" "Mozilla/5.0 (compatible; Googlebot/2.1; +http://www.google.com/bot.html)"
66.249.65.160 - - [15/Mar/2025:23:28:59 +0700] "GET /preserves/good/3225456210.shtm HTTP/1.1" 200 20798 "-" "Mozilla/5.0 (compatible; Googlebot/2.1; +http://www.google.com/bot.html)"
66.249.71.1 - - [15/Mar/2025:23:29:04 +0700] "GET /judging/item/3226851592.shtm HTTP/1.1" 200 19924 "-" "Mozilla/5.0 (compatible; Googlebot/2.1; +http://www.google.com/bot.html)"
66.249.71.1 - - [15/Mar/2025:23:29:07 +0700] "GET /mute/product/3226734379.shtm HTTP/1.1" 200 22579 "-" "Mozilla/5.0 (compatible; Googlebot/2.1; +http://www.google.com/bot.html)"
66.249.65.160 - - [15/Mar/2025:23:29:12 +0700] "GET /wordpress/shopdetail/3226745143.shtm HTTP/1.1" 200 19891 "-" "Mozilla/5.0 (compatible; Googlebot/2.1; +http://www.google.com/bot.html)"
66.249.65.174 - - [15/Mar/2025:23:29:17 +0700] "GET /brochures/item/3226547452.shtm HTTP/1.1" 200 19442 "-" "Mozilla/5.0 (compatible; Googlebot/2.1; +http://www.google.com/bot.html)"
66.249.65.160 - - [15/Mar/2025:23:29:25 +0700] "GET /worried/product/3226866799.shtm HTTP/1.1" 200 19768 "-" "Mozilla/5.0 (compatible; Googlebot/2.1; +http://www.google.com/bot.html)"
207.46.13.18 - - [15/Mar/2025:23:30:08 +0700] "GET /en/blog/kewirausahaan/funding/pengertian-funding-mengenal-jenis-jenis-pendanaan-startup-series HTTP/1.1" 200 19880 "-" "Mozilla/5.0 AppleWebKit/537.36 (KHTML, like Gecko; compatible; bingbot/2.0; +http://www.bing.com/bingbot.htm) Chrome/116.0.1938.76 Safari/537.36"
66.249.65.161 - - [15/Mar/2025:23:30:44 +0700] "GET /predicting/good/32271234500.shtm HTTP/1.1" 200 21402 "-" "Mozilla/5.0 (compatible; Googlebot/2.1; +http://www.google.com/bot.html)"
66.249.65.174 - - [15/Mar/2025:23:31:08 +0700] "GET /scout/32281707200.shtm HTTP/1.1" 200 19778 "-" "Mozilla/5.0 (compatible; Googlebot/2.1; +http://www.google.com/bot.html)"
66.249.65.174 - - [15/Mar/2025:23:31:17 +0700] "GET /hindu/3226746900.shtm HTTP/1.1" 200 22833 "-" "Mozilla/5.0 (compatible; Googlebot/2.1; +http://www.google.com/bot.html)"
66.249.65.174 - - [15/Mar/2025:23:31:23 +0700] "POST /get-message-notify HTTP/1.1" 200 22058 "http://www.aturtoko.id/scout/32281707200.shtm" "Mozilla/5.0 AppleWebKit/537.36 (KHTML, like Gecko; compatible; Googlebot/2.1; +http://www.google.com/bot.html) Chrome/133.0.6943.141 Safari/537.36"
66.249.65.160 - - [15/Mar/2025:23:31:24 +0700] "GET /identify/good/32292240700.shtm HTTP/1.1" 200 21510 "-" "Mozilla/5.0 (compatible; Googlebot/2.1; +http://www.google.com/bot.html)"
66.249.65.160 - - [15/Mar/2025:23:31:32 +0700] "GET /3225167500.shtm HTTP/1.1" 200 19892 "-" "Mozilla/5.0 (compatible; Googlebot/2.1; +http://www.google.com/bot.html)"
66.249.71.9 - - [15/Mar/2025:23:31:37 +0700] "GET /3226807700.shtm HTTP/1.1" 200 19597 "-" "Mozilla/5.0 (compatible; Googlebot/2.1; +http://www.google.com/bot.html)"
66.249.65.160 - - [15/Mar/2025:23:31:38 +0700] "GET /32271447900.shtm HTTP/1.1" 200 19535 "-" "Mozilla/5.0 (compatible; Googlebot/2.1; +http://www.google.com/bot.html)"
66.249.65.161 - - [15/Mar/2025:23:31:47 +0700] "GET /ratio/32281981400.shtm HTTP/1.1" 200 22111 "-" "Mozilla/5.0 (compatible; Googlebot/2.1; +http://www.google.com/bot.html)"
66.249.65.174 - - [15/Mar/2025:23:31:48 +0700] "GET /32271402000.shtm HTTP/1.1" 200 19840 "-" "Mozilla/5.0 (compatible; Googlebot/2.1; +http://www.google.com/bot.html)"
66.249.65.174 - - [15/Mar/2025:23:31:55 +0700] "GET /transit/32292301500.shtm HTTP/1.1" 200 19901 "-" "Mozilla/5.0 (compatible; Googlebot/2.1; +http://www.google.com/bot.html)"
66.249.65.174 - - [15/Mar/2025:23:31:56 +0700] "GET /santa/good/32281600500.shtm HTTP/1.1" 200 21656 "-" "Mozilla/5.0 (compatible; Googlebot/2.1; +http://www.google.com/bot.html)"
66.249.71.9 - - [15/Mar/2025:23:32:03 +0700] "GET /peters/good/32281508700.shtm HTTP/1.1" 200 20109 "-" "Mozilla/5.0 (compatible; Googlebot/2.1; +http://www.google.com/bot.html)"
66.249.65.160 - - [15/Mar/2025:23:32:05 +0700] "GET /3225487600.shtm HTTP/1.1" 200 19890 "-" "Mozilla/5.0 (compatible; Googlebot/2.1; +http://www.google.com/bot.html)"
66.249.65.174 - - [15/Mar/2025:23:32:12 +0700] "GET /pharma/goods/3225212898.shtm HTTP/1.1" 200 19859 "-" "Mozilla/5.0 (compatible; Googlebot/2.1; +http://www.google.com/bot.html)"
66.249.71.9 - - [15/Mar/2025:23:32:14 +0700] "GET /spurs/shopping/3226734607.shtm HTTP/1.1" 200 20467 "-" "Mozilla/5.0 (compatible; Googlebot/2.1; +http://www.google.com/bot.html)"
66.249.65.174 - - [15/Mar/2025:23:32:35 +0700] "POST /get-message-notify HTTP/1.1" 200 22054 "http://www.aturtoko.id/32271402000.shtm" "Mozilla/5.0 AppleWebKit/537.36 (KHTML, like Gecko; compatible; Googlebot/2.1; +http://www.google.com/bot.html) Chrome/133.0.6943.141 Safari/537.36"
66.249.65.161 - - [15/Mar/2025:23:32:47 +0700] "GET /originally/32271341200.shtm HTTP/1.1" 200 20051 "-" "Mozilla/5.0 (compatible; Googlebot/2.1; +http://www.google.com/bot.html)"
66.249.71.1 - - [15/Mar/2025:23:32:52 +0700] "GET /routines/32292027300.shtm HTTP/1.1" 200 19685 "-" "Mozilla/5.0 (compatible; Googlebot/2.1; +http://www.google.com/bot.html)"
66.249.71.3 - - [15/Mar/2025:23:33:02 +0700] "GET /underoath/good/3226594300.shtm HTTP/1.1" 200 19816 "-" "Mozilla/5.0 (compatible; Googlebot/2.1; +http://www.google.com/bot.html)"
66.249.65.174 - - [15/Mar/2025:23:33:10 +0700] "GET /32271127800.shtm HTTP/1.1" 200 19709 "-" "Mozilla/5.0 (compatible; Googlebot/2.1; +http://www.google.com/bot.html)"
66.249.65.174 - - [15/Mar/2025:23:33:14 +0700] "GET /poorly/3226528785.shtm HTTP/1.1" 200 21714 "-" "Mozilla/5.0 (compatible; Googlebot/2.1; +http://www.google.com/bot.html)"
66.249.65.160 - - [15/Mar/2025:23:33:20 +0700] "GET /resin/auction/3226528576.shtm HTTP/1.1" 200 20303 "-" "Mozilla/5.0 (compatible; Googlebot/2.1; +http://www.google.com/bot.html)"
66.249.65.160 - - [15/Mar/2025:23:33:21 +0700] "GET /aces/322514900.shtm HTTP/1.1" 200 19353 "-" "Mozilla/5.0 (compatible; Googlebot/2.1; +http://www.google.com/bot.html)"
66.249.65.160 - - [15/Mar/2025:23:33:28 +0700] "GET /insure/good/3226868500.shtm HTTP/1.1" 200 19794 "-" "Mozilla/5.0 (compatible; Googlebot/2.1; +http://www.google.com/bot.html)"
180.235.151.3 - - [15/Mar/2025:23:33:33 +0700] "POST /wp-cron.php?doing_wp_cron=1742056413.0430209636688232421875 HTTP/1.1" 403 1242 "-" "WordPress/6.7.2; https://www.aturtoko.id"
216.244.66.248 - - [15/Mar/2025:23:33:29 +0700] "GET /ms/blog/tag/review HTTP/1.1" 404 11504 "-" "Mozilla/5.0 (compatible; DotBot/1.2; +https://opensiteexplorer.org/dotbot; help@moz.com)"
66.249.65.160 - - [15/Mar/2025:23:33:38 +0700] "GET /imprint/commoditys/3226528771.shtm HTTP/1.1" 200 19663 "-" "Mozilla/5.0 (compatible; Googlebot/2.1; +http://www.google.com/bot.html)"
66.249.65.174 - - [15/Mar/2025:23:33:43 +0700] "GET /naive/shopdetail/3225136863.shtm HTTP/1.1" 200 19451 "-" "Mozilla/5.0 (compatible; Googlebot/2.1; +http://www.google.com/bot.html)"
66.249.65.160 - - [15/Mar/2025:23:33:48 +0700] "GET /sars/3226733691.shtm HTTP/1.1" 200 19466 "-" "Mozilla/5.0 (compatible; Googlebot/2.1; +http://www.google.com/bot.html)"
66.249.65.174 - - [15/Mar/2025:23:33:52 +0700] "GET /glory/shopping/3226623487.shtm HTTP/1.1" 200 20225 "-" "Mozilla/5.0 (compatible; Googlebot/2.1; +http://www.google.com/bot.html)"
66.249.65.161 - - [15/Mar/2025:23:33:57 +0700] "GET /refinement/products/32271094904.shtm HTTP/1.1" 200 20778 "-" "Mozilla/5.0 (compatible; Googlebot/2.1; +http://www.google.com/bot.html)"
66.249.65.161 - - [15/Mar/2025:23:34:01 +0700] "GET /styled/shopdetail/3226897213.shtm HTTP/1.1" 200 20861 "-" "Mozilla/5.0 (compatible; Googlebot/2.1; +http://www.google.com/bot.html)"
66.249.65.174 - - [15/Mar/2025:23:34:07 +0700] "GET /vegetarian/shopping/3225167277.shtm HTTP/1.1" 200 19739 "-" "Mozilla/5.0 (compatible; Googlebot/2.1; +http://www.google.com/bot.html)"
66.249.71.1 - - [15/Mar/2025:23:34:08 +0700] "GET /steam/good/3225304140.shtm HTTP/1.1" 200 19712 "-" "Mozilla/5.0 (compatible; Googlebot/2.1; +http://www.google.com/bot.html)"
66.249.65.174 - - [15/Mar/2025:23:34:14 +0700] "GET /unconscious/item/3225395382.shtm HTTP/1.1" 200 19207 "-" "Mozilla/5.0 (compatible; Googlebot/2.1; +http://www.google.com/bot.html)"
66.249.65.174 - - [15/Mar/2025:23:34:15 +0700] "GET /those/products/3226638694.shtm HTTP/1.1" 200 21600 "-" "Mozilla/5.0 (compatible; Googlebot/2.1; +http://www.google.com/bot.html)"
180.235.151.3 - - [15/Mar/2025:23:34:51 +0700] "POST /wp-cron.php?doing_wp_cron=1742056491.0507059097290039062500 HTTP/1.1" 403 1242 "-" "WordPress/6.7.2; https://www.aturtoko.id"
216.244.66.248 - - [15/Mar/2025:23:34:47 +0700] "GET /en/blog/tag/intrapreneur HTTP/1.1" 404 11504 "-" "Mozilla/5.0 (compatible; DotBot/1.2; +https://opensiteexplorer.org/dotbot; help@moz.com)"
66.249.71.2 - - [15/Mar/2025:23:34:55 +0700] "GET /3226528634.shtm HTTP/1.1" 200 22434 "-" "Mozilla/5.0 (compatible; Googlebot/2.1; +http://www.google.com/bot.html)"
66.249.71.9 - - [15/Mar/2025:23:35:01 +0700] "GET /landscaping/goods/3226528768.shtm HTTP/1.1" 200 21066 "-" "Mozilla/5.0 (compatible; Googlebot/2.1; +http://www.google.com/bot.html)"
66.249.71.9 - - [15/Mar/2025:23:35:05 +0700] "GET /utilizing/good/32292469000.shtm HTTP/1.1" 200 19491 "-" "Mozilla/5.0 (compatible; Googlebot/2.1; +http://www.google.com/bot.html)"
66.249.71.9 - - [15/Mar/2025:23:35:07 +0700] "GET /322575700.shtm HTTP/1.1" 200 19681 "-" "Mozilla/5.0 (compatible; Googlebot/2.1; +http://www.google.com/bot.html)"
66.249.71.9 - - [15/Mar/2025:23:35:09 +0700] "GET /32271173700.shtm HTTP/1.1" 200 19764 "-" "Mozilla/5.0 (compatible; Googlebot/2.1; +http://www.google.com/bot.html)"
66.249.71.9 - - [15/Mar/2025:23:35:10 +0700] "GET /32281768000.shtm HTTP/1.1" 200 19522 "-" "Mozilla/5.0 (compatible; Googlebot/2.1; +http://www.google.com/bot.html)"
66.249.71.9 - - [15/Mar/2025:23:35:12 +0700] "GET /32281813900.shtm HTTP/1.1" 200 20144 "-" "Mozilla/5.0 (compatible; Googlebot/2.1; +http://www.google.com/bot.html)"
66.249.71.9 - - [15/Mar/2025:23:35:14 +0700] "GET /reese/good/32292194800.shtm HTTP/1.1" 200 19702 "-" "Mozilla/5.0 (compatible; Googlebot/2.1; +http://www.google.com/bot.html)"
66.249.71.9 - - [15/Mar/2025:23:35:15 +0700] "GET /tunes/3225426800.shtm HTTP/1.1" 200 20232 "-" "Mozilla/5.0 (compatible; Googlebot/2.1; +http://www.google.com/bot.html)"
66.249.71.9 - - [15/Mar/2025:23:35:16 +0700] "GET /le/good/3225320100.shtm HTTP/1.1" 200 21721 "-" "Mozilla/5.0 (compatible; Googlebot/2.1; +http://www.google.com/bot.html)"
66.249.71.9 - - [15/Mar/2025:23:35:17 +0700] "GET /wl/product/3226528729.shtm HTTP/1.1" 200 20623 "-" "Mozilla/5.0 (compatible; Googlebot/2.1; +http://www.google.com/bot.html)"
66.249.71.9 - - [15/Mar/2025:23:35:19 +0700] "GET /speak/3226701000.shtm HTTP/1.1" 200 21072 "-" "Mozilla/5.0 (compatible; Googlebot/2.1; +http://www.google.com/bot.html)"
66.249.71.9 - - [15/Mar/2025:23:35:20 +0700] "GET /32292408200.shtm HTTP/1.1" 200 22601 "-" "Mozilla/5.0 (compatible; Googlebot/2.1; +http://www.google.com/bot.html)"
66.249.71.1 - - [15/Mar/2025:23:35:21 +0700] "GET /lighting/322560800.shtm HTTP/1.1" 200 22158 "-" "Mozilla/5.0 (compatible; Googlebot/2.1; +http://www.google.com/bot.html)"
66.249.71.9 - - [15/Mar/2025:23:35:24 +0700] "GET /32292088100.shtm HTTP/1.1" 200 20246 "-" "Mozilla/5.0 (compatible; Googlebot/2.1; +http://www.google.com/bot.html)"
66.249.71.9 - - [15/Mar/2025:23:35:25 +0700] "GET /ativan/3226655100.shtm HTTP/1.1" 200 19747 "-" "Mozilla/5.0 (compatible; Googlebot/2.1; +http://www.google.com/bot.html)"
66.249.71.9 - - [15/Mar/2025:23:35:26 +0700] "GET /bills/good/3225182400.shtm HTTP/1.1" 200 19626 "-" "Mozilla/5.0 (compatible; Googlebot/2.1; +http://www.google.com/bot.html)"
66.249.71.1 - - [15/Mar/2025:23:35:27 +0700] "GET /rainforest/products/3225334554.shtm HTTP/1.1" 200 19995 "-" "Mozilla/5.0 (compatible; Googlebot/2.1; +http://www.google.com/bot.html)"
180.235.151.3 - - [15/Mar/2025:23:36:16 +0700] "POST /wp-cron.php?doing_wp_cron=1742056576.2595069408416748046875 HTTP/1.1" 403 1242 "-" "WordPress/6.7.2; https://www.aturtoko.id"
216.244.66.248 - - [15/Mar/2025:23:36:11 +0700] "GET /en/blog/tag/contoh-proposal HTTP/1.1" 404 11504 "-" "Mozilla/5.0 (compatible; DotBot/1.2; +https://opensiteexplorer.org/dotbot; help@moz.com)"
216.244.66.248 - - [15/Mar/2025:23:36:30 +0700] "GET /en/blog/tag/marketplace/page/2 HTTP/1.1" 404 11504 "-" "Mozilla/5.0 (compatible; DotBot/1.2; +https://opensiteexplorer.org/dotbot; help@moz.com)"
66.249.65.174 - - [15/Mar/2025:23:36:46 +0700] "GET /ngos/good/32292148900.shtm HTTP/1.1" 200 20432 "-" "Mozilla/5.0 (compatible; Googlebot/2.1; +http://www.google.com/bot.html)"
66.249.65.174 - - [15/Mar/2025:23:36:51 +0700] "GET /projections/3226528728.shtm HTTP/1.1" 200 20339 "-" "Mozilla/5.0 (compatible; Googlebot/2.1; +http://www.google.com/bot.html)"
66.249.65.174 - - [15/Mar/2025:23:36:51 +0700] "GET /toledo/3225289100.shtm HTTP/1.1" 200 19373 "-" "Mozilla/5.0 (compatible; Googlebot/2.1; +http://www.google.com/bot.html)"
66.249.65.174 - - [15/Mar/2025:23:36:53 +0700] "GET /luis/32271067000.shtm HTTP/1.1" 200 21191 "-" "Mozilla/5.0 (compatible; Googlebot/2.1; +http://www.google.com/bot.html)"
66.249.65.174 - - [15/Mar/2025:23:36:56 +0700] "GET /os/good/3226960300.shtm HTTP/1.1" 200 22083 "-" "Mozilla/5.0 (compatible; Googlebot/2.1; +http://www.google.com/bot.html)"
66.249.65.174 - - [15/Mar/2025:23:37:00 +0700] "GET /kp/32271295300.shtm HTTP/1.1" 200 19606 "-" "Mozilla/5.0 (compatible; Googlebot/2.1; +http://www.google.com/bot.html)"
66.249.65.161 - - [15/Mar/2025:23:37:01 +0700] "GET /feathers/good/32281554600.shtm HTTP/1.1" 200 19408 "-" "Mozilla/5.0 (compatible; Googlebot/2.1; +http://www.google.com/bot.html)"
66.249.65.160 - - [15/Mar/2025:23:37:02 +0700] "GET /3226761800.shtm HTTP/1.1" 200 19673 "-" "Mozilla/5.0 (compatible; Googlebot/2.1; +http://www.google.com/bot.html)"
66.249.65.161 - - [15/Mar/2025:23:37:03 +0700] "GET /facilitates/3226975200.shtm HTTP/1.1" 200 20229 "-" "Mozilla/5.0 (compatible; Googlebot/2.1; +http://www.google.com/bot.html)"
66.249.65.160 - - [15/Mar/2025:23:37:05 +0700] "GET /coupe/shopping/3226528687.shtm HTTP/1.1" 200 22348 "-" "Mozilla/5.0 (compatible; Googlebot/2.1; +http://www.google.com/bot.html)"
66.249.71.9 - - [15/Mar/2025:23:37:07 +0700] "GET /32292454100.shtm HTTP/1.1" 200 20242 "-" "Mozilla/5.0 (compatible; Googlebot/2.1; +http://www.google.com/bot.html)"
66.249.65.174 - - [15/Mar/2025:23:37:08 +0700] "GET /settings/good/32271280400.shtm HTTP/1.1" 200 19661 "-" "Mozilla/5.0 (compatible; Googlebot/2.1; +http://www.google.com/bot.html)"
66.249.65.174 - - [15/Mar/2025:23:37:09 +0700] "GET /intentionally/commoditys/3226653901.shtm HTTP/1.1" 200 21528 "-" "Mozilla/5.0 (compatible; Googlebot/2.1; +http://www.google.com/bot.html)"
66.249.71.9 - - [15/Mar/2025:23:37:10 +0700] "GET /brains/item/322591242.shtm HTTP/1.1" 200 19508 "-" "Mozilla/5.0 (compatible; Googlebot/2.1; +http://www.google.com/bot.html)"
66.249.65.174 - - [15/Mar/2025:23:37:11 +0700] "GET /oklahoma/goods/3226821178.shtm HTTP/1.1" 200 20321 "-" "Mozilla/5.0 (compatible; Googlebot/2.1; +http://www.google.com/bot.html)"
66.249.65.174 - - [15/Mar/2025:23:37:14 +0700] "GET /3226733789.shtm HTTP/1.1" 200 21877 "-" "Mozilla/5.0 (compatible; Googlebot/2.1; +http://www.google.com/bot.html)"
66.249.65.174 - - [15/Mar/2025:23:37:15 +0700] "GET /configurations/merchandises/3226988455.shtm HTTP/1.1" 200 20730 "-" "Mozilla/5.0 (compatible; Googlebot/2.1; +http://www.google.com/bot.html)"
66.249.65.174 - - [15/Mar/2025:23:37:16 +0700] "GET /karate/shopdetail/3226593073.shtm HTTP/1.1" 200 21279 "-" "Mozilla/5.0 (compatible; Googlebot/2.1; +http://www.google.com/bot.html)"
66.249.65.174 - - [15/Mar/2025:23:37:17 +0700] "GET /printer/item/3226699522.shtm HTTP/1.1" 200 20360 "-" "Mozilla/5.0 (compatible; Googlebot/2.1; +http://www.google.com/bot.html)"
66.249.65.174 - - [15/Mar/2025:23:37:18 +0700] "GET /timeline/products/3225486624.shtm HTTP/1.1" 200 19358 "-" "Mozilla/5.0 (compatible; Googlebot/2.1; +http://www.google.com/bot.html)"
66.249.65.174 - - [15/Mar/2025:23:37:20 +0700] "GET /feasibility/auction/3226729936.shtm HTTP/1.1" 200 22033 "-" "Mozilla/5.0 (compatible; Googlebot/2.1; +http://www.google.com/bot.html)"
66.249.65.174 - - [15/Mar/2025:23:37:21 +0700] "GET /protocol/shopdetail/3225441003.shtm HTTP/1.1" 200 20167 "-" "Mozilla/5.0 (compatible; Googlebot/2.1; +http://www.google.com/bot.html)"
66.249.65.174 - - [15/Mar/2025:23:37:23 +0700] "GET /huns/merchandises/3226734745.shtm HTTP/1.1" 200 20028 "-" "Mozilla/5.0 (compatible; Googlebot/2.1; +http://www.google.com/bot.html)"
66.249.71.9 - - [15/Mar/2025:23:37:25 +0700] "GET /hopefully/good/32271064490.shtm HTTP/1.1" 200 21145 "-" "Mozilla/5.0 (compatible; Googlebot/2.1; +http://www.google.com/bot.html)"
66.249.65.174 - - [15/Mar/2025:23:37:26 +0700] "GET /bishop/merchandises/3226684315.shtm HTTP/1.1" 200 22077 "-" "Mozilla/5.0 (compatible; Googlebot/2.1; +http://www.google.com/bot.html)"
66.249.65.174 - - [15/Mar/2025:23:37:27 +0700] "GET /received/shopping/3225319347.shtm HTTP/1.1" 200 20844 "-" "Mozilla/5.0 (compatible; Googlebot/2.1; +http://www.google.com/bot.html)"
66.249.65.174 - - [15/Mar/2025:23:37:28 +0700] "GET /pig/product/3225106449.shtm HTTP/1.1" 200 19660 "-" "Mozilla/5.0 (compatible; Googlebot/2.1; +http://www.google.com/bot.html)"
66.249.65.160 - - [15/Mar/2025:23:37:30 +0700] "GET /suzuki/auction/3225425796.shtm HTTP/1.1" 200 20320 "-" "Mozilla/5.0 (compatible; Googlebot/2.1; +http://www.google.com/bot.html)"
180.235.151.3 - - [15/Mar/2025:23:38:15 +0700] "POST /wp-cron.php?doing_wp_cron=1742056695.0677421092987060546875 HTTP/1.1" 403 1242 "-" "WordPress/6.7.2; https://www.aturtoko.id"
216.244.66.248 - - [15/Mar/2025:23:38:11 +0700] "GET /en/blog/management/marketing/apa-itu-bundling-tipe-dan-strategi-untuk-meningkatkan-penjualan/ HTTP/1.1" 404 11504 "-" "Mozilla/5.0 (compatible; DotBot/1.2; +https://opensiteexplorer.org/dotbot; help@moz.com)"
216.244.66.248 - - [15/Mar/2025:23:38:27 +0700] "GET /en/blog/tag/check/feed HTTP/1.1" 404 11504 "-" "Mozilla/5.0 (compatible; DotBot/1.2; +https://opensiteexplorer.org/dotbot; help@moz.com)"
216.244.66.248 - - [15/Mar/2025:23:38:41 +0700] "GET /ms/blog/tag/ekonomi-digital/feed HTTP/1.1" 404 11504 "-" "Mozilla/5.0 (compatible; DotBot/1.2; +https://opensiteexplorer.org/dotbot; help@moz.com)"
66.249.71.9 - - [15/Mar/2025:23:38:46 +0700] "GET /stones/item/32271003662.shtm HTTP/1.1" 200 20115 "-" "Mozilla/5.0 (compatible; Googlebot/2.1; +http://www.google.com/bot.html)"
66.249.65.174 - - [15/Mar/2025:23:38:48 +0700] "GET /tens/product/3225410589.shtm HTTP/1.1" 200 20181 "-" "Mozilla/5.0 (compatible; Googlebot/2.1; +http://www.google.com/bot.html)"
66.249.65.174 - - [15/Mar/2025:23:38:49 +0700] "GET /blowout/merchandises/3226836385.shtm HTTP/1.1" 200 22128 "-" "Mozilla/5.0 (compatible; Googlebot/2.1; +http://www.google.com/bot.html)"
66.249.65.174 - - [15/Mar/2025:23:38:52 +0700] "GET /babe/commoditys/3226501831.shtm HTTP/1.1" 200 19667 "-" "Mozilla/5.0 (compatible; Googlebot/2.1; +http://www.google.com/bot.html)"
66.249.65.174 - - [15/Mar/2025:23:38:53 +0700] "GET /3226733684.shtm HTTP/1.1" 200 21970 "-" "Mozilla/5.0 (compatible; Googlebot/2.1; +http://www.google.com/bot.html)"
66.249.65.174 - - [15/Mar/2025:23:38:54 +0700] "GET /measured/products/3225182484.shtm HTTP/1.1" 200 20427 "-" "Mozilla/5.0 (compatible; Googlebot/2.1; +http://www.google.com/bot.html)"
66.249.65.174 - - [15/Mar/2025:23:38:55 +0700] "GET /limousines/products/3226942834.shtm HTTP/1.1" 200 19829 "-" "Mozilla/5.0 (compatible; Googlebot/2.1; +http://www.google.com/bot.html)"
66.249.71.9 - - [15/Mar/2025:23:38:56 +0700] "GET /assists/merchandises/3225228105.shtm HTTP/1.1" 200 19653 "-" "Mozilla/5.0 (compatible; Googlebot/2.1; +http://www.google.com/bot.html)"
66.249.65.174 - - [15/Mar/2025:23:38:57 +0700] "GET /slick/3226734291.shtm HTTP/1.1" 200 19908 "-" "Mozilla/5.0 (compatible; Googlebot/2.1; +http://www.google.com/bot.html)"
66.249.71.9 - - [15/Mar/2025:23:38:58 +0700] "GET /successes/products/3226790764.shtm HTTP/1.1" 200 20051 "-" "Mozilla/5.0 (compatible; Googlebot/2.1; +http://www.google.com/bot.html)"
66.249.65.174 - - [15/Mar/2025:23:38:59 +0700] "GET /harmonic/merchandises/3226734625.shtm HTTP/1.1" 200 19690 "-" "Mozilla/5.0 (compatible; Googlebot/2.1; +http://www.google.com/bot.html)"
66.249.65.160 - - [15/Mar/2025:23:39:01 +0700] "GET /interventions/good/3226608280.shtm HTTP/1.1" 200 19613 "-" "Mozilla/5.0 (compatible; Googlebot/2.1; +http://www.google.com/bot.html)"
66.249.65.160 - - [15/Mar/2025:23:39:03 +0700] "GET /playoff/3226733289.shtm HTTP/1.1" 200 20007 "-" "Mozilla/5.0 (compatible; Googlebot/2.1; +http://www.google.com/bot.html)"
66.249.65.174 - - [15/Mar/2025:23:39:04 +0700] "GET /tahiti/commoditys/3225197691.shtm HTTP/1.1" 200 19752 "-" "Mozilla/5.0 (compatible; Googlebot/2.1; +http://www.google.com/bot.html)"
66.249.65.174 - - [15/Mar/2025:23:39:07 +0700] "GET /man/product/32271018869.shtm HTTP/1.1" 200 19952 "-" "Mozilla/5.0 (compatible; Googlebot/2.1; +http://www.google.com/bot.html)"
216.244.66.248 - - [15/Mar/2025:23:39:54 +0700] "GET /en/blog/manajemen-bisnis/cara-menemukan-trend-produk/ HTTP/1.1" 404 11504 "-" "Mozilla/5.0 (compatible; DotBot/1.2; +https://opensiteexplorer.org/dotbot; help@moz.com)"
66.249.71.1 - - [15/Mar/2025:23:40:47 +0700] "GET /ama/3226733052.shtm HTTP/1.1" 200 21494 "-" "Mozilla/5.0 (compatible; Googlebot/2.1; +http://www.google.com/bot.html)"
66.249.71.9 - - [15/Mar/2025:23:40:52 +0700] "GET /evolved/goods/3226669108.shtm HTTP/1.1" 200 21120 "-" "Mozilla/5.0 (compatible; Googlebot/2.1; +http://www.google.com/bot.html)"
66.249.71.9 - - [15/Mar/2025:23:40:58 +0700] "GET /yer/auction/3226577866.shtm HTTP/1.1" 200 19475 "-" "Mozilla/5.0 (compatible; Googlebot/2.1; +http://www.google.com/bot.html)"
66.249.71.1 - - [15/Mar/2025:23:40:59 +0700] "GET /morocco/goods/3225364968.shtm HTTP/1.1" 200 19486 "-" "Mozilla/5.0 (compatible; Googlebot/2.1; +http://www.google.com/bot.html)"
180.235.151.3 - - [15/Mar/2025:23:41:06 +0700] "POST /wp-cron.php?doing_wp_cron=1742056866.8049569129943847656250 HTTP/1.1" 403 1242 "-" "WordPress/6.7.2; https://www.aturtoko.id"
185.191.171.18 - - [15/Mar/2025:23:41:02 +0700] "GET /en/blog/category/digital-marketing/page/4 HTTP/1.1" 404 3380 "-" "Mozilla/5.0 (compatible; SemrushBot/7~bl; +http://www.semrush.com/bot.html)"
66.249.71.9 - - [15/Mar/2025:23:41:05 +0700] "GET /bernstein/shopping/322515207.shtm HTTP/1.1" 200 19637 "-" "Mozilla/5.0 (compatible; Googlebot/2.1; +http://www.google.com/bot.html)"
66.249.65.174 - - [15/Mar/2025:23:41:10 +0700] "GET /direction/goods/322560828.shtm HTTP/1.1" 200 19836 "-" "Mozilla/5.0 (compatible; Googlebot/2.1; +http://www.google.com/bot.html)"
66.249.71.9 - - [15/Mar/2025:23:41:13 +0700] "GET /gulf/item/3225243312.shtm HTTP/1.1" 200 19859 "-" "Mozilla/5.0 (compatible; Googlebot/2.1; +http://www.google.com/bot.html)"
66.249.71.9 - - [15/Mar/2025:23:41:19 +0700] "GET /workshops/product/3226562659.shtm HTTP/1.1" 200 20160 "-" "Mozilla/5.0 (compatible; Googlebot/2.1; +http://www.google.com/bot.html)"
180.235.151.3 - - [15/Mar/2025:23:42:25 +0700] "POST /wp-cron.php?doing_wp_cron=1742056945.9874119758605957031250 HTTP/1.1" 403 1242 "-" "WordPress/6.7.2; https://www.aturtoko.id"
216.244.66.248 - - [15/Mar/2025:23:42:22 +0700] "GET /ms/blog/kewirausahaan/funding/pengertian-funding-mengenal-jenis-jenis-pendanaan-startup-series/feed HTTP/1.1" 404 11504 "-" "Mozilla/5.0 (compatible; DotBot/1.2; +https://opensiteexplorer.org/dotbot; help@moz.com)"
216.244.66.248 - - [15/Mar/2025:23:42:37 +0700] "GET /ms/cara-jualan-di-tokopedia/cara-mendaftar-jadi-mitra-tokopedia-aplikasi-untuk-bisnis-rumahan/ HTTP/1.1" 404 11504 "-" "Mozilla/5.0 (compatible; DotBot/1.2; +https://opensiteexplorer.org/dotbot; help@moz.com)"
66.249.65.174 - - [15/Mar/2025:23:42:57 +0700] "GET /elem/product/3226714729.shtm HTTP/1.1" 200 22274 "-" "Mozilla/5.0 (compatible; Googlebot/2.1; +http://www.google.com/bot.html)"
66.249.65.174 - - [15/Mar/2025:23:43:16 +0700] "GET /sued/auction/3225273726.shtm HTTP/1.1" 200 19761 "-" "Mozilla/5.0 (compatible; Googlebot/2.1; +http://www.google.com/bot.html)"
66.249.65.174 - - [15/Mar/2025:23:43:17 +0700] "GET /rebecca/commoditys/3226805971.shtm HTTP/1.1" 200 22013 "-" "Mozilla/5.0 (compatible; Googlebot/2.1; +http://www.google.com/bot.html)"
66.249.65.160 - - [15/Mar/2025:23:43:30 +0700] "GET /init/products/322530414.shtm HTTP/1.1" 200 20178 "-" "Mozilla/5.0 (compatible; Googlebot/2.1; +http://www.google.com/bot.html)"
66.249.65.174 - - [15/Mar/2025:23:43:36 +0700] "GET /kinase/shopping/3226927627.shtm HTTP/1.1" 200 21101 "-" "Mozilla/5.0 (compatible; Googlebot/2.1; +http://www.google.com/bot.html)"
66.249.65.174 - - [15/Mar/2025:23:43:40 +0700] "GET /milestone/good/3225152070.shtm HTTP/1.1" 200 19689 "-" "Mozilla/5.0 (compatible; Googlebot/2.1; +http://www.google.com/bot.html)"
180.235.151.3 - - [15/Mar/2025:23:43:46 +0700] "POST /wp-cron.php?doing_wp_cron=1742057026.0715909004211425781250 HTTP/1.1" 403 1242 "-" "WordPress/6.7.2; https://www.aturtoko.id"
216.244.66.248 - - [15/Mar/2025:23:43:42 +0700] "GET /en/blog/author/aturtoko/page/4/ HTTP/1.1" 404 11504 "-" "Mozilla/5.0 (compatible; DotBot/1.2; +https://opensiteexplorer.org/dotbot; help@moz.com)"
66.249.65.161 - - [15/Mar/2025:23:43:45 +0700] "GET /stripping/auction/3225111546.shtm HTTP/1.1" 200 21756 "-" "Mozilla/5.0 (compatible; Googlebot/2.1; +http://www.google.com/bot.html)"
66.249.65.174 - - [15/Mar/2025:23:43:50 +0700] "GET /32292080030.shtm HTTP/1.1" 200 20039 "-" "Mozilla/5.0 (compatible; Googlebot/2.1; +http://www.google.com/bot.html)"
66.249.65.161 - - [15/Mar/2025:23:43:51 +0700] "GET /stockholders/item/32271177722.shtm HTTP/1.1" 200 20472 "-" "Mozilla/5.0 (compatible; Googlebot/2.1; +http://www.google.com/bot.html)"
66.249.65.174 - - [15/Mar/2025:23:44:00 +0700] "GET /fictional/goods/32281556598.shtm HTTP/1.1" 200 19580 "-" "Mozilla/5.0 (compatible; Googlebot/2.1; +http://www.google.com/bot.html)"
216.244.66.248 - - [15/Mar/2025:23:43:58 +0700] "GET /ms/blog/tag/usaha/page/6/ HTTP/1.1" 404 11504 "-" "Mozilla/5.0 (compatible; DotBot/1.2; +https://opensiteexplorer.org/dotbot; help@moz.com)"
66.249.65.160 - - [15/Mar/2025:23:44:01 +0700] "GET /32271281184.shtm HTTP/1.1" 200 19980 "-" "Mozilla/5.0 (compatible; Googlebot/2.1; +http://www.google.com/bot.html)"
66.249.65.160 - - [15/Mar/2025:23:44:08 +0700] "GET /3225111553.shtm HTTP/1.1" 200 21015 "-" "Mozilla/5.0 (compatible; Googlebot/2.1; +http://www.google.com/bot.html)"
66.249.65.174 - - [15/Mar/2025:23:44:09 +0700] "POST /get-message-notify HTTP/1.1" 200 22058 "http://www.aturtoko.id/milestone/good/3225152070.shtm" "Mozilla/5.0 AppleWebKit/537.36 (KHTML, like Gecko; compatible; Googlebot/2.1; +http://www.google.com/bot.html) Chrome/133.0.6943.141 Safari/537.36"
66.249.71.9 - - [15/Mar/2025:23:44:14 +0700] "GET /author/auction/3225378876.shtm HTTP/1.1" 200 19593 "-" "Mozilla/5.0 (compatible; Googlebot/2.1; +http://www.google.com/bot.html)"
66.249.65.174 - - [15/Mar/2025:23:44:15 +0700] "GET /32292052634.shtm HTTP/1.1" 200 20077 "-" "Mozilla/5.0 (compatible; Googlebot/2.1; +http://www.google.com/bot.html)"
66.249.65.174 - - [15/Mar/2025:23:44:22 +0700] "GET /32271308580.shtm HTTP/1.1" 200 22188 "-" "Mozilla/5.0 (compatible; Googlebot/2.1; +http://www.google.com/bot.html)"
66.249.65.174 - - [15/Mar/2025:23:44:25 +0700] "GET /3225130858.shtm HTTP/1.1" 200 19563 "-" "Mozilla/5.0 (compatible; Googlebot/2.1; +http://www.google.com/bot.html)"
66.249.65.174 - - [15/Mar/2025:23:44:29 +0700] "GET /32271294882.shtm HTTP/1.1" 200 20064 "-" "Mozilla/5.0 (compatible; Googlebot/2.1; +http://www.google.com/bot.html)"
66.249.65.174 - - [15/Mar/2025:23:44:34 +0700] "GET /nba/good/32281962870.shtm HTTP/1.1" 200 19562 "-" "Mozilla/5.0 (compatible; Googlebot/2.1; +http://www.google.com/bot.html)"
180.235.151.3 - - [15/Mar/2025:23:44:54 +0700] "POST /wp-cron.php?doing_wp_cron=1742057094.1095321178436279296875 HTTP/1.1" 403 1242 "-" "WordPress/6.7.2; https://www.aturtoko.id"
216.244.66.248 - - [15/Mar/2025:23:44:50 +0700] "GET /en/blog/tag/brand/ HTTP/1.1" 404 11504 "-" "Mozilla/5.0 (compatible; DotBot/1.2; +https://opensiteexplorer.org/dotbot; help@moz.com)"
66.249.65.174 - - [15/Mar/2025:23:44:56 +0700] "GET /aviv/shopping/3226775557.shtm HTTP/1.1" 200 19929 "-" "Mozilla/5.0 (compatible; Googlebot/2.1; +http://www.google.com/bot.html)"
66.249.65.174 - - [15/Mar/2025:23:45:07 +0700] "GET /sweaters/goods/3226973248.shtm HTTP/1.1" 200 19733 "-" "Mozilla/5.0 (compatible; Googlebot/2.1; +http://www.google.com/bot.html)"
216.244.66.248 - - [15/Mar/2025:23:45:06 +0700] "GET /ms/blog/kewirausahaan/investasi/mengenal-jenis-jenis-investasi-dan-cara-mengelolanya/ HTTP/1.1" 404 11504 "-" "Mozilla/5.0 (compatible; DotBot/1.2; +https://opensiteexplorer.org/dotbot; help@moz.com)"
66.249.65.160 - - [15/Mar/2025:23:45:09 +0700] "GET /automotive/good/3226760350.shtm HTTP/1.1" 200 22324 "-" "Mozilla/5.0 (compatible; Googlebot/2.1; +http://www.google.com/bot.html)"
66.249.65.174 - - [15/Mar/2025:23:45:12 +0700] "POST /get-message-notify HTTP/1.1" 200 22057 "http://www.aturtoko.id/aviv/shopping/3226775557.shtm" "Mozilla/5.0 AppleWebKit/537.36 (KHTML, like Gecko; compatible; Googlebot/2.1; +http://www.google.com/bot.html) Chrome/133.0.6943.141 Safari/537.36"
66.249.65.174 - - [15/Mar/2025:23:45:16 +0700] "GET /committing/3226735275.shtm HTTP/1.1" 200 21732 "-" "Mozilla/5.0 (compatible; Googlebot/2.1; +http://www.google.com/bot.html)"
66.249.65.160 - - [15/Mar/2025:23:45:21 +0700] "POST /get-message-notify HTTP/1.1" 200 22058 "http://www.aturtoko.id/automotive/good/3226760350.shtm" "Mozilla/5.0 AppleWebKit/537.36 (KHTML, like Gecko; compatible; Googlebot/2.1; +http://www.google.com/bot.html) Chrome/133.0.6943.141 Safari/537.36"
66.249.65.160 - - [15/Mar/2025:23:45:22 +0700] "GET /ngc/3226613196.shtm HTTP/1.1" 200 19544 "-" "Mozilla/5.0 (compatible; Googlebot/2.1; +http://www.google.com/bot.html)"
66.249.65.174 - - [15/Mar/2025:23:45:27 +0700] "GET /32281673758.shtm HTTP/1.1" 200 21790 "-" "Mozilla/5.0 (compatible; Googlebot/2.1; +http://www.google.com/bot.html)"
66.249.65.174 - - [15/Mar/2025:23:45:32 +0700] "GET /accredited/goods/3226785148.shtm HTTP/1.1" 200 21572 "-" "Mozilla/5.0 (compatible; Googlebot/2.1; +http://www.google.com/bot.html)"
66.249.65.161 - - [15/Mar/2025:23:45:37 +0700] "GET /32271267486.shtm HTTP/1.1" 200 21065 "-" "Mozilla/5.0 (compatible; Googlebot/2.1; +http://www.google.com/bot.html)"
66.249.65.161 - - [15/Mar/2025:23:45:42 +0700] "GET /bit/32271439438.shtm HTTP/1.1" 200 19824 "-" "Mozilla/5.0 (compatible; Googlebot/2.1; +http://www.google.com/bot.html)"
66.249.65.160 - - [15/Mar/2025:23:45:47 +0700] "GET /currencies/goods/32292328048.shtm HTTP/1.1" 200 19030 "-" "Mozilla/5.0 (compatible; Googlebot/2.1; +http://www.google.com/bot.html)"
66.249.71.2 - - [15/Mar/2025:23:45:52 +0700] "GET /3226874912.shtm HTTP/1.1" 200 20013 "-" "Mozilla/5.0 (compatible; Googlebot/2.1; +http://www.google.com/bot.html)"
66.249.65.174 - - [15/Mar/2025:23:45:53 +0700] "GET /32292486302.shtm HTTP/1.1" 200 19619 "-" "Mozilla/5.0 (compatible; Googlebot/2.1; +http://www.google.com/bot.html)"
66.249.65.161 - - [15/Mar/2025:23:46:00 +0700] "GET /thr/32281790918.shtm HTTP/1.1" 200 20684 "-" "Mozilla/5.0 (compatible; Googlebot/2.1; +http://www.google.com/bot.html)"
66.249.65.160 - - [15/Mar/2025:23:46:02 +0700] "GET /vaccines/merchandises/3225111675.shtm HTTP/1.1" 200 22441 "-" "Mozilla/5.0 (compatible; Googlebot/2.1; +http://www.google.com/bot.html)"
66.249.65.174 - - [15/Mar/2025:23:46:09 +0700] "GET /affiliate/3226640592.shtm HTTP/1.1" 200 19232 "-" "Mozilla/5.0 (compatible; Googlebot/2.1; +http://www.google.com/bot.html)"
66.249.65.174 - - [15/Mar/2025:23:46:14 +0700] "GET /32292093728.shtm HTTP/1.1" 200 19684 "-" "Mozilla/5.0 (compatible; Googlebot/2.1; +http://www.google.com/bot.html)"
66.249.65.174 - - [15/Mar/2025:23:46:15 +0700] "GET /3226916006.shtm HTTP/1.1" 200 19862 "-" "Mozilla/5.0 (compatible; Googlebot/2.1; +http://www.google.com/bot.html)"
66.249.65.174 - - [15/Mar/2025:23:46:24 +0700] "GET /margin/32292224586.shtm HTTP/1.1" 200 20080 "-" "Mozilla/5.0 (compatible; Googlebot/2.1; +http://www.google.com/bot.html)"
66.249.65.174 - - [15/Mar/2025:23:46:46 +0700] "POST /get-message-notify HTTP/1.1" 200 22058 "http://www.aturtoko.id/3226916006.shtm" "Mozilla/5.0 AppleWebKit/537.36 (KHTML, like Gecko; compatible; Googlebot/2.1; +http://www.google.com/bot.html) Chrome/133.0.6943.141 Safari/537.36"
66.249.71.3 - - [15/Mar/2025:23:46:59 +0700] "GET /sundays/products/3225392574.shtm HTTP/1.1" 200 19902 "-" "Mozilla/5.0 (compatible; Googlebot/2.1; +http://www.google.com/bot.html)"
66.249.71.9 - - [15/Mar/2025:23:47:00 +0700] "GET /3226509734.shtm HTTP/1.1" 200 21599 "-" "Mozilla/5.0 (compatible; Googlebot/2.1; +http://www.google.com/bot.html)"
66.249.65.161 - - [15/Mar/2025:23:47:06 +0700] "GET /3225111646.shtm HTTP/1.1" 200 21679 "-" "Mozilla/5.0 (compatible; Googlebot/2.1; +http://www.google.com/bot.html)"
66.249.65.174 - - [15/Mar/2025:23:47:13 +0700] "GET /3225111691.shtm HTTP/1.1" 200 21212 "-" "Mozilla/5.0 (compatible; Googlebot/2.1; +http://www.google.com/bot.html)"
66.249.65.160 - - [15/Mar/2025:23:47:25 +0700] "GET /quake/item/32281949172.shtm HTTP/1.1" 200 20063 "-" "Mozilla/5.0 (compatible; Googlebot/2.1; +http://www.google.com/bot.html)"
66.249.65.174 - - [15/Mar/2025:23:47:31 +0700] "GET /3225496036.shtm HTTP/1.1" 200 20447 "-" "Mozilla/5.0 (compatible; Googlebot/2.1; +http://www.google.com/bot.html)"
66.249.65.174 - - [15/Mar/2025:23:47:32 +0700] "GET /razr/auction/32281570296.shtm HTTP/1.1" 200 21115 "-" "Mozilla/5.0 (compatible; Googlebot/2.1; +http://www.google.com/bot.html)"
216.244.66.248 - - [15/Mar/2025:23:47:31 +0700] "GET /en/blog/tag/giro/feed HTTP/1.1" 404 11504 "-" "Mozilla/5.0 (compatible; DotBot/1.2; +https://opensiteexplorer.org/dotbot; help@moz.com)"
66.249.71.1 - - [15/Mar/2025:23:47:39 +0700] "GET /crowd/products/3226744054.shtm HTTP/1.1" 200 19814 "-" "Mozilla/5.0 (compatible; Googlebot/2.1; +http://www.google.com/bot.html)"
66.249.65.160 - - [15/Mar/2025:23:47:41 +0700] "GET /32281701154.shtm HTTP/1.1" 200 20472 "-" "Mozilla/5.0 (compatible; Googlebot/2.1; +http://www.google.com/bot.html)"
180.235.151.3 - - [15/Mar/2025:23:47:49 +0700] "POST /wp-cron.php?doing_wp_cron=1742057269.5740420818328857421875 HTTP/1.1" 403 1242 "-" "WordPress/6.7.2; https://www.aturtoko.id"
216.244.66.248 - - [15/Mar/2025:23:47:45 +0700] "GET /ms/blog/tag/bisnis/page/5 HTTP/1.1" 404 11504 "-" "Mozilla/5.0 (compatible; DotBot/1.2; +https://opensiteexplorer.org/dotbot; help@moz.com)"
66.249.71.1 - - [15/Mar/2025:23:47:48 +0700] "GET /capsule/good/3225351480.shtm HTTP/1.1" 200 19985 "-" "Mozilla/5.0 (compatible; Googlebot/2.1; +http://www.google.com/bot.html)"
66.249.65.161 - - [15/Mar/2025:23:47:53 +0700] "GET /3225482338.shtm HTTP/1.1" 200 22394 "-" "Mozilla/5.0 (compatible; Googlebot/2.1; +http://www.google.com/bot.html)"
66.249.65.160 - - [15/Mar/2025:23:47:54 +0700] "GET /32292066332.shtm HTTP/1.1" 200 19797 "-" "Mozilla/5.0 (compatible; Googlebot/2.1; +http://www.google.com/bot.html)"
66.249.65.161 - - [15/Mar/2025:23:48:01 +0700] "POST /get-message-notify HTTP/1.1" 200 22058 "http://www.aturtoko.id/32281701154.shtm" "Mozilla/5.0 AppleWebKit/537.36 (KHTML, like Gecko; compatible; Googlebot/2.1; +http://www.google.com/bot.html) Chrome/133.0.6943.141 Safari/537.36"
66.249.71.9 - - [15/Mar/2025:23:48:03 +0700] "GET /informatics/32292210888.shtm HTTP/1.1" 200 20997 "-" "Mozilla/5.0 (compatible; Googlebot/2.1; +http://www.google.com/bot.html)"
216.244.66.248 - - [15/Mar/2025:23:48:22 +0700] "GET /en/blog/tag/hak-cipta/feed HTTP/1.1" 404 11504 "-" "Mozilla/5.0 (compatible; DotBot/1.2; +https://opensiteexplorer.org/dotbot; help@moz.com)"
216.244.66.248 - - [15/Mar/2025:23:48:40 +0700] "GET /en/blog/tag/menabung/feed HTTP/1.1" 404 11504 "-" "Mozilla/5.0 (compatible; DotBot/1.2; +https://opensiteexplorer.org/dotbot; help@moz.com)"
66.249.65.161 - - [15/Mar/2025:23:48:51 +0700] "GET /lad/products/32292355444.shtm HTTP/1.1" 200 19445 "-" "Mozilla/5.0 (compatible; Googlebot/2.1; +http://www.google.com/bot.html)"
66.249.65.174 - - [15/Mar/2025:23:49:03 +0700] "GET /bollywood/auction/32271150326.shtm HTTP/1.1" 200 21056 "-" "Mozilla/5.0 (compatible; Googlebot/2.1; +http://www.google.com/bot.html)"
66.249.65.174 - - [15/Mar/2025:23:49:08 +0700] "GET /modelling/32271046864.shtm HTTP/1.1" 200 19728 "-" "Mozilla/5.0 (compatible; Googlebot/2.1; +http://www.google.com/bot.html)"
66.249.65.174 - - [15/Mar/2025:23:49:28 +0700] "GET /32292472604.shtm HTTP/1.1" 200 19469 "-" "Mozilla/5.0 (compatible; Googlebot/2.1; +http://www.google.com/bot.html)"
66.249.65.160 - - [15/Mar/2025:23:49:36 +0700] "GET /322589764.shtm HTTP/1.1" 200 19866 "-" "Mozilla/5.0 (compatible; Googlebot/2.1; +http://www.google.com/bot.html)"
66.249.65.161 - - [15/Mar/2025:23:49:43 +0700] "GET /motivated/3225248018.shtm HTTP/1.1" 200 20804 "-" "Mozilla/5.0 (compatible; Googlebot/2.1; +http://www.google.com/bot.html)"
66.249.65.174 - - [15/Mar/2025:23:49:44 +0700] "GET /challenging/goods/3225365178.shtm HTTP/1.1" 200 21567 "-" "Mozilla/5.0 (compatible; Googlebot/2.1; +http://www.google.com/bot.html)"
66.249.65.161 - - [15/Mar/2025:23:49:51 +0700] "GET /32281660060.shtm HTTP/1.1" 200 19459 "-" "Mozilla/5.0 (compatible; Googlebot/2.1; +http://www.google.com/bot.html)"
66.249.71.2 - - [15/Mar/2025:23:49:56 +0700] "GET /filled/3225261716.shtm HTTP/1.1" 200 21644 "-" "Mozilla/5.0 (compatible; Googlebot/2.1; +http://www.google.com/bot.html)"
66.249.65.160 - - [15/Mar/2025:23:50:01 +0700] "GET /muhammad/3225111722.shtm HTTP/1.1" 200 20823 "-" "Mozilla/5.0 (compatible; Googlebot/2.1; +http://www.google.com/bot.html)"
66.249.65.174 - - [15/Mar/2025:23:50:07 +0700] "GET /abstraction/3225234320.shtm HTTP/1.1" 200 19392 "-" "Mozilla/5.0 (compatible; Googlebot/2.1; +http://www.google.com/bot.html)"
66.249.65.174 - - [15/Mar/2025:23:50:12 +0700] "GET /richmond/good/32281542900.shtm HTTP/1.1" 200 20153 "-" "Mozilla/5.0 (compatible; Googlebot/2.1; +http://www.google.com/bot.html)"
66.249.65.174 - - [15/Mar/2025:23:50:14 +0700] "GET /tightly/good/3226771450.shtm HTTP/1.1" 200 19943 "-" "Mozilla/5.0 (compatible; Googlebot/2.1; +http://www.google.com/bot.html)"
66.249.71.1 - - [15/Mar/2025:23:50:20 +0700] "GET /3226902308.shtm HTTP/1.1" 200 20858 "-" "Mozilla/5.0 (compatible; Googlebot/2.1; +http://www.google.com/bot.html)"
66.249.65.160 - - [15/Mar/2025:23:50:25 +0700] "GET /liam/32292197190.shtm HTTP/1.1" 200 19371 "-" "Mozilla/5.0 (compatible; Googlebot/2.1; +http://www.google.com/bot.html)"
66.249.65.174 - - [15/Mar/2025:23:50:31 +0700] "GET /xv/32281832012.shtm HTTP/1.1" 200 20699 "-" "Mozilla/5.0 (compatible; Googlebot/2.1; +http://www.google.com/bot.html)"
66.249.65.174 - - [15/Mar/2025:23:50:36 +0700] "GET /king/32271019468.shtm HTTP/1.1" 200 19490 "-" "Mozilla/5.0 (compatible; Googlebot/2.1; +http://www.google.com/bot.html)"
66.249.65.161 - - [15/Mar/2025:23:50:41 +0700] "GET /interval/32281804616.shtm HTTP/1.1" 200 19828 "-" "Mozilla/5.0 (compatible; Googlebot/2.1; +http://www.google.com/bot.html)"
66.249.65.160 - - [15/Mar/2025:23:50:42 +0700] "GET /completeness/32271412042.shtm HTTP/1.1" 200 20474 "-" "Mozilla/5.0 (compatible; Googlebot/2.1; +http://www.google.com/bot.html)"
66.249.71.2 - - [15/Mar/2025:23:50:51 +0700] "GET /lagoon/32271033166.shtm HTTP/1.1" 200 19503 "-" "Mozilla/5.0 (compatible; Googlebot/2.1; +http://www.google.com/bot.html)"
66.249.65.161 - - [15/Mar/2025:23:50:52 +0700] "GET /3226888610.shtm HTTP/1.1" 200 21782 "-" "Mozilla/5.0 (compatible; Googlebot/2.1; +http://www.google.com/bot.html)"
66.249.65.162 - - [15/Mar/2025:23:51:03 +0700] "GET /edison/3225111560.shtm HTTP/1.1" 200 22267 "-" "Mozilla/5.0 (compatible; Googlebot/2.1; +http://www.google.com/bot.html)"
85.208.96.200 - - [15/Mar/2025:23:51:02 +0700] "GET /en/blog/tag/usaha/page/8 HTTP/1.1" 404 3380 "-" "Mozilla/5.0 (compatible; SemrushBot/7~bl; +http://www.semrush.com/bot.html)"
