Sindbad~EG File Manager
54.169.147.125 - - [15/Mar/2025:19:04:48 +0700] "GET /admnin/admin.php HTTP/1.1" 301 0 "-" "Mozilla/5.0 (Windows NT 10.0; Win64; x64) AppleWebKit/537.36 (KHTML, like Gecko) Chrome/85.0.4183.102 Safari/537.36"
54.169.147.125 - - [15/Mar/2025:19:04:51 +0700] "GET /admnin/admin.php HTTP/1.1" 404 3380 "-" "Mozilla/5.0 (Windows NT 10.0; Win64; x64) AppleWebKit/537.36 (KHTML, like Gecko) Chrome/85.0.4183.102 Safari/537.36"
40.77.167.143 - - [15/Mar/2025:19:04:52 +0700] "GET /?32281869568.shtm HTTP/1.1" 200 22200 "-" "Mozilla/5.0 AppleWebKit/537.36 (KHTML, like Gecko; compatible; bingbot/2.0; +http://www.bing.com/bingbot.htm) Chrome/116.0.1938.76 Safari/537.36"
40.77.167.143 - - [15/Mar/2025:19:04:55 +0700] "GET /?make/goods/32281638588.shtm HTTP/1.1" 200 20328 "-" "Mozilla/5.0 AppleWebKit/537.36 (KHTML, like Gecko; compatible; bingbot/2.0; +http://www.bing.com/bingbot.htm) Chrome/116.0.1938.76 Safari/537.36"
54.169.147.125 - - [15/Mar/2025:19:04:54 +0700] "GET /admnin/alfa.php HTTP/1.1" 301 0 "-" "Mozilla/5.0 (Windows NT 10.0; Win64; x64) AppleWebKit/537.36 (KHTML, like Gecko) Chrome/85.0.4183.102 Safari/537.36"
40.77.167.143 - - [15/Mar/2025:19:04:57 +0700] "GET /?32292468077.shtm HTTP/1.1" 200 19699 "-" "Mozilla/5.0 AppleWebKit/537.36 (KHTML, like Gecko; compatible; bingbot/2.0; +http://www.bing.com/bingbot.htm) Chrome/116.0.1938.76 Safari/537.36"
54.169.147.125 - - [15/Mar/2025:19:04:56 +0700] "GET /admnin/alfa.php HTTP/1.1" 404 3380 "-" "Mozilla/5.0 (Windows NT 10.0; Win64; x64) AppleWebKit/537.36 (KHTML, like Gecko) Chrome/85.0.4183.102 Safari/537.36"
40.77.167.143 - - [15/Mar/2025:19:04:59 +0700] "GET /?happen/32292321333.shtm HTTP/1.1" 200 22015 "-" "Mozilla/5.0 AppleWebKit/537.36 (KHTML, like Gecko; compatible; bingbot/2.0; +http://www.bing.com/bingbot.htm) Chrome/116.0.1938.76 Safari/537.36"
54.169.147.125 - - [15/Mar/2025:19:04:59 +0700] "GET /admnin/bypass.php HTTP/1.1" 301 0 "-" "Mozilla/5.0 (Windows NT 10.0; Win64; x64) AppleWebKit/537.36 (KHTML, like Gecko) Chrome/85.0.4183.102 Safari/537.36"
40.77.167.143 - - [15/Mar/2025:19:05:01 +0700] "GET /?keyboard/32252030.shtm HTTP/1.1" 200 20813 "-" "Mozilla/5.0 AppleWebKit/537.36 (KHTML, like Gecko; compatible; bingbot/2.0; +http://www.bing.com/bingbot.htm) Chrome/116.0.1938.76 Safari/537.36"
40.77.167.23 - - [15/Mar/2025:19:05:02 +0700] "GET /?32271459921.shtm HTTP/1.1" 200 19475 "-" "Mozilla/5.0 AppleWebKit/537.36 (KHTML, like Gecko; compatible; bingbot/2.0; +http://www.bing.com/bingbot.htm) Chrome/116.0.1938.76 Safari/537.36"
54.169.147.125 - - [15/Mar/2025:19:05:02 +0700] "GET /admnin/bypass.php HTTP/1.1" 404 3380 "-" "Mozilla/5.0 (Windows NT 10.0; Win64; x64) AppleWebKit/537.36 (KHTML, like Gecko) Chrome/85.0.4183.102 Safari/537.36"
40.77.167.143 - - [15/Mar/2025:19:05:04 +0700] "GET /?yankees/item/3225188862.shtm HTTP/1.1" 200 19639 "-" "Mozilla/5.0 AppleWebKit/537.36 (KHTML, like Gecko; compatible; bingbot/2.0; +http://www.bing.com/bingbot.htm) Chrome/116.0.1938.76 Safari/537.36"
40.77.167.23 - - [15/Mar/2025:19:05:04 +0700] "GET /?32292184784.shtm HTTP/1.1" 200 19920 "-" "Mozilla/5.0 AppleWebKit/537.36 (KHTML, like Gecko; compatible; bingbot/2.0; +http://www.bing.com/bingbot.htm) Chrome/116.0.1938.76 Safari/537.36"
40.77.167.85 - - [15/Mar/2025:19:05:06 +0700] "GET /robots.txt HTTP/1.1" 200 84 "-" "Mozilla/5.0 AppleWebKit/537.36 (KHTML, like Gecko; compatible; bingbot/2.0; +http://www.bing.com/bingbot.htm) Chrome/116.0.1938.76 Safari/537.36"
54.169.147.125 - - [15/Mar/2025:19:05:05 +0700] "GET /admnin/index.php HTTP/1.1" 301 0 "-" "Mozilla/5.0 (Windows NT 10.0; Win64; x64) AppleWebKit/537.36 (KHTML, like Gecko) Chrome/85.0.4183.102 Safari/537.36"
40.77.167.143 - - [15/Mar/2025:19:05:06 +0700] "GET /?cracking/merchandises/3226913725.shtm HTTP/1.1" 200 19908 "-" "Mozilla/5.0 AppleWebKit/537.36 (KHTML, like Gecko; compatible; bingbot/2.0; +http://www.bing.com/bingbot.htm) Chrome/116.0.1938.76 Safari/537.36"
40.77.167.23 - - [15/Mar/2025:19:05:07 +0700] "GET /?relieve/products/32281512234.shtm HTTP/1.1" 200 20288 "-" "Mozilla/5.0 AppleWebKit/537.36 (KHTML, like Gecko; compatible; bingbot/2.0; +http://www.bing.com/bingbot.htm) Chrome/116.0.1938.76 Safari/537.36"
40.77.167.143 - - [15/Mar/2025:19:05:08 +0700] "GET /?322510195.shtm HTTP/1.1" 200 20524 "-" "Mozilla/5.0 AppleWebKit/537.36 (KHTML, like Gecko; compatible; bingbot/2.0; +http://www.bing.com/bingbot.htm) Chrome/116.0.1938.76 Safari/537.36"
40.77.167.23 - - [15/Mar/2025:19:05:09 +0700] "GET /?3226546196.shtm HTTP/1.1" 200 20021 "-" "Mozilla/5.0 AppleWebKit/537.36 (KHTML, like Gecko; compatible; bingbot/2.0; +http://www.bing.com/bingbot.htm) Chrome/116.0.1938.76 Safari/537.36"
54.169.147.125 - - [15/Mar/2025:19:05:07 +0700] "GET /admnin/ HTTP/1.1" 404 3380 "-" "Mozilla/5.0 (Windows NT 10.0; Win64; x64) AppleWebKit/537.36 (KHTML, like Gecko) Chrome/85.0.4183.102 Safari/537.36"
40.77.167.143 - - [15/Mar/2025:19:05:10 +0700] "GET /?3225325411.shtm HTTP/1.1" 200 20234 "-" "Mozilla/5.0 AppleWebKit/537.36 (KHTML, like Gecko; compatible; bingbot/2.0; +http://www.bing.com/bingbot.htm) Chrome/116.0.1938.76 Safari/537.36"
40.77.167.23 - - [15/Mar/2025:19:05:11 +0700] "GET /?3225136549.shtm HTTP/1.1" 200 19826 "-" "Mozilla/5.0 AppleWebKit/537.36 (KHTML, like Gecko; compatible; bingbot/2.0; +http://www.bing.com/bingbot.htm) Chrome/116.0.1938.76 Safari/537.36"
40.77.167.143 - - [15/Mar/2025:19:05:12 +0700] "GET /?evansville/item/32292457882.shtm HTTP/1.1" 200 20009 "-" "Mozilla/5.0 AppleWebKit/537.36 (KHTML, like Gecko; compatible; bingbot/2.0; +http://www.bing.com/bingbot.htm) Chrome/116.0.1938.76 Safari/537.36"
40.77.167.23 - - [15/Mar/2025:19:05:13 +0700] "GET /?32271050274.shtm HTTP/1.1" 200 21471 "-" "Mozilla/5.0 AppleWebKit/537.36 (KHTML, like Gecko; compatible; bingbot/2.0; +http://www.bing.com/bingbot.htm) Chrome/116.0.1938.76 Safari/537.36"
54.169.147.125 - - [15/Mar/2025:19:05:13 +0700] "GET /admnin/k.php HTTP/1.1" 301 0 "-" "Mozilla/5.0 (Windows NT 10.0; Win64; x64) AppleWebKit/537.36 (KHTML, like Gecko) Chrome/85.0.4183.102 Safari/537.36"
40.77.167.23 - - [15/Mar/2025:19:05:14 +0700] "GET /?32281554352.shtm HTTP/1.1" 200 20213 "-" "Mozilla/5.0 AppleWebKit/537.36 (KHTML, like Gecko; compatible; bingbot/2.0; +http://www.bing.com/bingbot.htm) Chrome/116.0.1938.76 Safari/537.36"
40.77.167.23 - - [15/Mar/2025:19:05:15 +0700] "GET /?congratulations/3225146744.shtm HTTP/1.1" 200 19279 "-" "Mozilla/5.0 AppleWebKit/537.36 (KHTML, like Gecko; compatible; bingbot/2.0; +http://www.bing.com/bingbot.htm) Chrome/116.0.1938.76 Safari/537.36"
54.169.147.125 - - [15/Mar/2025:19:05:15 +0700] "GET /admnin/k.php HTTP/1.1" 404 3380 "-" "Mozilla/5.0 (Windows NT 10.0; Win64; x64) AppleWebKit/537.36 (KHTML, like Gecko) Chrome/85.0.4183.102 Safari/537.36"
40.77.167.23 - - [15/Mar/2025:19:05:16 +0700] "GET /?32252497.shtm HTTP/1.1" 200 20771 "-" "Mozilla/5.0 AppleWebKit/537.36 (KHTML, like Gecko; compatible; bingbot/2.0; +http://www.bing.com/bingbot.htm) Chrome/116.0.1938.76 Safari/537.36"
207.46.13.78 - - [15/Mar/2025:19:05:18 +0700] "GET /?32292058430.shtm HTTP/1.1" 200 19402 "-" "Mozilla/5.0 AppleWebKit/537.36 (KHTML, like Gecko; compatible; bingbot/2.0; +http://www.bing.com/bingbot.htm) Chrome/116.0.1938.76 Safari/537.36"
40.77.167.23 - - [15/Mar/2025:19:05:18 +0700] "GET /?32281775137.shtm HTTP/1.1" 200 19734 "-" "Mozilla/5.0 AppleWebKit/537.36 (KHTML, like Gecko; compatible; bingbot/2.0; +http://www.bing.com/bingbot.htm) Chrome/116.0.1938.76 Safari/537.36"
54.169.147.125 - - [15/Mar/2025:19:05:18 +0700] "GET /admnin/wp.php HTTP/1.1" 301 0 "-" "Mozilla/5.0 (Windows NT 10.0; Win64; x64) AppleWebKit/537.36 (KHTML, like Gecko) Chrome/85.0.4183.102 Safari/537.36"
40.77.167.23 - - [15/Mar/2025:19:05:19 +0700] "GET /?3226735058.shtm HTTP/1.1" 200 21413 "-" "Mozilla/5.0 AppleWebKit/537.36 (KHTML, like Gecko; compatible; bingbot/2.0; +http://www.bing.com/bingbot.htm) Chrome/116.0.1938.76 Safari/537.36"
207.46.13.78 - - [15/Mar/2025:19:05:20 +0700] "GET /?32271239136.shtm HTTP/1.1" 200 19488 "-" "Mozilla/5.0 AppleWebKit/537.36 (KHTML, like Gecko; compatible; bingbot/2.0; +http://www.bing.com/bingbot.htm) Chrome/116.0.1938.76 Safari/537.36"
54.169.147.125 - - [15/Mar/2025:19:05:20 +0700] "GET /admnin/wp.php HTTP/1.1" 404 3380 "-" "Mozilla/5.0 (Windows NT 10.0; Win64; x64) AppleWebKit/537.36 (KHTML, like Gecko) Chrome/85.0.4183.102 Safari/537.36"
40.77.167.23 - - [15/Mar/2025:19:05:21 +0700] "GET /?32292279215.shtm HTTP/1.1" 200 20777 "-" "Mozilla/5.0 AppleWebKit/537.36 (KHTML, like Gecko; compatible; bingbot/2.0; +http://www.bing.com/bingbot.htm) Chrome/116.0.1938.76 Safari/537.36"
207.46.13.78 - - [15/Mar/2025:19:05:23 +0700] "GET /?realms/3226777176.shtm HTTP/1.1" 200 21926 "-" "Mozilla/5.0 AppleWebKit/537.36 (KHTML, like Gecko; compatible; bingbot/2.0; +http://www.bing.com/bingbot.htm) Chrome/116.0.1938.76 Safari/537.36"
40.77.167.23 - - [15/Mar/2025:19:05:24 +0700] "GET /?32252410.shtm HTTP/1.1" 200 21539 "-" "Mozilla/5.0 AppleWebKit/537.36 (KHTML, like Gecko; compatible; bingbot/2.0; +http://www.bing.com/bingbot.htm) Chrome/116.0.1938.76 Safari/537.36"
54.169.147.125 - - [15/Mar/2025:19:05:23 +0700] "GET /admwp.php HTTP/1.1" 301 0 "-" "Mozilla/5.0 (Windows NT 10.0; Win64; x64) AppleWebKit/537.36 (KHTML, like Gecko) Chrome/85.0.4183.102 Safari/537.36"
207.46.13.78 - - [15/Mar/2025:19:05:25 +0700] "GET /?3225230980.shtm HTTP/1.1" 200 19680 "-" "Mozilla/5.0 AppleWebKit/537.36 (KHTML, like Gecko; compatible; bingbot/2.0; +http://www.bing.com/bingbot.htm) Chrome/116.0.1938.76 Safari/537.36"
54.169.147.125 - - [15/Mar/2025:19:05:26 +0700] "GET /admwp.php HTTP/1.1" 404 3380 "-" "Mozilla/5.0 (Windows NT 10.0; Win64; x64) AppleWebKit/537.36 (KHTML, like Gecko) Chrome/85.0.4183.102 Safari/537.36"
207.46.13.78 - - [15/Mar/2025:19:05:27 +0700] "GET /?32252377.shtm HTTP/1.1" 200 20070 "-" "Mozilla/5.0 AppleWebKit/537.36 (KHTML, like Gecko; compatible; bingbot/2.0; +http://www.bing.com/bingbot.htm) Chrome/116.0.1938.76 Safari/537.36"
54.169.147.125 - - [15/Mar/2025:19:05:29 +0700] "GET /adriv.php HTTP/1.1" 301 0 "-" "Mozilla/5.0 (Windows NT 10.0; Win64; x64) AppleWebKit/537.36 (KHTML, like Gecko) Chrome/85.0.4183.102 Safari/537.36"
207.46.13.78 - - [15/Mar/2025:19:05:29 +0700] "GET /?wrapper/3225273098.shtm HTTP/1.1" 200 20211 "-" "Mozilla/5.0 AppleWebKit/537.36 (KHTML, like Gecko; compatible; bingbot/2.0; +http://www.bing.com/bingbot.htm) Chrome/116.0.1938.76 Safari/537.36"
54.169.147.125 - - [15/Mar/2025:19:05:31 +0700] "GET /adriv.php HTTP/1.1" 404 3380 "-" "Mozilla/5.0 (Windows NT 10.0; Win64; x64) AppleWebKit/537.36 (KHTML, like Gecko) Chrome/85.0.4183.102 Safari/537.36"
207.46.13.78 - - [15/Mar/2025:19:05:32 +0700] "GET /?implementing/item/32271323372.shtm HTTP/1.1" 200 20733 "-" "Mozilla/5.0 AppleWebKit/537.36 (KHTML, like Gecko; compatible; bingbot/2.0; +http://www.bing.com/bingbot.htm) Chrome/116.0.1938.76 Safari/537.36"
40.77.167.23 - - [15/Mar/2025:19:05:33 +0700] "GET /?32292373646.shtm HTTP/1.1" 200 20477 "-" "Mozilla/5.0 AppleWebKit/537.36 (KHTML, like Gecko; compatible; bingbot/2.0; +http://www.bing.com/bingbot.htm) Chrome/116.0.1938.76 Safari/537.36"
40.77.167.143 - - [15/Mar/2025:19:05:33 +0700] "GET /?acting/32252372.shtm HTTP/1.1" 200 22300 "-" "Mozilla/5.0 AppleWebKit/537.36 (KHTML, like Gecko; compatible; bingbot/2.0; +http://www.bing.com/bingbot.htm) Chrome/116.0.1938.76 Safari/537.36"
54.169.147.125 - - [15/Mar/2025:19:05:33 +0700] "GET /ae.php HTTP/1.1" 301 0 "-" "Mozilla/5.0 (Windows NT 10.0; Win64; x64) AppleWebKit/537.36 (KHTML, like Gecko) Chrome/85.0.4183.102 Safari/537.36"
207.46.13.78 - - [15/Mar/2025:19:05:34 +0700] "GET /?32271144705.shtm HTTP/1.1" 200 21624 "-" "Mozilla/5.0 AppleWebKit/537.36 (KHTML, like Gecko; compatible; bingbot/2.0; +http://www.bing.com/bingbot.htm) Chrome/116.0.1938.76 Safari/537.36"
40.77.167.23 - - [15/Mar/2025:19:05:35 +0700] "GET /?32252371.shtm HTTP/1.1" 200 19992 "-" "Mozilla/5.0 AppleWebKit/537.36 (KHTML, like Gecko; compatible; bingbot/2.0; +http://www.bing.com/bingbot.htm) Chrome/116.0.1938.76 Safari/537.36"
180.235.151.3 - - [15/Mar/2025:19:05:38 +0700] "POST /wp-cron.php?doing_wp_cron=1742040338.4742739200592041015625 HTTP/1.1" 403 1242 "-" "WordPress/6.7.2; https://www.aturtoko.id"
54.169.147.125 - - [15/Mar/2025:19:05:36 +0700] "GET /ae.php HTTP/1.1" 404 3380 "-" "Mozilla/5.0 (Windows NT 10.0; Win64; x64) AppleWebKit/537.36 (KHTML, like Gecko) Chrome/85.0.4183.102 Safari/537.36"
207.46.13.78 - - [15/Mar/2025:19:05:36 +0700] "GET /?32271365490.shtm HTTP/1.1" 200 22073 "-" "Mozilla/5.0 AppleWebKit/537.36 (KHTML, like Gecko; compatible; bingbot/2.0; +http://www.bing.com/bingbot.htm) Chrome/116.0.1938.76 Safari/537.36"
40.77.167.23 - - [15/Mar/2025:19:05:37 +0700] "GET /?governments/shopdetail/32252553.shtm HTTP/1.1" 200 19910 "-" "Mozilla/5.0 AppleWebKit/537.36 (KHTML, like Gecko; compatible; bingbot/2.0; +http://www.bing.com/bingbot.htm) Chrome/116.0.1938.76 Safari/537.36"
207.46.13.78 - - [15/Mar/2025:19:05:39 +0700] "GET /?3225419842.shtm HTTP/1.1" 200 22240 "-" "Mozilla/5.0 AppleWebKit/537.36 (KHTML, like Gecko; compatible; bingbot/2.0; +http://www.bing.com/bingbot.htm) Chrome/116.0.1938.76 Safari/537.36"
54.169.147.125 - - [15/Mar/2025:19:05:39 +0700] "GET /ah.php HTTP/1.1" 301 0 "-" "Mozilla/5.0 (Windows NT 10.0; Win64; x64) AppleWebKit/537.36 (KHTML, like Gecko) Chrome/85.0.4183.102 Safari/537.36"
207.46.13.78 - - [15/Mar/2025:19:05:41 +0700] "GET /?3226829489.shtm HTTP/1.1" 200 19347 "-" "Mozilla/5.0 AppleWebKit/537.36 (KHTML, like Gecko; compatible; bingbot/2.0; +http://www.bing.com/bingbot.htm) Chrome/116.0.1938.76 Safari/537.36"
54.169.147.125 - - [15/Mar/2025:19:05:41 +0700] "GET /ah.php HTTP/1.1" 404 3380 "-" "Mozilla/5.0 (Windows NT 10.0; Win64; x64) AppleWebKit/537.36 (KHTML, like Gecko) Chrome/85.0.4183.102 Safari/537.36"
207.46.13.78 - - [15/Mar/2025:19:05:43 +0700] "GET /?32281648783.shtm HTTP/1.1" 200 21736 "-" "Mozilla/5.0 AppleWebKit/537.36 (KHTML, like Gecko; compatible; bingbot/2.0; +http://www.bing.com/bingbot.htm) Chrome/116.0.1938.76 Safari/537.36"
207.46.13.78 - - [15/Mar/2025:19:05:45 +0700] "GET /?3226955843.shtm HTTP/1.1" 200 19909 "-" "Mozilla/5.0 AppleWebKit/537.36 (KHTML, like Gecko; compatible; bingbot/2.0; +http://www.bing.com/bingbot.htm) Chrome/116.0.1938.76 Safari/537.36"
54.169.147.125 - - [15/Mar/2025:19:05:45 +0700] "GET /ak.php HTTP/1.1" 301 0 "-" "Mozilla/5.0 (Windows NT 10.0; Win64; x64) AppleWebKit/537.36 (KHTML, like Gecko) Chrome/85.0.4183.102 Safari/537.36"
207.46.13.78 - - [15/Mar/2025:19:05:47 +0700] "GET /?32281963999.shtm HTTP/1.1" 200 21801 "-" "Mozilla/5.0 AppleWebKit/537.36 (KHTML, like Gecko; compatible; bingbot/2.0; +http://www.bing.com/bingbot.htm) Chrome/116.0.1938.76 Safari/537.36"
40.77.167.23 - - [15/Mar/2025:19:05:48 +0700] "GET /?hobbies/shopping/32271102587.shtm HTTP/1.1" 200 20388 "-" "Mozilla/5.0 AppleWebKit/537.36 (KHTML, like Gecko; compatible; bingbot/2.0; +http://www.bing.com/bingbot.htm) Chrome/116.0.1938.76 Safari/537.36"
54.169.147.125 - - [15/Mar/2025:19:05:47 +0700] "GET /ak.php HTTP/1.1" 404 3380 "-" "Mozilla/5.0 (Windows NT 10.0; Win64; x64) AppleWebKit/537.36 (KHTML, like Gecko) Chrome/85.0.4183.102 Safari/537.36"
54.169.147.125 - - [15/Mar/2025:19:05:52 +0700] "GET /ak47shell.php HTTP/1.1" 301 0 "-" "Mozilla/5.0 (Windows NT 10.0; Win64; x64) AppleWebKit/537.36 (KHTML, like Gecko) Chrome/85.0.4183.102 Safari/537.36"
54.169.147.125 - - [15/Mar/2025:19:05:54 +0700] "GET /ak47shell.php HTTP/1.1" 404 3380 "-" "Mozilla/5.0 (Windows NT 10.0; Win64; x64) AppleWebKit/537.36 (KHTML, like Gecko) Chrome/85.0.4183.102 Safari/537.36"
54.169.147.125 - - [15/Mar/2025:19:05:57 +0700] "GET /al.php HTTP/1.1" 301 0 "-" "Mozilla/5.0 (Windows NT 10.0; Win64; x64) AppleWebKit/537.36 (KHTML, like Gecko) Chrome/85.0.4183.102 Safari/537.36"
207.46.13.78 - - [15/Mar/2025:19:05:58 +0700] "GET /?3226640627.shtm HTTP/1.1" 200 21832 "-" "Mozilla/5.0 AppleWebKit/537.36 (KHTML, like Gecko; compatible; bingbot/2.0; +http://www.bing.com/bingbot.htm) Chrome/116.0.1938.76 Safari/537.36"
54.169.147.125 - - [15/Mar/2025:19:05:59 +0700] "GET /al.php HTTP/1.1" 404 3373 "-" "Mozilla/5.0 (Windows NT 10.0; Win64; x64) AppleWebKit/537.36 (KHTML, like Gecko) Chrome/85.0.4183.102 Safari/537.36"
54.169.147.125 - - [15/Mar/2025:19:06:02 +0700] "GET /alex.php HTTP/1.1" 301 0 "-" "Mozilla/5.0 (Windows NT 10.0; Win64; x64) AppleWebKit/537.36 (KHTML, like Gecko) Chrome/85.0.4183.102 Safari/537.36"
54.169.147.125 - - [15/Mar/2025:19:06:04 +0700] "GET /alex.php HTTP/1.1" 404 3380 "-" "Mozilla/5.0 (Windows NT 10.0; Win64; x64) AppleWebKit/537.36 (KHTML, like Gecko) Chrome/85.0.4183.102 Safari/537.36"
54.169.147.125 - - [15/Mar/2025:19:06:07 +0700] "GET /alexus-mailer.php HTTP/1.1" 301 0 "-" "Mozilla/5.0 (Windows NT 10.0; Win64; x64) AppleWebKit/537.36 (KHTML, like Gecko) Chrome/85.0.4183.102 Safari/537.36"
54.169.147.125 - - [15/Mar/2025:19:06:09 +0700] "GET /alexus-mailer.php HTTP/1.1" 404 3380 "-" "Mozilla/5.0 (Windows NT 10.0; Win64; x64) AppleWebKit/537.36 (KHTML, like Gecko) Chrome/85.0.4183.102 Safari/537.36"
54.169.147.125 - - [15/Mar/2025:19:06:12 +0700] "GET /alexus.php HTTP/1.1" 301 0 "-" "Mozilla/5.0 (Windows NT 10.0; Win64; x64) AppleWebKit/537.36 (KHTML, like Gecko) Chrome/85.0.4183.102 Safari/537.36"
54.169.147.125 - - [15/Mar/2025:19:06:14 +0700] "GET /alexus.php HTTP/1.1" 404 3380 "-" "Mozilla/5.0 (Windows NT 10.0; Win64; x64) AppleWebKit/537.36 (KHTML, like Gecko) Chrome/85.0.4183.102 Safari/537.36"
54.169.147.125 - - [15/Mar/2025:19:06:18 +0700] "GET /alexuse.php HTTP/1.1" 301 0 "-" "Mozilla/5.0 (Windows NT 10.0; Win64; x64) AppleWebKit/537.36 (KHTML, like Gecko) Chrome/85.0.4183.102 Safari/537.36"
54.169.147.125 - - [15/Mar/2025:19:06:21 +0700] "GET /alexuse.php HTTP/1.1" 404 3380 "-" "Mozilla/5.0 (Windows NT 10.0; Win64; x64) AppleWebKit/537.36 (KHTML, like Gecko) Chrome/85.0.4183.102 Safari/537.36"
54.169.147.125 - - [15/Mar/2025:19:06:25 +0700] "GET /alexusmailer-2.0.php HTTP/1.1" 301 0 "-" "Mozilla/5.0 (Windows NT 10.0; Win64; x64) AppleWebKit/537.36 (KHTML, like Gecko) Chrome/85.0.4183.102 Safari/537.36"
54.169.147.125 - - [15/Mar/2025:19:06:27 +0700] "GET /alexusmailer-2.0.php HTTP/1.1" 404 3380 "-" "Mozilla/5.0 (Windows NT 10.0; Win64; x64) AppleWebKit/537.36 (KHTML, like Gecko) Chrome/85.0.4183.102 Safari/537.36"
54.169.147.125 - - [15/Mar/2025:19:06:32 +0700] "GET /alf.php HTTP/1.1" 301 0 "-" "Mozilla/5.0 (Windows NT 10.0; Win64; x64) AppleWebKit/537.36 (KHTML, like Gecko) Chrome/85.0.4183.102 Safari/537.36"
54.169.147.125 - - [15/Mar/2025:19:06:34 +0700] "GET /alf.php HTTP/1.1" 404 3380 "-" "Mozilla/5.0 (Windows NT 10.0; Win64; x64) AppleWebKit/537.36 (KHTML, like Gecko) Chrome/85.0.4183.102 Safari/537.36"
180.235.151.3 - - [15/Mar/2025:19:06:40 +0700] "POST /wp-cron.php?doing_wp_cron=1742040400.0957250595092773437500 HTTP/1.1" 403 1242 "-" "WordPress/6.7.2; https://www.aturtoko.id"
54.169.147.125 - - [15/Mar/2025:19:06:37 +0700] "GET /alf4.php HTTP/1.1" 301 0 "-" "Mozilla/5.0 (Windows NT 10.0; Win64; x64) AppleWebKit/537.36 (KHTML, like Gecko) Chrome/85.0.4183.102 Safari/537.36"
54.169.147.125 - - [15/Mar/2025:19:06:40 +0700] "GET /alf4.php HTTP/1.1" 404 3380 "-" "Mozilla/5.0 (Windows NT 10.0; Win64; x64) AppleWebKit/537.36 (KHTML, like Gecko) Chrome/85.0.4183.102 Safari/537.36"
54.169.147.125 - - [15/Mar/2025:19:06:42 +0700] "GET /alf42.php HTTP/1.1" 301 0 "-" "Mozilla/5.0 (Windows NT 10.0; Win64; x64) AppleWebKit/537.36 (KHTML, like Gecko) Chrome/85.0.4183.102 Safari/537.36"
54.169.147.125 - - [15/Mar/2025:19:06:45 +0700] "GET /alf42.php HTTP/1.1" 404 3380 "-" "Mozilla/5.0 (Windows NT 10.0; Win64; x64) AppleWebKit/537.36 (KHTML, like Gecko) Chrome/85.0.4183.102 Safari/537.36"
54.169.147.125 - - [15/Mar/2025:19:06:47 +0700] "GET /alfa-ioxi.php HTTP/1.1" 301 0 "-" "Mozilla/5.0 (Windows NT 10.0; Win64; x64) AppleWebKit/537.36 (KHTML, like Gecko) Chrome/85.0.4183.102 Safari/537.36"
54.169.147.125 - - [15/Mar/2025:19:06:50 +0700] "GET /alfa-ioxi.php HTTP/1.1" 404 3380 "-" "Mozilla/5.0 (Windows NT 10.0; Win64; x64) AppleWebKit/537.36 (KHTML, like Gecko) Chrome/85.0.4183.102 Safari/537.36"
54.169.147.125 - - [15/Mar/2025:19:06:52 +0700] "GET /alfa-shell-v4.php HTTP/1.1" 301 0 "-" "Mozilla/5.0 (Windows NT 10.0; Win64; x64) AppleWebKit/537.36 (KHTML, like Gecko) Chrome/85.0.4183.102 Safari/537.36"
54.169.147.125 - - [15/Mar/2025:19:06:55 +0700] "GET /alfa-shell-v4.php HTTP/1.1" 404 3380 "-" "Mozilla/5.0 (Windows NT 10.0; Win64; x64) AppleWebKit/537.36 (KHTML, like Gecko) Chrome/85.0.4183.102 Safari/537.36"
54.169.147.125 - - [15/Mar/2025:19:06:58 +0700] "GET /alfa-v4.php HTTP/1.1" 301 0 "-" "Mozilla/5.0 (Windows NT 10.0; Win64; x64) AppleWebKit/537.36 (KHTML, like Gecko) Chrome/85.0.4183.102 Safari/537.36"
54.169.147.125 - - [15/Mar/2025:19:07:01 +0700] "GET /alfa-v4.php HTTP/1.1" 404 3380 "-" "Mozilla/5.0 (Windows NT 10.0; Win64; x64) AppleWebKit/537.36 (KHTML, like Gecko) Chrome/85.0.4183.102 Safari/537.36"
54.169.147.125 - - [15/Mar/2025:19:07:03 +0700] "GET /alfa.php HTTP/1.1" 301 0 "-" "Mozilla/5.0 (Windows NT 10.0; Win64; x64) AppleWebKit/537.36 (KHTML, like Gecko) Chrome/85.0.4183.102 Safari/537.36"
54.169.147.125 - - [15/Mar/2025:19:07:06 +0700] "GET /alfa.php HTTP/1.1" 404 3380 "-" "Mozilla/5.0 (Windows NT 10.0; Win64; x64) AppleWebKit/537.36 (KHTML, like Gecko) Chrome/85.0.4183.102 Safari/537.36"
54.169.147.125 - - [15/Mar/2025:19:07:09 +0700] "GET /alfa1.php HTTP/1.1" 301 0 "-" "Mozilla/5.0 (Windows NT 10.0; Win64; x64) AppleWebKit/537.36 (KHTML, like Gecko) Chrome/85.0.4183.102 Safari/537.36"
54.169.147.125 - - [15/Mar/2025:19:07:11 +0700] "GET /alfa1.php HTTP/1.1" 404 3380 "-" "Mozilla/5.0 (Windows NT 10.0; Win64; x64) AppleWebKit/537.36 (KHTML, like Gecko) Chrome/85.0.4183.102 Safari/537.36"
54.169.147.125 - - [15/Mar/2025:19:07:15 +0700] "GET /alfa123.php HTTP/1.1" 301 0 "-" "Mozilla/5.0 (Windows NT 10.0; Win64; x64) AppleWebKit/537.36 (KHTML, like Gecko) Chrome/85.0.4183.102 Safari/537.36"
54.169.147.125 - - [15/Mar/2025:19:07:17 +0700] "GET /alfa123.php HTTP/1.1" 404 3380 "-" "Mozilla/5.0 (Windows NT 10.0; Win64; x64) AppleWebKit/537.36 (KHTML, like Gecko) Chrome/85.0.4183.102 Safari/537.36"
54.169.147.125 - - [15/Mar/2025:19:07:23 +0700] "GET /alfa1337.php HTTP/1.1" 301 0 "-" "Mozilla/5.0 (Windows NT 10.0; Win64; x64) AppleWebKit/537.36 (KHTML, like Gecko) Chrome/85.0.4183.102 Safari/537.36"
54.169.147.125 - - [15/Mar/2025:19:07:25 +0700] "GET /alfa1337.php HTTP/1.1" 404 3380 "-" "Mozilla/5.0 (Windows NT 10.0; Win64; x64) AppleWebKit/537.36 (KHTML, like Gecko) Chrome/85.0.4183.102 Safari/537.36"
54.169.147.125 - - [15/Mar/2025:19:07:29 +0700] "GET /alfa3.php HTTP/1.1" 301 0 "-" "Mozilla/5.0 (Windows NT 10.0; Win64; x64) AppleWebKit/537.36 (KHTML, like Gecko) Chrome/85.0.4183.102 Safari/537.36"
54.169.147.125 - - [15/Mar/2025:19:07:31 +0700] "GET /alfa3.php HTTP/1.1" 404 3380 "-" "Mozilla/5.0 (Windows NT 10.0; Win64; x64) AppleWebKit/537.36 (KHTML, like Gecko) Chrome/85.0.4183.102 Safari/537.36"
54.169.147.125 - - [15/Mar/2025:19:07:34 +0700] "GET /alfaaneh.php HTTP/1.1" 301 0 "-" "Mozilla/5.0 (Windows NT 10.0; Win64; x64) AppleWebKit/537.36 (KHTML, like Gecko) Chrome/85.0.4183.102 Safari/537.36"
54.169.147.125 - - [15/Mar/2025:19:07:36 +0700] "GET /alfaaneh.php HTTP/1.1" 404 3380 "-" "Mozilla/5.0 (Windows NT 10.0; Win64; x64) AppleWebKit/537.36 (KHTML, like Gecko) Chrome/85.0.4183.102 Safari/537.36"
216.244.66.248 - - [15/Mar/2025:19:07:41 +0700] "GET /wp-content/uploads/2022/04/Break-Even-Point-Pengertian-Manfaat-Bagaimana-Cara-Menghitungnya.jpg HTTP/1.1" 200 65887 "-" "Mozilla/5.0 (compatible; DotBot/1.2; +https://opensiteexplorer.org/dotbot; help@moz.com)"
180.235.151.3 - - [15/Mar/2025:19:07:43 +0700] "POST /wp-cron.php?doing_wp_cron=1742040463.2140851020812988281250 HTTP/1.1" 403 1242 "-" "WordPress/6.7.2; https://www.aturtoko.id"
54.169.147.125 - - [15/Mar/2025:19:07:39 +0700] "GET /alfacgiapi/admin.php HTTP/1.1" 301 0 "-" "Mozilla/5.0 (Windows NT 10.0; Win64; x64) AppleWebKit/537.36 (KHTML, like Gecko) Chrome/85.0.4183.102 Safari/537.36"
54.169.147.125 - - [15/Mar/2025:19:07:43 +0700] "GET /alfacgiapi/admin.php HTTP/1.1" 404 3380 "-" "Mozilla/5.0 (Windows NT 10.0; Win64; x64) AppleWebKit/537.36 (KHTML, like Gecko) Chrome/85.0.4183.102 Safari/537.36"
54.169.147.125 - - [15/Mar/2025:19:07:48 +0700] "GET /alfacgiapi/alfa.php HTTP/1.1" 301 0 "-" "Mozilla/5.0 (Windows NT 10.0; Win64; x64) AppleWebKit/537.36 (KHTML, like Gecko) Chrome/85.0.4183.102 Safari/537.36"
54.169.147.125 - - [15/Mar/2025:19:07:51 +0700] "GET /alfacgiapi/alfa.php HTTP/1.1" 404 3380 "-" "Mozilla/5.0 (Windows NT 10.0; Win64; x64) AppleWebKit/537.36 (KHTML, like Gecko) Chrome/85.0.4183.102 Safari/537.36"
54.169.147.125 - - [15/Mar/2025:19:07:53 +0700] "GET /alfacgiapi/bypass.php HTTP/1.1" 301 0 "-" "Mozilla/5.0 (Windows NT 10.0; Win64; x64) AppleWebKit/537.36 (KHTML, like Gecko) Chrome/85.0.4183.102 Safari/537.36"
54.169.147.125 - - [15/Mar/2025:19:07:56 +0700] "GET /alfacgiapi/bypass.php HTTP/1.1" 404 3380 "-" "Mozilla/5.0 (Windows NT 10.0; Win64; x64) AppleWebKit/537.36 (KHTML, like Gecko) Chrome/85.0.4183.102 Safari/537.36"
54.169.147.125 - - [15/Mar/2025:19:07:58 +0700] "GET /alfacgiapi/index.php HTTP/1.1" 301 0 "-" "Mozilla/5.0 (Windows NT 10.0; Win64; x64) AppleWebKit/537.36 (KHTML, like Gecko) Chrome/85.0.4183.102 Safari/537.36"
66.249.75.228 - - [15/Mar/2025:19:08:04 +0700] "GET /copyright/32271358603.shtm HTTP/1.1" 200 21515 "-" "Mozilla/5.0 (compatible; Googlebot/2.1; +http://www.google.com/bot.html)"
54.169.147.125 - - [15/Mar/2025:19:08:02 +0700] "GET /alfacgiapi/ HTTP/1.1" 404 3380 "-" "Mozilla/5.0 (Windows NT 10.0; Win64; x64) AppleWebKit/537.36 (KHTML, like Gecko) Chrome/85.0.4183.102 Safari/537.36"
54.169.147.125 - - [15/Mar/2025:19:08:07 +0700] "GET /alfacgiapi/k.php HTTP/1.1" 301 0 "-" "Mozilla/5.0 (Windows NT 10.0; Win64; x64) AppleWebKit/537.36 (KHTML, like Gecko) Chrome/85.0.4183.102 Safari/537.36"
54.169.147.125 - - [15/Mar/2025:19:08:09 +0700] "GET /alfacgiapi/k.php HTTP/1.1" 404 3380 "-" "Mozilla/5.0 (Windows NT 10.0; Win64; x64) AppleWebKit/537.36 (KHTML, like Gecko) Chrome/85.0.4183.102 Safari/537.36"
54.169.147.125 - - [15/Mar/2025:19:08:13 +0700] "GET /alfacgiapi/perl.alfa.php HTTP/1.1" 301 0 "-" "Mozilla/5.0 (Windows NT 10.0; Win64; x64) AppleWebKit/537.36 (KHTML, like Gecko) Chrome/85.0.4183.102 Safari/537.36"
54.169.147.125 - - [15/Mar/2025:19:08:15 +0700] "GET /alfacgiapi/perl.alfa.php HTTP/1.1" 404 3380 "-" "Mozilla/5.0 (Windows NT 10.0; Win64; x64) AppleWebKit/537.36 (KHTML, like Gecko) Chrome/85.0.4183.102 Safari/537.36"
54.169.147.125 - - [15/Mar/2025:19:08:19 +0700] "GET /alfacgiapi/wp.php HTTP/1.1" 301 0 "-" "Mozilla/5.0 (Windows NT 10.0; Win64; x64) AppleWebKit/537.36 (KHTML, like Gecko) Chrome/85.0.4183.102 Safari/537.36"
54.169.147.125 - - [15/Mar/2025:19:08:21 +0700] "GET /alfacgiapi/wp.php HTTP/1.1" 404 3380 "-" "Mozilla/5.0 (Windows NT 10.0; Win64; x64) AppleWebKit/537.36 (KHTML, like Gecko) Chrome/85.0.4183.102 Safari/537.36"
54.169.147.125 - - [15/Mar/2025:19:08:24 +0700] "GET /alfacgiapiadmin.php HTTP/1.1" 301 0 "-" "Mozilla/5.0 (Windows NT 10.0; Win64; x64) AppleWebKit/537.36 (KHTML, like Gecko) Chrome/85.0.4183.102 Safari/537.36"
54.169.147.125 - - [15/Mar/2025:19:08:26 +0700] "GET /alfacgiapiadmin.php HTTP/1.1" 404 3380 "-" "Mozilla/5.0 (Windows NT 10.0; Win64; x64) AppleWebKit/537.36 (KHTML, like Gecko) Chrome/85.0.4183.102 Safari/537.36"
54.169.147.125 - - [15/Mar/2025:19:08:29 +0700] "GET /alfacgiapialfa.php HTTP/1.1" 301 0 "-" "Mozilla/5.0 (Windows NT 10.0; Win64; x64) AppleWebKit/537.36 (KHTML, like Gecko) Chrome/85.0.4183.102 Safari/537.36"
54.169.147.125 - - [15/Mar/2025:19:08:31 +0700] "GET /alfacgiapialfa.php HTTP/1.1" 404 3380 "-" "Mozilla/5.0 (Windows NT 10.0; Win64; x64) AppleWebKit/537.36 (KHTML, like Gecko) Chrome/85.0.4183.102 Safari/537.36"
54.169.147.125 - - [15/Mar/2025:19:08:34 +0700] "GET /alfacgiapibypass.php HTTP/1.1" 301 0 "-" "Mozilla/5.0 (Windows NT 10.0; Win64; x64) AppleWebKit/537.36 (KHTML, like Gecko) Chrome/85.0.4183.102 Safari/537.36"
54.169.147.125 - - [15/Mar/2025:19:08:37 +0700] "GET /alfacgiapibypass.php HTTP/1.1" 404 3380 "-" "Mozilla/5.0 (Windows NT 10.0; Win64; x64) AppleWebKit/537.36 (KHTML, like Gecko) Chrome/85.0.4183.102 Safari/537.36"
180.235.151.3 - - [15/Mar/2025:19:08:43 +0700] "POST /wp-cron.php?doing_wp_cron=1742040523.5157918930053710937500 HTTP/1.1" 403 1242 "-" "WordPress/6.7.2; https://www.aturtoko.id"
54.169.147.125 - - [15/Mar/2025:19:08:41 +0700] "GET /alfacgiapik.php HTTP/1.1" 301 0 "-" "Mozilla/5.0 (Windows NT 10.0; Win64; x64) AppleWebKit/537.36 (KHTML, like Gecko) Chrome/85.0.4183.102 Safari/537.36"
54.169.147.125 - - [15/Mar/2025:19:08:43 +0700] "GET /alfacgiapik.php HTTP/1.1" 404 3380 "-" "Mozilla/5.0 (Windows NT 10.0; Win64; x64) AppleWebKit/537.36 (KHTML, like Gecko) Chrome/85.0.4183.102 Safari/537.36"
54.169.147.125 - - [15/Mar/2025:19:08:46 +0700] "GET /alfacgiapiwp.php HTTP/1.1" 301 0 "-" "Mozilla/5.0 (Windows NT 10.0; Win64; x64) AppleWebKit/537.36 (KHTML, like Gecko) Chrome/85.0.4183.102 Safari/537.36"
54.169.147.125 - - [15/Mar/2025:19:08:48 +0700] "GET /alfacgiapiwp.php HTTP/1.1" 404 3380 "-" "Mozilla/5.0 (Windows NT 10.0; Win64; x64) AppleWebKit/537.36 (KHTML, like Gecko) Chrome/85.0.4183.102 Safari/537.36"
54.169.147.125 - - [15/Mar/2025:19:08:51 +0700] "GET /alfaindex.php HTTP/1.1" 301 0 "-" "Mozilla/5.0 (Windows NT 10.0; Win64; x64) AppleWebKit/537.36 (KHTML, like Gecko) Chrome/85.0.4183.102 Safari/537.36"
54.169.147.125 - - [15/Mar/2025:19:08:54 +0700] "GET /alfaindex.php HTTP/1.1" 404 3380 "-" "Mozilla/5.0 (Windows NT 10.0; Win64; x64) AppleWebKit/537.36 (KHTML, like Gecko) Chrome/85.0.4183.102 Safari/537.36"
54.169.147.125 - - [15/Mar/2025:19:08:56 +0700] "GET /alfakun.php HTTP/1.1" 301 0 "-" "Mozilla/5.0 (Windows NT 10.0; Win64; x64) AppleWebKit/537.36 (KHTML, like Gecko) Chrome/85.0.4183.102 Safari/537.36"
54.169.147.125 - - [15/Mar/2025:19:08:58 +0700] "GET /alfakun.php HTTP/1.1" 404 3380 "-" "Mozilla/5.0 (Windows NT 10.0; Win64; x64) AppleWebKit/537.36 (KHTML, like Gecko) Chrome/85.0.4183.102 Safari/537.36"
149.130.223.168 - - [15/Mar/2025:19:09:01 +0700] "GET / HTTP/1.1" 301 0 "-" "Mozilla/5.0 (Windows NT 10.0; Win64; x64) AppleWebKit/537.36 (KHTML, like Gecko) Chrome/89.0.4389.114 Safari/537.36"
54.169.147.125 - - [15/Mar/2025:19:09:01 +0700] "GET /alfalonte.php HTTP/1.1" 301 0 "-" "Mozilla/5.0 (Windows NT 10.0; Win64; x64) AppleWebKit/537.36 (KHTML, like Gecko) Chrome/85.0.4183.102 Safari/537.36"
54.169.147.125 - - [15/Mar/2025:19:09:03 +0700] "GET /alfalonte.php HTTP/1.1" 404 3380 "-" "Mozilla/5.0 (Windows NT 10.0; Win64; x64) AppleWebKit/537.36 (KHTML, like Gecko) Chrome/85.0.4183.102 Safari/537.36"
54.169.147.125 - - [15/Mar/2025:19:09:06 +0700] "GET /alfanew.php HTTP/1.1" 301 0 "-" "Mozilla/5.0 (Windows NT 10.0; Win64; x64) AppleWebKit/537.36 (KHTML, like Gecko) Chrome/85.0.4183.102 Safari/537.36"
54.169.147.125 - - [15/Mar/2025:19:09:09 +0700] "GET /alfanew.php HTTP/1.1" 404 3373 "-" "Mozilla/5.0 (Windows NT 10.0; Win64; x64) AppleWebKit/537.36 (KHTML, like Gecko) Chrome/85.0.4183.102 Safari/537.36"
54.169.147.125 - - [15/Mar/2025:19:09:12 +0700] "GET /alfanibos.php HTTP/1.1" 301 0 "-" "Mozilla/5.0 (Windows NT 10.0; Win64; x64) AppleWebKit/537.36 (KHTML, like Gecko) Chrome/85.0.4183.102 Safari/537.36"
54.169.147.125 - - [15/Mar/2025:19:09:15 +0700] "GET /alfanibos.php HTTP/1.1" 404 3380 "-" "Mozilla/5.0 (Windows NT 10.0; Win64; x64) AppleWebKit/537.36 (KHTML, like Gecko) Chrome/85.0.4183.102 Safari/537.36"
54.169.147.125 - - [15/Mar/2025:19:09:18 +0700] "GET /alfashell.php HTTP/1.1" 301 0 "-" "Mozilla/5.0 (Windows NT 10.0; Win64; x64) AppleWebKit/537.36 (KHTML, like Gecko) Chrome/85.0.4183.102 Safari/537.36"
54.169.147.125 - - [15/Mar/2025:19:09:20 +0700] "GET /alfashell.php HTTP/1.1" 404 3380 "-" "Mozilla/5.0 (Windows NT 10.0; Win64; x64) AppleWebKit/537.36 (KHTML, like Gecko) Chrome/85.0.4183.102 Safari/537.36"
216.244.66.248 - - [15/Mar/2025:19:09:20 +0700] "GET /ms/blog/tag/bisnis/feed HTTP/1.1" 404 11504 "-" "Mozilla/5.0 (compatible; DotBot/1.2; +https://opensiteexplorer.org/dotbot; help@moz.com)"
54.169.147.125 - - [15/Mar/2025:19:09:23 +0700] "GET /alfatesla.php HTTP/1.1" 301 0 "-" "Mozilla/5.0 (Windows NT 10.0; Win64; x64) AppleWebKit/537.36 (KHTML, like Gecko) Chrome/85.0.4183.102 Safari/537.36"
54.169.147.125 - - [15/Mar/2025:19:09:26 +0700] "GET /alfatesla.php HTTP/1.1" 404 3380 "-" "Mozilla/5.0 (Windows NT 10.0; Win64; x64) AppleWebKit/537.36 (KHTML, like Gecko) Chrome/85.0.4183.102 Safari/537.36"
54.169.147.125 - - [15/Mar/2025:19:09:31 +0700] "GET /alfateslav4.php HTTP/1.1" 301 0 "-" "Mozilla/5.0 (Windows NT 10.0; Win64; x64) AppleWebKit/537.36 (KHTML, like Gecko) Chrome/85.0.4183.102 Safari/537.36"
54.169.147.125 - - [15/Mar/2025:19:09:33 +0700] "GET /alfateslav4.php HTTP/1.1" 404 3380 "-" "Mozilla/5.0 (Windows NT 10.0; Win64; x64) AppleWebKit/537.36 (KHTML, like Gecko) Chrome/85.0.4183.102 Safari/537.36"
54.169.147.125 - - [15/Mar/2025:19:09:37 +0700] "GET /alfav4-1-0.php HTTP/1.1" 301 0 "-" "Mozilla/5.0 (Windows NT 10.0; Win64; x64) AppleWebKit/537.36 (KHTML, like Gecko) Chrome/85.0.4183.102 Safari/537.36"
54.169.147.125 - - [15/Mar/2025:19:09:40 +0700] "GET /alfav4-1-0.php HTTP/1.1" 404 3380 "-" "Mozilla/5.0 (Windows NT 10.0; Win64; x64) AppleWebKit/537.36 (KHTML, like Gecko) Chrome/85.0.4183.102 Safari/537.36"
180.235.151.3 - - [15/Mar/2025:19:09:45 +0700] "POST /wp-cron.php?doing_wp_cron=1742040585.6929230690002441406250 HTTP/1.1" 403 1242 "-" "WordPress/6.7.2; https://www.aturtoko.id"
54.169.147.125 - - [15/Mar/2025:19:09:43 +0700] "GET /alfav4-1.php HTTP/1.1" 301 0 "-" "Mozilla/5.0 (Windows NT 10.0; Win64; x64) AppleWebKit/537.36 (KHTML, like Gecko) Chrome/85.0.4183.102 Safari/537.36"
54.169.147.125 - - [15/Mar/2025:19:09:45 +0700] "GET /alfav4-1.php HTTP/1.1" 404 3380 "-" "Mozilla/5.0 (Windows NT 10.0; Win64; x64) AppleWebKit/537.36 (KHTML, like Gecko) Chrome/85.0.4183.102 Safari/537.36"
54.169.147.125 - - [15/Mar/2025:19:09:48 +0700] "GET /alfav4-1.tesla.php HTTP/1.1" 301 0 "-" "Mozilla/5.0 (Windows NT 10.0; Win64; x64) AppleWebKit/537.36 (KHTML, like Gecko) Chrome/85.0.4183.102 Safari/537.36"
54.169.147.125 - - [15/Mar/2025:19:09:50 +0700] "GET /alfav4-1.tesla.php HTTP/1.1" 404 3373 "-" "Mozilla/5.0 (Windows NT 10.0; Win64; x64) AppleWebKit/537.36 (KHTML, like Gecko) Chrome/85.0.4183.102 Safari/537.36"
216.244.66.248 - - [15/Mar/2025:19:09:51 +0700] "GET /en/blog/tag/ekonomi-digital/ HTTP/1.1" 404 11504 "-" "Mozilla/5.0 (compatible; DotBot/1.2; +https://opensiteexplorer.org/dotbot; help@moz.com)"
54.169.147.125 - - [15/Mar/2025:19:09:53 +0700] "GET /alfav4.1-tesla.php HTTP/1.1" 301 0 "-" "Mozilla/5.0 (Windows NT 10.0; Win64; x64) AppleWebKit/537.36 (KHTML, like Gecko) Chrome/85.0.4183.102 Safari/537.36"
54.169.147.125 - - [15/Mar/2025:19:09:55 +0700] "GET /alfav4.1-tesla.php HTTP/1.1" 404 3380 "-" "Mozilla/5.0 (Windows NT 10.0; Win64; x64) AppleWebKit/537.36 (KHTML, like Gecko) Chrome/85.0.4183.102 Safari/537.36"
54.169.147.125 - - [15/Mar/2025:19:09:58 +0700] "GET /alfav4.1.php HTTP/1.1" 301 0 "-" "Mozilla/5.0 (Windows NT 10.0; Win64; x64) AppleWebKit/537.36 (KHTML, like Gecko) Chrome/85.0.4183.102 Safari/537.36"
54.169.147.125 - - [15/Mar/2025:19:10:01 +0700] "GET /alfav4.1.php HTTP/1.1" 404 3380 "-" "Mozilla/5.0 (Windows NT 10.0; Win64; x64) AppleWebKit/537.36 (KHTML, like Gecko) Chrome/85.0.4183.102 Safari/537.36"
54.169.147.125 - - [15/Mar/2025:19:10:05 +0700] "GET /alfax.php HTTP/1.1" 301 0 "-" "Mozilla/5.0 (Windows NT 10.0; Win64; x64) AppleWebKit/537.36 (KHTML, like Gecko) Chrome/85.0.4183.102 Safari/537.36"
54.169.147.125 - - [15/Mar/2025:19:10:07 +0700] "GET /alfax.php HTTP/1.1" 404 3380 "-" "Mozilla/5.0 (Windows NT 10.0; Win64; x64) AppleWebKit/537.36 (KHTML, like Gecko) Chrome/85.0.4183.102 Safari/537.36"
216.244.66.248 - - [15/Mar/2025:19:10:08 +0700] "GET /en/blog/tag/kiat/ HTTP/1.1" 404 11504 "-" "Mozilla/5.0 (compatible; DotBot/1.2; +https://opensiteexplorer.org/dotbot; help@moz.com)"
54.169.147.125 - - [15/Mar/2025:19:10:10 +0700] "GET /alfi.php HTTP/1.1" 301 0 "-" "Mozilla/5.0 (Windows NT 10.0; Win64; x64) AppleWebKit/537.36 (KHTML, like Gecko) Chrome/85.0.4183.102 Safari/537.36"
54.169.147.125 - - [15/Mar/2025:19:10:13 +0700] "GET /alfi.php HTTP/1.1" 404 3380 "-" "Mozilla/5.0 (Windows NT 10.0; Win64; x64) AppleWebKit/537.36 (KHTML, like Gecko) Chrome/85.0.4183.102 Safari/537.36"
54.169.147.125 - - [15/Mar/2025:19:10:17 +0700] "GET /alivos.php HTTP/1.1" 301 0 "-" "Mozilla/5.0 (Windows NT 10.0; Win64; x64) AppleWebKit/537.36 (KHTML, like Gecko) Chrome/85.0.4183.102 Safari/537.36"
54.169.147.125 - - [15/Mar/2025:19:10:19 +0700] "GET /alivos.php HTTP/1.1" 404 3380 "-" "Mozilla/5.0 (Windows NT 10.0; Win64; x64) AppleWebKit/537.36 (KHTML, like Gecko) Chrome/85.0.4183.102 Safari/537.36"
54.169.147.125 - - [15/Mar/2025:19:10:22 +0700] "GET /alpa.php HTTP/1.1" 301 0 "-" "Mozilla/5.0 (Windows NT 10.0; Win64; x64) AppleWebKit/537.36 (KHTML, like Gecko) Chrome/85.0.4183.102 Safari/537.36"
54.169.147.125 - - [15/Mar/2025:19:10:25 +0700] "GET /alpa.php HTTP/1.1" 404 3380 "-" "Mozilla/5.0 (Windows NT 10.0; Win64; x64) AppleWebKit/537.36 (KHTML, like Gecko) Chrome/85.0.4183.102 Safari/537.36"
54.169.147.125 - - [15/Mar/2025:19:10:27 +0700] "GET /alpha.php HTTP/1.1" 301 0 "-" "Mozilla/5.0 (Windows NT 10.0; Win64; x64) AppleWebKit/537.36 (KHTML, like Gecko) Chrome/85.0.4183.102 Safari/537.36"
216.244.66.248 - - [15/Mar/2025:19:10:28 +0700] "GET /en/blog/tag/operasional/ HTTP/1.1" 404 11504 "-" "Mozilla/5.0 (compatible; DotBot/1.2; +https://opensiteexplorer.org/dotbot; help@moz.com)"
54.169.147.125 - - [15/Mar/2025:19:10:30 +0700] "GET /alpha.php HTTP/1.1" 404 3380 "-" "Mozilla/5.0 (Windows NT 10.0; Win64; x64) AppleWebKit/537.36 (KHTML, like Gecko) Chrome/85.0.4183.102 Safari/537.36"
54.169.147.125 - - [15/Mar/2025:19:10:36 +0700] "GET /alwso.php HTTP/1.1" 301 0 "-" "Mozilla/5.0 (Windows NT 10.0; Win64; x64) AppleWebKit/537.36 (KHTML, like Gecko) Chrome/85.0.4183.102 Safari/537.36"
54.169.147.125 - - [15/Mar/2025:19:10:38 +0700] "GET /alwso.php HTTP/1.1" 404 3380 "-" "Mozilla/5.0 (Windows NT 10.0; Win64; x64) AppleWebKit/537.36 (KHTML, like Gecko) Chrome/85.0.4183.102 Safari/537.36"
54.169.147.125 - - [15/Mar/2025:19:10:41 +0700] "GET /am.php HTTP/1.1" 301 0 "-" "Mozilla/5.0 (Windows NT 10.0; Win64; x64) AppleWebKit/537.36 (KHTML, like Gecko) Chrome/85.0.4183.102 Safari/537.36"
180.235.151.3 - - [15/Mar/2025:19:10:46 +0700] "POST /wp-cron.php?doing_wp_cron=1742040646.8352138996124267578125 HTTP/1.1" 403 1242 "-" "WordPress/6.7.2; https://www.aturtoko.id"
54.169.147.125 - - [15/Mar/2025:19:10:44 +0700] "GET /am.php HTTP/1.1" 404 3380 "-" "Mozilla/5.0 (Windows NT 10.0; Win64; x64) AppleWebKit/537.36 (KHTML, like Gecko) Chrome/85.0.4183.102 Safari/537.36"
54.169.147.125 - - [15/Mar/2025:19:10:48 +0700] "GET /am4n.php HTTP/1.1" 301 0 "-" "Mozilla/5.0 (Windows NT 10.0; Win64; x64) AppleWebKit/537.36 (KHTML, like Gecko) Chrome/85.0.4183.102 Safari/537.36"
216.244.66.248 - - [15/Mar/2025:19:10:47 +0700] "GET /ms/blog/tag/riset/ HTTP/1.1" 404 11504 "-" "Mozilla/5.0 (compatible; DotBot/1.2; +https://opensiteexplorer.org/dotbot; help@moz.com)"
66.249.71.1 - - [15/Mar/2025:19:10:49 +0700] "GET /living/32292159198.shtm HTTP/1.1" 200 19583 "-" "Mozilla/5.0 (Linux; Android 6.0.1; Nexus 5X Build/MMB29P) AppleWebKit/537.36 (KHTML, like Gecko) Chrome/133.0.6943.141 Mobile Safari/537.36 (compatible; GoogleOther)"
54.169.147.125 - - [15/Mar/2025:19:10:50 +0700] "GET /am4n.php HTTP/1.1" 404 3380 "-" "Mozilla/5.0 (Windows NT 10.0; Win64; x64) AppleWebKit/537.36 (KHTML, like Gecko) Chrome/85.0.4183.102 Safari/537.36"
54.169.147.125 - - [15/Mar/2025:19:10:54 +0700] "GET /aman.php HTTP/1.1" 301 0 "-" "Mozilla/5.0 (Windows NT 10.0; Win64; x64) AppleWebKit/537.36 (KHTML, like Gecko) Chrome/85.0.4183.102 Safari/537.36"
54.169.147.125 - - [15/Mar/2025:19:10:56 +0700] "GET /aman.php HTTP/1.1" 404 3380 "-" "Mozilla/5.0 (Windows NT 10.0; Win64; x64) AppleWebKit/537.36 (KHTML, like Gecko) Chrome/85.0.4183.102 Safari/537.36"
54.169.147.125 - - [15/Mar/2025:19:11:00 +0700] "GET /anjay.php HTTP/1.1" 301 0 "-" "Mozilla/5.0 (Windows NT 10.0; Win64; x64) AppleWebKit/537.36 (KHTML, like Gecko) Chrome/85.0.4183.102 Safari/537.36"
54.169.147.125 - - [15/Mar/2025:19:11:02 +0700] "GET /anjay.php HTTP/1.1" 404 3380 "-" "Mozilla/5.0 (Windows NT 10.0; Win64; x64) AppleWebKit/537.36 (KHTML, like Gecko) Chrome/85.0.4183.102 Safari/537.36"
54.169.147.125 - - [15/Mar/2025:19:11:06 +0700] "GET /anon.php HTTP/1.1" 301 0 "-" "Mozilla/5.0 (Windows NT 10.0; Win64; x64) AppleWebKit/537.36 (KHTML, like Gecko) Chrome/85.0.4183.102 Safari/537.36"
216.244.66.248 - - [15/Mar/2025:19:11:06 +0700] "GET /ms/blog/aturtoko-update/kini-saatnya-umkm-go-digital/ HTTP/1.1" 404 11504 "-" "Mozilla/5.0 (compatible; DotBot/1.2; +https://opensiteexplorer.org/dotbot; help@moz.com)"
54.169.147.125 - - [15/Mar/2025:19:11:08 +0700] "GET /anon.php HTTP/1.1" 404 3380 "-" "Mozilla/5.0 (Windows NT 10.0; Win64; x64) AppleWebKit/537.36 (KHTML, like Gecko) Chrome/85.0.4183.102 Safari/537.36"
54.169.147.125 - - [15/Mar/2025:19:11:11 +0700] "GET /anone.php HTTP/1.1" 301 0 "-" "Mozilla/5.0 (Windows NT 10.0; Win64; x64) AppleWebKit/537.36 (KHTML, like Gecko) Chrome/85.0.4183.102 Safari/537.36"
54.169.147.125 - - [15/Mar/2025:19:11:14 +0700] "GET /anone.php HTTP/1.1" 404 3380 "-" "Mozilla/5.0 (Windows NT 10.0; Win64; x64) AppleWebKit/537.36 (KHTML, like Gecko) Chrome/85.0.4183.102 Safari/537.36"
54.169.147.125 - - [15/Mar/2025:19:11:19 +0700] "GET /anons79.php HTTP/1.1" 301 0 "-" "Mozilla/5.0 (Windows NT 10.0; Win64; x64) AppleWebKit/537.36 (KHTML, like Gecko) Chrome/85.0.4183.102 Safari/537.36"
54.169.147.125 - - [15/Mar/2025:19:11:21 +0700] "GET /anons79.php HTTP/1.1" 404 3380 "-" "Mozilla/5.0 (Windows NT 10.0; Win64; x64) AppleWebKit/537.36 (KHTML, like Gecko) Chrome/85.0.4183.102 Safari/537.36"
54.169.147.125 - - [15/Mar/2025:19:11:27 +0700] "GET /anonsec.php HTTP/1.1" 301 0 "-" "Mozilla/5.0 (Windows NT 10.0; Win64; x64) AppleWebKit/537.36 (KHTML, like Gecko) Chrome/85.0.4183.102 Safari/537.36"
52.167.144.169 - - [15/Mar/2025:19:11:30 +0700] "GET /ms/blog/kewirausahaan/business-opportunity/mengapa-studi-kelayakan-bisnis-perlu-begini-penjelasannya/feed HTTP/1.1" 200 21287 "-" "Mozilla/5.0 AppleWebKit/537.36 (KHTML, like Gecko; compatible; bingbot/2.0; +http://www.bing.com/bingbot.htm) Chrome/116.0.1938.76 Safari/537.36"
216.244.66.248 - - [15/Mar/2025:19:11:27 +0700] "GET /ms/blog/tag/brand HTTP/1.1" 404 11504 "-" "Mozilla/5.0 (compatible; DotBot/1.2; +https://opensiteexplorer.org/dotbot; help@moz.com)"
54.169.147.125 - - [15/Mar/2025:19:11:31 +0700] "GET /anonsec.php HTTP/1.1" 404 3380 "-" "Mozilla/5.0 (Windows NT 10.0; Win64; x64) AppleWebKit/537.36 (KHTML, like Gecko) Chrome/85.0.4183.102 Safari/537.36"
54.169.147.125 - - [15/Mar/2025:19:11:33 +0700] "GET /anonym.php HTTP/1.1" 301 0 "-" "Mozilla/5.0 (Windows NT 10.0; Win64; x64) AppleWebKit/537.36 (KHTML, like Gecko) Chrome/85.0.4183.102 Safari/537.36"
54.169.147.125 - - [15/Mar/2025:19:11:36 +0700] "GET /anonym.php HTTP/1.1" 404 3380 "-" "Mozilla/5.0 (Windows NT 10.0; Win64; x64) AppleWebKit/537.36 (KHTML, like Gecko) Chrome/85.0.4183.102 Safari/537.36"
54.169.147.125 - - [15/Mar/2025:19:11:39 +0700] "GET /ans.php HTTP/1.1" 301 0 "-" "Mozilla/5.0 (Windows NT 10.0; Win64; x64) AppleWebKit/537.36 (KHTML, like Gecko) Chrome/85.0.4183.102 Safari/537.36"
54.169.147.125 - - [15/Mar/2025:19:11:42 +0700] "GET /ans.php HTTP/1.1" 404 3380 "-" "Mozilla/5.0 (Windows NT 10.0; Win64; x64) AppleWebKit/537.36 (KHTML, like Gecko) Chrome/85.0.4183.102 Safari/537.36"
180.235.151.3 - - [15/Mar/2025:19:11:48 +0700] "POST /wp-cron.php?doing_wp_cron=1742040708.3305850028991699218750 HTTP/1.1" 403 1242 "-" "WordPress/6.7.2; https://www.aturtoko.id"
54.169.147.125 - - [15/Mar/2025:19:11:46 +0700] "GET /antek.php HTTP/1.1" 301 0 "-" "Mozilla/5.0 (Windows NT 10.0; Win64; x64) AppleWebKit/537.36 (KHTML, like Gecko) Chrome/85.0.4183.102 Safari/537.36"
54.169.147.125 - - [15/Mar/2025:19:11:48 +0700] "GET /antek.php HTTP/1.1" 404 3380 "-" "Mozilla/5.0 (Windows NT 10.0; Win64; x64) AppleWebKit/537.36 (KHTML, like Gecko) Chrome/85.0.4183.102 Safari/537.36"
216.244.66.248 - - [15/Mar/2025:19:11:49 +0700] "GET /en/blog/category/management/page/7 HTTP/1.1" 404 11504 "-" "Mozilla/5.0 (compatible; DotBot/1.2; +https://opensiteexplorer.org/dotbot; help@moz.com)"
54.169.147.125 - - [15/Mar/2025:19:11:51 +0700] "GET /antiheker.php HTTP/1.1" 301 0 "-" "Mozilla/5.0 (Windows NT 10.0; Win64; x64) AppleWebKit/537.36 (KHTML, like Gecko) Chrome/85.0.4183.102 Safari/537.36"
54.169.147.125 - - [15/Mar/2025:19:11:53 +0700] "GET /antiheker.php HTTP/1.1" 404 3380 "-" "Mozilla/5.0 (Windows NT 10.0; Win64; x64) AppleWebKit/537.36 (KHTML, like Gecko) Chrome/85.0.4183.102 Safari/537.36"
54.169.147.125 - - [15/Mar/2025:19:11:56 +0700] "GET /ap.php HTTP/1.1" 301 0 "-" "Mozilla/5.0 (Windows NT 10.0; Win64; x64) AppleWebKit/537.36 (KHTML, like Gecko) Chrome/85.0.4183.102 Safari/537.36"
54.169.147.125 - - [15/Mar/2025:19:11:59 +0700] "GET /ap.php HTTP/1.1" 404 3380 "-" "Mozilla/5.0 (Windows NT 10.0; Win64; x64) AppleWebKit/537.36 (KHTML, like Gecko) Chrome/85.0.4183.102 Safari/537.36"
185.191.171.14 - - [15/Mar/2025:19:11:58 +0700] "GET /ms/blog/tag/standar-operasional-prosedur HTTP/1.1" 404 3380 "-" "Mozilla/5.0 (compatible; SemrushBot/7~bl; +http://www.semrush.com/bot.html)"
54.169.147.125 - - [15/Mar/2025:19:12:02 +0700] "GET /app/admin.php HTTP/1.1" 301 0 "-" "Mozilla/5.0 (Windows NT 10.0; Win64; x64) AppleWebKit/537.36 (KHTML, like Gecko) Chrome/85.0.4183.102 Safari/537.36"
54.169.147.125 - - [15/Mar/2025:19:12:06 +0700] "GET /app/admin.php HTTP/1.1" 404 3380 "-" "Mozilla/5.0 (Windows NT 10.0; Win64; x64) AppleWebKit/537.36 (KHTML, like Gecko) Chrome/85.0.4183.102 Safari/537.36"
216.244.66.248 - - [15/Mar/2025:19:12:08 +0700] "GET /en/blog/tag/dokumen/ HTTP/1.1" 404 11504 "-" "Mozilla/5.0 (compatible; DotBot/1.2; +https://opensiteexplorer.org/dotbot; help@moz.com)"
54.169.147.125 - - [15/Mar/2025:19:12:11 +0700] "GET /app/alfa.php HTTP/1.1" 301 0 "-" "Mozilla/5.0 (Windows NT 10.0; Win64; x64) AppleWebKit/537.36 (KHTML, like Gecko) Chrome/85.0.4183.102 Safari/537.36"
54.169.147.125 - - [15/Mar/2025:19:12:14 +0700] "GET /app/alfa.php HTTP/1.1" 404 3380 "-" "Mozilla/5.0 (Windows NT 10.0; Win64; x64) AppleWebKit/537.36 (KHTML, like Gecko) Chrome/85.0.4183.102 Safari/537.36"
54.169.147.125 - - [15/Mar/2025:19:12:17 +0700] "GET /app/bypass.php HTTP/1.1" 301 0 "-" "Mozilla/5.0 (Windows NT 10.0; Win64; x64) AppleWebKit/537.36 (KHTML, like Gecko) Chrome/85.0.4183.102 Safari/537.36"
54.169.147.125 - - [15/Mar/2025:19:12:21 +0700] "GET /app/bypass.php HTTP/1.1" 404 3380 "-" "Mozilla/5.0 (Windows NT 10.0; Win64; x64) AppleWebKit/537.36 (KHTML, like Gecko) Chrome/85.0.4183.102 Safari/537.36"
54.169.147.125 - - [15/Mar/2025:19:12:25 +0700] "GET /app/index.php HTTP/1.1" 301 0 "-" "Mozilla/5.0 (Windows NT 10.0; Win64; x64) AppleWebKit/537.36 (KHTML, like Gecko) Chrome/85.0.4183.102 Safari/537.36"
54.169.147.125 - - [15/Mar/2025:19:12:29 +0700] "GET /app/ HTTP/1.1" 404 3380 "-" "Mozilla/5.0 (Windows NT 10.0; Win64; x64) AppleWebKit/537.36 (KHTML, like Gecko) Chrome/85.0.4183.102 Safari/537.36"
54.169.147.125 - - [15/Mar/2025:19:12:34 +0700] "GET /app/k.php HTTP/1.1" 301 0 "-" "Mozilla/5.0 (Windows NT 10.0; Win64; x64) AppleWebKit/537.36 (KHTML, like Gecko) Chrome/85.0.4183.102 Safari/537.36"
216.244.66.248 - - [15/Mar/2025:19:12:34 +0700] "GET /ms/blog/tag/jabatan/ HTTP/1.1" 404 11504 "-" "Mozilla/5.0 (compatible; DotBot/1.2; +https://opensiteexplorer.org/dotbot; help@moz.com)"
54.169.147.125 - - [15/Mar/2025:19:12:37 +0700] "GET /app/k.php HTTP/1.1" 404 3380 "-" "Mozilla/5.0 (Windows NT 10.0; Win64; x64) AppleWebKit/537.36 (KHTML, like Gecko) Chrome/85.0.4183.102 Safari/537.36"
54.169.147.125 - - [15/Mar/2025:19:12:41 +0700] "GET /app/wp.php HTTP/1.1" 301 0 "-" "Mozilla/5.0 (Windows NT 10.0; Win64; x64) AppleWebKit/537.36 (KHTML, like Gecko) Chrome/85.0.4183.102 Safari/537.36"
180.235.151.3 - - [15/Mar/2025:19:12:48 +0700] "POST /wp-cron.php?doing_wp_cron=1742040768.5333809852600097656250 HTTP/1.1" 403 1242 "-" "WordPress/6.7.2; https://www.aturtoko.id"
54.169.147.125 - - [15/Mar/2025:19:12:45 +0700] "GET /app/wp.php HTTP/1.1" 404 3380 "-" "Mozilla/5.0 (Windows NT 10.0; Win64; x64) AppleWebKit/537.36 (KHTML, like Gecko) Chrome/85.0.4183.102 Safari/537.36"
54.169.147.125 - - [15/Mar/2025:19:12:49 +0700] "GET /appadmin.php HTTP/1.1" 301 0 "-" "Mozilla/5.0 (Windows NT 10.0; Win64; x64) AppleWebKit/537.36 (KHTML, like Gecko) Chrome/85.0.4183.102 Safari/537.36"
54.169.147.125 - - [15/Mar/2025:19:12:52 +0700] "GET /appadmin.php HTTP/1.1" 404 3380 "-" "Mozilla/5.0 (Windows NT 10.0; Win64; x64) AppleWebKit/537.36 (KHTML, like Gecko) Chrome/85.0.4183.102 Safari/537.36"
54.169.147.125 - - [15/Mar/2025:19:12:54 +0700] "GET /appalfa.php HTTP/1.1" 301 0 "-" "Mozilla/5.0 (Windows NT 10.0; Win64; x64) AppleWebKit/537.36 (KHTML, like Gecko) Chrome/85.0.4183.102 Safari/537.36"
54.169.147.125 - - [15/Mar/2025:19:12:57 +0700] "GET /appalfa.php HTTP/1.1" 404 3380 "-" "Mozilla/5.0 (Windows NT 10.0; Win64; x64) AppleWebKit/537.36 (KHTML, like Gecko) Chrome/85.0.4183.102 Safari/537.36"
216.244.66.248 - - [15/Mar/2025:19:12:57 +0700] "GET /en/blog/tag/marketing/page/3/ HTTP/1.1" 404 11504 "-" "Mozilla/5.0 (compatible; DotBot/1.2; +https://opensiteexplorer.org/dotbot; help@moz.com)"
85.208.96.202 - - [15/Mar/2025:19:12:59 +0700] "GET /ms/blog/tag/era-digital HTTP/1.1" 404 3380 "-" "Mozilla/5.0 (compatible; SemrushBot/7~bl; +http://www.semrush.com/bot.html)"
