66.249.65.174 - - [15/Mar/2025:20:06:06 +0700] "GET /3226637591.shtm HTTP/1.1" 200 22199 "-" "Mozilla/5.0 (compatible; Googlebot/2.1; +http://www.google.com/bot.html)"
66.249.65.174 - - [15/Mar/2025:20:08:28 +0700] "GET /en/blog/tag/pebisnis HTTP/1.1" 200 19583 "-" "Mozilla/5.0 (Linux; Android 6.0.1; Nexus 5X Build/MMB29P) AppleWebKit/537.36 (KHTML, like Gecko) Chrome/133.0.6943.141 Mobile Safari/537.36 (compatible; Googlebot/2.1; +http://www.google.com/bot.html)"
66.249.71.9 - - [15/Mar/2025:20:11:03 +0700] "GET /viable/good/32292208780.shtm HTTP/1.1" 200 20817 "-" "Mozilla/5.0 (compatible; Googlebot/2.1; +http://www.google.com/bot.html)"
66.249.65.174 - - [15/Mar/2025:20:12:07 +0700] "GET /32281535035.shtm HTTP/1.1" 200 19606 "-" "Mozilla/5.0 (compatible; Googlebot/2.1; +http://www.google.com/bot.html)"
23.137.105.191 - - [15/Mar/2025:20:15:43 +0700] "GET /wp.php HTTP/1.1" 301 0 "-" "Mozilla/5.0 (Windows; U; Windows NT 6.1; en-US; rv:1.9.1.5) Gecko/20091102 Firefox/3.5.5 (.NET CLR 3.5.30729)"
23.137.105.191 - - [15/Mar/2025:20:15:48 +0700] "GET /wp.php HTTP/1.1" 404 3380 "-" "Mozilla/5.0 (Windows; U; Windows NT 6.1; en-US; rv:1.9.1.5) Gecko/20091102 Firefox/3.5.5 (.NET CLR 3.5.30729)"
92.255.57.39 - - [15/Mar/2025:20:16:01 +0700] "GET / HTTP/1.0" 301 0 "http://aturtoko.id/" "Mozilla/5.0 (Windows NT 10.0; Win64; x64) AppleWebKit/537.36 (KHTML, like Gecko) Chrome/131.0.0.0 Safari/537.36 Avast/131.0.0.0"
85.208.96.198 - - [15/Mar/2025:20:16:29 +0700] "GET /ms/blog/tag/legalitas HTTP/1.1" 404 3380 "-" "Mozilla/5.0 (compatible; SemrushBot/7~bl; +http://www.semrush.com/bot.html)"
66.249.65.174 - - [15/Mar/2025:20:17:05 +0700] "GET /coating/3225487265.shtm HTTP/1.1" 200 21247 "-" "Mozilla/5.0 (compatible; Googlebot/2.1; +http://www.google.com/bot.html)"
66.249.65.174 - - [15/Mar/2025:20:17:09 +0700] "GET /relying/auction/32292147136.shtm HTTP/1.1" 200 21587 "-" "Mozilla/5.0 (compatible; Googlebot/2.1; +http://www.google.com/bot.html)"
180.235.151.3 - - [15/Mar/2025:20:17:23 +0700] "POST /wp-cron.php?doing_wp_cron=1742044643.5317070484161376953125 HTTP/1.1" 403 1242 "-" "WordPress/6.7.2; https://www.aturtoko.id"
185.191.171.13 - - [15/Mar/2025:20:17:20 +0700] "GET /ms/blog/tag/canvas HTTP/1.1" 404 3380 "-" "Mozilla/5.0 (compatible; SemrushBot/7~bl; +http://www.semrush.com/bot.html)"
66.249.71.9 - - [15/Mar/2025:20:21:09 +0700] "GET /?e=63900117010 HTTP/1.1" 200 20134 "-" "Mozilla/5.0 (Linux; Android 6.0.1; Nexus 5X Build/MMB29P) AppleWebKit/537.36 (KHTML, like Gecko) Chrome/133.0.6943.141 Mobile Safari/537.36 (compatible; GoogleOther)"
180.235.151.3 - - [15/Mar/2025:20:22:48 +0700] "POST /wp-cron.php?doing_wp_cron=1742044968.2077178955078125000000 HTTP/1.1" 403 1242 "-" "WordPress/6.7.2; https://www.aturtoko.id"
159.223.78.26 - - [15/Mar/2025:20:22:46 +0700] "GET / HTTP/1.1" 301 0 "-" "Mozilla/5.0 (Windows NT 10.0; Win64; x64) AppleWebKit/537.36 (KHTML, like Gecko) Chrome/88.0.4240.193 Safari/537.36"
66.249.65.174 - - [15/Mar/2025:20:23:06 +0700] "GET /heavily/item/32292145672.shtm HTTP/1.1" 200 20304 "-" "Mozilla/5.0 (compatible; Googlebot/2.1; +http://www.google.com/bot.html)"
66.249.65.174 - - [15/Mar/2025:20:23:13 +0700] "GET /implementing/32271223372.shtm HTTP/1.1" 200 20821 "-" "Mozilla/5.0 (compatible; Googlebot/2.1; +http://www.google.com/bot.html)"
66.249.71.1 - - [15/Mar/2025:20:28:04 +0700] "GET /eternity/products/32271451484.shtm HTTP/1.1" 200 19299 "-" "Mozilla/5.0 (compatible; Googlebot/2.1; +http://www.google.com/bot.html)"
185.191.171.12 - - [15/Mar/2025:20:31:23 +0700] "GET /en/blog/tag/bisnis-online/page/5 HTTP/1.1" 404 3380 "-" "Mozilla/5.0 (compatible; SemrushBot/7~bl; +http://www.semrush.com/bot.html)"
18.97.9.96 - - [15/Mar/2025:20:32:13 +0700] "GET http://www.aturtoko.id/robots.txt HTTP/1.1" 200 304 "-" "Mozilla/5.0 AppleWebKit/537.36 (KHTML"
18.97.9.96 - - [15/Mar/2025:20:32:14 +0700] "GET http://www.aturtoko.id/ HTTP/1.1" 301 0 "-" "Mozilla/5.0 AppleWebKit/537.36 (KHTML"
66.249.65.174 - - [15/Mar/2025:20:34:09 +0700] "GET /const/commoditys/3226642111.shtm HTTP/1.1" 200 21038 "-" "Mozilla/5.0 (compatible; Googlebot/2.1; +http://www.google.com/bot.html)"
157.245.202.14 - - [15/Mar/2025:20:34:21 +0700] "GET / HTTP/1.1" 301 0 "-" "Mozilla/5.0 (Windows NT 10.0; Win64; x64) AppleWebKit/537.36 (KHTML, like Gecko) Chrome/58.0.3029.110 Safari/537.3"
157.245.202.14 - - [15/Mar/2025:20:34:31 +0700] "GET /?author=1 HTTP/1.1" 301 0 "-" "Mozilla/5.0 (Macintosh; Intel Mac OS X 10_11_5) AppleWebKit/537.36 (KHTML, like Gecko) Chrome/50.0.2661.102 Safari/537.36"
66.249.65.174 - - [15/Mar/2025:20:40:11 +0700] "GET /influential/3226970940.shtm HTTP/1.1" 200 20244 "-" "Mozilla/5.0 (compatible; Googlebot/2.1; +http://www.google.com/bot.html)"
52.167.144.238 - - [15/Mar/2025:20:42:01 +0700] "GET /ms/blog/tag/suasana-kantor/feed HTTP/1.1" 200 19870 "-" "Mozilla/5.0 AppleWebKit/537.36 (KHTML, like Gecko; compatible; bingbot/2.0; +http://www.bing.com/bingbot.htm) Chrome/116.0.1938.76 Safari/537.36"
216.244.66.248 - - [15/Mar/2025:20:43:03 +0700] "GET /robots.txt HTTP/1.1" 200 304 "-" "Mozilla/5.0 (compatible; DotBot/1.2; +https://opensiteexplorer.org/dotbot; help@moz.com)"
180.235.151.3 - - [15/Mar/2025:20:43:54 +0700] "POST /wp-cron.php?doing_wp_cron=1742046234.5415890216827392578125 HTTP/1.1" 403 1242 "-" "WordPress/6.7.2; https://www.aturtoko.id"
194.0.234.204 - - [15/Mar/2025:20:43:46 +0700] "GET /.env HTTP/1.1" 301 0 "-" "Mozilla/5.0 (Linux; U; Android 4.4.2; en-US; HM NOTE 1W Build/KOT49H) AppleWebKit/534.30 (KHTML, like Gecko) Version/4.0 UCBrowser/11.0.5.850 U3/0.8.0 Mobile Safari/534.30"
185.191.171.10 - - [15/Mar/2025:20:44:29 +0700] "GET /ms/blog/kewirausahaan/business-opportunity/mengapa-studi-kelayakan-bisnis-perlu-begini-penjelasannya HTTP/1.1" 404 3380 "-" "Mozilla/5.0 (compatible; SemrushBot/7~bl; +http://www.semrush.com/bot.html)"
66.249.65.174 - - [15/Mar/2025:20:46:12 +0700] "GET /stanford/32281665128.shtm HTTP/1.1" 200 19704 "-" "Mozilla/5.0 (compatible; Googlebot/2.1; +http://www.google.com/bot.html)"
66.249.65.174 - - [15/Mar/2025:20:51:12 +0700] "GET /allegiance/shopping/3225476877.shtm HTTP/1.1" 200 20155 "-" "Mozilla/5.0 (compatible; Googlebot/2.1; +http://www.google.com/bot.html)"
216.244.66.248 - - [15/Mar/2025:20:54:19 +0700] "GET /en/blog/kewirausahaan/communication/apa-itu-workshop-fungsi-tujuan-dan-perbedaannya-dengan-training HTTP/1.1" 404 11504 "-" "Mozilla/5.0 (compatible; DotBot/1.2; +https://opensiteexplorer.org/dotbot; help@moz.com)"
66.249.65.174 - - [15/Mar/2025:20:57:13 +0700] "GET /3225294325.shtm HTTP/1.1" 200 20224 "-" "Mozilla/5.0 (compatible; Googlebot/2.1; +http://www.google.com/bot.html)"
185.191.171.12 - - [15/Mar/2025:20:58:02 +0700] "GET /en/blog/category/digital-marketing/page/5 HTTP/1.1" 404 3380 "-" "Mozilla/5.0 (compatible; SemrushBot/7~bl; +http://www.semrush.com/bot.html)"
85.208.96.212 - - [15/Mar/2025:20:59:27 +0700] "GET /ms/blog/author/aturtoko/page/16 HTTP/1.1" 404 3380 "-" "Mozilla/5.0 (compatible; SemrushBot/7~bl; +http://www.semrush.com/bot.html)"
66.249.65.174 - - [15/Mar/2025:21:03:14 +0700] "GET /research/goods/3225378648.shtm HTTP/1.1" 200 19888 "-" "Mozilla/5.0 (compatible; Googlebot/2.1; +http://www.google.com/bot.html)"
180.235.151.3 - - [15/Mar/2025:21:04:03 +0700] "POST /wp-cron.php?doing_wp_cron=1742047443.8463740348815917968750 HTTP/1.1" 403 1242 "-" "WordPress/6.7.2; https://www.aturtoko.id"
185.191.171.11 - - [15/Mar/2025:21:04:00 +0700] "GET /ms/blog/tag/sdm HTTP/1.1" 404 3380 "-" "Mozilla/5.0 (compatible; SemrushBot/7~bl; +http://www.semrush.com/bot.html)"
173.252.87.114 - - [15/Mar/2025:21:04:38 +0700] "GET /en/blog/aturtoko-update/macam-macam-jasa-logistik-di-indonesia-kirim-apa-saja-semakin-muda HTTP/1.1" 404 11504 "-" "meta-externalagent/1.1 (+https://developers.facebook.com/docs/sharing/webmasters/crawler)"
66.249.71.9 - - [15/Mar/2025:21:09:14 +0700] "GET /lamp/goods/322563108.shtm HTTP/1.1" 200 19980 "-" "Mozilla/5.0 (compatible; Googlebot/2.1; +http://www.google.com/bot.html)"
66.249.65.174 - - [15/Mar/2025:21:11:05 +0700] "GET /ms/blog/tag/toko-fisik/feed HTTP/1.1" 200 19734 "-" "Mozilla/5.0 (Linux; Android 6.0.1; Nexus 5X Build/MMB29P) AppleWebKit/537.36 (KHTML, like Gecko) Chrome/133.0.6943.141 Mobile Safari/537.36 (compatible; Googlebot/2.1; +http://www.google.com/bot.html)"
185.191.171.18 - - [15/Mar/2025:21:12:59 +0700] "GET /robots.txt HTTP/1.1" 200 104 "-" "Mozilla/5.0 (compatible; SemrushBot/7~bl; +http://www.semrush.com/bot.html)"
85.208.96.205 - - [15/Mar/2025:21:13:00 +0700] "GET /en/blog/tag/bisnis/page/12 HTTP/1.1" 404 3380 "-" "Mozilla/5.0 (compatible; SemrushBot/7~bl; +http://www.semrush.com/bot.html)"
66.249.71.9 - - [15/Mar/2025:21:14:16 +0700] "GET /delivers/products/3226504864.shtm HTTP/1.1" 200 19981 "-" "Mozilla/5.0 (compatible; Googlebot/2.1; +http://www.google.com/bot.html)"
180.235.151.3 - - [15/Mar/2025:21:15:41 +0700] "POST /wp-cron.php?doing_wp_cron=1742048141.9402248859405517578125 HTTP/1.1" 403 1242 "-" "WordPress/6.7.2; https://www.aturtoko.id"
85.208.96.211 - - [15/Mar/2025:21:15:38 +0700] "GET /ms/blog/tag/bisnis-online/page/7 HTTP/1.1" 404 3380 "-" "Mozilla/5.0 (compatible; SemrushBot/7~bl; +http://www.semrush.com/bot.html)"
185.213.83.121 - - [15/Mar/2025:21:16:01 +0700] "GET / HTTP/1.1" 301 0 "-" "Mozilla/5.0 (Windows NT 10.0; Win64; x64) AppleWebKit/537.36 (KHTML, like Gecko) Chrome/134.0.0.0 Safari/537.36"
66.249.65.174 - - [15/Mar/2025:21:20:17 +0700] "GET /mutants/3226655400.shtm HTTP/1.1" 200 20617 "-" "Mozilla/5.0 (compatible; Googlebot/2.1; +http://www.google.com/bot.html)"
66.249.71.9 - - [15/Mar/2025:21:25:49 +0700] "GET /istanbul/32281728236.shtm HTTP/1.1" 200 20067 "-" "Mozilla/5.0 (compatible; Googlebot/2.1; +http://www.google.com/bot.html)"
66.249.65.174 - - [15/Mar/2025:21:27:09 +0700] "GET /ernest/item/32281830132.shtm HTTP/1.1" 200 21968 "-" "Mozilla/5.0 (compatible; Googlebot/2.1; +http://www.google.com/bot.html)"
66.249.65.160 - - [15/Mar/2025:21:29:09 +0700] "GET /blonde/3226781616.shtm HTTP/1.1" 200 21554 "-" "Mozilla/5.0 (compatible; Googlebot/2.1; +http://www.google.com/bot.html)"
66.249.65.174 - - [15/Mar/2025:21:31:52 +0700] "GET /villages/32271286480.shtm HTTP/1.1" 200 20065 "-" "Mozilla/5.0 (compatible; Googlebot/2.1; +http://www.google.com/bot.html)"
216.244.66.248 - - [15/Mar/2025:21:32:30 +0700] "GET /robots.txt HTTP/1.1" 200 304 "-" "Mozilla/5.0 (compatible; DotBot/1.2; +https://opensiteexplorer.org/dotbot; help@moz.com)"
66.249.65.160 - - [15/Mar/2025:21:32:48 +0700] "GET /?e=53983069468 HTTP/1.1" 200 19750 "-" "Mozilla/5.0 (Linux; Android 6.0.1; Nexus 5X Build/MMB29P) AppleWebKit/537.36 (KHTML, like Gecko) Chrome/133.0.6943.141 Mobile Safari/537.36 (compatible; Googlebot/2.1; +http://www.google.com/bot.html)"
66.249.65.174 - - [15/Mar/2025:21:33:08 +0700] "GET /compression/322524320.shtm HTTP/1.1" 200 19587 "-" "Mozilla/5.0 (compatible; Googlebot/2.1; +http://www.google.com/bot.html)"
66.249.65.174 - - [15/Mar/2025:21:33:10 +0700] "GET /3226646702.shtm HTTP/1.1" 200 21636 "-" "Mozilla/5.0 (compatible; Googlebot/2.1; +http://www.google.com/bot.html)"
66.249.65.174 - - [15/Mar/2025:21:33:11 +0700] "GET /cdrw/products/32292398104.shtm HTTP/1.1" 200 21511 "-" "Mozilla/5.0 (compatible; Googlebot/2.1; +http://www.google.com/bot.html)"
216.244.66.248 - - [15/Mar/2025:21:37:59 +0700] "GET /en/blog/management/marketing/target-pasar-definisi-manfaat-dan-cara-menentukannya-untuk-kemajuan-bisnis-anda HTTP/1.1" 404 11504 "-" "Mozilla/5.0 (compatible; DotBot/1.2; +https://opensiteexplorer.org/dotbot; help@moz.com)"
66.249.65.174 - - [15/Mar/2025:21:38:05 +0700] "GET /nato/3226907832.shtm HTTP/1.1" 200 20506 "-" "Mozilla/5.0 (compatible; Googlebot/2.1; +http://www.google.com/bot.html)"
180.235.151.3 - - [15/Mar/2025:21:38:45 +0700] "POST /wp-cron.php?doing_wp_cron=1742049525.7928450107574462890625 HTTP/1.1" 403 1242 "-" "WordPress/6.7.2; https://www.aturtoko.id"
78.153.140.222 - - [15/Mar/2025:21:38:41 +0700] "GET /.env HTTP/1.1" 301 0 "-" "More Firefox 1.0.4 user agents strings -->>"
180.235.151.3 - - [15/Mar/2025:21:38:46 +0700] "POST /wp-cron.php?doing_wp_cron=1742049526.0525600910186767578125 HTTP/1.1" 403 1242 "-" "WordPress/6.7.2; https://www.aturtoko.id"
78.153.140.222 - - [15/Mar/2025:21:38:41 +0700] "GET /.env HTTP/1.1" 404 11504 "-" "Opera/8.51 (X11; Linux x86_64; U; en)"
78.153.140.222 - - [15/Mar/2025:21:38:48 +0700] "GET /.aws/credentials HTTP/1.1" 301 0 "-" "Mozilla/5.0 (Linux; U; Android 2.3.4; en-us; T-Mobile myTouch 3G Slide Build/GRI40) AppleWebKit/533.1 (KHTML, like Gecko) Version/4.0 Mobile Safari/533.1"
216.244.66.248 - - [15/Mar/2025:21:38:56 +0700] "GET /ms/blog/aturtoko-update/cara-menghadapi-kebangkruta/feed HTTP/1.1" 404 11504 "-" "Mozilla/5.0 (compatible; DotBot/1.2; +https://opensiteexplorer.org/dotbot; help@moz.com)"
78.153.140.222 - - [15/Mar/2025:21:38:59 +0700] "GET /.env.example HTTP/1.1" 301 0 "-" "Mozilla/5.0 (Macintosh; Intel Mac OS X 10_10_3) AppleWebKit/537.36 (KHTML, like Gecko) Chrome/44.0.2403.125 Safari/537.36"
78.153.140.222 - - [15/Mar/2025:21:39:05 +0700] "GET /.env.production HTTP/1.1" 301 0 "-" "Mozilla/5.0 (Macintosh; Intel Mac OS X 10_12_0) AppleWebKit/537.36 (KHTML, like Gecko) Chrome/53.0.2785.116 Safari/537.36 OPR/40.0.2308.81"
78.153.140.222 - - [15/Mar/2025:21:39:12 +0700] "GET /admin/.env HTTP/1.1" 301 0 "-" "Mozilla/5.0 (Windows NT 6.1; WOW64; Trident/7.0; MAFSJS; rv:11.0) like Gecko"
78.153.140.222 - - [15/Mar/2025:21:39:18 +0700] "GET /api/.env HTTP/1.1" 301 0 "-" "Mozilla/5.0 (Linux; U; Android 4.2.2; en-us; HTC_C525c Build/JDQ39) AppleWebKit/534.30 (KHTML, like Gecko) Version/4.0 Mobile Safari/534.30"
78.153.140.222 - - [15/Mar/2025:21:39:24 +0700] "GET /app/.env HTTP/1.1" 301 0 "-" "Mozilla/5.0 (Macintosh; Intel Mac OS X 10_5_8) AppleWebKit/535.1 (KHTML, like Gecko) Chrome/14.0.803.0 Safari/535.1"
78.153.140.222 - - [15/Mar/2025:21:39:29 +0700] "GET /app_dev.php/_profiler/open?file=app/config/parameters.yml HTTP/1.1" 301 0 "-" "Mozilla/5.0 (Macintosh; Intel Mac OS X 10_12_2) AppleWebKit/602.3.7 (KHTML, like Gecko) Version/10.0.2 Safari/602.3.7"
78.153.140.222 - - [15/Mar/2025:21:39:36 +0700] "GET /app_dev.php/_profiler/phpinfo HTTP/1.1" 301 0 "-" "Mozilla/5.0 (Windows NT 6.1; WOW64; chromeframe/24.0.1312.57) AppleWebKit/537.17 (KHTML, like Gecko) Chrome/24.0.1312.57 Safari/537.17"
78.153.140.222 - - [15/Mar/2025:21:39:41 +0700] "GET /backend/.env HTTP/1.1" 301 0 "-" "Mozilla/5.0 (Windows NT 6.1) AppleWebKit/534.52.7 (KHTML, like Gecko) Version/5.1.2 Safari/534.52.7"
66.249.71.9 - - [15/Mar/2025:21:43:06 +0700] "GET /madagascar/32292106884.shtm HTTP/1.1" 200 21578 "-" "Mozilla/5.0 (compatible; Googlebot/2.1; +http://www.google.com/bot.html)"
180.235.151.3 - - [15/Mar/2025:21:43:32 +0700] "POST /wp-cron.php?doing_wp_cron=1742049812.7567520141601562500000 HTTP/1.1" 403 1242 "-" "WordPress/6.7.2; https://www.aturtoko.id"
216.244.66.248 - - [15/Mar/2025:21:43:28 +0700] "GET /ms/blog/tag/bisnis/page/10/ HTTP/1.1" 404 11504 "-" "Mozilla/5.0 (compatible; DotBot/1.2; +https://opensiteexplorer.org/dotbot; help@moz.com)"
180.235.151.3 - - [15/Mar/2025:21:44:34 +0700] "POST /wp-cron.php?doing_wp_cron=1742049874.7616319656372070312500 HTTP/1.1" 403 1242 "-" "WordPress/6.7.2; https://www.aturtoko.id"
216.244.66.248 - - [15/Mar/2025:21:44:31 +0700] "GET /ms/blog/tag/angka-penjualan HTTP/1.1" 404 11504 "-" "Mozilla/5.0 (compatible; DotBot/1.2; +https://opensiteexplorer.org/dotbot; help@moz.com)"
66.249.65.160 - - [15/Mar/2025:21:46:35 +0700] "GET /gln/32271495676.shtm HTTP/1.1" 200 20468 "-" "Mozilla/5.0 (Linux; Android 6.0.1; Nexus 5X Build/MMB29P) AppleWebKit/537.36 (KHTML, like Gecko) Chrome/133.0.6943.141 Mobile Safari/537.36 (compatible; GoogleOther)"
207.46.13.6 - - [15/Mar/2025:21:48:37 +0700] "GET /en/blog/tag/karyawan HTTP/1.1" 200 20272 "-" "Mozilla/5.0 AppleWebKit/537.36 (KHTML, like Gecko; compatible; bingbot/2.0; +http://www.bing.com/bingbot.htm) Chrome/116.0.1938.76 Safari/537.36"
66.249.71.9 - - [15/Mar/2025:21:49:08 +0700] "GET /boiled/3225276752.shtm HTTP/1.1" 200 20753 "-" "Mozilla/5.0 (compatible; Googlebot/2.1; +http://www.google.com/bot.html)"
180.235.151.3 - - [15/Mar/2025:21:51:11 +0700] "POST /wp-cron.php?doing_wp_cron=1742050271.5398740768432617187500 HTTP/1.1" 403 1242 "-" "WordPress/6.7.2; https://www.aturtoko.id"
216.244.66.248 - - [15/Mar/2025:21:51:07 +0700] "GET /en/blog/tag/ekonomi-kreatif/feed HTTP/1.1" 404 11504 "-" "Mozilla/5.0 (compatible; DotBot/1.2; +https://opensiteexplorer.org/dotbot; help@moz.com)"
180.235.151.3 - - [15/Mar/2025:21:52:59 +0700] "POST /wp-cron.php?doing_wp_cron=1742050379.8464760780334472656250 HTTP/1.1" 403 1242 "-" "WordPress/6.7.2; https://www.aturtoko.id"
185.191.171.2 - - [15/Mar/2025:21:52:56 +0700] "GET /en/blog/tag/digital-marketing/page/5 HTTP/1.1" 404 3380 "-" "Mozilla/5.0 (compatible; SemrushBot/7~bl; +http://www.semrush.com/bot.html)"
103.77.106.57 - - [15/Mar/2025:21:54:46 +0700] "GET /class.api.php HTTP/1.1" 301 0 "-" "Mozilla/5.0 (Windows NT 10.0; Win64; x64) AppleWebKit/537.36 (KHTML, like Gecko) Chrome/85.0.4183.102 Safari/537.36"
103.77.106.57 - - [15/Mar/2025:21:54:49 +0700] "GET /class.api.php HTTP/1.1" 404 3380 "-" "Mozilla/5.0 (Windows NT 10.0; Win64; x64) AppleWebKit/537.36 (KHTML, like Gecko) Chrome/85.0.4183.102 Safari/537.36"
66.249.65.174 - - [15/Mar/2025:21:55:10 +0700] "GET /mira/auction/3226757296.shtm HTTP/1.1" 200 20477 "-" "Mozilla/5.0 (compatible; Googlebot/2.1; +http://www.google.com/bot.html)"
212.86.102.144 - - [15/Mar/2025:21:55:38 +0700] "GET /.aws/credentials HTTP/1.1" 301 0 "-" "python-requests/2.25.1"
66.249.71.9 - - [15/Mar/2025:22:00:14 +0700] "GET /3226649168.shtm HTTP/1.1" 200 19516 "-" "Mozilla/5.0 (compatible; Googlebot/2.1; +http://www.google.com/bot.html)"
66.249.65.174 - - [15/Mar/2025:22:03:27 +0700] "GET /suction/32292236679.shtm HTTP/1.1" 200 19578 "-" "Mozilla/5.0 (Linux; Android 6.0.1; Nexus 5X Build/MMB29P) AppleWebKit/537.36 (KHTML, like Gecko) Chrome/133.0.6943.141 Mobile Safari/537.36 (compatible; GoogleOther)"
66.249.65.174 - - [15/Mar/2025:22:05:58 +0700] "GET /soaring/32281917560.shtm HTTP/1.1" 200 19746 "-" "Mozilla/5.0 (compatible; Googlebot/2.1; +http://www.google.com/bot.html)"
66.249.65.174 - - [15/Mar/2025:22:05:59 +0700] "GET /sins/32271349588.shtm HTTP/1.1" 200 19782 "-" "Mozilla/5.0 (compatible; Googlebot/2.1; +http://www.google.com/bot.html)"
66.249.65.174 - - [15/Mar/2025:22:06:03 +0700] "GET /burger/goods/32292271888.shtm HTTP/1.1" 200 19577 "-" "Mozilla/5.0 (compatible; Googlebot/2.1; +http://www.google.com/bot.html)"
66.249.65.174 - - [15/Mar/2025:22:06:07 +0700] "GET /ai/32292043776.shtm HTTP/1.1" 200 20102 "-" "Mozilla/5.0 (compatible; Googlebot/2.1; +http://www.google.com/bot.html)"
66.249.65.174 - - [15/Mar/2025:22:06:13 +0700] "GET /recording/item/32292461212.shtm HTTP/1.1" 200 19849 "-" "Mozilla/5.0 (compatible; Googlebot/2.1; +http://www.google.com/bot.html)"
66.249.65.174 - - [15/Mar/2025:22:06:15 +0700] "GET /referee/item/3225252432.shtm HTTP/1.1" 200 20250 "-" "Mozilla/5.0 (compatible; Googlebot/2.1; +http://www.google.com/bot.html)"
66.249.65.160 - - [15/Mar/2025:22:06:21 +0700] "GET /refunds/3226529184.shtm HTTP/1.1" 200 19555 "-" "Mozilla/5.0 (compatible; Googlebot/2.1; +http://www.google.com/bot.html)"
143.198.192.4 - - [15/Mar/2025:22:06:22 +0700] "GET / HTTP/1.1" 301 0 "-" "Mozilla/5.0 (Windows NT 10.0; Win64; x64) AppleWebKit/537.36 (KHTML, like Gecko) Chrome/88.0.4240.193 Safari/537.36"
66.249.65.174 - - [15/Mar/2025:22:06:27 +0700] "GET /millennium/goods/32271325268.shtm HTTP/1.1" 200 20819 "-" "Mozilla/5.0 (compatible; Googlebot/2.1; +http://www.google.com/bot.html)"
66.249.71.1 - - [15/Mar/2025:22:06:33 +0700] "GET /flowers/3225339860.shtm HTTP/1.1" 200 19651 "-" "Mozilla/5.0 (compatible; Googlebot/2.1; +http://www.google.com/bot.html)"
66.249.65.161 - - [15/Mar/2025:22:06:37 +0700] "GET /girlfriend/products/32281767024.shtm HTTP/1.1" 200 20732 "-" "Mozilla/5.0 (compatible; Googlebot/2.1; +http://www.google.com/bot.html)"
66.249.71.1 - - [15/Mar/2025:22:06:42 +0700] "GET /royal/32271160264.shtm HTTP/1.1" 200 19576 "-" "Mozilla/5.0 (compatible; Googlebot/2.1; +http://www.google.com/bot.html)"
66.249.71.9 - - [15/Mar/2025:22:06:47 +0700] "GET /tried/goods/32281640808.shtm HTTP/1.1" 200 21878 "-" "Mozilla/5.0 (compatible; Googlebot/2.1; +http://www.google.com/bot.html)"
66.249.65.160 - - [15/Mar/2025:22:06:48 +0700] "GET /doppler/products/32271135944.shtm HTTP/1.1" 200 21412 "-" "Mozilla/5.0 (compatible; Googlebot/2.1; +http://www.google.com/bot.html)"
66.249.71.9 - - [15/Mar/2025:22:06:56 +0700] "GET /tm/auction/3225441756.shtm HTTP/1.1" 200 21302 "-" "Mozilla/5.0 (compatible; Googlebot/2.1; +http://www.google.com/bot.html)"
178.128.26.227 - - [15/Mar/2025:22:07:55 +0700] "GET / HTTP/1.1" 301 0 "-" "Mozilla/5.0 (Macintosh; Intel Mac OS X 10_11_5) AppleWebKit/537.36 (KHTML, like Gecko) Chrome/50.0.2661.102 Safari/537.36"
178.128.26.227 - - [15/Mar/2025:22:08:08 +0700] "GET /?author=1 HTTP/1.1" 301 0 "-" "Mozilla/5.0 (Windows NT 6.1; WOW64; Trident/7.0; AS; rv:11.0) like Gecko"
180.235.151.3 - - [15/Mar/2025:22:09:54 +0700] "POST /wp-cron.php?doing_wp_cron=1742051394.3680109977722167968750 HTTP/1.1" 403 1242 "-" "WordPress/6.7.2; https://www.aturtoko.id"
15.206.28.219 - - [15/Mar/2025:22:09:52 +0700] "GET / HTTP/1.1" 301 0 "-" "Mozilla/5.0 (Windows NT 10.0; Win64; x64) AppleWebKit/537.36 (KHTML, like Gecko) Chrome/80.0.3987.149 Safari/537.36"
85.208.96.194 - - [15/Mar/2025:22:10:43 +0700] "GET /ms/blog/category/management/strategi HTTP/1.1" 404 3380 "-" "Mozilla/5.0 (compatible; SemrushBot/7~bl; +http://www.semrush.com/bot.html)"
66.249.65.161 - - [15/Mar/2025:22:11:50 +0700] "GET /greensboro/item/3226567972.shtm HTTP/1.1" 200 20372 "-" "Mozilla/5.0 (compatible; Googlebot/2.1; +http://www.google.com/bot.html)"
188.166.212.88 - - [15/Mar/2025:22:12:25 +0700] "GET / HTTP/1.1" 301 0 "-" "Mozilla/5.0 (Windows NT 10.0; Win64; x64) AppleWebKit/537.36 (KHTML, like Gecko) Chrome/88.0.4240.193 Safari/537.36"
66.249.65.160 - - [15/Mar/2025:22:12:55 +0700] "GET /eighteen/merchandises/32271412055.shtm HTTP/1.1" 200 21521 "-" "Mozilla/5.0 (compatible; Googlebot/2.1; +http://www.google.com/bot.html)"
167.86.68.31 - - [15/Mar/2025:22:15:55 +0700] "HEAD / HTTP/1.1" 301 0 "-" "Python/3.13 aiohttp/3.11.13"
185.191.171.5 - - [15/Mar/2025:22:16:29 +0700] "GET /robots.txt HTTP/1.1" 200 104 "-" "Mozilla/5.0 (compatible; SemrushBot/7~bl; +http://www.semrush.com/bot.html)"
85.208.96.207 - - [15/Mar/2025:22:16:30 +0700] "GET /ms/blog/kewirausahaan/business-opportunity/apa-yang-dimaksud-dengan-ekspor-impor-pahami-seluk-beluknya-di-sini HTTP/1.1" 404 3380 "-" "Mozilla/5.0 (compatible; SemrushBot/7~bl; +http://www.semrush.com/bot.html)"
152.42.250.159 - - [15/Mar/2025:22:17:22 +0700] "GET / HTTP/1.1" 301 0 "-" "Mozilla/5.0 (Windows NT 10.0; Win64; x64) AppleWebKit/537.36 (KHTML, like Gecko) Chrome/88.0.4240.193 Safari/537.36"
66.249.65.174 - - [15/Mar/2025:22:17:55 +0700] "GET /calorie/good/32281893240.shtm HTTP/1.1" 200 20248 "-" "Mozilla/5.0 (compatible; Googlebot/2.1; +http://www.google.com/bot.html)"
66.249.65.174 - - [15/Mar/2025:22:17:59 +0700] "GET /extensions/32292123687.shtm HTTP/1.1" 200 22005 "-" "Mozilla/5.0 (compatible; Googlebot/2.1; +http://www.google.com/bot.html)"
47.129.56.0 - - [15/Mar/2025:22:18:00 +0700] "GET / HTTP/1.1" 301 0 "-" "Mozilla/5.0 (Windows NT 10.0; Win64; x64) AppleWebKit/537.36 (KHTML, like Gecko) Chrome/88.0.4240.193 Safari/537.36"
66.249.65.174 - - [15/Mar/2025:22:18:13 +0700] "POST /get-message-notify HTTP/1.1" 200 22058 "http://www.aturtoko.id/extensions/32292123687.shtm" "Mozilla/5.0 AppleWebKit/537.36 (KHTML, like Gecko; compatible; Googlebot/2.1; +http://www.google.com/bot.html) Chrome/133.0.6943.141 Safari/537.36"
216.244.66.248 - - [15/Mar/2025:22:20:51 +0700] "GET /robots.txt HTTP/1.1" 200 280 "-" "Mozilla/5.0 (compatible; DotBot/1.2; +https://opensiteexplorer.org/dotbot; help@moz.com)"
185.191.171.14 - - [15/Mar/2025:22:23:17 +0700] "GET /en/blog/category/aturtoko-update/page/3 HTTP/1.1" 404 3380 "-" "Mozilla/5.0 (compatible; SemrushBot/7~bl; +http://www.semrush.com/bot.html)"
66.249.65.160 - - [15/Mar/2025:22:23:34 +0700] "GET /32292041699.shtm HTTP/1.1" 200 19590 "-" "Mozilla/5.0 (compatible; Googlebot/2.1; +http://www.google.com/bot.html)"
66.249.65.174 - - [15/Mar/2025:22:24:10 +0700] "GET /32292235460.shtm HTTP/1.1" 200 19636 "-" "Mozilla/5.0 (compatible; Googlebot/2.1; +http://www.google.com/bot.html)"
66.249.65.174 - - [15/Mar/2025:22:24:20 +0700] "GET /?e=73635025065 HTTP/1.1" 200 19835 "-" "Mozilla/5.0 (Linux; Android 6.0.1; Nexus 5X Build/MMB29P) AppleWebKit/537.36 (KHTML, like Gecko) Chrome/133.0.6943.141 Mobile Safari/537.36 (compatible; Googlebot/2.1; +http://www.google.com/bot.html)"
40.77.167.78 - - [15/Mar/2025:22:28:39 +0700] "GET /en/blog/tag/dunia-kerja/feed HTTP/1.1" 200 19542 "-" "Mozilla/5.0 AppleWebKit/537.36 (KHTML, like Gecko; compatible; bingbot/2.0; +http://www.bing.com/bingbot.htm) Chrome/116.0.1938.76 Safari/537.36"
85.208.96.211 - - [15/Mar/2025:22:28:55 +0700] "GET /en/blog/tag/trik HTTP/1.1" 404 3380 "-" "Mozilla/5.0 (compatible; SemrushBot/7~bl; +http://www.semrush.com/bot.html)"
216.244.66.248 - - [15/Mar/2025:22:29:11 +0700] "GET /en/blog/aturtoko-update/kini-saatnya-umkm-go-digital/ HTTP/1.1" 404 11504 "-" "Mozilla/5.0 (compatible; DotBot/1.2; +https://opensiteexplorer.org/dotbot; help@moz.com)"
66.249.65.174 - - [15/Mar/2025:22:29:36 +0700] "GET /multimedia/32281980668.shtm HTTP/1.1" 200 19813 "-" "Mozilla/5.0 (compatible; Googlebot/2.1; +http://www.google.com/bot.html)"
66.249.65.174 - - [15/Mar/2025:22:30:15 +0700] "GET /detectors/3226528737.shtm HTTP/1.1" 200 20572 "-" "Mozilla/5.0 (compatible; Googlebot/2.1; +http://www.google.com/bot.html)"
66.249.71.1 - - [15/Mar/2025:22:31:55 +0700] "GET /ads.txt HTTP/1.1" 200 58 "-" "Mozilla/5.0 (compatible; Googlebot/2.1; +http://www.google.com/bot.html)"
66.249.65.174 - - [15/Mar/2025:22:31:54 +0700] "GET /ms/blog/tag/kewirausahaan/feed HTTP/1.1" 200 19519 "-" "Mozilla/5.0 (Linux; Android 6.0.1; Nexus 5X Build/MMB29P) AppleWebKit/537.36 (KHTML, like Gecko) Chrome/133.0.6943.141 Mobile Safari/537.36 (compatible; Googlebot/2.1; +http://www.google.com/bot.html)"
85.208.96.193 - - [15/Mar/2025:22:32:31 +0700] "GET /en/blog/tag/dagang HTTP/1.1" 404 3380 "-" "Mozilla/5.0 (compatible; SemrushBot/7~bl; +http://www.semrush.com/bot.html)"
216.244.66.248 - - [15/Mar/2025:22:33:37 +0700] "GET /en/blog/tag/giro HTTP/1.1" 404 11504 "-" "Mozilla/5.0 (compatible; DotBot/1.2; +https://opensiteexplorer.org/dotbot; help@moz.com)"
207.46.13.155 - - [15/Mar/2025:22:34:53 +0700] "GET /ms/blog/category/management/strategi/page/2 HTTP/1.1" 200 19924 "-" "Mozilla/5.0 AppleWebKit/537.36 (KHTML, like Gecko; compatible; bingbot/2.0; +http://www.bing.com/bingbot.htm) Chrome/116.0.1938.76 Safari/537.36"
66.249.65.174 - - [15/Mar/2025:22:35:30 +0700] "GET /interpretation/32271342781.shtm HTTP/1.1" 200 19921 "-" "Mozilla/5.0 (Linux; Android 6.0.1; Nexus 5X Build/MMB29P) AppleWebKit/537.36 (KHTML, like Gecko) Chrome/133.0.6943.141 Mobile Safari/537.36 (compatible; GoogleOther)"
66.249.71.9 - - [15/Mar/2025:22:35:35 +0700] "GET /pearce/item/32292418012.shtm HTTP/1.1" 200 21802 "-" "Mozilla/5.0 (compatible; Googlebot/2.1; +http://www.google.com/bot.html)"
216.244.66.248 - - [15/Mar/2025:22:35:48 +0700] "GET /ms/blog/tag/daftar-nomor-induk HTTP/1.1" 404 11504 "-" "Mozilla/5.0 (compatible; DotBot/1.2; +https://opensiteexplorer.org/dotbot; help@moz.com)"
180.235.151.3 - - [15/Mar/2025:22:36:15 +0700] "POST /wp-cron.php?doing_wp_cron=1742052975.2354381084442138671875 HTTP/1.1" 403 1242 "-" "WordPress/6.7.2; https://www.aturtoko.id"
216.244.66.248 - - [15/Mar/2025:22:36:11 +0700] "GET /ms/blog/tag/nomor-induk-berusaha HTTP/1.1" 404 11504 "-" "Mozilla/5.0 (compatible; DotBot/1.2; +https://opensiteexplorer.org/dotbot; help@moz.com)"
216.244.66.248 - - [15/Mar/2025:22:36:50 +0700] "GET /en/blog/tag/company-profile/ HTTP/1.1" 404 11504 "-" "Mozilla/5.0 (compatible; DotBot/1.2; +https://opensiteexplorer.org/dotbot; help@moz.com)"
216.244.66.248 - - [15/Mar/2025:22:37:09 +0700] "GET /en/blog/tag/ritel/feed HTTP/1.1" 404 11504 "-" "Mozilla/5.0 (compatible; DotBot/1.2; +https://opensiteexplorer.org/dotbot; help@moz.com)"
66.249.71.9 - - [15/Mar/2025:22:37:18 +0700] "GET /ms/blog/digital-marketing/solusi-bisnis-online-yang-efektif HTTP/1.1" 200 19650 "-" "Mozilla/5.0 (Linux; Android 6.0.1; Nexus 5X Build/MMB29P) AppleWebKit/537.36 (KHTML, like Gecko) Chrome/133.0.6943.141 Mobile Safari/537.36 (compatible; Googlebot/2.1; +http://www.google.com/bot.html)"
180.235.151.3 - - [15/Mar/2025:22:37:29 +0700] "POST /wp-cron.php?doing_wp_cron=1742053049.0579719543457031250000 HTTP/1.1" 403 1242 "-" "WordPress/6.7.2; https://www.aturtoko.id"
216.244.66.248 - - [15/Mar/2025:22:37:27 +0700] "GET /en/cara-jualan-di-lazada/cara-mendaftar-jadi-agen-lex-lazada-mdop-terdekat-di-kotamu/ HTTP/1.1" 404 11504 "-" "Mozilla/5.0 (compatible; DotBot/1.2; +https://opensiteexplorer.org/dotbot; help@moz.com)"
216.244.66.248 - - [15/Mar/2025:22:37:43 +0700] "GET /ms/blog/tag/manajemen-proyek/ HTTP/1.1" 404 11504 "-" "Mozilla/5.0 (compatible; DotBot/1.2; +https://opensiteexplorer.org/dotbot; help@moz.com)"
216.244.66.248 - - [15/Mar/2025:22:38:10 +0700] "GET /ms/blog/tag/retail/feed HTTP/1.1" 404 11504 "-" "Mozilla/5.0 (compatible; DotBot/1.2; +https://opensiteexplorer.org/dotbot; help@moz.com)"
180.235.151.3 - - [15/Mar/2025:22:38:39 +0700] "POST /wp-cron.php?doing_wp_cron=1742053119.0338909626007080078125 HTTP/1.1" 403 1242 "-" "WordPress/6.7.2; https://www.aturtoko.id"
216.244.66.248 - - [15/Mar/2025:22:38:35 +0700] "GET /ms/blog/tag/teknologi-cloud/feed HTTP/1.1" 404 11504 "-" "Mozilla/5.0 (compatible; DotBot/1.2; +https://opensiteexplorer.org/dotbot; help@moz.com)"
216.244.66.248 - - [15/Mar/2025:22:38:59 +0700] "GET /ms/blog/manajemen-bisnis/cara-pembisnis-menemukan-dan-mengambil-kesempatan-dalam-berbagai-sektor/feed HTTP/1.1" 404 11504 "-" "Mozilla/5.0 (compatible; DotBot/1.2; +https://opensiteexplorer.org/dotbot; help@moz.com)"
66.249.65.160 - - [15/Mar/2025:22:40:36 +0700] "GET /bets/product/322570779.shtm HTTP/1.1" 200 19780 "-" "Mozilla/5.0 (compatible; Googlebot/2.1; +http://www.google.com/bot.html)"
216.244.66.248 - - [15/Mar/2025:22:41:04 +0700] "GET /en/blog/tag/cek/ HTTP/1.1" 404 11504 "-" "Mozilla/5.0 (compatible; DotBot/1.2; +https://opensiteexplorer.org/dotbot; help@moz.com)"
180.235.151.3 - - [15/Mar/2025:22:41:30 +0700] "POST /wp-cron.php?doing_wp_cron=1742053290.0042350292205810546875 HTTP/1.1" 403 1242 "-" "WordPress/6.7.2; https://www.aturtoko.id"
216.244.66.248 - - [15/Mar/2025:22:41:25 +0700] "GET /ms/cara-jualan-di-lazada/serba-serbi-pembayaran-cod-lazada-yang-perlu-diketahui/ HTTP/1.1" 404 11504 "-" "Mozilla/5.0 (compatible; DotBot/1.2; +https://opensiteexplorer.org/dotbot; help@moz.com)"
167.94.138.160 - - [15/Mar/2025:22:42:08 +0700] "GET / HTTP/1.1" 301 0 "-" "Mozilla/5.0 (compatible; CensysInspect/1.1; +https://about.censys.io/)"
180.235.151.3 - - [15/Mar/2025:22:42:30 +0700] "POST /wp-cron.php?doing_wp_cron=1742053350.8384408950805664062500 HTTP/1.1" 403 1242 "-" "WordPress/6.7.2; https://www.aturtoko.id"
216.244.66.248 - - [15/Mar/2025:22:42:29 +0700] "GET /en/blog/management/hrd/standar-operasional-prosedur-sop-arti-manfaat-dan-cara-membuatnya/feed HTTP/1.1" 404 11504 "-" "Mozilla/5.0 (compatible; DotBot/1.2; +https://opensiteexplorer.org/dotbot; help@moz.com)"
216.244.66.248 - - [15/Mar/2025:22:42:46 +0700] "GET /en/blog/tag/online/ HTTP/1.1" 404 11504 "-" "Mozilla/5.0 (compatible; DotBot/1.2; +https://opensiteexplorer.org/dotbot; help@moz.com)"
152.42.250.159 - - [15/Mar/2025:22:42:50 +0700] "GET / HTTP/1.1" 301 0 "-" "Mozilla/5.0 (Windows NT 10.0; Win64; x64) AppleWebKit/537.36 (KHTML, like Gecko) Chrome/88.0.4240.193 Safari/537.36"
216.244.66.248 - - [15/Mar/2025:22:43:09 +0700] "GET /en/blog/tag/elektronik/ HTTP/1.1" 404 11504 "-" "Mozilla/5.0 (compatible; DotBot/1.2; +https://opensiteexplorer.org/dotbot; help@moz.com)"
180.235.151.3 - - [15/Mar/2025:22:43:57 +0700] "POST /wp-cron.php?doing_wp_cron=1742053437.3596949577331542968750 HTTP/1.1" 403 1242 "-" "WordPress/6.7.2; https://www.aturtoko.id"
216.244.66.248 - - [15/Mar/2025:22:43:53 +0700] "GET /ms/blog/category/management/page/5 HTTP/1.1" 404 11504 "-" "Mozilla/5.0 (compatible; DotBot/1.2; +https://opensiteexplorer.org/dotbot; help@moz.com)"
216.244.66.248 - - [15/Mar/2025:22:44:10 +0700] "GET /ms/blog/tag/cara-meningkatkan-penjualan HTTP/1.1" 404 11504 "-" "Mozilla/5.0 (compatible; DotBot/1.2; +https://opensiteexplorer.org/dotbot; help@moz.com)"
180.235.151.3 - - [15/Mar/2025:22:45:17 +0700] "POST /wp-cron.php?doing_wp_cron=1742053517.0941820144653320312500 HTTP/1.1" 403 1242 "-" "WordPress/6.7.2; https://www.aturtoko.id"
216.244.66.248 - - [15/Mar/2025:22:45:09 +0700] "GET /ms/blog/tag/ewallet HTTP/1.1" 404 11504 "-" "Mozilla/5.0 (compatible; DotBot/1.2; +https://opensiteexplorer.org/dotbot; help@moz.com)"
216.244.66.248 - - [15/Mar/2025:22:45:47 +0700] "GET /ms/blog/tag/laba HTTP/1.1" 404 11504 "-" "Mozilla/5.0 (compatible; DotBot/1.2; +https://opensiteexplorer.org/dotbot; help@moz.com)"
180.235.151.3 - - [15/Mar/2025:22:46:21 +0700] "POST /wp-cron.php?doing_wp_cron=1742053581.7325010299682617187500 HTTP/1.1" 403 1242 "-" "WordPress/6.7.2; https://www.aturtoko.id"
216.244.66.248 - - [15/Mar/2025:22:46:18 +0700] "GET /en/blog/tag/produktivitas HTTP/1.1" 404 11504 "-" "Mozilla/5.0 (compatible; DotBot/1.2; +https://opensiteexplorer.org/dotbot; help@moz.com)"
66.249.65.160 - - [15/Mar/2025:22:46:39 +0700] "GET /dresden/item/32292153472.shtm HTTP/1.1" 200 20552 "-" "Mozilla/5.0 (compatible; Googlebot/2.1; +http://www.google.com/bot.html)"
216.244.66.248 - - [15/Mar/2025:22:46:50 +0700] "GET /ms/blog/aturtoko-update/kini-saatnya-umkm-go-digital HTTP/1.1" 404 11504 "-" "Mozilla/5.0 (compatible; DotBot/1.2; +https://opensiteexplorer.org/dotbot; help@moz.com)"
180.235.151.3 - - [15/Mar/2025:22:47:26 +0700] "POST /wp-cron.php?doing_wp_cron=1742053646.4671928882598876953125 HTTP/1.1" 403 1242 "-" "WordPress/6.7.2; https://www.aturtoko.id"
216.244.66.248 - - [15/Mar/2025:22:47:21 +0700] "GET /ms/blog/category/teknologi/page/5 HTTP/1.1" 404 11504 "-" "Mozilla/5.0 (compatible; DotBot/1.2; +https://opensiteexplorer.org/dotbot; help@moz.com)"
216.244.66.248 - - [15/Mar/2025:22:47:53 +0700] "GET /ms/blog/tag/perusahaan-terbuka HTTP/1.1" 404 11504 "-" "Mozilla/5.0 (compatible; DotBot/1.2; +https://opensiteexplorer.org/dotbot; help@moz.com)"
180.235.151.3 - - [15/Mar/2025:22:48:26 +0700] "POST /wp-cron.php?doing_wp_cron=1742053706.6586511135101318359375 HTTP/1.1" 403 1242 "-" "WordPress/6.7.2; https://www.aturtoko.id"
216.244.66.248 - - [15/Mar/2025:22:48:23 +0700] "GET /ms/blog/tag/teknologi-cloud HTTP/1.1" 404 11504 "-" "Mozilla/5.0 (compatible; DotBot/1.2; +https://opensiteexplorer.org/dotbot; help@moz.com)"
66.249.65.174 - - [15/Mar/2025:22:52:39 +0700] "GET /prentice/3225253331.shtm HTTP/1.1" 200 19409 "-" "Mozilla/5.0 (compatible; Googlebot/2.1; +http://www.google.com/bot.html)"
115.78.7.179 - - [15/Mar/2025:22:53:07 +0700] "POST /xmlrpc.php HTTP/1.1" 403 1242 "-" "Mozilla/5.0 (X11; Fedora; Linux x86_64; rv:94.0) Gecko/20100101 Firefox/95.0"
180.235.151.3 - - [15/Mar/2025:22:57:12 +0700] "POST /wp-cron.php?doing_wp_cron=1742054232.3468708992004394531250 HTTP/1.1" 403 1242 "-" "WordPress/6.7.2; https://www.aturtoko.id"
216.244.66.248 - - [15/Mar/2025:22:57:08 +0700] "GET /ms/blog/tag/kiat/ HTTP/1.1" 404 11504 "-" "Mozilla/5.0 (compatible; DotBot/1.2; +https://opensiteexplorer.org/dotbot; help@moz.com)"
85.208.96.197 - - [15/Mar/2025:22:57:34 +0700] "GET /en/blog/tag/cek HTTP/1.1" 404 3380 "-" "Mozilla/5.0 (compatible; SemrushBot/7~bl; +http://www.semrush.com/bot.html)"
66.249.71.9 - - [15/Mar/2025:22:58:26 +0700] "GET /chargers/products/32281747374.shtm HTTP/1.1" 200 20101 "-" "Mozilla/5.0 (compatible; Googlebot/2.1; +http://www.google.com/bot.html)"
216.244.66.248 - - [15/Mar/2025:22:58:41 +0700] "GET /ms/blog/category/manajemen-bisnis/page/5 HTTP/1.1" 404 11504 "-" "Mozilla/5.0 (compatible; DotBot/1.2; +https://opensiteexplorer.org/dotbot; help@moz.com)"
66.249.65.161 - - [15/Mar/2025:22:58:44 +0700] "GET /filters/32271402694.shtm HTTP/1.1" 200 20362 "-" "Mozilla/5.0 (compatible; Googlebot/2.1; +http://www.google.com/bot.html)"
66.249.65.174 - - [15/Mar/2025:22:58:50 +0700] "GET /referring/goods/3225406098.shtm HTTP/1.1" 200 19732 "-" "Mozilla/5.0 (compatible; Googlebot/2.1; +http://www.google.com/bot.html)"
66.249.65.160 - - [15/Mar/2025:22:58:54 +0700] "GET /telephony/auction/32271406646.shtm HTTP/1.1" 200 19877 "-" "Mozilla/5.0 (compatible; Googlebot/2.1; +http://www.google.com/bot.html)"
66.249.65.160 - - [15/Mar/2025:22:58:58 +0700] "GET /ballad/3226517871.shtm HTTP/1.1" 200 21212 "-" "Mozilla/5.0 (compatible; Googlebot/2.1; +http://www.google.com/bot.html)"
66.249.65.160 - - [15/Mar/2025:22:59:02 +0700] "GET /3226964963.shtm HTTP/1.1" 200 19489 "-" "Mozilla/5.0 (compatible; Googlebot/2.1; +http://www.google.com/bot.html)"
66.249.65.174 - - [15/Mar/2025:23:00:38 +0700] "GET /ms/blog/tag/coding HTTP/1.1" 200 22436 "-" "Mozilla/5.0 (Linux; Android 6.0.1; Nexus 5X Build/MMB29P) AppleWebKit/537.36 (KHTML, like Gecko) Chrome/133.0.6943.141 Mobile Safari/537.36 (compatible; Googlebot/2.1; +http://www.google.com/bot.html)"
66.249.71.1 - - [15/Mar/2025:23:03:41 +0700] "GET /internally/goods/3226670638.shtm HTTP/1.1" 200 20506 "-" "Mozilla/5.0 (compatible; Googlebot/2.1; +http://www.google.com/bot.html)"
66.249.71.9 - - [15/Mar/2025:23:04:07 +0700] "GET /diffs/merchandises/32271147515.shtm HTTP/1.1" 200 21290 "-" "Mozilla/5.0 (compatible; Googlebot/2.1; +http://www.google.com/bot.html)"
66.249.71.1 - - [15/Mar/2025:23:04:30 +0700] "GET /fleece/merchandises/32257425.shtm HTTP/1.1" 200 19689 "-" "Mozilla/5.0 (Linux; Android 6.0.1; Nexus 5X Build/MMB29P) AppleWebKit/537.36 (KHTML, like Gecko) Chrome/133.0.6943.141 Mobile Safari/537.36 (compatible; Googlebot/2.1; +http://www.google.com/bot.html)"
66.249.71.9 - - [15/Mar/2025:23:09:41 +0700] "GET /lf/32271407815.shtm HTTP/1.1" 200 19715 "-" "Mozilla/5.0 (compatible; Googlebot/2.1; +http://www.google.com/bot.html)"
66.249.65.160 - - [15/Mar/2025:23:10:09 +0700] "GET /3226629644.shtm HTTP/1.1" 200 22035 "-" "Mozilla/5.0 (compatible; Googlebot/2.1; +http://www.google.com/bot.html)"
180.235.151.3 - - [15/Mar/2025:23:10:55 +0700] "POST /wp-cron.php?doing_wp_cron=1742055055.8214120864868164062500 HTTP/1.1" 403 1242 "-" "WordPress/6.7.2; https://www.aturtoko.id"
43.166.226.186 - - [15/Mar/2025:23:10:53 +0700] "GET / HTTP/1.1" 301 0 "-" "Mozilla/5.0 (iPhone; CPU iPhone OS 13_2_3 like Mac OS X) AppleWebKit/605.1.15 (KHTML, like Gecko) Version/13.0.3 Mobile/15E148 Safari/604.1"
180.235.151.3 - - [15/Mar/2025:23:12:30 +0700] "POST /wp-cron.php?doing_wp_cron=1742055150.4177811145782470703125 HTTP/1.1" 403 1242 "-" "WordPress/6.7.2; https://www.aturtoko.id"
46.250.163.217 - - [15/Mar/2025:23:12:24 +0700] "GET /en/blog/aturtoko-update/perbedaan-wirausahawan-dulu-dan-sekarang/ HTTP/1.1" 404 2945 "http://www.aturtoko.id/en/blog/aturtoko-update/perbedaan-wirausahawan-dulu-dan-sekarang/" "Mozilla/5.0 (Macintosh; Intel Mac OS X 10_15_7) AppleWebKit/537.36 (KHTML, like Gecko) Chrome/120.0.0.0 Safari/537.36"
66.249.65.160 - - [15/Mar/2025:23:15:43 +0700] "GET /ncaa/3226923969.shtm HTTP/1.1" 200 19612 "-" "Mozilla/5.0 (compatible; Googlebot/2.1; +http://www.google.com/bot.html)"
66.249.71.9 - - [15/Mar/2025:23:16:16 +0700] "GET /promptly/32271408124.shtm HTTP/1.1" 200 19421 "-" "Mozilla/5.0 (compatible; Googlebot/2.1; +http://www.google.com/bot.html)"
66.249.65.174 - - [15/Mar/2025:23:16:56 +0700] "GET /degrees/auction/32271341276.shtm HTTP/1.1" 200 19359 "-" "Mozilla/5.0 (compatible; Googlebot/2.1; +http://www.google.com/bot.html)"
66.249.65.161 - - [15/Mar/2025:23:17:00 +0700] "GET /deadly/auction/3226547656.shtm HTTP/1.1" 200 22298 "-" "Mozilla/5.0 (compatible; Googlebot/2.1; +http://www.google.com/bot.html)"
66.249.65.174 - - [15/Mar/2025:23:17:21 +0700] "GET /minutes/32271259288.shtm HTTP/1.1" 200 20845 "-" "Mozilla/5.0 (compatible; Googlebot/2.1; +http://www.google.com/bot.html)"
66.249.65.160 - - [15/Mar/2025:23:17:32 +0700] "GET /seychelles/32271188509.shtm HTTP/1.1" 200 19680 "-" "Mozilla/5.0 (compatible; Googlebot/2.1; +http://www.google.com/bot.html)"
66.249.65.160 - - [15/Mar/2025:23:17:34 +0700] "GET /32271410763.shtm HTTP/1.1" 200 19540 "-" "Mozilla/5.0 (compatible; Googlebot/2.1; +http://www.google.com/bot.html)"
66.249.65.160 - - [15/Mar/2025:23:17:41 +0700] "GET /32271371061.shtm HTTP/1.1" 200 19446 "-" "Mozilla/5.0 (compatible; Googlebot/2.1; +http://www.google.com/bot.html)"
66.249.65.160 - - [15/Mar/2025:23:17:42 +0700] "GET /tales/3225324110.shtm HTTP/1.1" 200 21636 "-" "Mozilla/5.0 (compatible; Googlebot/2.1; +http://www.google.com/bot.html)"
66.249.65.161 - - [15/Mar/2025:23:17:51 +0700] "GET /preferable/32271117730.shtm HTTP/1.1" 200 21069 "-" "Mozilla/5.0 (compatible; Googlebot/2.1; +http://www.google.com/bot.html)"
66.249.65.160 - - [15/Mar/2025:23:17:58 +0700] "GET /stores/32292459006.shtm HTTP/1.1" 200 20055 "-" "Mozilla/5.0 (compatible; Googlebot/2.1; +http://www.google.com/bot.html)"
66.249.65.161 - - [15/Mar/2025:23:17:59 +0700] "GET /nightclub/merchandises/32281676595.shtm HTTP/1.1" 200 21917 "-" "Mozilla/5.0 (compatible; Googlebot/2.1; +http://www.google.com/bot.html)"
66.249.65.174 - - [15/Mar/2025:23:18:06 +0700] "GET /32281706380.shtm HTTP/1.1" 200 19845 "-" "Mozilla/5.0 (compatible; Googlebot/2.1; +http://www.google.com/bot.html)"
66.249.71.9 - - [15/Mar/2025:23:18:13 +0700] "GET /32271229503.shtm HTTP/1.1" 200 19739 "-" "Mozilla/5.0 (compatible; Googlebot/2.1; +http://www.google.com/bot.html)"
66.249.65.174 - - [15/Mar/2025:23:18:15 +0700] "GET /ag/3226782411.shtm HTTP/1.1" 200 19718 "-" "Mozilla/5.0 (compatible; Googlebot/2.1; +http://www.google.com/bot.html)"
157.55.39.201 - - [15/Mar/2025:23:18:15 +0700] "GET /en/blog/manajemen-bisnis/meningkatkan-keuntungan-bisnis-dengan-memanfaatkan-bisnis-opportunity-pada-website-penjualan-online/feed HTTP/1.1" 200 19602 "-" "Mozilla/5.0 AppleWebKit/537.36 (KHTML, like Gecko; compatible; bingbot/2.0; +http://www.bing.com/bingbot.htm) Chrome/116.0.1938.76 Safari/537.36"
66.249.65.174 - - [15/Mar/2025:23:18:22 +0700] "GET /personnel/shopdetail/32271400853.shtm HTTP/1.1" 200 19552 "-" "Mozilla/5.0 (compatible; Googlebot/2.1; +http://www.google.com/bot.html)"
66.249.65.174 - - [15/Mar/2025:23:18:23 +0700] "GET /picked/32281523828.shtm HTTP/1.1" 200 20014 "-" "Mozilla/5.0 (compatible; Googlebot/2.1; +http://www.google.com/bot.html)"
66.249.71.1 - - [15/Mar/2025:23:19:04 +0700] "GET /terre/auction/32271076736.shtm HTTP/1.1" 200 21217 "-" "Mozilla/5.0 (compatible; Googlebot/2.1; +http://www.google.com/bot.html)"
66.249.65.174 - - [15/Mar/2025:23:19:10 +0700] "GET /gamer/products/32292011914.shtm HTTP/1.1" 200 19709 "-" "Mozilla/5.0 (compatible; Googlebot/2.1; +http://www.google.com/bot.html)"
66.249.65.174 - - [15/Mar/2025:23:19:16 +0700] "GET /unwanted/product/32271409019.shtm HTTP/1.1" 200 21421 "-" "Mozilla/5.0 (compatible; Googlebot/2.1; +http://www.google.com/bot.html)"
66.249.65.160 - - [15/Mar/2025:23:19:25 +0700] "GET /32271404082.shtm HTTP/1.1" 200 20147 "-" "Mozilla/5.0 (compatible; Googlebot/2.1; +http://www.google.com/bot.html)"
66.249.65.160 - - [15/Mar/2025:23:19:35 +0700] "GET /3226894184.shtm HTTP/1.1" 200 22299 "-" "Mozilla/5.0 (compatible; Googlebot/2.1; +http://www.google.com/bot.html)"
66.249.65.174 - - [15/Mar/2025:23:19:43 +0700] "GET /face/3226659429.shtm HTTP/1.1" 200 20021 "-" "Mozilla/5.0 (compatible; Googlebot/2.1; +http://www.google.com/bot.html)"
66.249.65.174 - - [15/Mar/2025:23:19:48 +0700] "GET /stool/auction/3226812196.shtm HTTP/1.1" 200 22377 "-" "Mozilla/5.0 (compatible; Googlebot/2.1; +http://www.google.com/bot.html)"
66.249.65.160 - - [15/Mar/2025:23:19:49 +0700] "GET /coed/product/3225335319.shtm HTTP/1.1" 200 22199 "-" "Mozilla/5.0 (compatible; Googlebot/2.1; +http://www.google.com/bot.html)"
66.249.65.160 - - [15/Mar/2025:23:19:57 +0700] "GET /3225223546.shtm HTTP/1.1" 200 20766 "-" "Mozilla/5.0 (compatible; Googlebot/2.1; +http://www.google.com/bot.html)"
66.249.65.174 - - [15/Mar/2025:23:19:58 +0700] "GET /32292377018.shtm HTTP/1.1" 200 20004 "-" "Mozilla/5.0 (compatible; Googlebot/2.1; +http://www.google.com/bot.html)"
66.249.65.174 - - [15/Mar/2025:23:20:08 +0700] "GET /3226700423.shtm HTTP/1.1" 200 20405 "-" "Mozilla/5.0 (compatible; Googlebot/2.1; +http://www.google.com/bot.html)"
66.249.65.174 - - [15/Mar/2025:23:20:09 +0700] "GET /3226558865.shtm HTTP/1.1" 200 20996 "-" "Mozilla/5.0 (compatible; Googlebot/2.1; +http://www.google.com/bot.html)"
66.249.65.174 - - [15/Mar/2025:23:20:15 +0700] "GET /32292306239.shtm HTTP/1.1" 200 19675 "-" "Mozilla/5.0 (compatible; Googlebot/2.1; +http://www.google.com/bot.html)"
66.249.65.174 - - [15/Mar/2025:23:20:20 +0700] "GET /limousines/products/32271482834.shtm HTTP/1.1" 200 20070 "-" "Mozilla/5.0 (compatible; Googlebot/2.1; +http://www.google.com/bot.html)"
66.249.65.160 - - [15/Mar/2025:23:20:25 +0700] "GET /3225365104.shtm HTTP/1.1" 200 19924 "-" "Mozilla/5.0 (compatible; Googlebot/2.1; +http://www.google.com/bot.html)"
66.249.65.174 - - [15/Mar/2025:23:20:31 +0700] "GET /spacious/commoditys/32292488791.shtm HTTP/1.1" 200 19885 "-" "Mozilla/5.0 (compatible; Googlebot/2.1; +http://www.google.com/bot.html)"
66.249.65.160 - - [15/Mar/2025:23:20:36 +0700] "GET /3225435883.shtm HTTP/1.1" 200 19936 "-" "Mozilla/5.0 (compatible; Googlebot/2.1; +http://www.google.com/bot.html)"
66.249.65.174 - - [15/Mar/2025:23:20:41 +0700] "GET /towel/3226588650.shtm HTTP/1.1" 200 20148 "-" "Mozilla/5.0 (compatible; Googlebot/2.1; +http://www.google.com/bot.html)"
66.249.65.174 - - [15/Mar/2025:23:20:42 +0700] "GET /regression/3225447092.shtm HTTP/1.1" 200 20218 "-" "Mozilla/5.0 (compatible; Googlebot/2.1; +http://www.google.com/bot.html)"
66.249.65.160 - - [15/Mar/2025:23:20:50 +0700] "GET /original/32281859147.shtm HTTP/1.1" 200 19582 "-" "Mozilla/5.0 (compatible; Googlebot/2.1; +http://www.google.com/bot.html)"
66.249.65.161 - - [15/Mar/2025:23:20:51 +0700] "GET /wisely/shopdetail/32281818153.shtm HTTP/1.1" 200 20003 "-" "Mozilla/5.0 (compatible; Googlebot/2.1; +http://www.google.com/bot.html)"
66.249.65.161 - - [15/Mar/2025:23:21:03 +0700] "GET /bass/shopping/3226741417.shtm HTTP/1.1" 200 20844 "-" "Mozilla/5.0 (compatible; Googlebot/2.1; +http://www.google.com/bot.html)"
66.249.65.174 - - [15/Mar/2025:23:21:18 +0700] "GET /32281900141.shtm HTTP/1.1" 200 19803 "-" "Mozilla/5.0 (compatible; Googlebot/2.1; +http://www.google.com/bot.html)"
66.249.65.160 - - [15/Mar/2025:23:21:19 +0700] "GET /magnum/3226853190.shtm HTTP/1.1" 200 21666 "-" "Mozilla/5.0 (compatible; Googlebot/2.1; +http://www.google.com/bot.html)"
66.249.71.9 - - [15/Mar/2025:23:21:27 +0700] "GET /legal/item/32271399002.shtm HTTP/1.1" 200 19856 "-" "Mozilla/5.0 (compatible; Googlebot/2.1; +http://www.google.com/bot.html)"
66.249.65.160 - - [15/Mar/2025:23:21:32 +0700] "GET /3226853600.shtm HTTP/1.1" 200 21106 "-" "Mozilla/5.0 (compatible; Googlebot/2.1; +http://www.google.com/bot.html)"
66.249.65.160 - - [15/Mar/2025:23:21:33 +0700] "GET /maldives/good/3225228300.shtm HTTP/1.1" 200 19549 "-" "Mozilla/5.0 (compatible; Googlebot/2.1; +http://www.google.com/bot.html)"
66.249.65.160 - - [15/Mar/2025:23:21:42 +0700] "GET /gx/32281935500.shtm HTTP/1.1" 200 20372 "-" "Mozilla/5.0 (compatible; Googlebot/2.1; +http://www.google.com/bot.html)"
66.249.71.9 - - [15/Mar/2025:23:21:43 +0700] "GET /served/3225380900.shtm HTTP/1.1" 200 20177 "-" "Mozilla/5.0 (compatible; Googlebot/2.1; +http://www.google.com/bot.html)"
173.252.79.8 - - [15/Mar/2025:23:21:50 +0700] "GET /wp-content/themes/aturtoko/assets/coverage/5.webp HTTP/1.1" 200 3020 "-" "meta-externalagent/1.1 (+https://developers.facebook.com/docs/sharing/webmasters/crawler)"
66.249.71.1 - - [15/Mar/2025:23:21:52 +0700] "GET /kruger/32292347400.shtm HTTP/1.1" 200 19747 "-" "Mozilla/5.0 (compatible; Googlebot/2.1; +http://www.google.com/bot.html)"
66.249.65.161 - - [15/Mar/2025:23:21:54 +0700] "GET /cutters/3225335000.shtm HTTP/1.1" 200 21987 "-" "Mozilla/5.0 (compatible; Googlebot/2.1; +http://www.google.com/bot.html)"
66.249.65.161 - - [15/Mar/2025:23:21:59 +0700] "GET /bonus/32281661300.shtm HTTP/1.1" 200 21504 "-" "Mozilla/5.0 (compatible; Googlebot/2.1; +http://www.google.com/bot.html)"
66.249.65.161 - - [15/Mar/2025:23:22:04 +0700] "GET /barney/good/3225274200.shtm HTTP/1.1" 200 20963 "-" "Mozilla/5.0 (compatible; Googlebot/2.1; +http://www.google.com/bot.html)"
66.249.65.174 - - [15/Mar/2025:23:22:10 +0700] "GET /improves/good/32271188600.shtm HTTP/1.1" 200 19611 "-" "Mozilla/5.0 (compatible; Googlebot/2.1; +http://www.google.com/bot.html)"
66.249.71.9 - - [15/Mar/2025:23:22:14 +0700] "GET /defect/shopdetail/3226528783.shtm HTTP/1.1" 200 19749 "-" "Mozilla/5.0 (compatible; Googlebot/2.1; +http://www.google.com/bot.html)"
66.249.65.174 - - [15/Mar/2025:23:22:19 +0700] "GET /3225121600.shtm HTTP/1.1" 200 19598 "-" "Mozilla/5.0 (compatible; Googlebot/2.1; +http://www.google.com/bot.html)"
66.249.71.9 - - [15/Mar/2025:23:22:24 +0700] "GET /32292134000.shtm HTTP/1.1" 200 22462 "-" "Mozilla/5.0 (compatible; Googlebot/2.1; +http://www.google.com/bot.html)"
66.249.65.174 - - [15/Mar/2025:23:22:28 +0700] "GET /passwords/32271387100.shtm HTTP/1.1" 200 19231 "-" "Mozilla/5.0 (compatible; Googlebot/2.1; +http://www.google.com/bot.html)"
66.249.65.160 - - [15/Mar/2025:23:22:52 +0700] "GET /32281635601.shtm HTTP/1.1" 200 19838 "-" "Mozilla/5.0 (compatible; Googlebot/2.1; +http://www.google.com/bot.html)"
