54.169.147.125 - - [15/Mar/2025:19:13:01 +0700] "GET /appbypass.php HTTP/1.1" 301 0 "-" "Mozilla/5.0 (Windows NT 10.0; Win64; x64) AppleWebKit/537.36 (KHTML, like Gecko) Chrome/85.0.4183.102 Safari/537.36"
54.169.147.125 - - [15/Mar/2025:19:13:03 +0700] "GET /appbypass.php HTTP/1.1" 404 3380 "-" "Mozilla/5.0 (Windows NT 10.0; Win64; x64) AppleWebKit/537.36 (KHTML, like Gecko) Chrome/85.0.4183.102 Safari/537.36"
47.243.78.44 - - [15/Mar/2025:19:13:09 +0700] "HEAD /robots.txt HTTP/1.1" 200 0 "-" "Mozilla/5.0 (Windows NT 6.3; Win64; x64) AppleWebKit/537.36 (KHTML, like Gecko) Chrome/74.0.2227.91 Safari/537.36"
47.243.78.44 - - [15/Mar/2025:19:13:09 +0700] "GET /robots.txt HTTP/1.1" 200 98 "-" "Mozilla/5.0 (Windows NT 6.3; Win64; x64) AppleWebKit/537.36 (KHTML, like Gecko) Chrome/74.0.2227.91 Safari/537.36"
54.169.147.125 - - [15/Mar/2025:19:13:07 +0700] "GET /appk.php HTTP/1.1" 301 0 "-" "Mozilla/5.0 (Windows NT 10.0; Win64; x64) AppleWebKit/537.36 (KHTML, like Gecko) Chrome/85.0.4183.102 Safari/537.36"
54.169.147.125 - - [15/Mar/2025:19:13:09 +0700] "GET /appk.php HTTP/1.1" 404 3380 "-" "Mozilla/5.0 (Windows NT 10.0; Win64; x64) AppleWebKit/537.36 (KHTML, like Gecko) Chrome/85.0.4183.102 Safari/537.36"
54.169.147.125 - - [15/Mar/2025:19:13:12 +0700] "GET /application/admin.php HTTP/1.1" 301 0 "-" "Mozilla/5.0 (Windows NT 10.0; Win64; x64) AppleWebKit/537.36 (KHTML, like Gecko) Chrome/85.0.4183.102 Safari/537.36"
54.169.147.125 - - [15/Mar/2025:19:13:15 +0700] "GET /application/admin.php HTTP/1.1" 404 3380 "-" "Mozilla/5.0 (Windows NT 10.0; Win64; x64) AppleWebKit/537.36 (KHTML, like Gecko) Chrome/85.0.4183.102 Safari/537.36"
54.169.147.125 - - [15/Mar/2025:19:13:20 +0700] "GET /application/alfa.php HTTP/1.1" 301 0 "-" "Mozilla/5.0 (Windows NT 10.0; Win64; x64) AppleWebKit/537.36 (KHTML, like Gecko) Chrome/85.0.4183.102 Safari/537.36"
54.169.147.125 - - [15/Mar/2025:19:13:22 +0700] "GET /application/alfa.php HTTP/1.1" 404 3380 "-" "Mozilla/5.0 (Windows NT 10.0; Win64; x64) AppleWebKit/537.36 (KHTML, like Gecko) Chrome/85.0.4183.102 Safari/537.36"
216.244.66.248 - - [15/Mar/2025:19:13:21 +0700] "GET /en/blog/tag/perusahaan/page/6/ HTTP/1.1" 404 11504 "-" "Mozilla/5.0 (compatible; DotBot/1.2; +https://opensiteexplorer.org/dotbot; help@moz.com)"
54.169.147.125 - - [15/Mar/2025:19:13:25 +0700] "GET /application/bypass.php HTTP/1.1" 301 0 "-" "Mozilla/5.0 (Windows NT 10.0; Win64; x64) AppleWebKit/537.36 (KHTML, like Gecko) Chrome/85.0.4183.102 Safari/537.36"
180.235.151.3 - - [15/Mar/2025:19:13:28 +0700] "GET /.well-known/acme-challenge/UMIV_B2FKDG7VXVT018R_2C10VJXQLLC HTTP/1.1" 200 64 "-" "Cpanel-HTTP-Client/1.0"
180.235.151.3 - - [15/Mar/2025:19:13:28 +0700] "GET /.well-known/acme-challenge/PEP_N03723WMVUX_19N5E4UPLB44XD2Z HTTP/1.1" 200 64 "-" "Cpanel-HTTP-Client/1.0"
180.235.151.3 - - [15/Mar/2025:19:13:28 +0700] "GET /.well-known/acme-challenge/_7Z90U346YSGOP8BI4Y8LYL0U6T1Q050 HTTP/1.1" 200 64 "-" "Cpanel-HTTP-Client/1.0"
180.235.151.3 - - [15/Mar/2025:19:13:28 +0700] "GET /.well-known/acme-challenge/7DHCBSXM5XTDJ-J9UGHYZ-X6-5VMWYY9 HTTP/1.1" 200 64 "-" "Cpanel-HTTP-Client/1.0"
180.235.151.3 - - [15/Mar/2025:19:13:28 +0700] "GET /.well-known/acme-challenge/3_TFPE473KIKXR7GONX5L8KH877JY-PA HTTP/1.1" 200 64 "-" "Cpanel-HTTP-Client/1.0"
180.235.151.3 - - [15/Mar/2025:19:13:28 +0700] "GET /.well-known/acme-challenge/HFPC2TLIJV2LRO_G71T__OR4R9YB2K4A HTTP/1.1" 200 64 "-" "Cpanel-HTTP-Client/1.0"
180.235.151.3 - - [15/Mar/2025:19:13:28 +0700] "GET /.well-known/acme-challenge/41DVTKEJ4MUSDVZ-1KSLFR6HJIO4XQSO HTTP/1.1" 200 64 "-" "Cpanel-HTTP-Client/1.0"
180.235.151.3 - - [15/Mar/2025:19:13:28 +0700] "GET /.well-known/acme-challenge/QTHJCPJG4C1SY9HFZ4YJHQMOF2-SPNAX HTTP/1.1" 200 64 "-" "Cpanel-HTTP-Client/1.0"
180.235.151.3 - - [15/Mar/2025:19:13:28 +0700] "GET /.well-known/acme-challenge/KGFDTNSR_W2BVT44BY5SJ_0QNWM4D3Q2 HTTP/1.1" 200 64 "-" "Cpanel-HTTP-Client/1.0"
54.169.147.125 - - [15/Mar/2025:19:13:27 +0700] "GET /application/bypass.php HTTP/1.1" 404 3380 "-" "Mozilla/5.0 (Windows NT 10.0; Win64; x64) AppleWebKit/537.36 (KHTML, like Gecko) Chrome/85.0.4183.102 Safari/537.36"
54.169.147.125 - - [15/Mar/2025:19:13:31 +0700] "GET /application/index.php HTTP/1.1" 301 0 "-" "Mozilla/5.0 (Windows NT 10.0; Win64; x64) AppleWebKit/537.36 (KHTML, like Gecko) Chrome/85.0.4183.102 Safari/537.36"
54.169.147.125 - - [15/Mar/2025:19:13:33 +0700] "GET /application/ HTTP/1.1" 404 3380 "-" "Mozilla/5.0 (Windows NT 10.0; Win64; x64) AppleWebKit/537.36 (KHTML, like Gecko) Chrome/85.0.4183.102 Safari/537.36"
54.169.147.125 - - [15/Mar/2025:19:13:39 +0700] "GET /application/k.php HTTP/1.1" 301 0 "-" "Mozilla/5.0 (Windows NT 10.0; Win64; x64) AppleWebKit/537.36 (KHTML, like Gecko) Chrome/85.0.4183.102 Safari/537.36"
54.169.147.125 - - [15/Mar/2025:19:13:41 +0700] "GET /application/k.php HTTP/1.1" 404 3380 "-" "Mozilla/5.0 (Windows NT 10.0; Win64; x64) AppleWebKit/537.36 (KHTML, like Gecko) Chrome/85.0.4183.102 Safari/537.36"
216.244.66.248 - - [15/Mar/2025:19:13:42 +0700] "GET /en/cara-jualan-di-shopee/cara-mengaktifkan-fitur-paylater-agar-penjual-shopee-lebih-untung/ HTTP/1.1" 404 11504 "-" "Mozilla/5.0 (compatible; DotBot/1.2; +https://opensiteexplorer.org/dotbot; help@moz.com)"
180.235.151.3 - - [15/Mar/2025:19:13:49 +0700] "POST /wp-cron.php?doing_wp_cron=1742040829.0035159587860107421875 HTTP/1.1" 403 1242 "-" "WordPress/6.7.2; https://www.aturtoko.id"
54.169.147.125 - - [15/Mar/2025:19:13:46 +0700] "GET /application/wp.php HTTP/1.1" 301 0 "-" "Mozilla/5.0 (Windows NT 10.0; Win64; x64) AppleWebKit/537.36 (KHTML, like Gecko) Chrome/85.0.4183.102 Safari/537.36"
54.169.147.125 - - [15/Mar/2025:19:13:49 +0700] "GET /application/wp.php HTTP/1.1" 404 3380 "-" "Mozilla/5.0 (Windows NT 10.0; Win64; x64) AppleWebKit/537.36 (KHTML, like Gecko) Chrome/85.0.4183.102 Safari/537.36"
54.169.147.125 - - [15/Mar/2025:19:13:52 +0700] "GET /applicationadmin.php HTTP/1.1" 301 0 "-" "Mozilla/5.0 (Windows NT 10.0; Win64; x64) AppleWebKit/537.36 (KHTML, like Gecko) Chrome/85.0.4183.102 Safari/537.36"
54.169.147.125 - - [15/Mar/2025:19:13:54 +0700] "GET /applicationadmin.php HTTP/1.1" 404 3380 "-" "Mozilla/5.0 (Windows NT 10.0; Win64; x64) AppleWebKit/537.36 (KHTML, like Gecko) Chrome/85.0.4183.102 Safari/537.36"
54.169.147.125 - - [15/Mar/2025:19:13:58 +0700] "GET /applicationalfa.php HTTP/1.1" 301 0 "-" "Mozilla/5.0 (Windows NT 10.0; Win64; x64) AppleWebKit/537.36 (KHTML, like Gecko) Chrome/85.0.4183.102 Safari/537.36"
54.169.147.125 - - [15/Mar/2025:19:14:00 +0700] "GET /applicationalfa.php HTTP/1.1" 404 3380 "-" "Mozilla/5.0 (Windows NT 10.0; Win64; x64) AppleWebKit/537.36 (KHTML, like Gecko) Chrome/85.0.4183.102 Safari/537.36"
216.244.66.248 - - [15/Mar/2025:19:14:02 +0700] "GET /en/blog/tag/intrapreneur/ HTTP/1.1" 404 11504 "-" "Mozilla/5.0 (compatible; DotBot/1.2; +https://opensiteexplorer.org/dotbot; help@moz.com)"
66.249.75.228 - - [15/Mar/2025:19:14:04 +0700] "GET /fam/32271016561.shtm HTTP/1.1" 200 20321 "-" "Mozilla/5.0 (compatible; Googlebot/2.1; +http://www.google.com/bot.html)"
54.169.147.125 - - [15/Mar/2025:19:14:03 +0700] "GET /applicationbypass.php HTTP/1.1" 301 0 "-" "Mozilla/5.0 (Windows NT 10.0; Win64; x64) AppleWebKit/537.36 (KHTML, like Gecko) Chrome/85.0.4183.102 Safari/537.36"
54.169.147.125 - - [15/Mar/2025:19:14:08 +0700] "GET /applicationbypass.php HTTP/1.1" 404 3380 "-" "Mozilla/5.0 (Windows NT 10.0; Win64; x64) AppleWebKit/537.36 (KHTML, like Gecko) Chrome/85.0.4183.102 Safari/537.36"
54.169.147.125 - - [15/Mar/2025:19:14:12 +0700] "GET /applicationk.php HTTP/1.1" 301 0 "-" "Mozilla/5.0 (Windows NT 10.0; Win64; x64) AppleWebKit/537.36 (KHTML, like Gecko) Chrome/85.0.4183.102 Safari/537.36"
54.169.147.125 - - [15/Mar/2025:19:14:15 +0700] "GET /applicationk.php HTTP/1.1" 404 3373 "-" "Mozilla/5.0 (Windows NT 10.0; Win64; x64) AppleWebKit/537.36 (KHTML, like Gecko) Chrome/85.0.4183.102 Safari/537.36"
54.169.147.125 - - [15/Mar/2025:19:14:18 +0700] "GET /applicationwp.php HTTP/1.1" 301 0 "-" "Mozilla/5.0 (Windows NT 10.0; Win64; x64) AppleWebKit/537.36 (KHTML, like Gecko) Chrome/85.0.4183.102 Safari/537.36"
54.169.147.125 - - [15/Mar/2025:19:14:21 +0700] "GET /applicationwp.php HTTP/1.1" 404 3380 "-" "Mozilla/5.0 (Windows NT 10.0; Win64; x64) AppleWebKit/537.36 (KHTML, like Gecko) Chrome/85.0.4183.102 Safari/537.36"
216.244.66.248 - - [15/Mar/2025:19:14:21 +0700] "GET /ms/blog/digital-marketing/tantangan-strategi-omnichannel-dan-cara-mengatasinya-dengan-efektif/ HTTP/1.1" 404 11504 "-" "Mozilla/5.0 (compatible; DotBot/1.2; +https://opensiteexplorer.org/dotbot; help@moz.com)"
54.169.147.125 - - [15/Mar/2025:19:14:25 +0700] "GET /appwp.php HTTP/1.1" 301 0 "-" "Mozilla/5.0 (Windows NT 10.0; Win64; x64) AppleWebKit/537.36 (KHTML, like Gecko) Chrome/85.0.4183.102 Safari/537.36"
54.169.147.125 - - [15/Mar/2025:19:14:29 +0700] "GET /appwp.php HTTP/1.1" 404 3380 "-" "Mozilla/5.0 (Windows NT 10.0; Win64; x64) AppleWebKit/537.36 (KHTML, like Gecko) Chrome/85.0.4183.102 Safari/537.36"
54.169.147.125 - - [15/Mar/2025:19:14:33 +0700] "GET /ar.php HTTP/1.1" 301 0 "-" "Mozilla/5.0 (Windows NT 10.0; Win64; x64) AppleWebKit/537.36 (KHTML, like Gecko) Chrome/85.0.4183.102 Safari/537.36"
54.169.147.125 - - [15/Mar/2025:19:14:35 +0700] "GET /ar.php HTTP/1.1" 404 3380 "-" "Mozilla/5.0 (Windows NT 10.0; Win64; x64) AppleWebKit/537.36 (KHTML, like Gecko) Chrome/85.0.4183.102 Safari/537.36"
54.169.147.125 - - [15/Mar/2025:19:14:39 +0700] "GET /as.php HTTP/1.1" 301 0 "-" "Mozilla/5.0 (Windows NT 10.0; Win64; x64) AppleWebKit/537.36 (KHTML, like Gecko) Chrome/85.0.4183.102 Safari/537.36"
54.169.147.125 - - [15/Mar/2025:19:14:41 +0700] "GET /as.php HTTP/1.1" 404 3380 "-" "Mozilla/5.0 (Windows NT 10.0; Win64; x64) AppleWebKit/537.36 (KHTML, like Gecko) Chrome/85.0.4183.102 Safari/537.36"
216.244.66.248 - - [15/Mar/2025:19:14:40 +0700] "GET /ms/blog/kewirausahaan/business-opportunity/memiliki-potensi-besar-ini-peluang-menguntungkan-usaha-ekstraktif HTTP/1.1" 404 11504 "-" "Mozilla/5.0 (compatible; DotBot/1.2; +https://opensiteexplorer.org/dotbot; help@moz.com)"
180.235.151.3 - - [15/Mar/2025:19:14:50 +0700] "POST /wp-cron.php?doing_wp_cron=1742040890.5154290199279785156250 HTTP/1.1" 403 1242 "-" "WordPress/6.7.2; https://www.aturtoko.id"
54.169.147.125 - - [15/Mar/2025:19:14:45 +0700] "GET /as/function HTTP/1.1" 301 0 "-" "Mozilla/5.0 (Windows NT 10.0; Win64; x64) AppleWebKit/537.36 (KHTML, like Gecko) Chrome/85.0.4183.102 Safari/537.36"
54.169.147.125 - - [15/Mar/2025:19:14:50 +0700] "GET /as/function HTTP/1.1" 404 3380 "-" "Mozilla/5.0 (Windows NT 10.0; Win64; x64) AppleWebKit/537.36 (KHTML, like Gecko) Chrome/85.0.4183.102 Safari/537.36"
54.169.147.125 - - [15/Mar/2025:19:14:56 +0700] "GET /asd.php HTTP/1.1" 301 0 "-" "Mozilla/5.0 (Windows NT 10.0; Win64; x64) AppleWebKit/537.36 (KHTML, like Gecko) Chrome/85.0.4183.102 Safari/537.36"
54.169.147.125 - - [15/Mar/2025:19:14:58 +0700] "GET /asd.php HTTP/1.1" 404 3380 "-" "Mozilla/5.0 (Windows NT 10.0; Win64; x64) AppleWebKit/537.36 (KHTML, like Gecko) Chrome/85.0.4183.102 Safari/537.36"
216.244.66.248 - - [15/Mar/2025:19:14:57 +0700] "GET /en/blog/tag/angka-penjualan HTTP/1.1" 404 11504 "-" "Mozilla/5.0 (compatible; DotBot/1.2; +https://opensiteexplorer.org/dotbot; help@moz.com)"
54.169.147.125 - - [15/Mar/2025:19:15:01 +0700] "GET /aset/admin.php HTTP/1.1" 301 0 "-" "Mozilla/5.0 (Windows NT 10.0; Win64; x64) AppleWebKit/537.36 (KHTML, like Gecko) Chrome/85.0.4183.102 Safari/537.36"
54.169.147.125 - - [15/Mar/2025:19:15:03 +0700] "GET /aset/admin.php HTTP/1.1" 404 3380 "-" "Mozilla/5.0 (Windows NT 10.0; Win64; x64) AppleWebKit/537.36 (KHTML, like Gecko) Chrome/85.0.4183.102 Safari/537.36"
54.169.147.125 - - [15/Mar/2025:19:15:07 +0700] "GET /aset/alfa.php HTTP/1.1" 301 0 "-" "Mozilla/5.0 (Windows NT 10.0; Win64; x64) AppleWebKit/537.36 (KHTML, like Gecko) Chrome/85.0.4183.102 Safari/537.36"
54.169.147.125 - - [15/Mar/2025:19:15:09 +0700] "GET /aset/alfa.php HTTP/1.1" 404 3380 "-" "Mozilla/5.0 (Windows NT 10.0; Win64; x64) AppleWebKit/537.36 (KHTML, like Gecko) Chrome/85.0.4183.102 Safari/537.36"
54.169.147.125 - - [15/Mar/2025:19:15:12 +0700] "GET /aset/bypass.php HTTP/1.1" 301 0 "-" "Mozilla/5.0 (Windows NT 10.0; Win64; x64) AppleWebKit/537.36 (KHTML, like Gecko) Chrome/85.0.4183.102 Safari/537.36"
216.244.66.248 - - [15/Mar/2025:19:15:13 +0700] "GET /en/blog/tag/sistem-menajemen-data HTTP/1.1" 404 11504 "-" "Mozilla/5.0 (compatible; DotBot/1.2; +https://opensiteexplorer.org/dotbot; help@moz.com)"
54.169.147.125 - - [15/Mar/2025:19:15:15 +0700] "GET /aset/bypass.php HTTP/1.1" 404 3380 "-" "Mozilla/5.0 (Windows NT 10.0; Win64; x64) AppleWebKit/537.36 (KHTML, like Gecko) Chrome/85.0.4183.102 Safari/537.36"
54.169.147.125 - - [15/Mar/2025:19:15:18 +0700] "GET /aset/index.php HTTP/1.1" 301 0 "-" "Mozilla/5.0 (Windows NT 10.0; Win64; x64) AppleWebKit/537.36 (KHTML, like Gecko) Chrome/85.0.4183.102 Safari/537.36"
54.169.147.125 - - [15/Mar/2025:19:15:21 +0700] "GET /aset/ HTTP/1.1" 404 3380 "-" "Mozilla/5.0 (Windows NT 10.0; Win64; x64) AppleWebKit/537.36 (KHTML, like Gecko) Chrome/85.0.4183.102 Safari/537.36"
54.169.147.125 - - [15/Mar/2025:19:15:26 +0700] "GET /aset/k.php HTTP/1.1" 301 0 "-" "Mozilla/5.0 (Windows NT 10.0; Win64; x64) AppleWebKit/537.36 (KHTML, like Gecko) Chrome/85.0.4183.102 Safari/537.36"
54.169.147.125 - - [15/Mar/2025:19:15:28 +0700] "GET /aset/k.php HTTP/1.1" 404 3380 "-" "Mozilla/5.0 (Windows NT 10.0; Win64; x64) AppleWebKit/537.36 (KHTML, like Gecko) Chrome/85.0.4183.102 Safari/537.36"
54.169.147.125 - - [15/Mar/2025:19:15:32 +0700] "GET /aset/wp.php HTTP/1.1" 301 0 "-" "Mozilla/5.0 (Windows NT 10.0; Win64; x64) AppleWebKit/537.36 (KHTML, like Gecko) Chrome/85.0.4183.102 Safari/537.36"
54.169.147.125 - - [15/Mar/2025:19:15:34 +0700] "GET /aset/wp.php HTTP/1.1" 404 3380 "-" "Mozilla/5.0 (Windows NT 10.0; Win64; x64) AppleWebKit/537.36 (KHTML, like Gecko) Chrome/85.0.4183.102 Safari/537.36"
54.169.147.125 - - [15/Mar/2025:19:15:37 +0700] "GET /asetadmin.php HTTP/1.1" 301 0 "-" "Mozilla/5.0 (Windows NT 10.0; Win64; x64) AppleWebKit/537.36 (KHTML, like Gecko) Chrome/85.0.4183.102 Safari/537.36"
54.169.147.125 - - [15/Mar/2025:19:15:40 +0700] "GET /asetadmin.php HTTP/1.1" 404 3380 "-" "Mozilla/5.0 (Windows NT 10.0; Win64; x64) AppleWebKit/537.36 (KHTML, like Gecko) Chrome/85.0.4183.102 Safari/537.36"
54.169.147.125 - - [15/Mar/2025:19:15:43 +0700] "GET /asetalfa.php HTTP/1.1" 301 0 "-" "Mozilla/5.0 (Windows NT 10.0; Win64; x64) AppleWebKit/537.36 (KHTML, like Gecko) Chrome/85.0.4183.102 Safari/537.36"
54.169.147.125 - - [15/Mar/2025:19:15:46 +0700] "GET /asetalfa.php HTTP/1.1" 404 3380 "-" "Mozilla/5.0 (Windows NT 10.0; Win64; x64) AppleWebKit/537.36 (KHTML, like Gecko) Chrome/85.0.4183.102 Safari/537.36"
180.235.151.3 - - [15/Mar/2025:19:15:52 +0700] "POST /wp-cron.php?doing_wp_cron=1742040952.1317389011383056640625 HTTP/1.1" 403 1242 "-" "WordPress/6.7.2; https://www.aturtoko.id"
54.169.147.125 - - [15/Mar/2025:19:15:49 +0700] "GET /asetbypass.php HTTP/1.1" 301 0 "-" "Mozilla/5.0 (Windows NT 10.0; Win64; x64) AppleWebKit/537.36 (KHTML, like Gecko) Chrome/85.0.4183.102 Safari/537.36"
54.169.147.125 - - [15/Mar/2025:19:15:52 +0700] "GET /asetbypass.php HTTP/1.1" 404 3380 "-" "Mozilla/5.0 (Windows NT 10.0; Win64; x64) AppleWebKit/537.36 (KHTML, like Gecko) Chrome/85.0.4183.102 Safari/537.36"
54.169.147.125 - - [15/Mar/2025:19:15:55 +0700] "GET /asetk.php HTTP/1.1" 301 0 "-" "Mozilla/5.0 (Windows NT 10.0; Win64; x64) AppleWebKit/537.36 (KHTML, like Gecko) Chrome/85.0.4183.102 Safari/537.36"
54.169.147.125 - - [15/Mar/2025:19:15:57 +0700] "GET /asetk.php HTTP/1.1" 404 3380 "-" "Mozilla/5.0 (Windows NT 10.0; Win64; x64) AppleWebKit/537.36 (KHTML, like Gecko) Chrome/85.0.4183.102 Safari/537.36"
54.169.147.125 - - [15/Mar/2025:19:16:00 +0700] "GET /asetwp.php HTTP/1.1" 301 0 "-" "Mozilla/5.0 (Windows NT 10.0; Win64; x64) AppleWebKit/537.36 (KHTML, like Gecko) Chrome/85.0.4183.102 Safari/537.36"
54.169.147.125 - - [15/Mar/2025:19:16:02 +0700] "GET /asetwp.php HTTP/1.1" 404 3380 "-" "Mozilla/5.0 (Windows NT 10.0; Win64; x64) AppleWebKit/537.36 (KHTML, like Gecko) Chrome/85.0.4183.102 Safari/537.36"
196.251.66.5 - - [15/Mar/2025:19:16:07 +0700] "GET /wp-admin/install.php?step=2 HTTP/1.1" 403 1242 "-" "Mozilla/5.0 (Windows NT 6.1; WOW64; rv:54.0) Gecko/20100101 Firefox/54.0"
54.169.147.125 - - [15/Mar/2025:19:16:05 +0700] "GET /asset/admin.php HTTP/1.1" 301 0 "-" "Mozilla/5.0 (Windows NT 10.0; Win64; x64) AppleWebKit/537.36 (KHTML, like Gecko) Chrome/85.0.4183.102 Safari/537.36"
196.251.66.5 - - [15/Mar/2025:19:16:07 +0700] "GET /vendor/htmlawed/htmlawed/htmLawedTest.php HTTP/1.1" 301 0 "-" "Mozilla/5.0 (Windows NT 6.1; WOW64) AppleWebKit/537.36 (KHTML, like Gecko) Chrome/91.0.4472.124 Safari/537.36"
196.251.66.5 - - [15/Mar/2025:19:16:07 +0700] "GET /telerik.web.ui.dialoghandler.aspx HTTP/1.1" 301 0 "-" "Mozilla/5.0 (Windows NT 6.1; WOW64; rv:54.0) Gecko/20100101 Firefox/54.0"
54.169.147.125 - - [15/Mar/2025:19:16:09 +0700] "GET /asset/admin.php HTTP/1.1" 404 3380 "-" "Mozilla/5.0 (Windows NT 10.0; Win64; x64) AppleWebKit/537.36 (KHTML, like Gecko) Chrome/85.0.4183.102 Safari/537.36"
54.169.147.125 - - [15/Mar/2025:19:16:13 +0700] "GET /asset/alfa.php HTTP/1.1" 301 0 "-" "Mozilla/5.0 (Windows NT 10.0; Win64; x64) AppleWebKit/537.36 (KHTML, like Gecko) Chrome/85.0.4183.102 Safari/537.36"
54.169.147.125 - - [15/Mar/2025:19:16:15 +0700] "GET /asset/alfa.php HTTP/1.1" 404 3380 "-" "Mozilla/5.0 (Windows NT 10.0; Win64; x64) AppleWebKit/537.36 (KHTML, like Gecko) Chrome/85.0.4183.102 Safari/537.36"
54.169.147.125 - - [15/Mar/2025:19:16:18 +0700] "GET /asset/bypass.php HTTP/1.1" 301 0 "-" "Mozilla/5.0 (Windows NT 10.0; Win64; x64) AppleWebKit/537.36 (KHTML, like Gecko) Chrome/85.0.4183.102 Safari/537.36"
54.169.147.125 - - [15/Mar/2025:19:16:20 +0700] "GET /asset/bypass.php HTTP/1.1" 404 3380 "-" "Mozilla/5.0 (Windows NT 10.0; Win64; x64) AppleWebKit/537.36 (KHTML, like Gecko) Chrome/85.0.4183.102 Safari/537.36"
54.169.147.125 - - [15/Mar/2025:19:16:23 +0700] "GET /asset/index.php HTTP/1.1" 301 0 "-" "Mozilla/5.0 (Windows NT 10.0; Win64; x64) AppleWebKit/537.36 (KHTML, like Gecko) Chrome/85.0.4183.102 Safari/537.36"
54.169.147.125 - - [15/Mar/2025:19:16:25 +0700] "GET /asset/ HTTP/1.1" 404 3380 "-" "Mozilla/5.0 (Windows NT 10.0; Win64; x64) AppleWebKit/537.36 (KHTML, like Gecko) Chrome/85.0.4183.102 Safari/537.36"
54.169.147.125 - - [15/Mar/2025:19:16:31 +0700] "GET /asset/k.php HTTP/1.1" 301 0 "-" "Mozilla/5.0 (Windows NT 10.0; Win64; x64) AppleWebKit/537.36 (KHTML, like Gecko) Chrome/85.0.4183.102 Safari/537.36"
54.169.147.125 - - [15/Mar/2025:19:16:34 +0700] "GET /asset/k.php HTTP/1.1" 404 3380 "-" "Mozilla/5.0 (Windows NT 10.0; Win64; x64) AppleWebKit/537.36 (KHTML, like Gecko) Chrome/85.0.4183.102 Safari/537.36"
54.169.147.125 - - [15/Mar/2025:19:16:36 +0700] "GET /asset/wp.php HTTP/1.1" 301 0 "-" "Mozilla/5.0 (Windows NT 10.0; Win64; x64) AppleWebKit/537.36 (KHTML, like Gecko) Chrome/85.0.4183.102 Safari/537.36"
54.169.147.125 - - [15/Mar/2025:19:16:39 +0700] "GET /asset/wp.php HTTP/1.1" 404 3380 "-" "Mozilla/5.0 (Windows NT 10.0; Win64; x64) AppleWebKit/537.36 (KHTML, like Gecko) Chrome/85.0.4183.102 Safari/537.36"
54.169.147.125 - - [15/Mar/2025:19:16:41 +0700] "GET /assetadmin.php HTTP/1.1" 301 0 "-" "Mozilla/5.0 (Windows NT 10.0; Win64; x64) AppleWebKit/537.36 (KHTML, like Gecko) Chrome/85.0.4183.102 Safari/537.36"
54.169.147.125 - - [15/Mar/2025:19:16:44 +0700] "GET /assetadmin.php HTTP/1.1" 404 3380 "-" "Mozilla/5.0 (Windows NT 10.0; Win64; x64) AppleWebKit/537.36 (KHTML, like Gecko) Chrome/85.0.4183.102 Safari/537.36"
54.169.147.125 - - [15/Mar/2025:19:16:46 +0700] "GET /assetalfa.php HTTP/1.1" 301 0 "-" "Mozilla/5.0 (Windows NT 10.0; Win64; x64) AppleWebKit/537.36 (KHTML, like Gecko) Chrome/85.0.4183.102 Safari/537.36"
54.169.147.125 - - [15/Mar/2025:19:16:48 +0700] "GET /assetalfa.php HTTP/1.1" 404 3380 "-" "Mozilla/5.0 (Windows NT 10.0; Win64; x64) AppleWebKit/537.36 (KHTML, like Gecko) Chrome/85.0.4183.102 Safari/537.36"
180.235.151.3 - - [15/Mar/2025:19:16:54 +0700] "POST /wp-cron.php?doing_wp_cron=1742041014.3960480690002441406250 HTTP/1.1" 403 1242 "-" "WordPress/6.7.2; https://www.aturtoko.id"
54.169.147.125 - - [15/Mar/2025:19:16:52 +0700] "GET /assetbypass.php HTTP/1.1" 301 0 "-" "Mozilla/5.0 (Windows NT 10.0; Win64; x64) AppleWebKit/537.36 (KHTML, like Gecko) Chrome/85.0.4183.102 Safari/537.36"
54.169.147.125 - - [15/Mar/2025:19:16:54 +0700] "GET /assetbypass.php HTTP/1.1" 404 3380 "-" "Mozilla/5.0 (Windows NT 10.0; Win64; x64) AppleWebKit/537.36 (KHTML, like Gecko) Chrome/85.0.4183.102 Safari/537.36"
54.169.147.125 - - [15/Mar/2025:19:16:57 +0700] "GET /assetk.php HTTP/1.1" 301 0 "-" "Mozilla/5.0 (Windows NT 10.0; Win64; x64) AppleWebKit/537.36 (KHTML, like Gecko) Chrome/85.0.4183.102 Safari/537.36"
54.169.147.125 - - [15/Mar/2025:19:16:59 +0700] "GET /assetk.php HTTP/1.1" 404 3380 "-" "Mozilla/5.0 (Windows NT 10.0; Win64; x64) AppleWebKit/537.36 (KHTML, like Gecko) Chrome/85.0.4183.102 Safari/537.36"
54.169.147.125 - - [15/Mar/2025:19:17:02 +0700] "GET /assets/admin.php HTTP/1.1" 301 0 "-" "Mozilla/5.0 (Windows NT 10.0; Win64; x64) AppleWebKit/537.36 (KHTML, like Gecko) Chrome/85.0.4183.102 Safari/537.36"
54.169.147.125 - - [15/Mar/2025:19:17:05 +0700] "GET /assets/admin.php HTTP/1.1" 404 3380 "-" "Mozilla/5.0 (Windows NT 10.0; Win64; x64) AppleWebKit/537.36 (KHTML, like Gecko) Chrome/85.0.4183.102 Safari/537.36"
54.169.147.125 - - [15/Mar/2025:19:17:08 +0700] "GET /assets/alfa.php HTTP/1.1" 301 0 "-" "Mozilla/5.0 (Windows NT 10.0; Win64; x64) AppleWebKit/537.36 (KHTML, like Gecko) Chrome/85.0.4183.102 Safari/537.36"
54.169.147.125 - - [15/Mar/2025:19:17:10 +0700] "GET /assets/alfa.php HTTP/1.1" 404 3380 "-" "Mozilla/5.0 (Windows NT 10.0; Win64; x64) AppleWebKit/537.36 (KHTML, like Gecko) Chrome/85.0.4183.102 Safari/537.36"
185.191.171.4 - - [15/Mar/2025:19:17:11 +0700] "GET /en/blog/aturtoko-update/program-shopee-bantu-umkm HTTP/1.1" 404 3380 "-" "Mozilla/5.0 (compatible; SemrushBot/7~bl; +http://www.semrush.com/bot.html)"
54.169.147.125 - - [15/Mar/2025:19:17:13 +0700] "GET /assets/bypass.php HTTP/1.1" 301 0 "-" "Mozilla/5.0 (Windows NT 10.0; Win64; x64) AppleWebKit/537.36 (KHTML, like Gecko) Chrome/85.0.4183.102 Safari/537.36"
196.251.66.5 - - [15/Mar/2025:19:17:16 +0700] "GET /wp-admin/setup-config.php?step=1 HTTP/1.1" 403 1242 "-" "Mozilla/5.0 (Windows NT 10.0; Win64; x64) AppleWebKit/537.36 (KHTML, like Gecko) Chrome/91.0.4472.124 Safari/537.36"
54.169.147.125 - - [15/Mar/2025:19:17:15 +0700] "GET /assets/bypass.php HTTP/1.1" 404 3380 "-" "Mozilla/5.0 (Windows NT 10.0; Win64; x64) AppleWebKit/537.36 (KHTML, like Gecko) Chrome/85.0.4183.102 Safari/537.36"
54.169.147.125 - - [15/Mar/2025:19:17:19 +0700] "GET /assets/index.php HTTP/1.1" 301 0 "-" "Mozilla/5.0 (Windows NT 10.0; Win64; x64) AppleWebKit/537.36 (KHTML, like Gecko) Chrome/85.0.4183.102 Safari/537.36"
54.169.147.125 - - [15/Mar/2025:19:17:22 +0700] "GET /assets/ HTTP/1.1" 404 3380 "-" "Mozilla/5.0 (Windows NT 10.0; Win64; x64) AppleWebKit/537.36 (KHTML, like Gecko) Chrome/85.0.4183.102 Safari/537.36"
54.169.147.125 - - [15/Mar/2025:19:17:27 +0700] "GET /assets/k.php HTTP/1.1" 301 0 "-" "Mozilla/5.0 (Windows NT 10.0; Win64; x64) AppleWebKit/537.36 (KHTML, like Gecko) Chrome/85.0.4183.102 Safari/537.36"
54.169.147.125 - - [15/Mar/2025:19:17:29 +0700] "GET /assets/k.php HTTP/1.1" 404 3380 "-" "Mozilla/5.0 (Windows NT 10.0; Win64; x64) AppleWebKit/537.36 (KHTML, like Gecko) Chrome/85.0.4183.102 Safari/537.36"
54.169.147.125 - - [15/Mar/2025:19:17:32 +0700] "GET /assets/wp.php HTTP/1.1" 301 0 "-" "Mozilla/5.0 (Windows NT 10.0; Win64; x64) AppleWebKit/537.36 (KHTML, like Gecko) Chrome/85.0.4183.102 Safari/537.36"
54.169.147.125 - - [15/Mar/2025:19:17:34 +0700] "GET /assets/wp.php HTTP/1.1" 404 3380 "-" "Mozilla/5.0 (Windows NT 10.0; Win64; x64) AppleWebKit/537.36 (KHTML, like Gecko) Chrome/85.0.4183.102 Safari/537.36"
54.169.147.125 - - [15/Mar/2025:19:17:37 +0700] "GET /assetsadmin.php HTTP/1.1" 301 0 "-" "Mozilla/5.0 (Windows NT 10.0; Win64; x64) AppleWebKit/537.36 (KHTML, like Gecko) Chrome/85.0.4183.102 Safari/537.36"
54.169.147.125 - - [15/Mar/2025:19:17:40 +0700] "GET /assetsadmin.php HTTP/1.1" 404 3380 "-" "Mozilla/5.0 (Windows NT 10.0; Win64; x64) AppleWebKit/537.36 (KHTML, like Gecko) Chrome/85.0.4183.102 Safari/537.36"
196.251.66.5 - - [15/Mar/2025:19:17:37 +0700] "GET /wp-admin/wp-admin/install.php?step=2 HTTP/1.1" 301 0 "-" "Mozilla/5.0 (Windows NT 6.1; WOW64) AppleWebKit/537.36 (KHTML, like Gecko) Chrome/91.0.4472.124 Safari/537.36"
196.251.66.5 - - [15/Mar/2025:19:17:43 +0700] "GET /wp-admin/wp-admin/install.php?step=2 HTTP/1.1" 200 0 "http://aturtoko.id/wp-admin/wp-admin/install.php?step=2" "Mozilla/5.0 (Windows NT 6.1; WOW64) AppleWebKit/537.36 (KHTML, like Gecko) Chrome/91.0.4472.124 Safari/537.36"
54.169.147.125 - - [15/Mar/2025:19:17:45 +0700] "GET /assetsalfa.php HTTP/1.1" 301 0 "-" "Mozilla/5.0 (Windows NT 10.0; Win64; x64) AppleWebKit/537.36 (KHTML, like Gecko) Chrome/85.0.4183.102 Safari/537.36"
54.169.147.125 - - [15/Mar/2025:19:17:48 +0700] "GET /assetsalfa.php HTTP/1.1" 404 3380 "-" "Mozilla/5.0 (Windows NT 10.0; Win64; x64) AppleWebKit/537.36 (KHTML, like Gecko) Chrome/85.0.4183.102 Safari/537.36"
54.169.147.125 - - [15/Mar/2025:19:17:51 +0700] "GET /assetsbypass.php HTTP/1.1" 301 0 "-" "Mozilla/5.0 (Windows NT 10.0; Win64; x64) AppleWebKit/537.36 (KHTML, like Gecko) Chrome/85.0.4183.102 Safari/537.36"
180.235.151.3 - - [15/Mar/2025:19:17:56 +0700] "POST /wp-cron.php?doing_wp_cron=1742041076.3010129928588867187500 HTTP/1.1" 403 1242 "-" "WordPress/6.7.2; https://www.aturtoko.id"
54.169.147.125 - - [15/Mar/2025:19:17:54 +0700] "GET /assetsbypass.php HTTP/1.1" 404 3380 "-" "Mozilla/5.0 (Windows NT 10.0; Win64; x64) AppleWebKit/537.36 (KHTML, like Gecko) Chrome/85.0.4183.102 Safari/537.36"
54.169.147.125 - - [15/Mar/2025:19:17:57 +0700] "GET /assetsk.php HTTP/1.1" 301 0 "-" "Mozilla/5.0 (Windows NT 10.0; Win64; x64) AppleWebKit/537.36 (KHTML, like Gecko) Chrome/85.0.4183.102 Safari/537.36"
54.169.147.125 - - [15/Mar/2025:19:17:59 +0700] "GET /assetsk.php HTTP/1.1" 404 3380 "-" "Mozilla/5.0 (Windows NT 10.0; Win64; x64) AppleWebKit/537.36 (KHTML, like Gecko) Chrome/85.0.4183.102 Safari/537.36"
54.169.147.125 - - [15/Mar/2025:19:18:02 +0700] "GET /assetswp.php HTTP/1.1" 301 0 "-" "Mozilla/5.0 (Windows NT 10.0; Win64; x64) AppleWebKit/537.36 (KHTML, like Gecko) Chrome/85.0.4183.102 Safari/537.36"
54.169.147.125 - - [15/Mar/2025:19:18:05 +0700] "GET /assetswp.php HTTP/1.1" 404 3380 "-" "Mozilla/5.0 (Windows NT 10.0; Win64; x64) AppleWebKit/537.36 (KHTML, like Gecko) Chrome/85.0.4183.102 Safari/537.36"
54.169.147.125 - - [15/Mar/2025:19:18:08 +0700] "GET /assetwp.php HTTP/1.1" 301 0 "-" "Mozilla/5.0 (Windows NT 10.0; Win64; x64) AppleWebKit/537.36 (KHTML, like Gecko) Chrome/85.0.4183.102 Safari/537.36"
54.169.147.125 - - [15/Mar/2025:19:18:10 +0700] "GET /assetwp.php HTTP/1.1" 404 3380 "-" "Mozilla/5.0 (Windows NT 10.0; Win64; x64) AppleWebKit/537.36 (KHTML, like Gecko) Chrome/85.0.4183.102 Safari/537.36"
54.169.147.125 - - [15/Mar/2025:19:18:16 +0700] "GET /asu.php HTTP/1.1" 301 0 "-" "Mozilla/5.0 (Windows NT 10.0; Win64; x64) AppleWebKit/537.36 (KHTML, like Gecko) Chrome/85.0.4183.102 Safari/537.36"
54.169.147.125 - - [15/Mar/2025:19:18:18 +0700] "GET /asu.php HTTP/1.1" 404 3380 "-" "Mozilla/5.0 (Windows NT 10.0; Win64; x64) AppleWebKit/537.36 (KHTML, like Gecko) Chrome/85.0.4183.102 Safari/537.36"
54.169.147.125 - - [15/Mar/2025:19:18:28 +0700] "GET /atomlib.php HTTP/1.1" 301 0 "-" "Mozilla/5.0 (Windows NT 10.0; Win64; x64) AppleWebKit/537.36 (KHTML, like Gecko) Chrome/85.0.4183.102 Safari/537.36"
54.169.147.125 - - [15/Mar/2025:19:18:30 +0700] "GET /atomlib.php HTTP/1.1" 404 3380 "-" "Mozilla/5.0 (Windows NT 10.0; Win64; x64) AppleWebKit/537.36 (KHTML, like Gecko) Chrome/85.0.4183.102 Safari/537.36"
54.169.147.125 - - [15/Mar/2025:19:18:33 +0700] "GET /autoload_classmap.php HTTP/1.1" 301 0 "-" "Mozilla/5.0 (Windows NT 10.0; Win64; x64) AppleWebKit/537.36 (KHTML, like Gecko) Chrome/85.0.4183.102 Safari/537.36"
66.249.75.228 - - [15/Mar/2025:19:18:34 +0700] "GET /benchmarking/item/32281834902.shtm HTTP/1.1" 200 19775 "-" "Mozilla/5.0 (Linux; Android 6.0.1; Nexus 5X Build/MMB29P) AppleWebKit/537.36 (KHTML, like Gecko) Chrome/133.0.6943.141 Mobile Safari/537.36 (compatible; GoogleOther)"
54.169.147.125 - - [15/Mar/2025:19:18:35 +0700] "GET /autoload_classmap.php HTTP/1.1" 404 3380 "-" "Mozilla/5.0 (Windows NT 10.0; Win64; x64) AppleWebKit/537.36 (KHTML, like Gecko) Chrome/85.0.4183.102 Safari/537.36"
54.169.147.125 - - [15/Mar/2025:19:18:38 +0700] "GET /av.php HTTP/1.1" 301 0 "-" "Mozilla/5.0 (Windows NT 10.0; Win64; x64) AppleWebKit/537.36 (KHTML, like Gecko) Chrome/85.0.4183.102 Safari/537.36"
54.169.147.125 - - [15/Mar/2025:19:18:40 +0700] "GET /av.php HTTP/1.1" 404 3380 "-" "Mozilla/5.0 (Windows NT 10.0; Win64; x64) AppleWebKit/537.36 (KHTML, like Gecko) Chrome/85.0.4183.102 Safari/537.36"
54.169.147.125 - - [15/Mar/2025:19:18:45 +0700] "GET /ayk.php HTTP/1.1" 301 0 "-" "Mozilla/5.0 (Windows NT 10.0; Win64; x64) AppleWebKit/537.36 (KHTML, like Gecko) Chrome/85.0.4183.102 Safari/537.36"
54.169.147.125 - - [15/Mar/2025:19:18:47 +0700] "GET /ayk.php HTTP/1.1" 404 3380 "-" "Mozilla/5.0 (Windows NT 10.0; Win64; x64) AppleWebKit/537.36 (KHTML, like Gecko) Chrome/85.0.4183.102 Safari/537.36"
52.167.144.169 - - [15/Mar/2025:19:18:50 +0700] "GET /en/blog/tag/omnichannel HTTP/1.1" 200 19565 "-" "Mozilla/5.0 AppleWebKit/537.36 (KHTML, like Gecko; compatible; bingbot/2.0; +http://www.bing.com/bingbot.htm) Chrome/116.0.1938.76 Safari/537.36"
54.169.147.125 - - [15/Mar/2025:19:18:51 +0700] "GET /azdare.php HTTP/1.1" 301 0 "-" "Mozilla/5.0 (Windows NT 10.0; Win64; x64) AppleWebKit/537.36 (KHTML, like Gecko) Chrome/85.0.4183.102 Safari/537.36"
54.169.147.125 - - [15/Mar/2025:19:18:53 +0700] "GET /azdare.php HTTP/1.1" 404 3380 "-" "Mozilla/5.0 (Windows NT 10.0; Win64; x64) AppleWebKit/537.36 (KHTML, like Gecko) Chrome/85.0.4183.102 Safari/537.36"
180.235.151.3 - - [15/Mar/2025:19:18:56 +0700] "POST /wp-cron.php?doing_wp_cron=1742041136.5443899631500244140625 HTTP/1.1" 403 1242 "-" "WordPress/6.7.2; https://www.aturtoko.id"
216.244.66.248 - - [15/Mar/2025:19:18:52 +0700] "GET /ms/blog/tag/pebisnis/ HTTP/1.1" 404 11504 "-" "Mozilla/5.0 (compatible; DotBot/1.2; +https://opensiteexplorer.org/dotbot; help@moz.com)"
54.169.147.125 - - [15/Mar/2025:19:18:56 +0700] "GET /b.php HTTP/1.1" 301 0 "-" "Mozilla/5.0 (Windows NT 10.0; Win64; x64) AppleWebKit/537.36 (KHTML, like Gecko) Chrome/85.0.4183.102 Safari/537.36"
54.169.147.125 - - [15/Mar/2025:19:18:58 +0700] "GET /b.php HTTP/1.1" 404 3380 "-" "Mozilla/5.0 (Windows NT 10.0; Win64; x64) AppleWebKit/537.36 (KHTML, like Gecko) Chrome/85.0.4183.102 Safari/537.36"
54.169.147.125 - - [15/Mar/2025:19:19:02 +0700] "GET /b374k.php HTTP/1.1" 301 0 "-" "Mozilla/5.0 (Windows NT 10.0; Win64; x64) AppleWebKit/537.36 (KHTML, like Gecko) Chrome/85.0.4183.102 Safari/537.36"
66.249.75.228 - - [15/Mar/2025:19:19:04 +0700] "GET /absorb/32281794272.shtm HTTP/1.1" 200 21586 "-" "Mozilla/5.0 (compatible; Googlebot/2.1; +http://www.google.com/bot.html)"
54.169.147.125 - - [15/Mar/2025:19:19:04 +0700] "GET /b374k.php HTTP/1.1" 404 3380 "-" "Mozilla/5.0 (Windows NT 10.0; Win64; x64) AppleWebKit/537.36 (KHTML, like Gecko) Chrome/85.0.4183.102 Safari/537.36"
54.169.147.125 - - [15/Mar/2025:19:19:07 +0700] "GET /back.php HTTP/1.1" 301 0 "-" "Mozilla/5.0 (Windows NT 10.0; Win64; x64) AppleWebKit/537.36 (KHTML, like Gecko) Chrome/85.0.4183.102 Safari/537.36"
54.169.147.125 - - [15/Mar/2025:19:19:09 +0700] "GET /back.php HTTP/1.1" 404 3380 "-" "Mozilla/5.0 (Windows NT 10.0; Win64; x64) AppleWebKit/537.36 (KHTML, like Gecko) Chrome/85.0.4183.102 Safari/537.36"
54.169.147.125 - - [15/Mar/2025:19:19:12 +0700] "GET /baindex.php HTTP/1.1" 301 0 "-" "Mozilla/5.0 (Windows NT 10.0; Win64; x64) AppleWebKit/537.36 (KHTML, like Gecko) Chrome/85.0.4183.102 Safari/537.36"
54.169.147.125 - - [15/Mar/2025:19:19:15 +0700] "GET /baindex.php HTTP/1.1" 404 3380 "-" "Mozilla/5.0 (Windows NT 10.0; Win64; x64) AppleWebKit/537.36 (KHTML, like Gecko) Chrome/85.0.4183.102 Safari/537.36"
54.169.147.125 - - [15/Mar/2025:19:19:19 +0700] "GET /base.php HTTP/1.1" 301 0 "-" "Mozilla/5.0 (Windows NT 10.0; Win64; x64) AppleWebKit/537.36 (KHTML, like Gecko) Chrome/85.0.4183.102 Safari/537.36"
54.169.147.125 - - [15/Mar/2025:19:19:22 +0700] "GET /base.php HTTP/1.1" 404 3380 "-" "Mozilla/5.0 (Windows NT 10.0; Win64; x64) AppleWebKit/537.36 (KHTML, like Gecko) Chrome/85.0.4183.102 Safari/537.36"
54.169.147.125 - - [15/Mar/2025:19:19:24 +0700] "GET /batm.php HTTP/1.1" 301 0 "-" "Mozilla/5.0 (Windows NT 10.0; Win64; x64) AppleWebKit/537.36 (KHTML, like Gecko) Chrome/85.0.4183.102 Safari/537.36"
54.169.147.125 - - [15/Mar/2025:19:19:27 +0700] "GET /batm.php HTTP/1.1" 404 3380 "-" "Mozilla/5.0 (Windows NT 10.0; Win64; x64) AppleWebKit/537.36 (KHTML, like Gecko) Chrome/85.0.4183.102 Safari/537.36"
54.169.147.125 - - [15/Mar/2025:19:19:30 +0700] "GET /bb.php HTTP/1.1" 301 0 "-" "Mozilla/5.0 (Windows NT 10.0; Win64; x64) AppleWebKit/537.36 (KHTML, like Gecko) Chrome/85.0.4183.102 Safari/537.36"
54.169.147.125 - - [15/Mar/2025:19:19:32 +0700] "GET /bb.php HTTP/1.1" 404 3380 "-" "Mozilla/5.0 (Windows NT 10.0; Win64; x64) AppleWebKit/537.36 (KHTML, like Gecko) Chrome/85.0.4183.102 Safari/537.36"
66.249.71.9 - - [15/Mar/2025:19:19:39 +0700] "POST /get-message-notify HTTP/1.1" 200 22056 "http://www.aturtoko.id/absorb/32281794272.shtm" "Mozilla/5.0 AppleWebKit/537.36 (KHTML, like Gecko; compatible; Googlebot/2.1; +http://www.google.com/bot.html) Chrome/133.0.6943.141 Safari/537.36"
54.169.147.125 - - [15/Mar/2025:19:19:38 +0700] "GET /bbb.php HTTP/1.1" 301 0 "-" "Mozilla/5.0 (Windows NT 10.0; Win64; x64) AppleWebKit/537.36 (KHTML, like Gecko) Chrome/85.0.4183.102 Safari/537.36"
54.169.147.125 - - [15/Mar/2025:19:19:41 +0700] "GET /bbb.php HTTP/1.1" 404 3380 "-" "Mozilla/5.0 (Windows NT 10.0; Win64; x64) AppleWebKit/537.36 (KHTML, like Gecko) Chrome/85.0.4183.102 Safari/537.36"
54.169.147.125 - - [15/Mar/2025:19:19:44 +0700] "GET /beence.php HTTP/1.1" 301 0 "-" "Mozilla/5.0 (Windows NT 10.0; Win64; x64) AppleWebKit/537.36 (KHTML, like Gecko) Chrome/85.0.4183.102 Safari/537.36"
54.169.147.125 - - [15/Mar/2025:19:19:47 +0700] "GET /beence.php HTTP/1.1" 404 3380 "-" "Mozilla/5.0 (Windows NT 10.0; Win64; x64) AppleWebKit/537.36 (KHTML, like Gecko) Chrome/85.0.4183.102 Safari/537.36"
54.169.147.125 - - [15/Mar/2025:19:19:49 +0700] "GET /bin/admin.php HTTP/1.1" 301 0 "-" "Mozilla/5.0 (Windows NT 10.0; Win64; x64) AppleWebKit/537.36 (KHTML, like Gecko) Chrome/85.0.4183.102 Safari/537.36"
54.169.147.125 - - [15/Mar/2025:19:19:52 +0700] "GET /bin/admin.php HTTP/1.1" 404 3380 "-" "Mozilla/5.0 (Windows NT 10.0; Win64; x64) AppleWebKit/537.36 (KHTML, like Gecko) Chrome/85.0.4183.102 Safari/537.36"
180.235.151.3 - - [15/Mar/2025:19:19:57 +0700] "POST /wp-cron.php?doing_wp_cron=1742041197.7308380603790283203125 HTTP/1.1" 403 1242 "-" "WordPress/6.7.2; https://www.aturtoko.id"
54.169.147.125 - - [15/Mar/2025:19:19:55 +0700] "GET /bin/alfa.php HTTP/1.1" 301 0 "-" "Mozilla/5.0 (Windows NT 10.0; Win64; x64) AppleWebKit/537.36 (KHTML, like Gecko) Chrome/85.0.4183.102 Safari/537.36"
54.169.147.125 - - [15/Mar/2025:19:19:57 +0700] "GET /bin/alfa.php HTTP/1.1" 404 3380 "-" "Mozilla/5.0 (Windows NT 10.0; Win64; x64) AppleWebKit/537.36 (KHTML, like Gecko) Chrome/85.0.4183.102 Safari/537.36"
54.169.147.125 - - [15/Mar/2025:19:20:01 +0700] "GET /bin/bypass.php HTTP/1.1" 301 0 "-" "Mozilla/5.0 (Windows NT 10.0; Win64; x64) AppleWebKit/537.36 (KHTML, like Gecko) Chrome/85.0.4183.102 Safari/537.36"
54.169.147.125 - - [15/Mar/2025:19:20:03 +0700] "GET /bin/bypass.php HTTP/1.1" 404 3380 "-" "Mozilla/5.0 (Windows NT 10.0; Win64; x64) AppleWebKit/537.36 (KHTML, like Gecko) Chrome/85.0.4183.102 Safari/537.36"
54.169.147.125 - - [15/Mar/2025:19:20:07 +0700] "GET /bin/index.php HTTP/1.1" 301 0 "-" "Mozilla/5.0 (Windows NT 10.0; Win64; x64) AppleWebKit/537.36 (KHTML, like Gecko) Chrome/85.0.4183.102 Safari/537.36"
54.169.147.125 - - [15/Mar/2025:19:20:10 +0700] "GET /bin/ HTTP/1.1" 404 3380 "-" "Mozilla/5.0 (Windows NT 10.0; Win64; x64) AppleWebKit/537.36 (KHTML, like Gecko) Chrome/85.0.4183.102 Safari/537.36"
54.169.147.125 - - [15/Mar/2025:19:20:16 +0700] "GET /bin/k.php HTTP/1.1" 301 0 "-" "Mozilla/5.0 (Windows NT 10.0; Win64; x64) AppleWebKit/537.36 (KHTML, like Gecko) Chrome/85.0.4183.102 Safari/537.36"
54.169.147.125 - - [15/Mar/2025:19:20:19 +0700] "GET /bin/k.php HTTP/1.1" 404 3380 "-" "Mozilla/5.0 (Windows NT 10.0; Win64; x64) AppleWebKit/537.36 (KHTML, like Gecko) Chrome/85.0.4183.102 Safari/537.36"
54.169.147.125 - - [15/Mar/2025:19:20:23 +0700] "GET /bin/wp.php HTTP/1.1" 301 0 "-" "Mozilla/5.0 (Windows NT 10.0; Win64; x64) AppleWebKit/537.36 (KHTML, like Gecko) Chrome/85.0.4183.102 Safari/537.36"
54.169.147.125 - - [15/Mar/2025:19:20:25 +0700] "GET /bin/wp.php HTTP/1.1" 404 3380 "-" "Mozilla/5.0 (Windows NT 10.0; Win64; x64) AppleWebKit/537.36 (KHTML, like Gecko) Chrome/85.0.4183.102 Safari/537.36"
54.169.147.125 - - [15/Mar/2025:19:20:28 +0700] "GET /binadmin.php HTTP/1.1" 301 0 "-" "Mozilla/5.0 (Windows NT 10.0; Win64; x64) AppleWebKit/537.36 (KHTML, like Gecko) Chrome/85.0.4183.102 Safari/537.36"
54.169.147.125 - - [15/Mar/2025:19:20:30 +0700] "GET /binadmin.php HTTP/1.1" 404 3380 "-" "Mozilla/5.0 (Windows NT 10.0; Win64; x64) AppleWebKit/537.36 (KHTML, like Gecko) Chrome/85.0.4183.102 Safari/537.36"
54.169.147.125 - - [15/Mar/2025:19:20:34 +0700] "GET /binalfa.php HTTP/1.1" 301 0 "-" "Mozilla/5.0 (Windows NT 10.0; Win64; x64) AppleWebKit/537.36 (KHTML, like Gecko) Chrome/85.0.4183.102 Safari/537.36"
54.169.147.125 - - [15/Mar/2025:19:20:37 +0700] "GET /binalfa.php HTTP/1.1" 404 3380 "-" "Mozilla/5.0 (Windows NT 10.0; Win64; x64) AppleWebKit/537.36 (KHTML, like Gecko) Chrome/85.0.4183.102 Safari/537.36"
54.169.147.125 - - [15/Mar/2025:19:20:41 +0700] "GET /binbypass.php HTTP/1.1" 301 0 "-" "Mozilla/5.0 (Windows NT 10.0; Win64; x64) AppleWebKit/537.36 (KHTML, like Gecko) Chrome/85.0.4183.102 Safari/537.36"
54.169.147.125 - - [15/Mar/2025:19:20:44 +0700] "GET /binbypass.php HTTP/1.1" 404 3380 "-" "Mozilla/5.0 (Windows NT 10.0; Win64; x64) AppleWebKit/537.36 (KHTML, like Gecko) Chrome/85.0.4183.102 Safari/537.36"
54.169.147.125 - - [15/Mar/2025:19:20:49 +0700] "GET /bink.php HTTP/1.1" 301 0 "-" "Mozilla/5.0 (Windows NT 10.0; Win64; x64) AppleWebKit/537.36 (KHTML, like Gecko) Chrome/85.0.4183.102 Safari/537.36"
54.169.147.125 - - [15/Mar/2025:19:20:52 +0700] "GET /bink.php HTTP/1.1" 404 3380 "-" "Mozilla/5.0 (Windows NT 10.0; Win64; x64) AppleWebKit/537.36 (KHTML, like Gecko) Chrome/85.0.4183.102 Safari/537.36"
180.235.151.3 - - [15/Mar/2025:19:21:00 +0700] "POST /wp-cron.php?doing_wp_cron=1742041260.4588639736175537109375 HTTP/1.1" 403 1242 "-" "WordPress/6.7.2; https://www.aturtoko.id"
54.169.147.125 - - [15/Mar/2025:19:20:56 +0700] "GET /binwp.php HTTP/1.1" 301 0 "-" "Mozilla/5.0 (Windows NT 10.0; Win64; x64) AppleWebKit/537.36 (KHTML, like Gecko) Chrome/85.0.4183.102 Safari/537.36"
54.169.147.125 - - [15/Mar/2025:19:21:00 +0700] "GET /binwp.php HTTP/1.1" 404 3380 "-" "Mozilla/5.0 (Windows NT 10.0; Win64; x64) AppleWebKit/537.36 (KHTML, like Gecko) Chrome/85.0.4183.102 Safari/537.36"
54.169.147.125 - - [15/Mar/2025:19:21:05 +0700] "GET /bitwise.php HTTP/1.1" 301 0 "-" "Mozilla/5.0 (Windows NT 10.0; Win64; x64) AppleWebKit/537.36 (KHTML, like Gecko) Chrome/85.0.4183.102 Safari/537.36"
54.169.147.125 - - [15/Mar/2025:19:21:08 +0700] "GET /bitwise.php HTTP/1.1" 404 3380 "-" "Mozilla/5.0 (Windows NT 10.0; Win64; x64) AppleWebKit/537.36 (KHTML, like Gecko) Chrome/85.0.4183.102 Safari/537.36"
216.244.66.248 - - [15/Mar/2025:19:21:13 +0700] "GET /ms/blog/tag/pemasaran/page/4/ HTTP/1.1" 404 11504 "-" "Mozilla/5.0 (compatible; DotBot/1.2; +https://opensiteexplorer.org/dotbot; help@moz.com)"
54.169.147.125 - - [15/Mar/2025:19:21:12 +0700] "GET /bj.php HTTP/1.1" 301 0 "-" "Mozilla/5.0 (Windows NT 10.0; Win64; x64) AppleWebKit/537.36 (KHTML, like Gecko) Chrome/85.0.4183.102 Safari/537.36"
54.169.147.125 - - [15/Mar/2025:19:21:18 +0700] "GET /bj.php HTTP/1.1" 404 3380 "-" "Mozilla/5.0 (Windows NT 10.0; Win64; x64) AppleWebKit/537.36 (KHTML, like Gecko) Chrome/85.0.4183.102 Safari/537.36"
54.169.147.125 - - [15/Mar/2025:19:21:26 +0700] "GET /bkv74.php HTTP/1.1" 301 0 "-" "Mozilla/5.0 (Windows NT 10.0; Win64; x64) AppleWebKit/537.36 (KHTML, like Gecko) Chrome/85.0.4183.102 Safari/537.36"
54.169.147.125 - - [15/Mar/2025:19:21:30 +0700] "GET /bkv74.php HTTP/1.1" 404 3380 "-" "Mozilla/5.0 (Windows NT 10.0; Win64; x64) AppleWebKit/537.36 (KHTML, like Gecko) Chrome/85.0.4183.102 Safari/537.36"
54.169.147.125 - - [15/Mar/2025:19:21:35 +0700] "GET /black.php HTTP/1.1" 301 0 "-" "Mozilla/5.0 (Windows NT 10.0; Win64; x64) AppleWebKit/537.36 (KHTML, like Gecko) Chrome/85.0.4183.102 Safari/537.36"
54.169.147.125 - - [15/Mar/2025:19:21:39 +0700] "GET /black.php HTTP/1.1" 404 3380 "-" "Mozilla/5.0 (Windows NT 10.0; Win64; x64) AppleWebKit/537.36 (KHTML, like Gecko) Chrome/85.0.4183.102 Safari/537.36"
54.169.147.125 - - [15/Mar/2025:19:21:42 +0700] "GET /blacksec.php HTTP/1.1" 301 0 "-" "Mozilla/5.0 (Windows NT 10.0; Win64; x64) AppleWebKit/537.36 (KHTML, like Gecko) Chrome/85.0.4183.102 Safari/537.36"
54.169.147.125 - - [15/Mar/2025:19:21:44 +0700] "GET /blacksec.php HTTP/1.1" 404 3380 "-" "Mozilla/5.0 (Windows NT 10.0; Win64; x64) AppleWebKit/537.36 (KHTML, like Gecko) Chrome/85.0.4183.102 Safari/537.36"
54.169.147.125 - - [15/Mar/2025:19:21:48 +0700] "GET /bless.php HTTP/1.1" 301 0 "-" "Mozilla/5.0 (Windows NT 10.0; Win64; x64) AppleWebKit/537.36 (KHTML, like Gecko) Chrome/85.0.4183.102 Safari/537.36"
54.169.147.125 - - [15/Mar/2025:19:21:50 +0700] "GET /bless.php HTTP/1.1" 404 3380 "-" "Mozilla/5.0 (Windows NT 10.0; Win64; x64) AppleWebKit/537.36 (KHTML, like Gecko) Chrome/85.0.4183.102 Safari/537.36"
54.169.147.125 - - [15/Mar/2025:19:21:54 +0700] "GET /block-patwp.php HTTP/1.1" 301 0 "-" "Mozilla/5.0 (Windows NT 10.0; Win64; x64) AppleWebKit/537.36 (KHTML, like Gecko) Chrome/85.0.4183.102 Safari/537.36"
54.169.147.125 - - [15/Mar/2025:19:21:56 +0700] "GET /block-patwp.php HTTP/1.1" 404 3380 "-" "Mozilla/5.0 (Windows NT 10.0; Win64; x64) AppleWebKit/537.36 (KHTML, like Gecko) Chrome/85.0.4183.102 Safari/537.36"
180.235.151.3 - - [15/Mar/2025:19:22:01 +0700] "POST /wp-cron.php?doing_wp_cron=1742041321.7178969383239746093750 HTTP/1.1" 403 1242 "-" "WordPress/6.7.2; https://www.aturtoko.id"
54.169.147.125 - - [15/Mar/2025:19:21:59 +0700] "GET /block.php HTTP/1.1" 301 0 "-" "Mozilla/5.0 (Windows NT 10.0; Win64; x64) AppleWebKit/537.36 (KHTML, like Gecko) Chrome/85.0.4183.102 Safari/537.36"
54.169.147.125 - - [15/Mar/2025:19:22:01 +0700] "GET /block.php HTTP/1.1" 404 3380 "-" "Mozilla/5.0 (Windows NT 10.0; Win64; x64) AppleWebKit/537.36 (KHTML, like Gecko) Chrome/85.0.4183.102 Safari/537.36"
54.169.147.125 - - [15/Mar/2025:19:22:05 +0700] "GET /blog.php HTTP/1.1" 301 0 "-" "Mozilla/5.0 (Windows NT 10.0; Win64; x64) AppleWebKit/537.36 (KHTML, like Gecko) Chrome/85.0.4183.102 Safari/537.36"
54.169.147.125 - - [15/Mar/2025:19:22:07 +0700] "GET /blog.php HTTP/1.1" 404 3380 "-" "Mozilla/5.0 (Windows NT 10.0; Win64; x64) AppleWebKit/537.36 (KHTML, like Gecko) Chrome/85.0.4183.102 Safari/537.36"
54.169.147.125 - - [15/Mar/2025:19:22:12 +0700] "GET /blog/fw.php HTTP/1.1" 301 0 "-" "Mozilla/5.0 (Windows NT 10.0; Win64; x64) AppleWebKit/537.36 (KHTML, like Gecko) Chrome/85.0.4183.102 Safari/537.36"
54.169.147.125 - - [15/Mar/2025:19:22:14 +0700] "GET /blog/fw.php HTTP/1.1" 404 3380 "-" "Mozilla/5.0 (Windows NT 10.0; Win64; x64) AppleWebKit/537.36 (KHTML, like Gecko) Chrome/85.0.4183.102 Safari/537.36"
54.169.147.125 - - [15/Mar/2025:19:22:17 +0700] "GET /blog/wp-includes/fonts/dev.php HTTP/1.1" 301 0 "-" "Mozilla/5.0 (Windows NT 10.0; Win64; x64) AppleWebKit/537.36 (KHTML, like Gecko) Chrome/85.0.4183.102 Safari/537.36"
216.244.66.248 - - [15/Mar/2025:19:22:17 +0700] "GET /en/blog/tag/nib/ HTTP/1.1" 404 11504 "-" "Mozilla/5.0 (compatible; DotBot/1.2; +https://opensiteexplorer.org/dotbot; help@moz.com)"
54.169.147.125 - - [15/Mar/2025:19:22:20 +0700] "GET /blog/wp-includes/fonts/dev.php HTTP/1.1" 404 3380 "-" "Mozilla/5.0 (Windows NT 10.0; Win64; x64) AppleWebKit/537.36 (KHTML, like Gecko) Chrome/85.0.4183.102 Safari/537.36"
54.169.147.125 - - [15/Mar/2025:19:22:23 +0700] "GET /blog/wp-includes/fonts/iqb.php HTTP/1.1" 301 0 "-" "Mozilla/5.0 (Windows NT 10.0; Win64; x64) AppleWebKit/537.36 (KHTML, like Gecko) Chrome/85.0.4183.102 Safari/537.36"
54.169.147.125 - - [15/Mar/2025:19:22:26 +0700] "GET /blog/wp-includes/fonts/iqb.php HTTP/1.1" 404 3380 "-" "Mozilla/5.0 (Windows NT 10.0; Win64; x64) AppleWebKit/537.36 (KHTML, like Gecko) Chrome/85.0.4183.102 Safari/537.36"
54.169.147.125 - - [15/Mar/2025:19:22:29 +0700] "GET /blue.php HTTP/1.1" 301 0 "-" "Mozilla/5.0 (Windows NT 10.0; Win64; x64) AppleWebKit/537.36 (KHTML, like Gecko) Chrome/85.0.4183.102 Safari/537.36"
54.169.147.125 - - [15/Mar/2025:19:22:31 +0700] "GET /blue.php HTTP/1.1" 404 3380 "-" "Mozilla/5.0 (Windows NT 10.0; Win64; x64) AppleWebKit/537.36 (KHTML, like Gecko) Chrome/85.0.4183.102 Safari/537.36"
54.169.147.125 - - [15/Mar/2025:19:22:34 +0700] "GET /blvck.php HTTP/1.1" 301 0 "-" "Mozilla/5.0 (Windows NT 10.0; Win64; x64) AppleWebKit/537.36 (KHTML, like Gecko) Chrome/85.0.4183.102 Safari/537.36"
54.169.147.125 - - [15/Mar/2025:19:22:38 +0700] "GET /blvck.php HTTP/1.1" 404 3380 "-" "Mozilla/5.0 (Windows NT 10.0; Win64; x64) AppleWebKit/537.36 (KHTML, like Gecko) Chrome/85.0.4183.102 Safari/537.36"
54.169.147.125 - - [15/Mar/2025:19:22:40 +0700] "GET /bootstrap/admin.php HTTP/1.1" 301 0 "-" "Mozilla/5.0 (Windows NT 10.0; Win64; x64) AppleWebKit/537.36 (KHTML, like Gecko) Chrome/85.0.4183.102 Safari/537.36"
54.169.147.125 - - [15/Mar/2025:19:22:43 +0700] "GET /bootstrap/admin.php HTTP/1.1" 404 3380 "-" "Mozilla/5.0 (Windows NT 10.0; Win64; x64) AppleWebKit/537.36 (KHTML, like Gecko) Chrome/85.0.4183.102 Safari/537.36"
54.169.147.125 - - [15/Mar/2025:19:22:46 +0700] "GET /bootstrap/alfa.php HTTP/1.1" 301 0 "-" "Mozilla/5.0 (Windows NT 10.0; Win64; x64) AppleWebKit/537.36 (KHTML, like Gecko) Chrome/85.0.4183.102 Safari/537.36"
54.169.147.125 - - [15/Mar/2025:19:22:48 +0700] "GET /bootstrap/alfa.php HTTP/1.1" 404 3380 "-" "Mozilla/5.0 (Windows NT 10.0; Win64; x64) AppleWebKit/537.36 (KHTML, like Gecko) Chrome/85.0.4183.102 Safari/537.36"
54.169.147.125 - - [15/Mar/2025:19:22:51 +0700] "GET /bootstrap/bypass.php HTTP/1.1" 301 0 "-" "Mozilla/5.0 (Windows NT 10.0; Win64; x64) AppleWebKit/537.36 (KHTML, like Gecko) Chrome/85.0.4183.102 Safari/537.36"
54.169.147.125 - - [15/Mar/2025:19:22:53 +0700] "GET /bootstrap/bypass.php HTTP/1.1" 404 3380 "-" "Mozilla/5.0 (Windows NT 10.0; Win64; x64) AppleWebKit/537.36 (KHTML, like Gecko) Chrome/85.0.4183.102 Safari/537.36"
54.169.147.125 - - [15/Mar/2025:19:22:56 +0700] "GET /bootstrap/index.php HTTP/1.1" 301 0 "-" "Mozilla/5.0 (Windows NT 10.0; Win64; x64) AppleWebKit/537.36 (KHTML, like Gecko) Chrome/85.0.4183.102 Safari/537.36"
180.235.151.3 - - [15/Mar/2025:19:23:03 +0700] "POST /wp-cron.php?doing_wp_cron=1742041383.1170990467071533203125 HTTP/1.1" 403 1242 "-" "WordPress/6.7.2; https://www.aturtoko.id"
54.169.147.125 - - [15/Mar/2025:19:22:58 +0700] "GET /bootstrap/ HTTP/1.1" 404 3380 "-" "Mozilla/5.0 (Windows NT 10.0; Win64; x64) AppleWebKit/537.36 (KHTML, like Gecko) Chrome/85.0.4183.102 Safari/537.36"
54.169.147.125 - - [15/Mar/2025:19:23:03 +0700] "GET /bootstrap/k.php HTTP/1.1" 301 0 "-" "Mozilla/5.0 (Windows NT 10.0; Win64; x64) AppleWebKit/537.36 (KHTML, like Gecko) Chrome/85.0.4183.102 Safari/537.36"
54.169.147.125 - - [15/Mar/2025:19:23:06 +0700] "GET /bootstrap/k.php HTTP/1.1" 404 3380 "-" "Mozilla/5.0 (Windows NT 10.0; Win64; x64) AppleWebKit/537.36 (KHTML, like Gecko) Chrome/85.0.4183.102 Safari/537.36"
54.169.147.125 - - [15/Mar/2025:19:23:09 +0700] "GET /bootstrap/wp.php HTTP/1.1" 301 0 "-" "Mozilla/5.0 (Windows NT 10.0; Win64; x64) AppleWebKit/537.36 (KHTML, like Gecko) Chrome/85.0.4183.102 Safari/537.36"
54.169.147.125 - - [15/Mar/2025:19:23:11 +0700] "GET /bootstrap/wp.php HTTP/1.1" 404 3380 "-" "Mozilla/5.0 (Windows NT 10.0; Win64; x64) AppleWebKit/537.36 (KHTML, like Gecko) Chrome/85.0.4183.102 Safari/537.36"
54.169.147.125 - - [15/Mar/2025:19:23:15 +0700] "GET /bootstrapadmin.php HTTP/1.1" 301 0 "-" "Mozilla/5.0 (Windows NT 10.0; Win64; x64) AppleWebKit/537.36 (KHTML, like Gecko) Chrome/85.0.4183.102 Safari/537.36"
66.249.75.228 - - [15/Mar/2025:19:23:18 +0700] "GET /?e=73635025065 HTTP/1.1" 200 19835 "-" "Mozilla/5.0 (Linux; Android 6.0.1; Nexus 5X Build/MMB29P) AppleWebKit/537.36 (KHTML, like Gecko) Chrome/133.0.6943.141 Mobile Safari/537.36 (compatible; GoogleOther)"
54.169.147.125 - - [15/Mar/2025:19:23:17 +0700] "GET /bootstrapadmin.php HTTP/1.1" 404 3380 "-" "Mozilla/5.0 (Windows NT 10.0; Win64; x64) AppleWebKit/537.36 (KHTML, like Gecko) Chrome/85.0.4183.102 Safari/537.36"
54.169.147.125 - - [15/Mar/2025:19:23:20 +0700] "GET /bootstrapalfa.php HTTP/1.1" 301 0 "-" "Mozilla/5.0 (Windows NT 10.0; Win64; x64) AppleWebKit/537.36 (KHTML, like Gecko) Chrome/85.0.4183.102 Safari/537.36"
216.244.66.248 - - [15/Mar/2025:19:23:20 +0700] "GET /en/blog/tag/bank/feed HTTP/1.1" 404 11504 "-" "Mozilla/5.0 (compatible; DotBot/1.2; +https://opensiteexplorer.org/dotbot; help@moz.com)"
54.169.147.125 - - [15/Mar/2025:19:23:22 +0700] "GET /bootstrapalfa.php HTTP/1.1" 404 3380 "-" "Mozilla/5.0 (Windows NT 10.0; Win64; x64) AppleWebKit/537.36 (KHTML, like Gecko) Chrome/85.0.4183.102 Safari/537.36"
