18.142.117.180 - - [15/Mar/2025:08:46:17 +0700] "GET /new/ALFA_DATA/alfacgiapi/?bx=0e215962017 HTTP/1.1" 404 3380 "-" "Mozilla/5.0 (Linux; Android 11; Redmi Note 9 Pro Build/RKQ1.200826.002; wv) AppleWebKit/537.36 (KHTML, like Gecko) Version/4.0 Chrome/90.0.4430.210 Mobile Safari/537.36"
66.249.75.228 - - [15/Mar/2025:08:46:25 +0700] "GET /josh/item/32271285062.shtm HTTP/1.1" 200 21473 "-" "Mozilla/5.0 (compatible; Googlebot/2.1; +http://www.google.com/bot.html)"
18.142.117.180 - - [15/Mar/2025:08:46:22 +0700] "GET /new/ALFA_DATA/alfacgiapi/radio.php?bx=0e215962017 HTTP/1.1" 404 3380 "-" "Mozilla/5.0 (Linux; Android 11; Redmi Note 9 Pro Build/RKQ1.200826.002; wv) AppleWebKit/537.36 (KHTML, like Gecko) Version/4.0 Chrome/90.0.4430.210 Mobile Safari/537.36"
18.142.117.180 - - [15/Mar/2025:08:46:26 +0700] "GET /new/ALFA_DATA/alfacgiapi/404.php?bx=0e215962017 HTTP/1.1" 404 3380 "-" "Mozilla/5.0 (Linux; Android 11; Redmi Note 9 Pro Build/RKQ1.200826.002; wv) AppleWebKit/537.36 (KHTML, like Gecko) Version/4.0 Chrome/90.0.4430.210 Mobile Safari/537.36"
18.142.117.180 - - [15/Mar/2025:08:46:31 +0700] "POST /old/alfacgiapi/perl.alfa HTTP/1.1" 404 3380 "-" "Mozilla/5.0 (Linux; Android 11; Redmi Note 9 Pro Build/RKQ1.200826.002; wv) AppleWebKit/537.36 (KHTML, like Gecko) Version/4.0 Chrome/90.0.4430.210 Mobile Safari/537.36"
66.249.75.228 - - [15/Mar/2025:08:46:37 +0700] "POST /get-message-notify HTTP/1.1" 200 22057 "http://www.aturtoko.id/3226729331.shtm" "Mozilla/5.0 (Linux; Android 6.0.1; Nexus 5X Build/MMB29P) AppleWebKit/537.36 (KHTML, like Gecko) Chrome/133.0.6943.141 Mobile Safari/537.36 (compatible; Googlebot/2.1; +http://www.google.com/bot.html)"
18.142.117.180 - - [15/Mar/2025:08:46:36 +0700] "POST /old/alfacgiapi/perl.alfa HTTP/1.1" 404 3380 "-" "Mozilla/5.0 (Linux; Android 11; Redmi Note 9 Pro Build/RKQ1.200826.002; wv) AppleWebKit/537.36 (KHTML, like Gecko) Version/4.0 Chrome/90.0.4430.210 Mobile Safari/537.36"
66.249.75.228 - - [15/Mar/2025:08:46:42 +0700] "GET /3225408529.shtm HTTP/1.1" 200 20833 "-" "Mozilla/5.0 (compatible; Googlebot/2.1; +http://www.google.com/bot.html)"
180.235.151.3 - - [15/Mar/2025:08:46:45 +0700] "POST /wp-cron.php?doing_wp_cron=1742003205.3271439075469970703125 HTTP/1.1" 403 1242 "-" "WordPress/6.7.2; https://www.aturtoko.id"
18.142.117.180 - - [15/Mar/2025:08:46:41 +0700] "POST /old/alfacgiapi/bash.alfa HTTP/1.1" 404 3380 "-" "Mozilla/5.0 (Linux; Android 11; Redmi Note 9 Pro Build/RKQ1.200826.002; wv) AppleWebKit/537.36 (KHTML, like Gecko) Version/4.0 Chrome/90.0.4430.210 Mobile Safari/537.36"
18.142.117.180 - - [15/Mar/2025:08:46:45 +0700] "POST /old/alfacgiapi/bash.alfa HTTP/1.1" 404 3380 "-" "Mozilla/5.0 (Linux; Android 11; Redmi Note 9 Pro Build/RKQ1.200826.002; wv) AppleWebKit/537.36 (KHTML, like Gecko) Version/4.0 Chrome/90.0.4430.210 Mobile Safari/537.36"
18.142.117.180 - - [15/Mar/2025:08:46:49 +0700] "POST /old/alfacgiapi/py.alfa HTTP/1.1" 404 3380 "-" "Mozilla/5.0 (Linux; Android 11; Redmi Note 9 Pro Build/RKQ1.200826.002; wv) AppleWebKit/537.36 (KHTML, like Gecko) Version/4.0 Chrome/90.0.4430.210 Mobile Safari/537.36"
66.249.75.228 - - [15/Mar/2025:08:46:55 +0700] "GET /passages/products/3226752634.shtm HTTP/1.1" 200 20934 "-" "Mozilla/5.0 (compatible; Googlebot/2.1; +http://www.google.com/bot.html)"
18.142.117.180 - - [15/Mar/2025:08:46:54 +0700] "POST /old/alfacgiapi/py.alfa HTTP/1.1" 404 3380 "-" "Mozilla/5.0 (Linux; Android 11; Redmi Note 9 Pro Build/RKQ1.200826.002; wv) AppleWebKit/537.36 (KHTML, like Gecko) Version/4.0 Chrome/90.0.4430.210 Mobile Safari/537.36"
18.142.117.180 - - [15/Mar/2025:08:46:59 +0700] "GET /old/alfacgiapi/index.php?bx=0e215962017 HTTP/1.1" 301 0 "-" "Mozilla/5.0 (Linux; Android 11; Redmi Note 9 Pro Build/RKQ1.200826.002; wv) AppleWebKit/537.36 (KHTML, like Gecko) Version/4.0 Chrome/90.0.4430.210 Mobile Safari/537.36"
18.142.117.180 - - [15/Mar/2025:08:47:03 +0700] "GET /old/alfacgiapi/?bx=0e215962017 HTTP/1.1" 404 3380 "-" "Mozilla/5.0 (Linux; Android 11; Redmi Note 9 Pro Build/RKQ1.200826.002; wv) AppleWebKit/537.36 (KHTML, like Gecko) Version/4.0 Chrome/90.0.4430.210 Mobile Safari/537.36"
18.142.117.180 - - [15/Mar/2025:08:47:08 +0700] "GET /old/alfacgiapi/radio.php?bx=0e215962017 HTTP/1.1" 404 3380 "-" "Mozilla/5.0 (Linux; Android 11; Redmi Note 9 Pro Build/RKQ1.200826.002; wv) AppleWebKit/537.36 (KHTML, like Gecko) Version/4.0 Chrome/90.0.4430.210 Mobile Safari/537.36"
66.249.75.228 - - [15/Mar/2025:08:47:12 +0700] "GET /3225411220.shtm HTTP/1.1" 200 21962 "-" "Mozilla/5.0 (compatible; Googlebot/2.1; +http://www.google.com/bot.html)"
18.142.117.180 - - [15/Mar/2025:08:47:13 +0700] "GET /old/alfacgiapi/404.php?bx=0e215962017 HTTP/1.1" 404 3380 "-" "Mozilla/5.0 (Linux; Android 11; Redmi Note 9 Pro Build/RKQ1.200826.002; wv) AppleWebKit/537.36 (KHTML, like Gecko) Version/4.0 Chrome/90.0.4430.210 Mobile Safari/537.36"
18.142.117.180 - - [15/Mar/2025:08:47:17 +0700] "POST /old/ALFA_DATA/alfacgiapi/perl.alfa HTTP/1.1" 404 3380 "-" "Mozilla/5.0 (Linux; Android 11; Redmi Note 9 Pro Build/RKQ1.200826.002; wv) AppleWebKit/537.36 (KHTML, like Gecko) Version/4.0 Chrome/90.0.4430.210 Mobile Safari/537.36"
18.142.117.180 - - [15/Mar/2025:08:47:22 +0700] "POST /old/ALFA_DATA/alfacgiapi/perl.alfa HTTP/1.1" 404 3380 "-" "Mozilla/5.0 (Linux; Android 11; Redmi Note 9 Pro Build/RKQ1.200826.002; wv) AppleWebKit/537.36 (KHTML, like Gecko) Version/4.0 Chrome/90.0.4430.210 Mobile Safari/537.36"
18.142.117.180 - - [15/Mar/2025:08:47:26 +0700] "POST /old/ALFA_DATA/alfacgiapi/bash.alfa HTTP/1.1" 404 3380 "-" "Mozilla/5.0 (Linux; Android 11; Redmi Note 9 Pro Build/RKQ1.200826.002; wv) AppleWebKit/537.36 (KHTML, like Gecko) Version/4.0 Chrome/90.0.4430.210 Mobile Safari/537.36"
66.249.75.228 - - [15/Mar/2025:08:47:29 +0700] "GET /dirt/32292025638.shtm HTTP/1.1" 200 19669 "-" "Mozilla/5.0 (compatible; Googlebot/2.1; +http://www.google.com/bot.html)"
18.142.117.180 - - [15/Mar/2025:08:47:31 +0700] "POST /old/ALFA_DATA/alfacgiapi/bash.alfa HTTP/1.1" 404 3380 "-" "Mozilla/5.0 (Linux; Android 11; Redmi Note 9 Pro Build/RKQ1.200826.002; wv) AppleWebKit/537.36 (KHTML, like Gecko) Version/4.0 Chrome/90.0.4430.210 Mobile Safari/537.36"
18.142.117.180 - - [15/Mar/2025:08:47:36 +0700] "POST /old/ALFA_DATA/alfacgiapi/py.alfa HTTP/1.1" 404 3380 "-" "Mozilla/5.0 (Linux; Android 11; Redmi Note 9 Pro Build/RKQ1.200826.002; wv) AppleWebKit/537.36 (KHTML, like Gecko) Version/4.0 Chrome/90.0.4430.210 Mobile Safari/537.36"
180.235.151.3 - - [15/Mar/2025:08:47:45 +0700] "POST /wp-cron.php?doing_wp_cron=1742003265.8210980892181396484375 HTTP/1.1" 403 1242 "-" "WordPress/6.7.2; https://www.aturtoko.id"
18.142.117.180 - - [15/Mar/2025:08:47:40 +0700] "POST /old/ALFA_DATA/alfacgiapi/py.alfa HTTP/1.1" 404 3380 "-" "Mozilla/5.0 (Linux; Android 11; Redmi Note 9 Pro Build/RKQ1.200826.002; wv) AppleWebKit/537.36 (KHTML, like Gecko) Version/4.0 Chrome/90.0.4430.210 Mobile Safari/537.36"
66.249.75.228 - - [15/Mar/2025:08:47:47 +0700] "GET /tracker/shopping/32271464177.shtm HTTP/1.1" 200 21605 "-" "Mozilla/5.0 (compatible; Googlebot/2.1; +http://www.google.com/bot.html)"
18.142.117.180 - - [15/Mar/2025:08:47:45 +0700] "GET /old/ALFA_DATA/alfacgiapi/index.php?bx=0e215962017 HTTP/1.1" 301 0 "-" "Mozilla/5.0 (Linux; Android 11; Redmi Note 9 Pro Build/RKQ1.200826.002; wv) AppleWebKit/537.36 (KHTML, like Gecko) Version/4.0 Chrome/90.0.4430.210 Mobile Safari/537.36"
18.142.117.180 - - [15/Mar/2025:08:47:50 +0700] "GET /old/ALFA_DATA/alfacgiapi/?bx=0e215962017 HTTP/1.1" 404 3380 "-" "Mozilla/5.0 (Linux; Android 11; Redmi Note 9 Pro Build/RKQ1.200826.002; wv) AppleWebKit/537.36 (KHTML, like Gecko) Version/4.0 Chrome/90.0.4430.210 Mobile Safari/537.36"
18.142.117.180 - - [15/Mar/2025:08:47:54 +0700] "GET /old/ALFA_DATA/alfacgiapi/radio.php?bx=0e215962017 HTTP/1.1" 404 3380 "-" "Mozilla/5.0 (Linux; Android 11; Redmi Note 9 Pro Build/RKQ1.200826.002; wv) AppleWebKit/537.36 (KHTML, like Gecko) Version/4.0 Chrome/90.0.4430.210 Mobile Safari/537.36"
18.142.117.180 - - [15/Mar/2025:08:47:59 +0700] "GET /old/ALFA_DATA/alfacgiapi/404.php?bx=0e215962017 HTTP/1.1" 404 3380 "-" "Mozilla/5.0 (Linux; Android 11; Redmi Note 9 Pro Build/RKQ1.200826.002; wv) AppleWebKit/537.36 (KHTML, like Gecko) Version/4.0 Chrome/90.0.4430.210 Mobile Safari/537.36"
66.249.75.229 - - [15/Mar/2025:08:48:04 +0700] "GET /parse/shopping/32281950597.shtm HTTP/1.1" 200 20151 "-" "Mozilla/5.0 (compatible; Googlebot/2.1; +http://www.google.com/bot.html)"
18.142.117.180 - - [15/Mar/2025:08:48:03 +0700] "POST /backup/alfacgiapi/perl.alfa HTTP/1.1" 404 3380 "-" "Mozilla/5.0 (Linux; Android 11; Redmi Note 9 Pro Build/RKQ1.200826.002; wv) AppleWebKit/537.36 (KHTML, like Gecko) Version/4.0 Chrome/90.0.4430.210 Mobile Safari/537.36"
18.142.117.180 - - [15/Mar/2025:08:48:08 +0700] "POST /backup/alfacgiapi/perl.alfa HTTP/1.1" 404 3380 "-" "Mozilla/5.0 (Linux; Android 11; Redmi Note 9 Pro Build/RKQ1.200826.002; wv) AppleWebKit/537.36 (KHTML, like Gecko) Version/4.0 Chrome/90.0.4430.210 Mobile Safari/537.36"
18.142.117.180 - - [15/Mar/2025:08:48:13 +0700] "POST /backup/alfacgiapi/bash.alfa HTTP/1.1" 404 3380 "-" "Mozilla/5.0 (Linux; Android 11; Redmi Note 9 Pro Build/RKQ1.200826.002; wv) AppleWebKit/537.36 (KHTML, like Gecko) Version/4.0 Chrome/90.0.4430.210 Mobile Safari/537.36"
18.142.117.180 - - [15/Mar/2025:08:48:17 +0700] "POST /backup/alfacgiapi/bash.alfa HTTP/1.1" 404 3380 "-" "Mozilla/5.0 (Linux; Android 11; Redmi Note 9 Pro Build/RKQ1.200826.002; wv) AppleWebKit/537.36 (KHTML, like Gecko) Version/4.0 Chrome/90.0.4430.210 Mobile Safari/537.36"
66.249.75.228 - - [15/Mar/2025:08:48:22 +0700] "GET /nope/3226694568.shtm HTTP/1.1" 200 20110 "-" "Mozilla/5.0 (compatible; Googlebot/2.1; +http://www.google.com/bot.html)"
18.142.117.180 - - [15/Mar/2025:08:48:22 +0700] "POST /backup/alfacgiapi/py.alfa HTTP/1.1" 404 3380 "-" "Mozilla/5.0 (Linux; Android 11; Redmi Note 9 Pro Build/RKQ1.200826.002; wv) AppleWebKit/537.36 (KHTML, like Gecko) Version/4.0 Chrome/90.0.4430.210 Mobile Safari/537.36"
18.142.117.180 - - [15/Mar/2025:08:48:26 +0700] "POST /backup/alfacgiapi/py.alfa HTTP/1.1" 404 3380 "-" "Mozilla/5.0 (Linux; Android 11; Redmi Note 9 Pro Build/RKQ1.200826.002; wv) AppleWebKit/537.36 (KHTML, like Gecko) Version/4.0 Chrome/90.0.4430.210 Mobile Safari/537.36"
18.142.117.180 - - [15/Mar/2025:08:48:31 +0700] "GET /backup/alfacgiapi/index.php?bx=0e215962017 HTTP/1.1" 301 0 "-" "Mozilla/5.0 (Linux; Android 11; Redmi Note 9 Pro Build/RKQ1.200826.002; wv) AppleWebKit/537.36 (KHTML, like Gecko) Version/4.0 Chrome/90.0.4430.210 Mobile Safari/537.36"
18.142.117.180 - - [15/Mar/2025:08:48:35 +0700] "GET /backup/alfacgiapi/?bx=0e215962017 HTTP/1.1" 404 3380 "-" "Mozilla/5.0 (Linux; Android 11; Redmi Note 9 Pro Build/RKQ1.200826.002; wv) AppleWebKit/537.36 (KHTML, like Gecko) Version/4.0 Chrome/90.0.4430.210 Mobile Safari/537.36"
18.142.117.180 - - [15/Mar/2025:08:48:40 +0700] "GET /backup/alfacgiapi/radio.php?bx=0e215962017 HTTP/1.1" 404 3380 "-" "Mozilla/5.0 (Linux; Android 11; Redmi Note 9 Pro Build/RKQ1.200826.002; wv) AppleWebKit/537.36 (KHTML, like Gecko) Version/4.0 Chrome/90.0.4430.210 Mobile Safari/537.36"
66.249.75.228 - - [15/Mar/2025:08:48:43 +0700] "GET /hug/goods/3226532428.shtm HTTP/1.1" 200 21107 "-" "Mozilla/5.0 (compatible; Googlebot/2.1; +http://www.google.com/bot.html)"
180.235.151.3 - - [15/Mar/2025:08:48:49 +0700] "POST /wp-cron.php?doing_wp_cron=1742003329.3677918910980224609375 HTTP/1.1" 403 1242 "-" "WordPress/6.7.2; https://www.aturtoko.id"
18.142.117.180 - - [15/Mar/2025:08:48:45 +0700] "GET /backup/alfacgiapi/404.php?bx=0e215962017 HTTP/1.1" 404 3380 "-" "Mozilla/5.0 (Linux; Android 11; Redmi Note 9 Pro Build/RKQ1.200826.002; wv) AppleWebKit/537.36 (KHTML, like Gecko) Version/4.0 Chrome/90.0.4430.210 Mobile Safari/537.36"
18.142.117.180 - - [15/Mar/2025:08:48:49 +0700] "POST /backup/ALFA_DATA/alfacgiapi/perl.alfa HTTP/1.1" 404 3380 "-" "Mozilla/5.0 (Linux; Android 11; Redmi Note 9 Pro Build/RKQ1.200826.002; wv) AppleWebKit/537.36 (KHTML, like Gecko) Version/4.0 Chrome/90.0.4430.210 Mobile Safari/537.36"
66.249.75.228 - - [15/Mar/2025:08:48:56 +0700] "GET /3226590494.shtm HTTP/1.1" 200 22025 "-" "Mozilla/5.0 (compatible; Googlebot/2.1; +http://www.google.com/bot.html)"
18.142.117.180 - - [15/Mar/2025:08:48:54 +0700] "POST /backup/ALFA_DATA/alfacgiapi/perl.alfa HTTP/1.1" 404 3380 "-" "Mozilla/5.0 (Linux; Android 11; Redmi Note 9 Pro Build/RKQ1.200826.002; wv) AppleWebKit/537.36 (KHTML, like Gecko) Version/4.0 Chrome/90.0.4430.210 Mobile Safari/537.36"
18.142.117.180 - - [15/Mar/2025:08:48:59 +0700] "POST /backup/ALFA_DATA/alfacgiapi/bash.alfa HTTP/1.1" 404 3380 "-" "Mozilla/5.0 (Linux; Android 11; Redmi Note 9 Pro Build/RKQ1.200826.002; wv) AppleWebKit/537.36 (KHTML, like Gecko) Version/4.0 Chrome/90.0.4430.210 Mobile Safari/537.36"
18.142.117.180 - - [15/Mar/2025:08:49:03 +0700] "POST /backup/ALFA_DATA/alfacgiapi/bash.alfa HTTP/1.1" 404 3380 "-" "Mozilla/5.0 (Linux; Android 11; Redmi Note 9 Pro Build/RKQ1.200826.002; wv) AppleWebKit/537.36 (KHTML, like Gecko) Version/4.0 Chrome/90.0.4430.210 Mobile Safari/537.36"
18.142.117.180 - - [15/Mar/2025:08:49:07 +0700] "POST /backup/ALFA_DATA/alfacgiapi/py.alfa HTTP/1.1" 404 3380 "-" "Mozilla/5.0 (Linux; Android 11; Redmi Note 9 Pro Build/RKQ1.200826.002; wv) AppleWebKit/537.36 (KHTML, like Gecko) Version/4.0 Chrome/90.0.4430.210 Mobile Safari/537.36"
18.142.117.180 - - [15/Mar/2025:08:49:12 +0700] "POST /backup/ALFA_DATA/alfacgiapi/py.alfa HTTP/1.1" 404 3380 "-" "Mozilla/5.0 (Linux; Android 11; Redmi Note 9 Pro Build/RKQ1.200826.002; wv) AppleWebKit/537.36 (KHTML, like Gecko) Version/4.0 Chrome/90.0.4430.210 Mobile Safari/537.36"
66.249.75.228 - - [15/Mar/2025:08:49:16 +0700] "GET /32292054671.shtm HTTP/1.1" 200 20234 "-" "Mozilla/5.0 (compatible; Googlebot/2.1; +http://www.google.com/bot.html)"
18.142.117.180 - - [15/Mar/2025:08:49:16 +0700] "GET /backup/ALFA_DATA/alfacgiapi/index.php?bx=0e215962017 HTTP/1.1" 301 0 "-" "Mozilla/5.0 (Linux; Android 11; Redmi Note 9 Pro Build/RKQ1.200826.002; wv) AppleWebKit/537.36 (KHTML, like Gecko) Version/4.0 Chrome/90.0.4430.210 Mobile Safari/537.36"
18.142.117.180 - - [15/Mar/2025:08:49:21 +0700] "GET /backup/ALFA_DATA/alfacgiapi/?bx=0e215962017 HTTP/1.1" 404 3380 "-" "Mozilla/5.0 (Linux; Android 11; Redmi Note 9 Pro Build/RKQ1.200826.002; wv) AppleWebKit/537.36 (KHTML, like Gecko) Version/4.0 Chrome/90.0.4430.210 Mobile Safari/537.36"
18.142.117.180 - - [15/Mar/2025:08:49:25 +0700] "GET /backup/ALFA_DATA/alfacgiapi/radio.php?bx=0e215962017 HTTP/1.1" 404 3380 "-" "Mozilla/5.0 (Linux; Android 11; Redmi Note 9 Pro Build/RKQ1.200826.002; wv) AppleWebKit/537.36 (KHTML, like Gecko) Version/4.0 Chrome/90.0.4430.210 Mobile Safari/537.36"
66.249.75.228 - - [15/Mar/2025:08:49:33 +0700] "GET /cest/322529033.shtm HTTP/1.1" 200 19551 "-" "Mozilla/5.0 (compatible; Googlebot/2.1; +http://www.google.com/bot.html)"
18.142.117.180 - - [15/Mar/2025:08:49:30 +0700] "GET /backup/ALFA_DATA/alfacgiapi/404.php?bx=0e215962017 HTTP/1.1" 404 3380 "-" "Mozilla/5.0 (Linux; Android 11; Redmi Note 9 Pro Build/RKQ1.200826.002; wv) AppleWebKit/537.36 (KHTML, like Gecko) Version/4.0 Chrome/90.0.4430.210 Mobile Safari/537.36"
18.142.117.180 - - [15/Mar/2025:08:49:35 +0700] "GET /un.php HTTP/1.1" 301 0 "www.google.com" "Mozlila/5.0 (Linux; Android 7.0; SM-G892A Bulid/NRD90M; wv) AppleWebKit/537.36 (KHTML, like Gecko) Version/4.0 Chrome/60.0.3112.107 Moblie Safari/537.36"
18.142.117.180 - - [15/Mar/2025:08:49:39 +0700] "GET /foxx.php HTTP/1.1" 301 0 "www.google.com" "Mozlila/5.0 (Linux; Android 7.0; SM-G892A Bulid/NRD90M; wv) AppleWebKit/537.36 (KHTML, like Gecko) Version/4.0 Chrome/60.0.3112.107 Moblie Safari/537.36"
18.142.117.180 - - [15/Mar/2025:08:49:44 +0700] "GET /wawe.php HTTP/1.1" 301 0 "www.google.com" "Mozlila/5.0 (Linux; Android 7.0; SM-G892A Bulid/NRD90M; wv) AppleWebKit/537.36 (KHTML, like Gecko) Version/4.0 Chrome/60.0.3112.107 Moblie Safari/537.36"
66.249.75.228 - - [15/Mar/2025:08:49:46 +0700] "GET /wife/auction/3225220206.shtm HTTP/1.1" 200 21243 "-" "Mozilla/5.0 (compatible; Googlebot/2.1; +http://www.google.com/bot.html)"
180.235.151.3 - - [15/Mar/2025:08:49:50 +0700] "POST /wp-cron.php?doing_wp_cron=1742003390.1326220035552978515625 HTTP/1.1" 403 1242 "-" "WordPress/6.7.2; https://www.aturtoko.id"
216.244.66.248 - - [15/Mar/2025:08:49:46 +0700] "GET /en/blog/tag/target/ HTTP/1.1" 404 11504 "-" "Mozilla/5.0 (compatible; DotBot/1.2; +https://opensiteexplorer.org/dotbot; help@moz.com)"
18.142.117.180 - - [15/Mar/2025:08:49:48 +0700] "GET /js.php?get HTTP/1.1" 301 0 "www.google.com" "Mozlila/5.0 (Linux; Android 7.0; SM-G892A Bulid/NRD90M; wv) AppleWebKit/537.36 (KHTML, like Gecko) Version/4.0 Chrome/60.0.3112.107 Moblie Safari/537.36"
66.249.75.228 - - [15/Mar/2025:08:49:59 +0700] "GET /candles/32292424959.shtm HTTP/1.1" 200 20539 "-" "Mozilla/5.0 (compatible; Googlebot/2.1; +http://www.google.com/bot.html)"
18.142.117.180 - - [15/Mar/2025:08:49:57 +0700] "GET /phpinfo.php?re@=vo@ HTTP/1.1" 301 0 "www.google.com" "Mozlila/5.0 (Linux; Android 7.0; SM-G892A Bulid/NRD90M; wv) AppleWebKit/537.36 (KHTML, like Gecko) Version/4.0 Chrome/60.0.3112.107 Moblie Safari/537.36"
18.142.117.180 - - [15/Mar/2025:08:50:06 +0700] "GET /wp-email.php HTTP/1.1" 301 0 "www.google.com" "Mozlila/5.0 (Linux; Android 7.0; SM-G892A Bulid/NRD90M; wv) AppleWebKit/537.36 (KHTML, like Gecko) Version/4.0 Chrome/60.0.3112.107 Moblie Safari/537.36"
18.142.117.180 - - [15/Mar/2025:08:50:11 +0700] "GET /wp-booking.php HTTP/1.1" 301 0 "www.google.com" "Mozlila/5.0 (Linux; Android 7.0; SM-G892A Bulid/NRD90M; wv) AppleWebKit/537.36 (KHTML, like Gecko) Version/4.0 Chrome/60.0.3112.107 Moblie Safari/537.36"
18.142.117.180 - - [15/Mar/2025:08:50:15 +0700] "GET /fierza.php HTTP/1.1" 301 0 "www.google.com" "Mozlila/5.0 (Linux; Android 7.0; SM-G892A Bulid/NRD90M; wv) AppleWebKit/537.36 (KHTML, like Gecko) Version/4.0 Chrome/60.0.3112.107 Moblie Safari/537.36"
18.142.117.180 - - [15/Mar/2025:08:50:19 +0700] "GET /load.php HTTP/1.1" 301 0 "www.google.com" "Mozlila/5.0 (Linux; Android 7.0; SM-G892A Bulid/NRD90M; wv) AppleWebKit/537.36 (KHTML, like Gecko) Version/4.0 Chrome/60.0.3112.107 Moblie Safari/537.36"
18.142.117.180 - - [15/Mar/2025:08:50:24 +0700] "GET /wp-content/themes/fitnessbase/dev.php HTTP/1.1" 301 0 "www.google.com" "Mozlila/5.0 (Linux; Android 7.0; SM-G892A Bulid/NRD90M; wv) AppleWebKit/537.36 (KHTML, like Gecko) Version/4.0 Chrome/60.0.3112.107 Moblie Safari/537.36"
66.249.75.228 - - [15/Mar/2025:08:50:26 +0700] "GET /institut/merchandises/32271151955.shtm HTTP/1.1" 200 19876 "-" "Mozilla/5.0 (compatible; Googlebot/2.1; +http://www.google.com/bot.html)"
18.142.117.180 - - [15/Mar/2025:08:50:29 +0700] "GET /wp-content/themes/fitnessbase/crp.php HTTP/1.1" 301 0 "www.google.com" "Mozlila/5.0 (Linux; Android 7.0; SM-G892A Bulid/NRD90M; wv) AppleWebKit/537.36 (KHTML, like Gecko) Version/4.0 Chrome/60.0.3112.107 Moblie Safari/537.36"
216.244.66.248 - - [15/Mar/2025:08:50:29 +0700] "GET /ms/blog/tag/wni/ HTTP/1.1" 404 11504 "-" "Mozilla/5.0 (compatible; DotBot/1.2; +https://opensiteexplorer.org/dotbot; help@moz.com)"
18.142.117.180 - - [15/Mar/2025:08:50:34 +0700] "GET /alpha.php HTTP/1.1" 301 0 "www.google.com" "Mozlila/5.0 (Linux; Android 7.0; SM-G892A Bulid/NRD90M; wv) AppleWebKit/537.36 (KHTML, like Gecko) Version/4.0 Chrome/60.0.3112.107 Moblie Safari/537.36"
66.249.75.228 - - [15/Mar/2025:08:50:38 +0700] "GET /peas/3226827675.shtm HTTP/1.1" 200 20239 "-" "Mozilla/5.0 (compatible; Googlebot/2.1; +http://www.google.com/bot.html)"
18.142.117.180 - - [15/Mar/2025:08:50:38 +0700] "GET /tinyfilemanager.php HTTP/1.1" 301 0 "www.google.com" "Mozlila/5.0 (Linux; Android 7.0; SM-G892A Bulid/NRD90M; wv) AppleWebKit/537.36 (KHTML, like Gecko) Version/4.0 Chrome/60.0.3112.107 Moblie Safari/537.36"
18.142.117.180 - - [15/Mar/2025:08:50:43 +0700] "GET /filemanager.php HTTP/1.1" 301 0 "www.google.com" "Mozlila/5.0 (Linux; Android 7.0; SM-G892A Bulid/NRD90M; wv) AppleWebKit/537.36 (KHTML, like Gecko) Version/4.0 Chrome/60.0.3112.107 Moblie Safari/537.36"
18.142.117.180 - - [15/Mar/2025:08:50:47 +0700] "GET /manager.php HTTP/1.1" 301 0 "www.google.com" "Mozlila/5.0 (Linux; Android 7.0; SM-G892A Bulid/NRD90M; wv) AppleWebKit/537.36 (KHTML, like Gecko) Version/4.0 Chrome/60.0.3112.107 Moblie Safari/537.36"
18.142.117.180 - - [15/Mar/2025:08:50:52 +0700] "GET /wp-content.php HTTP/1.1" 301 0 "www.google.com" "Mozlila/5.0 (Linux; Android 7.0; SM-G892A Bulid/NRD90M; wv) AppleWebKit/537.36 (KHTML, like Gecko) Version/4.0 Chrome/60.0.3112.107 Moblie Safari/537.36"
66.249.75.228 - - [15/Mar/2025:08:50:54 +0700] "GET /elisabeth/merchandises/32281996605.shtm HTTP/1.1" 200 20227 "-" "Mozilla/5.0 (compatible; Googlebot/2.1; +http://www.google.com/bot.html)"
18.142.117.180 - - [15/Mar/2025:08:50:57 +0700] "GET /wp-content/themes/alera/alpha.php HTTP/1.1" 301 0 "www.google.com" "Mozlila/5.0 (Linux; Android 7.0; SM-G892A Bulid/NRD90M; wv) AppleWebKit/537.36 (KHTML, like Gecko) Version/4.0 Chrome/60.0.3112.107 Moblie Safari/537.36"
18.142.117.180 - - [15/Mar/2025:08:51:01 +0700] "GET /wp-content/plugins/wp-diambar/includes/loadme.php HTTP/1.1" 301 0 "www.google.com" "Mozlila/5.0 (Linux; Android 7.0; SM-G892A Bulid/NRD90M; wv) AppleWebKit/537.36 (KHTML, like Gecko) Version/4.0 Chrome/60.0.3112.107 Moblie Safari/537.36"
18.142.117.180 - - [15/Mar/2025:08:51:05 +0700] "GET /lock360.php?daksldlkdsadas=1 HTTP/1.1" 301 0 "www.google.com" "Mozlila/5.0 (Linux; Android 7.0; SM-G892A Bulid/NRD90M; wv) AppleWebKit/537.36 (KHTML, like Gecko) Version/4.0 Chrome/60.0.3112.107 Moblie Safari/537.36"
66.249.71.9 - - [15/Mar/2025:08:51:15 +0700] "GET /determinants/good/32281817490.shtm HTTP/1.1" 200 19665 "-" "Mozilla/5.0 (compatible; Googlebot/2.1; +http://www.google.com/bot.html)"
18.142.117.180 - - [15/Mar/2025:08:51:15 +0700] "GET /5.php HTTP/1.1" 301 0 "www.google.com" "Mozlila/5.0 (Linux; Android 7.0; SM-G892A Bulid/NRD90M; wv) AppleWebKit/537.36 (KHTML, like Gecko) Version/4.0 Chrome/60.0.3112.107 Moblie Safari/537.36"
18.142.117.180 - - [15/Mar/2025:08:51:19 +0700] "GET /01.php HTTP/1.1" 301 0 "www.google.com" "Mozlila/5.0 (Linux; Android 7.0; SM-G892A Bulid/NRD90M; wv) AppleWebKit/537.36 (KHTML, like Gecko) Version/4.0 Chrome/60.0.3112.107 Moblie Safari/537.36"
18.142.117.180 - - [15/Mar/2025:08:51:24 +0700] "GET /.well-known/pki-validation/wp-signup.php HTTP/1.1" 404 1251 "www.google.com" "Mozlila/5.0 (Linux; Android 7.0; SM-G892A Bulid/NRD90M; wv) AppleWebKit/537.36 (KHTML, like Gecko) Version/4.0 Chrome/60.0.3112.107 Moblie Safari/537.36"
66.249.71.9 - - [15/Mar/2025:08:51:23 +0700] "GET /dull/product/3226931749.shtm HTTP/1.1" 200 19504 "-" "Mozilla/5.0 (compatible; Googlebot/2.1; +http://www.google.com/bot.html)"
18.142.117.180 - - [15/Mar/2025:08:51:26 +0700] "GET /.well-known/wp-signup.php HTTP/1.1" 301 0 "www.google.com" "Mozlila/5.0 (Linux; Android 7.0; SM-G892A Bulid/NRD90M; wv) AppleWebKit/537.36 (KHTML, like Gecko) Version/4.0 Chrome/60.0.3112.107 Moblie Safari/537.36"
18.142.117.180 - - [15/Mar/2025:08:51:30 +0700] "GET /jindex.php HTTP/1.1" 301 0 "www.google.com" "Mozlila/5.0 (Linux; Android 7.0; SM-G892A Bulid/NRD90M; wv) AppleWebKit/537.36 (KHTML, like Gecko) Version/4.0 Chrome/60.0.3112.107 Moblie Safari/537.36"
18.142.117.180 - - [15/Mar/2025:08:51:35 +0700] "GET /0o.php HTTP/1.1" 301 0 "www.google.com" "Mozlila/5.0 (Linux; Android 7.0; SM-G892A Bulid/NRD90M; wv) AppleWebKit/537.36 (KHTML, like Gecko) Version/4.0 Chrome/60.0.3112.107 Moblie Safari/537.36"
66.249.75.228 - - [15/Mar/2025:08:51:40 +0700] "GET /carmel/3225411800.shtm HTTP/1.1" 200 19496 "-" "Mozilla/5.0 (compatible; Googlebot/2.1; +http://www.google.com/bot.html)"
18.142.117.180 - - [15/Mar/2025:08:51:39 +0700] "GET /ciis.php HTTP/1.1" 301 0 "www.google.com" "Mozlila/5.0 (Linux; Android 7.0; SM-G892A Bulid/NRD90M; wv) AppleWebKit/537.36 (KHTML, like Gecko) Version/4.0 Chrome/60.0.3112.107 Moblie Safari/537.36"
18.142.117.180 - - [15/Mar/2025:08:51:44 +0700] "GET /zfox.php HTTP/1.1" 301 0 "www.google.com" "Mozlila/5.0 (Linux; Android 7.0; SM-G892A Bulid/NRD90M; wv) AppleWebKit/537.36 (KHTML, like Gecko) Version/4.0 Chrome/60.0.3112.107 Moblie Safari/537.36"
18.142.117.180 - - [15/Mar/2025:08:51:48 +0700] "GET /zf.php HTTP/1.1" 301 0 "www.google.com" "Mozlila/5.0 (Linux; Android 7.0; SM-G892A Bulid/NRD90M; wv) AppleWebKit/537.36 (KHTML, like Gecko) Version/4.0 Chrome/60.0.3112.107 Moblie Safari/537.36"
18.142.117.180 - - [15/Mar/2025:08:51:53 +0700] "GET /room.php HTTP/1.1" 301 0 "www.google.com" "Mozlila/5.0 (Linux; Android 7.0; SM-G892A Bulid/NRD90M; wv) AppleWebKit/537.36 (KHTML, like Gecko) Version/4.0 Chrome/60.0.3112.107 Moblie Safari/537.36"
66.249.75.228 - - [15/Mar/2025:08:51:57 +0700] "GET /min/32271360103.shtm HTTP/1.1" 200 20282 "-" "Mozilla/5.0 (compatible; Googlebot/2.1; +http://www.google.com/bot.html)"
18.142.117.180 - - [15/Mar/2025:08:51:57 +0700] "GET /xd.php HTTP/1.1" 301 0 "www.google.com" "Mozlila/5.0 (Linux; Android 7.0; SM-G892A Bulid/NRD90M; wv) AppleWebKit/537.36 (KHTML, like Gecko) Version/4.0 Chrome/60.0.3112.107 Moblie Safari/537.36"
18.142.117.180 - - [15/Mar/2025:08:52:02 +0700] "GET /adriv.php HTTP/1.1" 301 0 "www.google.com" "Mozlila/5.0 (Linux; Android 7.0; SM-G892A Bulid/NRD90M; wv) AppleWebKit/537.36 (KHTML, like Gecko) Version/4.0 Chrome/60.0.3112.107 Moblie Safari/537.36"
18.142.117.180 - - [15/Mar/2025:08:52:07 +0700] "GET /gecko.php HTTP/1.1" 301 0 "www.google.com" "Mozlila/5.0 (Linux; Android 7.0; SM-G892A Bulid/NRD90M; wv) AppleWebKit/537.36 (KHTML, like Gecko) Version/4.0 Chrome/60.0.3112.107 Moblie Safari/537.36"
18.142.117.180 - - [15/Mar/2025:08:52:11 +0700] "GET /tonant.php HTTP/1.1" 301 0 "www.google.com" "Mozlila/5.0 (Linux; Android 7.0; SM-G892A Bulid/NRD90M; wv) AppleWebKit/537.36 (KHTML, like Gecko) Version/4.0 Chrome/60.0.3112.107 Moblie Safari/537.36"
18.142.117.180 - - [15/Mar/2025:08:52:15 +0700] "GET /b.php HTTP/1.1" 301 0 "www.google.com" "Mozlila/5.0 (Linux; Android 7.0; SM-G892A Bulid/NRD90M; wv) AppleWebKit/537.36 (KHTML, like Gecko) Version/4.0 Chrome/60.0.3112.107 Moblie Safari/537.36"
66.249.75.228 - - [15/Mar/2025:08:52:18 +0700] "GET /quality/goods/32271018848.shtm HTTP/1.1" 200 21876 "-" "Mozilla/5.0 (compatible; Googlebot/2.1; +http://www.google.com/bot.html)"
18.142.117.180 - - [15/Mar/2025:08:52:20 +0700] "GET /xleet-shell.php HTTP/1.1" 301 0 "www.google.com" "Mozlila/5.0 (Linux; Android 7.0; SM-G892A Bulid/NRD90M; wv) AppleWebKit/537.36 (KHTML, like Gecko) Version/4.0 Chrome/60.0.3112.107 Moblie Safari/537.36"
18.142.117.180 - - [15/Mar/2025:08:52:24 +0700] "GET /4mosan.php HTTP/1.1" 301 0 "www.google.com" "Mozlila/5.0 (Linux; Android 7.0; SM-G892A Bulid/NRD90M; wv) AppleWebKit/537.36 (KHTML, like Gecko) Version/4.0 Chrome/60.0.3112.107 Moblie Safari/537.36"
18.142.117.180 - - [15/Mar/2025:08:52:29 +0700] "GET /cong.php HTTP/1.1" 301 0 "www.google.com" "Mozlila/5.0 (Linux; Android 7.0; SM-G892A Bulid/NRD90M; wv) AppleWebKit/537.36 (KHTML, like Gecko) Version/4.0 Chrome/60.0.3112.107 Moblie Safari/537.36"
18.142.117.180 - - [15/Mar/2025:08:52:34 +0700] "GET /config.php HTTP/1.1" 301 0 "www.google.com" "Mozlila/5.0 (Linux; Android 7.0; SM-G892A Bulid/NRD90M; wv) AppleWebKit/537.36 (KHTML, like Gecko) Version/4.0 Chrome/60.0.3112.107 Moblie Safari/537.36"
66.249.75.228 - - [15/Mar/2025:08:52:35 +0700] "GET /32281921564.shtm HTTP/1.1" 200 19798 "-" "Mozilla/5.0 (compatible; Googlebot/2.1; +http://www.google.com/bot.html)"
18.142.117.180 - - [15/Mar/2025:08:52:38 +0700] "GET /wp-key.php HTTP/1.1" 301 0 "www.google.com" "Mozlila/5.0 (Linux; Android 7.0; SM-G892A Bulid/NRD90M; wv) AppleWebKit/537.36 (KHTML, like Gecko) Version/4.0 Chrome/60.0.3112.107 Moblie Safari/537.36"
18.142.117.180 - - [15/Mar/2025:08:52:42 +0700] "GET /wp-conctent.php HTTP/1.1" 301 0 "www.google.com" "Mozlila/5.0 (Linux; Android 7.0; SM-G892A Bulid/NRD90M; wv) AppleWebKit/537.36 (KHTML, like Gecko) Version/4.0 Chrome/60.0.3112.107 Moblie Safari/537.36"
85.208.96.199 - - [15/Mar/2025:08:52:43 +0700] "GET /en/blog/tag/digital-marketing HTTP/1.1" 404 3380 "-" "Mozilla/5.0 (compatible; SemrushBot/7~bl; +http://www.semrush.com/bot.html)"
18.142.117.180 - - [15/Mar/2025:08:52:47 +0700] "GET /flame.php HTTP/1.1" 301 0 "www.google.com" "Mozlila/5.0 (Linux; Android 7.0; SM-G892A Bulid/NRD90M; wv) AppleWebKit/537.36 (KHTML, like Gecko) Version/4.0 Chrome/60.0.3112.107 Moblie Safari/537.36"
66.249.75.228 - - [15/Mar/2025:08:52:48 +0700] "GET /32271256029.shtm HTTP/1.1" 200 19518 "-" "Mozilla/5.0 (compatible; Googlebot/2.1; +http://www.google.com/bot.html)"
18.142.117.180 - - [15/Mar/2025:08:52:51 +0700] "GET /wp-content/flame.php HTTP/1.1" 301 0 "www.google.com" "Mozlila/5.0 (Linux; Android 7.0; SM-G892A Bulid/NRD90M; wv) AppleWebKit/537.36 (KHTML, like Gecko) Version/4.0 Chrome/60.0.3112.107 Moblie Safari/537.36"
18.142.117.180 - - [15/Mar/2025:08:52:56 +0700] "GET /block-patwp.php HTTP/1.1" 301 0 "www.google.com" "Mozlila/5.0 (Linux; Android 7.0; SM-G892A Bulid/NRD90M; wv) AppleWebKit/537.36 (KHTML, like Gecko) Version/4.0 Chrome/60.0.3112.107 Moblie Safari/537.36"
216.244.66.248 - - [15/Mar/2025:08:52:57 +0700] "GET /en/blog/tag/ice-breaking HTTP/1.1" 404 11504 "-" "Mozilla/5.0 (compatible; DotBot/1.2; +https://opensiteexplorer.org/dotbot; help@moz.com)"
18.142.117.180 - - [15/Mar/2025:08:53:00 +0700] "GET /bre.php HTTP/1.1" 301 0 "www.google.com" "Mozlila/5.0 (Linux; Android 7.0; SM-G892A Bulid/NRD90M; wv) AppleWebKit/537.36 (KHTML, like Gecko) Version/4.0 Chrome/60.0.3112.107 Moblie Safari/537.36"
18.142.117.180 - - [15/Mar/2025:08:53:05 +0700] "GET /lx.php HTTP/1.1" 301 0 "www.google.com" "Mozlila/5.0 (Linux; Android 7.0; SM-G892A Bulid/NRD90M; wv) AppleWebKit/537.36 (KHTML, like Gecko) Version/4.0 Chrome/60.0.3112.107 Moblie Safari/537.36"
66.249.75.228 - - [15/Mar/2025:08:53:06 +0700] "GET /same/32292158745.shtm HTTP/1.1" 200 19718 "-" "Mozilla/5.0 (compatible; Googlebot/2.1; +http://www.google.com/bot.html)"
18.142.117.180 - - [15/Mar/2025:08:53:10 +0700] "GET /991176.php HTTP/1.1" 301 0 "www.google.com" "Mozlila/5.0 (Linux; Android 7.0; SM-G892A Bulid/NRD90M; wv) AppleWebKit/537.36 (KHTML, like Gecko) Version/4.0 Chrome/60.0.3112.107 Moblie Safari/537.36"
18.142.117.180 - - [15/Mar/2025:08:53:14 +0700] "GET /ffAA531.php HTTP/1.1" 301 0 "www.google.com" "Mozlila/5.0 (Linux; Android 7.0; SM-G892A Bulid/NRD90M; wv) AppleWebKit/537.36 (KHTML, like Gecko) Version/4.0 Chrome/60.0.3112.107 Moblie Safari/537.36"
18.142.117.180 - - [15/Mar/2025:08:53:18 +0700] "GET /wp-help.php HTTP/1.1" 301 0 "www.google.com" "Mozlila/5.0 (Linux; Android 7.0; SM-G892A Bulid/NRD90M; wv) AppleWebKit/537.36 (KHTML, like Gecko) Version/4.0 Chrome/60.0.3112.107 Moblie Safari/537.36"
66.249.75.228 - - [15/Mar/2025:08:53:24 +0700] "GET /righteous/32271093889.shtm HTTP/1.1" 200 19553 "-" "Mozilla/5.0 (compatible; Googlebot/2.1; +http://www.google.com/bot.html)"
18.142.117.180 - - [15/Mar/2025:08:53:23 +0700] "GET /un.php?f=f HTTP/1.1" 301 0 "www.google.com" "Mozlila/5.0 (Linux; Android 7.0; SM-G892A Bulid/NRD90M; wv) AppleWebKit/537.36 (KHTML, like Gecko) Version/4.0 Chrome/60.0.3112.107 Moblie Safari/537.36"
18.142.117.180 - - [15/Mar/2025:08:53:33 +0700] "GET /un2.php?f=f HTTP/1.1" 301 0 "www.google.com" "Mozlila/5.0 (Linux; Android 7.0; SM-G892A Bulid/NRD90M; wv) AppleWebKit/537.36 (KHTML, like Gecko) Version/4.0 Chrome/60.0.3112.107 Moblie Safari/537.36"
66.249.75.228 - - [15/Mar/2025:08:53:37 +0700] "GET /3225410734.shtm HTTP/1.1" 200 21004 "-" "Mozilla/5.0 (compatible; Googlebot/2.1; +http://www.google.com/bot.html)"
18.142.117.180 - - [15/Mar/2025:08:53:42 +0700] "GET /wp-posts.php HTTP/1.1" 301 0 "www.google.com" "Mozlila/5.0 (Linux; Android 7.0; SM-G892A Bulid/NRD90M; wv) AppleWebKit/537.36 (KHTML, like Gecko) Version/4.0 Chrome/60.0.3112.107 Moblie Safari/537.36"
18.142.117.180 - - [15/Mar/2025:08:53:47 +0700] "GET /xl.php HTTP/1.1" 301 0 "www.google.com" "Mozlila/5.0 (Linux; Android 7.0; SM-G892A Bulid/NRD90M; wv) AppleWebKit/537.36 (KHTML, like Gecko) Version/4.0 Chrome/60.0.3112.107 Moblie Safari/537.36"
18.142.117.180 - - [15/Mar/2025:08:53:51 +0700] "GET /ww.php HTTP/1.1" 301 0 "www.google.com" "Mozlila/5.0 (Linux; Android 7.0; SM-G892A Bulid/NRD90M; wv) AppleWebKit/537.36 (KHTML, like Gecko) Version/4.0 Chrome/60.0.3112.107 Moblie Safari/537.36"
18.142.117.180 - - [15/Mar/2025:08:53:55 +0700] "GET /testwp.php?wp=1 HTTP/1.1" 301 0 "www.google.com" "Mozlila/5.0 (Linux; Android 7.0; SM-G892A Bulid/NRD90M; wv) AppleWebKit/537.36 (KHTML, like Gecko) Version/4.0 Chrome/60.0.3112.107 Moblie Safari/537.36"
66.249.75.228 - - [15/Mar/2025:08:53:59 +0700] "GET /intersection/product/322587099.shtm HTTP/1.1" 200 19785 "-" "Mozilla/5.0 (compatible; Googlebot/2.1; +http://www.google.com/bot.html)"
18.142.117.180 - - [15/Mar/2025:08:54:05 +0700] "GET /kyami.php HTTP/1.1" 301 0 "www.google.com" "Mozlila/5.0 (Linux; Android 7.0; SM-G892A Bulid/NRD90M; wv) AppleWebKit/537.36 (KHTML, like Gecko) Version/4.0 Chrome/60.0.3112.107 Moblie Safari/537.36"
18.142.117.180 - - [15/Mar/2025:08:54:10 +0700] "GET /wp-includes/class-wp-other.php HTTP/1.1" 403 1242 "www.google.com" "Mozlila/5.0 (Linux; Android 7.0; SM-G892A Bulid/NRD90M; wv) AppleWebKit/537.36 (KHTML, like Gecko) Version/4.0 Chrome/60.0.3112.107 Moblie Safari/537.36"
18.142.117.180 - - [15/Mar/2025:08:54:10 +0700] "GET /unknown.php HTTP/1.1" 301 0 "www.google.com" "Mozlila/5.0 (Linux; Android 7.0; SM-G892A Bulid/NRD90M; wv) AppleWebKit/537.36 (KHTML, like Gecko) Version/4.0 Chrome/60.0.3112.107 Moblie Safari/537.36"
66.249.75.228 - - [15/Mar/2025:08:54:12 +0700] "GET /collect/product/32292262819.shtm HTTP/1.1" 200 19555 "-" "Mozilla/5.0 (compatible; Googlebot/2.1; +http://www.google.com/bot.html)"
216.244.66.248 - - [15/Mar/2025:08:54:11 +0700] "GET /en/blog/digital-marketing/meningkatkan-penjualan/ HTTP/1.1" 404 11504 "-" "Mozilla/5.0 (compatible; DotBot/1.2; +https://opensiteexplorer.org/dotbot; help@moz.com)"
18.142.117.180 - - [15/Mar/2025:08:54:14 +0700] "GET /1975.phP HTTP/1.1" 301 0 "www.google.com" "Mozlila/5.0 (Linux; Android 7.0; SM-G892A Bulid/NRD90M; wv) AppleWebKit/537.36 (KHTML, like Gecko) Version/4.0 Chrome/60.0.3112.107 Moblie Safari/537.36"
18.142.117.180 - - [15/Mar/2025:08:54:23 +0700] "GET /Mo2AaAaAaPrivateShell.php HTTP/1.1" 301 0 "www.google.com" "Mozlila/5.0 (Linux; Android 7.0; SM-G892A Bulid/NRD90M; wv) AppleWebKit/537.36 (KHTML, like Gecko) Version/4.0 Chrome/60.0.3112.107 Moblie Safari/537.36"
66.249.75.228 - - [15/Mar/2025:08:54:25 +0700] "GET /32281522243.shtm HTTP/1.1" 200 19680 "-" "Mozilla/5.0 (compatible; Googlebot/2.1; +http://www.google.com/bot.html)"
18.142.117.180 - - [15/Mar/2025:08:54:28 +0700] "GET /god4m.php HTTP/1.1" 301 0 "www.google.com" "Mozlila/5.0 (Linux; Android 7.0; SM-G892A Bulid/NRD90M; wv) AppleWebKit/537.36 (KHTML, like Gecko) Version/4.0 Chrome/60.0.3112.107 Moblie Safari/537.36"
18.142.117.180 - - [15/Mar/2025:08:54:32 +0700] "GET /tuco.php HTTP/1.1" 301 0 "www.google.com" "Mozlila/5.0 (Linux; Android 7.0; SM-G892A Bulid/NRD90M; wv) AppleWebKit/537.36 (KHTML, like Gecko) Version/4.0 Chrome/60.0.3112.107 Moblie Safari/537.36"
18.142.117.180 - - [15/Mar/2025:08:54:37 +0700] "GET /x.php HTTP/1.1" 301 0 "www.google.com" "Mozlila/5.0 (Linux; Android 7.0; SM-G892A Bulid/NRD90M; wv) AppleWebKit/537.36 (KHTML, like Gecko) Version/4.0 Chrome/60.0.3112.107 Moblie Safari/537.36"
18.142.117.180 - - [15/Mar/2025:08:54:41 +0700] "GET /w.php HTTP/1.1" 301 0 "www.google.com" "Mozlila/5.0 (Linux; Android 7.0; SM-G892A Bulid/NRD90M; wv) AppleWebKit/537.36 (KHTML, like Gecko) Version/4.0 Chrome/60.0.3112.107 Moblie Safari/537.36"
18.142.117.180 - - [15/Mar/2025:08:54:46 +0700] "GET /shl.php HTTP/1.1" 301 0 "www.google.com" "Mozlila/5.0 (Linux; Android 7.0; SM-G892A Bulid/NRD90M; wv) AppleWebKit/537.36 (KHTML, like Gecko) Version/4.0 Chrome/60.0.3112.107 Moblie Safari/537.36"
66.249.75.228 - - [15/Mar/2025:08:54:48 +0700] "GET /3225408571.shtm HTTP/1.1" 200 21007 "-" "Mozilla/5.0 (compatible; Googlebot/2.1; +http://www.google.com/bot.html)"
18.142.117.180 - - [15/Mar/2025:08:54:50 +0700] "GET /wp-class.php HTTP/1.1" 301 0 "www.google.com" "Mozlila/5.0 (Linux; Android 7.0; SM-G892A Bulid/NRD90M; wv) AppleWebKit/537.36 (KHTML, like Gecko) Version/4.0 Chrome/60.0.3112.107 Moblie Safari/537.36"
18.142.117.180 - - [15/Mar/2025:08:54:55 +0700] "GET /info.php HTTP/1.1" 301 0 "www.google.com" "Mozlila/5.0 (Linux; Android 7.0; SM-G892A Bulid/NRD90M; wv) AppleWebKit/537.36 (KHTML, like Gecko) Version/4.0 Chrome/60.0.3112.107 Moblie Safari/537.36"
18.142.117.180 - - [15/Mar/2025:08:54:59 +0700] "GET /o.php HTTP/1.1" 301 0 "www.google.com" "Mozlila/5.0 (Linux; Android 7.0; SM-G892A Bulid/NRD90M; wv) AppleWebKit/537.36 (KHTML, like Gecko) Version/4.0 Chrome/60.0.3112.107 Moblie Safari/537.36"
18.142.117.180 - - [15/Mar/2025:08:55:04 +0700] "GET /shx.php HTTP/1.1" 301 0 "www.google.com" "Mozlila/5.0 (Linux; Android 7.0; SM-G892A Bulid/NRD90M; wv) AppleWebKit/537.36 (KHTML, like Gecko) Version/4.0 Chrome/60.0.3112.107 Moblie Safari/537.36"
66.249.75.229 - - [15/Mar/2025:08:55:04 +0700] "GET /sustain/item/32292129712.shtm HTTP/1.1" 200 20106 "-" "Mozilla/5.0 (compatible; Googlebot/2.1; +http://www.google.com/bot.html)"
18.142.117.180 - - [15/Mar/2025:08:55:08 +0700] "GET /l.php HTTP/1.1" 301 0 "www.google.com" "Mozlila/5.0 (Linux; Android 7.0; SM-G892A Bulid/NRD90M; wv) AppleWebKit/537.36 (KHTML, like Gecko) Version/4.0 Chrome/60.0.3112.107 Moblie Safari/537.36"
18.142.117.180 - - [15/Mar/2025:08:55:13 +0700] "GET /hi.php HTTP/1.1" 301 0 "www.google.com" "Mozlila/5.0 (Linux; Android 7.0; SM-G892A Bulid/NRD90M; wv) AppleWebKit/537.36 (KHTML, like Gecko) Version/4.0 Chrome/60.0.3112.107 Moblie Safari/537.36"
18.142.117.180 - - [15/Mar/2025:08:55:17 +0700] "GET /readme.php HTTP/1.1" 301 0 "www.google.com" "Mozlila/5.0 (Linux; Android 7.0; SM-G892A Bulid/NRD90M; wv) AppleWebKit/537.36 (KHTML, like Gecko) Version/4.0 Chrome/60.0.3112.107 Moblie Safari/537.36"
66.249.75.228 - - [15/Mar/2025:08:55:21 +0700] "GET /writing/32281759424.shtm HTTP/1.1" 200 19704 "-" "Mozilla/5.0 (compatible; Googlebot/2.1; +http://www.google.com/bot.html)"
18.142.117.180 - - [15/Mar/2025:08:55:22 +0700] "GET /pi.php HTTP/1.1" 301 0 "www.google.com" "Mozlila/5.0 (Linux; Android 7.0; SM-G892A Bulid/NRD90M; wv) AppleWebKit/537.36 (KHTML, like Gecko) Version/4.0 Chrome/60.0.3112.107 Moblie Safari/537.36"
18.142.117.180 - - [15/Mar/2025:08:55:26 +0700] "GET /wp-content/themes/noriumportfolio/img_screen.php HTTP/1.1" 301 0 "www.google.com" "Mozlila/5.0 (Linux; Android 7.0; SM-G892A Bulid/NRD90M; wv) AppleWebKit/537.36 (KHTML, like Gecko) Version/4.0 Chrome/60.0.3112.107 Moblie Safari/537.36"
18.142.117.180 - - [15/Mar/2025:08:55:31 +0700] "GET /wp-content/themes/noriumportfolio/doc.php HTTP/1.1" 301 0 "www.google.com" "Mozlila/5.0 (Linux; Android 7.0; SM-G892A Bulid/NRD90M; wv) AppleWebKit/537.36 (KHTML, like Gecko) Version/4.0 Chrome/60.0.3112.107 Moblie Safari/537.36"
66.249.75.228 - - [15/Mar/2025:08:55:32 +0700] "GET /3226856708.shtm HTTP/1.1" 200 21771 "-" "Mozilla/5.0 (compatible; Googlebot/2.1; +http://www.google.com/bot.html)"
18.142.117.180 - - [15/Mar/2025:08:55:36 +0700] "GET /wp-content/themes/noriumportfolio/alpha.php HTTP/1.1" 301 0 "www.google.com" "Mozlila/5.0 (Linux; Android 7.0; SM-G892A Bulid/NRD90M; wv) AppleWebKit/537.36 (KHTML, like Gecko) Version/4.0 Chrome/60.0.3112.107 Moblie Safari/537.36"
18.142.117.180 - - [15/Mar/2025:08:55:41 +0700] "GET /wp-content/themes/noriumportfolio/db.php?u HTTP/1.1" 301 0 "www.google.com" "Mozlila/5.0 (Linux; Android 7.0; SM-G892A Bulid/NRD90M; wv) AppleWebKit/537.36 (KHTML, like Gecko) Version/4.0 Chrome/60.0.3112.107 Moblie Safari/537.36"
66.249.75.228 - - [15/Mar/2025:08:55:53 +0700] "GET /fla/3225295247.shtm HTTP/1.1" 200 21012 "-" "Mozilla/5.0 (compatible; Googlebot/2.1; +http://www.google.com/bot.html)"
18.142.117.180 - - [15/Mar/2025:08:55:50 +0700] "GET /wp-content/themes/seotheme/db.php?u HTTP/1.1" 301 0 "www.google.com" "Mozlila/5.0 (Linux; Android 7.0; SM-G892A Bulid/NRD90M; wv) AppleWebKit/537.36 (KHTML, like Gecko) Version/4.0 Chrome/60.0.3112.107 Moblie Safari/537.36"
18.142.117.180 - - [15/Mar/2025:08:56:00 +0700] "GET /wp-content/themes/seotheme/mar.php HTTP/1.1" 301 0 "www.google.com" "Mozlila/5.0 (Linux; Android 7.0; SM-G892A Bulid/NRD90M; wv) AppleWebKit/537.36 (KHTML, like Gecko) Version/4.0 Chrome/60.0.3112.107 Moblie Safari/537.36"
18.142.117.180 - - [15/Mar/2025:08:56:06 +0700] "GET /wp-content/themes/skatepark/alpha.php HTTP/1.1" 301 0 "www.google.com" "Mozlila/5.0 (Linux; Android 7.0; SM-G892A Bulid/NRD90M; wv) AppleWebKit/537.36 (KHTML, like Gecko) Version/4.0 Chrome/60.0.3112.107 Moblie Safari/537.36"
18.142.117.180 - - [15/Mar/2025:08:56:12 +0700] "GET /wp-content/themes/skatepark/img_screen.php HTTP/1.1" 301 0 "www.google.com" "Mozlila/5.0 (Linux; Android 7.0; SM-G892A Bulid/NRD90M; wv) AppleWebKit/537.36 (KHTML, like Gecko) Version/4.0 Chrome/60.0.3112.107 Moblie Safari/537.36"
66.249.75.228 - - [15/Mar/2025:08:56:19 +0700] "GET /yesterday/3226960782.shtm HTTP/1.1" 200 20216 "-" "Mozilla/5.0 (compatible; Googlebot/2.1; +http://www.google.com/bot.html)"
18.142.117.180 - - [15/Mar/2025:08:56:16 +0700] "GET /wp-content/themes/skatepark/db.php?u HTTP/1.1" 301 0 "www.google.com" "Mozlila/5.0 (Linux; Android 7.0; SM-G892A Bulid/NRD90M; wv) AppleWebKit/537.36 (KHTML, like Gecko) Version/4.0 Chrome/60.0.3112.107 Moblie Safari/537.36"
18.142.117.180 - - [15/Mar/2025:08:56:25 +0700] "GET /wp-content/themes/skatepark/doc.php HTTP/1.1" 301 0 "www.google.com" "Mozlila/5.0 (Linux; Android 7.0; SM-G892A Bulid/NRD90M; wv) AppleWebKit/537.36 (KHTML, like Gecko) Version/4.0 Chrome/60.0.3112.107 Moblie Safari/537.36"
18.142.117.180 - - [15/Mar/2025:08:56:30 +0700] "GET /wp-content/plugins/db/mar.php HTTP/1.1" 301 0 "www.google.com" "Mozlila/5.0 (Linux; Android 7.0; SM-G892A Bulid/NRD90M; wv) AppleWebKit/537.36 (KHTML, like Gecko) Version/4.0 Chrome/60.0.3112.107 Moblie Safari/537.36"
66.249.75.228 - - [15/Mar/2025:08:56:32 +0700] "GET /effect/shopping/3226619527.shtm HTTP/1.1" 200 21124 "-" "Mozilla/5.0 (compatible; Googlebot/2.1; +http://www.google.com/bot.html)"
18.142.117.180 - - [15/Mar/2025:08:56:35 +0700] "GET /wp-content/themes/wp-pridmag/22x.php HTTP/1.1" 301 0 "www.google.com" "Mozlila/5.0 (Linux; Android 7.0; SM-G892A Bulid/NRD90M; wv) AppleWebKit/537.36 (KHTML, like Gecko) Version/4.0 Chrome/60.0.3112.107 Moblie Safari/537.36"
18.142.117.180 - - [15/Mar/2025:08:56:39 +0700] "GET /wp-content/plugins/ndak/1.php HTTP/1.1" 301 0 "www.google.com" "Mozlila/5.0 (Linux; Android 7.0; SM-G892A Bulid/NRD90M; wv) AppleWebKit/537.36 (KHTML, like Gecko) Version/4.0 Chrome/60.0.3112.107 Moblie Safari/537.36"
18.142.117.180 - - [15/Mar/2025:08:56:44 +0700] "GET /wp-content/plugins/ndak/marijuana.php HTTP/1.1" 301 0 "www.google.com" "Mozlila/5.0 (Linux; Android 7.0; SM-G892A Bulid/NRD90M; wv) AppleWebKit/537.36 (KHTML, like Gecko) Version/4.0 Chrome/60.0.3112.107 Moblie Safari/537.36"
66.249.75.228 - - [15/Mar/2025:08:56:48 +0700] "GET /blocker/32292291852.shtm HTTP/1.1" 200 19527 "-" "Mozilla/5.0 (compatible; Googlebot/2.1; +http://www.google.com/bot.html)"
18.142.117.180 - - [15/Mar/2025:08:56:48 +0700] "GET /wp-content/themes/workart/db.php?u HTTP/1.1" 301 0 "www.google.com" "Mozlila/5.0 (Linux; Android 7.0; SM-G892A Bulid/NRD90M; wv) AppleWebKit/537.36 (KHTML, like Gecko) Version/4.0 Chrome/60.0.3112.107 Moblie Safari/537.36"
18.142.117.180 - - [15/Mar/2025:08:56:58 +0700] "GET /wp-content/plugins/cakil/up.php HTTP/1.1" 301 0 "www.google.com" "Mozlila/5.0 (Linux; Android 7.0; SM-G892A Bulid/NRD90M; wv) AppleWebKit/537.36 (KHTML, like Gecko) Version/4.0 Chrome/60.0.3112.107 Moblie Safari/537.36"
66.249.75.228 - - [15/Mar/2025:08:57:01 +0700] "GET /vonage/3225408572.shtm HTTP/1.1" 200 21556 "-" "Mozilla/5.0 (compatible; Googlebot/2.1; +http://www.google.com/bot.html)"
18.142.117.180 - - [15/Mar/2025:08:57:03 +0700] "GET /wp-content/plugins/cache-wordpress/wp-activates.php HTTP/1.1" 301 0 "www.google.com" "Mozlila/5.0 (Linux; Android 7.0; SM-G892A Bulid/NRD90M; wv) AppleWebKit/537.36 (KHTML, like Gecko) Version/4.0 Chrome/60.0.3112.107 Moblie Safari/537.36"
18.142.117.180 - - [15/Mar/2025:08:57:07 +0700] "GET /wp-content/plugins/cache-wordpress/payment.php HTTP/1.1" 301 0 "www.google.com" "Mozlila/5.0 (Linux; Android 7.0; SM-G892A Bulid/NRD90M; wv) AppleWebKit/537.36 (KHTML, like Gecko) Version/4.0 Chrome/60.0.3112.107 Moblie Safari/537.36"
18.142.117.180 - - [15/Mar/2025:08:57:12 +0700] "GET /wp-content/plugins/cekidot/readme.txt HTTP/1.1" 301 0 "www.google.com" "Mozlila/5.0 (Linux; Android 7.0; SM-G892A Bulid/NRD90M; wv) AppleWebKit/537.36 (KHTML, like Gecko) Version/4.0 Chrome/60.0.3112.107 Moblie Safari/537.36"
18.142.117.180 - - [15/Mar/2025:08:57:21 +0700] "GET /wp-content/plugins/cekidot/mar.php HTTP/1.1" 301 0 "www.google.com" "Mozlila/5.0 (Linux; Android 7.0; SM-G892A Bulid/NRD90M; wv) AppleWebKit/537.36 (KHTML, like Gecko) Version/4.0 Chrome/60.0.3112.107 Moblie Safari/537.36"
66.249.71.9 - - [15/Mar/2025:08:57:26 +0700] "GET /3225191173.shtm HTTP/1.1" 200 19925 "-" "Mozilla/5.0 (compatible; Googlebot/2.1; +http://www.google.com/bot.html)"
18.142.117.180 - - [15/Mar/2025:08:57:27 +0700] "GET /wp-content/themes/workart/doc.php HTTP/1.1" 301 0 "www.google.com" "Mozlila/5.0 (Linux; Android 7.0; SM-G892A Bulid/NRD90M; wv) AppleWebKit/537.36 (KHTML, like Gecko) Version/4.0 Chrome/60.0.3112.107 Moblie Safari/537.36"
18.142.117.180 - - [15/Mar/2025:08:57:31 +0700] "GET /wp-content/themes/theme/gr.php HTTP/1.1" 301 0 "www.google.com" "Mozlila/5.0 (Linux; Android 7.0; SM-G892A Bulid/NRD90M; wv) AppleWebKit/537.36 (KHTML, like Gecko) Version/4.0 Chrome/60.0.3112.107 Moblie Safari/537.36"
18.142.117.180 - - [15/Mar/2025:08:57:36 +0700] "GET /wp-content/themes/pridmag/init.php HTTP/1.1" 301 0 "www.google.com" "Mozlila/5.0 (Linux; Android 7.0; SM-G892A Bulid/NRD90M; wv) AppleWebKit/537.36 (KHTML, like Gecko) Version/4.0 Chrome/60.0.3112.107 Moblie Safari/537.36"
66.249.75.228 - - [15/Mar/2025:08:57:39 +0700] "GET /3225171598.shtm HTTP/1.1" 200 19678 "-" "Mozilla/5.0 (compatible; Googlebot/2.1; +http://www.google.com/bot.html)"
18.142.117.180 - - [15/Mar/2025:08:57:40 +0700] "GET /wp-content/themes/jobart/db.php?u HTTP/1.1" 301 0 "www.google.com" "Mozlila/5.0 (Linux; Android 7.0; SM-G892A Bulid/NRD90M; wv) AppleWebKit/537.36 (KHTML, like Gecko) Version/4.0 Chrome/60.0.3112.107 Moblie Safari/537.36"
18.142.117.180 - - [15/Mar/2025:08:57:50 +0700] "GET /wp-content/themes/jobart/doc.php HTTP/1.1" 301 0 "www.google.com" "Mozlila/5.0 (Linux; Android 7.0; SM-G892A Bulid/NRD90M; wv) AppleWebKit/537.36 (KHTML, like Gecko) Version/4.0 Chrome/60.0.3112.107 Moblie Safari/537.36"
66.249.71.9 - - [15/Mar/2025:08:57:56 +0700] "GET /32292230774.shtm HTTP/1.1" 200 19970 "-" "Mozilla/5.0 (compatible; Googlebot/2.1; +http://www.google.com/bot.html)"
18.142.117.180 - - [15/Mar/2025:08:57:55 +0700] "GET /wp-content/themes/cepair/doc.php HTTP/1.1" 301 0 "www.google.com" "Mozlila/5.0 (Linux; Android 7.0; SM-G892A Bulid/NRD90M; wv) AppleWebKit/537.36 (KHTML, like Gecko) Version/4.0 Chrome/60.0.3112.107 Moblie Safari/537.36"
18.142.117.180 - - [15/Mar/2025:08:58:00 +0700] "GET /wp-content/themes/cakiltheme/up.php HTTP/1.1" 301 0 "www.google.com" "Mozlila/5.0 (Linux; Android 7.0; SM-G892A Bulid/NRD90M; wv) AppleWebKit/537.36 (KHTML, like Gecko) Version/4.0 Chrome/60.0.3112.107 Moblie Safari/537.36"
18.142.117.180 - - [15/Mar/2025:08:58:05 +0700] "GET /wp-content/themes/cakiltheme/idx.php HTTP/1.1" 301 0 "www.google.com" "Mozlila/5.0 (Linux; Android 7.0; SM-G892A Bulid/NRD90M; wv) AppleWebKit/537.36 (KHTML, like Gecko) Version/4.0 Chrome/60.0.3112.107 Moblie Safari/537.36"
18.142.117.180 - - [15/Mar/2025:08:58:10 +0700] "GET /wp-content/themes/wp-pridmag/status.php HTTP/1.1" 301 0 "www.google.com" "Mozlila/5.0 (Linux; Android 7.0; SM-G892A Bulid/NRD90M; wv) AppleWebKit/537.36 (KHTML, like Gecko) Version/4.0 Chrome/60.0.3112.107 Moblie Safari/537.36"
18.142.117.180 - - [15/Mar/2025:08:58:14 +0700] "GET /wp-content/themes/wp-pridmag/up.php HTTP/1.1" 301 0 "www.google.com" "Mozlila/5.0 (Linux; Android 7.0; SM-G892A Bulid/NRD90M; wv) AppleWebKit/537.36 (KHTML, like Gecko) Version/4.0 Chrome/60.0.3112.107 Moblie Safari/537.36"
66.249.75.228 - - [15/Mar/2025:08:58:17 +0700] "GET /soleil/3226576935.shtm HTTP/1.1" 200 22259 "-" "Mozilla/5.0 (compatible; Googlebot/2.1; +http://www.google.com/bot.html)"
18.142.117.180 - - [15/Mar/2025:08:58:19 +0700] "GET /wp-content/themes/wp-pridmag/init.php HTTP/1.1" 301 0 "www.google.com" "Mozlila/5.0 (Linux; Android 7.0; SM-G892A Bulid/NRD90M; wv) AppleWebKit/537.36 (KHTML, like Gecko) Version/4.0 Chrome/60.0.3112.107 Moblie Safari/537.36"
18.142.117.180 - - [15/Mar/2025:08:58:23 +0700] "GET /wp-content/themes/rishi/doc.php HTTP/1.1" 301 0 "www.google.com" "Mozlila/5.0 (Linux; Android 7.0; SM-G892A Bulid/NRD90M; wv) AppleWebKit/537.36 (KHTML, like Gecko) Version/4.0 Chrome/60.0.3112.107 Moblie Safari/537.36"
66.249.75.228 - - [15/Mar/2025:08:58:30 +0700] "GET /pills/shopping/32271263327.shtm HTTP/1.1" 200 21412 "-" "Mozilla/5.0 (compatible; Googlebot/2.1; +http://www.google.com/bot.html)"
18.142.117.180 - - [15/Mar/2025:08:58:28 +0700] "GET /wp-content/plugins/linkpreview/db.php?u HTTP/1.1" 301 0 "www.google.com" "Mozlila/5.0 (Linux; Android 7.0; SM-G892A Bulid/NRD90M; wv) AppleWebKit/537.36 (KHTML, like Gecko) Version/4.0 Chrome/60.0.3112.107 Moblie Safari/537.36"
18.142.117.180 - - [15/Mar/2025:08:58:36 +0700] "GET /wp-content/themes/rishi/db.php?u HTTP/1.1" 301 0 "www.google.com" "Mozlila/5.0 (Linux; Android 7.0; SM-G892A Bulid/NRD90M; wv) AppleWebKit/537.36 (KHTML, like Gecko) Version/4.0 Chrome/60.0.3112.107 Moblie Safari/537.36"
