57.141.3.12 - - [14/Mar/2025:19:27:04 +0700] "GET /ms/blog/digital-marketing/meningkatkan-potensi-bisnis-dengan-digitalisasi-dan-teknologi-terbaru/ HTTP/1.1" 404 11504 "-" "meta-externalagent/1.1 (+https://developers.facebook.com/docs/sharing/webmasters/crawler)"
146.190.99.254 - - [14/Mar/2025:19:27:04 +0700] "GET /components/ALFA_DATA/alfacgiapi/404.php?bx=0e215962017 HTTP/1.1" 404 3373 "-" "Mozilla/5.0 (Linux; Android 11; Redmi Note 9 Pro Build/RKQ1.200826.002; wv) AppleWebKit/537.36 (KHTML, like Gecko) Version/4.0 Chrome/90.0.4430.210 Mobile Safari/537.36"
146.190.99.254 - - [14/Mar/2025:19:27:09 +0700] "POST /wordpress/alfacgiapi/perl.alfa HTTP/1.1" 404 3380 "-" "Mozilla/5.0 (Linux; Android 11; Redmi Note 9 Pro Build/RKQ1.200826.002; wv) AppleWebKit/537.36 (KHTML, like Gecko) Version/4.0 Chrome/90.0.4430.210 Mobile Safari/537.36"
66.249.71.1 - - [14/Mar/2025:19:27:14 +0700] "GET /?e=53983069468 HTTP/1.1" 200 19754 "-" "Mozilla/5.0 (Linux; Android 6.0.1; Nexus 5X Build/MMB29P) AppleWebKit/537.36 (KHTML, like Gecko) Chrome/133.0.6943.141 Mobile Safari/537.36 (compatible; Googlebot/2.1; +http://www.google.com/bot.html)"
146.190.99.254 - - [14/Mar/2025:19:27:14 +0700] "POST /wordpress/alfacgiapi/perl.alfa HTTP/1.1" 404 3373 "-" "Mozilla/5.0 (Linux; Android 11; Redmi Note 9 Pro Build/RKQ1.200826.002; wv) AppleWebKit/537.36 (KHTML, like Gecko) Version/4.0 Chrome/90.0.4430.210 Mobile Safari/537.36"
180.235.151.3 - - [14/Mar/2025:19:27:24 +0700] "POST /wp-cron.php?doing_wp_cron=1741955244.1613109111785888671875 HTTP/1.1" 403 1242 "-" "WordPress/6.7.2; https://www.aturtoko.id"
146.190.99.254 - - [14/Mar/2025:19:27:18 +0700] "POST /wordpress/alfacgiapi/bash.alfa HTTP/1.1" 404 3380 "-" "Mozilla/5.0 (Linux; Android 11; Redmi Note 9 Pro Build/RKQ1.200826.002; wv) AppleWebKit/537.36 (KHTML, like Gecko) Version/4.0 Chrome/90.0.4430.210 Mobile Safari/537.36"
146.190.99.254 - - [14/Mar/2025:19:27:24 +0700] "POST /wordpress/alfacgiapi/bash.alfa HTTP/1.1" 404 3373 "-" "Mozilla/5.0 (Linux; Android 11; Redmi Note 9 Pro Build/RKQ1.200826.002; wv) AppleWebKit/537.36 (KHTML, like Gecko) Version/4.0 Chrome/90.0.4430.210 Mobile Safari/537.36"
146.190.99.254 - - [14/Mar/2025:19:27:28 +0700] "POST /wordpress/alfacgiapi/py.alfa HTTP/1.1" 404 3373 "-" "Mozilla/5.0 (Linux; Android 11; Redmi Note 9 Pro Build/RKQ1.200826.002; wv) AppleWebKit/537.36 (KHTML, like Gecko) Version/4.0 Chrome/90.0.4430.210 Mobile Safari/537.36"
57.141.3.21 - - [14/Mar/2025:19:27:34 +0700] "GET /en/blog/aturtoko-update/cara-menemukan-trend-produk HTTP/1.1" 404 11504 "-" "meta-externalagent/1.1 (+https://developers.facebook.com/docs/sharing/webmasters/crawler)"
146.190.99.254 - - [14/Mar/2025:19:27:33 +0700] "POST /wordpress/alfacgiapi/py.alfa HTTP/1.1" 404 3380 "-" "Mozilla/5.0 (Linux; Android 11; Redmi Note 9 Pro Build/RKQ1.200826.002; wv) AppleWebKit/537.36 (KHTML, like Gecko) Version/4.0 Chrome/90.0.4430.210 Mobile Safari/537.36"
57.141.3.20 - - [14/Mar/2025:19:27:38 +0700] "GET /ms/omnipos/ HTTP/1.1" 404 11504 "-" "meta-externalagent/1.1 (+https://developers.facebook.com/docs/sharing/webmasters/crawler)"
146.190.99.254 - - [14/Mar/2025:19:27:38 +0700] "GET /wordpress/alfacgiapi/index.php?bx=0e215962017 HTTP/1.1" 301 0 "-" "Mozilla/5.0 (Linux; Android 11; Redmi Note 9 Pro Build/RKQ1.200826.002; wv) AppleWebKit/537.36 (KHTML, like Gecko) Version/4.0 Chrome/90.0.4430.210 Mobile Safari/537.36"
146.190.99.254 - - [14/Mar/2025:19:27:42 +0700] "GET /wordpress/alfacgiapi/?bx=0e215962017 HTTP/1.1" 404 3380 "-" "Mozilla/5.0 (Linux; Android 11; Redmi Note 9 Pro Build/RKQ1.200826.002; wv) AppleWebKit/537.36 (KHTML, like Gecko) Version/4.0 Chrome/90.0.4430.210 Mobile Safari/537.36"
146.190.99.254 - - [14/Mar/2025:19:27:47 +0700] "GET /wordpress/alfacgiapi/radio.php?bx=0e215962017 HTTP/1.1" 301 0 "-" "Mozilla/5.0 (Linux; Android 11; Redmi Note 9 Pro Build/RKQ1.200826.002; wv) AppleWebKit/537.36 (KHTML, like Gecko) Version/4.0 Chrome/90.0.4430.210 Mobile Safari/537.36"
146.190.99.254 - - [14/Mar/2025:19:27:52 +0700] "GET /wordpress/alfacgiapi/radio.php?bx=0e215962017 HTTP/1.1" 404 3380 "-" "Mozilla/5.0 (Linux; Android 11; Redmi Note 9 Pro Build/RKQ1.200826.002; wv) AppleWebKit/537.36 (KHTML, like Gecko) Version/4.0 Chrome/90.0.4430.210 Mobile Safari/537.36"
146.190.99.254 - - [14/Mar/2025:19:27:56 +0700] "GET /wordpress/alfacgiapi/404.php?bx=0e215962017 HTTP/1.1" 301 0 "-" "Mozilla/5.0 (Linux; Android 11; Redmi Note 9 Pro Build/RKQ1.200826.002; wv) AppleWebKit/537.36 (KHTML, like Gecko) Version/4.0 Chrome/90.0.4430.210 Mobile Safari/537.36"
146.190.99.254 - - [14/Mar/2025:19:28:01 +0700] "GET /wordpress/alfacgiapi/404.php?bx=0e215962017 HTTP/1.1" 404 3373 "-" "Mozilla/5.0 (Linux; Android 11; Redmi Note 9 Pro Build/RKQ1.200826.002; wv) AppleWebKit/537.36 (KHTML, like Gecko) Version/4.0 Chrome/90.0.4430.210 Mobile Safari/537.36"
146.190.99.254 - - [14/Mar/2025:19:28:07 +0700] "POST /wordpress/ALFA_DATA/alfacgiapi/perl.alfa HTTP/1.1" 404 3380 "-" "Mozilla/5.0 (Linux; Android 11; Redmi Note 9 Pro Build/RKQ1.200826.002; wv) AppleWebKit/537.36 (KHTML, like Gecko) Version/4.0 Chrome/90.0.4430.210 Mobile Safari/537.36"
146.190.99.254 - - [14/Mar/2025:19:28:11 +0700] "POST /wordpress/ALFA_DATA/alfacgiapi/perl.alfa HTTP/1.1" 404 3380 "-" "Mozilla/5.0 (Linux; Android 11; Redmi Note 9 Pro Build/RKQ1.200826.002; wv) AppleWebKit/537.36 (KHTML, like Gecko) Version/4.0 Chrome/90.0.4430.210 Mobile Safari/537.36"
146.190.99.254 - - [14/Mar/2025:19:28:15 +0700] "POST /wordpress/ALFA_DATA/alfacgiapi/bash.alfa HTTP/1.1" 404 3380 "-" "Mozilla/5.0 (Linux; Android 11; Redmi Note 9 Pro Build/RKQ1.200826.002; wv) AppleWebKit/537.36 (KHTML, like Gecko) Version/4.0 Chrome/90.0.4430.210 Mobile Safari/537.36"
180.235.151.3 - - [14/Mar/2025:19:28:24 +0700] "POST /wp-cron.php?doing_wp_cron=1741955304.6779539585113525390625 HTTP/1.1" 403 1242 "-" "WordPress/6.7.2; https://www.aturtoko.id"
146.190.99.254 - - [14/Mar/2025:19:28:20 +0700] "POST /wordpress/ALFA_DATA/alfacgiapi/bash.alfa HTTP/1.1" 404 3380 "-" "Mozilla/5.0 (Linux; Android 11; Redmi Note 9 Pro Build/RKQ1.200826.002; wv) AppleWebKit/537.36 (KHTML, like Gecko) Version/4.0 Chrome/90.0.4430.210 Mobile Safari/537.36"
146.190.99.254 - - [14/Mar/2025:19:28:24 +0700] "POST /wordpress/ALFA_DATA/alfacgiapi/py.alfa HTTP/1.1" 404 3380 "-" "Mozilla/5.0 (Linux; Android 11; Redmi Note 9 Pro Build/RKQ1.200826.002; wv) AppleWebKit/537.36 (KHTML, like Gecko) Version/4.0 Chrome/90.0.4430.210 Mobile Safari/537.36"
146.190.99.254 - - [14/Mar/2025:19:28:29 +0700] "POST /wordpress/ALFA_DATA/alfacgiapi/py.alfa HTTP/1.1" 404 3380 "-" "Mozilla/5.0 (Linux; Android 11; Redmi Note 9 Pro Build/RKQ1.200826.002; wv) AppleWebKit/537.36 (KHTML, like Gecko) Version/4.0 Chrome/90.0.4430.210 Mobile Safari/537.36"
146.190.99.254 - - [14/Mar/2025:19:28:34 +0700] "GET /wordpress/ALFA_DATA/alfacgiapi/index.php?bx=0e215962017 HTTP/1.1" 301 0 "-" "Mozilla/5.0 (Linux; Android 11; Redmi Note 9 Pro Build/RKQ1.200826.002; wv) AppleWebKit/537.36 (KHTML, like Gecko) Version/4.0 Chrome/90.0.4430.210 Mobile Safari/537.36"
146.190.99.254 - - [14/Mar/2025:19:28:38 +0700] "GET /wordpress/ALFA_DATA/alfacgiapi/?bx=0e215962017 HTTP/1.1" 404 3380 "-" "Mozilla/5.0 (Linux; Android 11; Redmi Note 9 Pro Build/RKQ1.200826.002; wv) AppleWebKit/537.36 (KHTML, like Gecko) Version/4.0 Chrome/90.0.4430.210 Mobile Safari/537.36"
146.190.99.254 - - [14/Mar/2025:19:28:42 +0700] "GET /wordpress/ALFA_DATA/alfacgiapi/radio.php?bx=0e215962017 HTTP/1.1" 301 0 "-" "Mozilla/5.0 (Linux; Android 11; Redmi Note 9 Pro Build/RKQ1.200826.002; wv) AppleWebKit/537.36 (KHTML, like Gecko) Version/4.0 Chrome/90.0.4430.210 Mobile Safari/537.36"
146.190.99.254 - - [14/Mar/2025:19:28:47 +0700] "GET /wordpress/ALFA_DATA/alfacgiapi/radio.php?bx=0e215962017 HTTP/1.1" 404 3380 "-" "Mozilla/5.0 (Linux; Android 11; Redmi Note 9 Pro Build/RKQ1.200826.002; wv) AppleWebKit/537.36 (KHTML, like Gecko) Version/4.0 Chrome/90.0.4430.210 Mobile Safari/537.36"
146.190.99.254 - - [14/Mar/2025:19:28:53 +0700] "GET /wordpress/ALFA_DATA/alfacgiapi/404.php?bx=0e215962017 HTTP/1.1" 301 0 "-" "Mozilla/5.0 (Linux; Android 11; Redmi Note 9 Pro Build/RKQ1.200826.002; wv) AppleWebKit/537.36 (KHTML, like Gecko) Version/4.0 Chrome/90.0.4430.210 Mobile Safari/537.36"
146.190.99.254 - - [14/Mar/2025:19:28:57 +0700] "GET /wordpress/ALFA_DATA/alfacgiapi/404.php?bx=0e215962017 HTTP/1.1" 404 3380 "-" "Mozilla/5.0 (Linux; Android 11; Redmi Note 9 Pro Build/RKQ1.200826.002; wv) AppleWebKit/537.36 (KHTML, like Gecko) Version/4.0 Chrome/90.0.4430.210 Mobile Safari/537.36"
146.190.99.254 - - [14/Mar/2025:19:29:01 +0700] "POST /wp/alfacgiapi/perl.alfa HTTP/1.1" 404 3380 "-" "Mozilla/5.0 (Linux; Android 11; Redmi Note 9 Pro Build/RKQ1.200826.002; wv) AppleWebKit/537.36 (KHTML, like Gecko) Version/4.0 Chrome/90.0.4430.210 Mobile Safari/537.36"
146.190.99.254 - - [14/Mar/2025:19:29:06 +0700] "POST /wp/alfacgiapi/perl.alfa HTTP/1.1" 404 3380 "-" "Mozilla/5.0 (Linux; Android 11; Redmi Note 9 Pro Build/RKQ1.200826.002; wv) AppleWebKit/537.36 (KHTML, like Gecko) Version/4.0 Chrome/90.0.4430.210 Mobile Safari/537.36"
146.190.99.254 - - [14/Mar/2025:19:29:10 +0700] "POST /wp/alfacgiapi/bash.alfa HTTP/1.1" 404 3380 "-" "Mozilla/5.0 (Linux; Android 11; Redmi Note 9 Pro Build/RKQ1.200826.002; wv) AppleWebKit/537.36 (KHTML, like Gecko) Version/4.0 Chrome/90.0.4430.210 Mobile Safari/537.36"
146.190.99.254 - - [14/Mar/2025:19:29:15 +0700] "POST /wp/alfacgiapi/bash.alfa HTTP/1.1" 404 3380 "-" "Mozilla/5.0 (Linux; Android 11; Redmi Note 9 Pro Build/RKQ1.200826.002; wv) AppleWebKit/537.36 (KHTML, like Gecko) Version/4.0 Chrome/90.0.4430.210 Mobile Safari/537.36"
180.235.151.3 - - [14/Mar/2025:19:29:24 +0700] "POST /wp-cron.php?doing_wp_cron=1741955364.8642990589141845703125 HTTP/1.1" 403 1242 "-" "WordPress/6.7.2; https://www.aturtoko.id"
146.190.99.254 - - [14/Mar/2025:19:29:20 +0700] "POST /wp/alfacgiapi/py.alfa HTTP/1.1" 404 3380 "-" "Mozilla/5.0 (Linux; Android 11; Redmi Note 9 Pro Build/RKQ1.200826.002; wv) AppleWebKit/537.36 (KHTML, like Gecko) Version/4.0 Chrome/90.0.4430.210 Mobile Safari/537.36"
146.190.99.254 - - [14/Mar/2025:19:29:24 +0700] "POST /wp/alfacgiapi/py.alfa HTTP/1.1" 404 3380 "-" "Mozilla/5.0 (Linux; Android 11; Redmi Note 9 Pro Build/RKQ1.200826.002; wv) AppleWebKit/537.36 (KHTML, like Gecko) Version/4.0 Chrome/90.0.4430.210 Mobile Safari/537.36"
146.190.99.254 - - [14/Mar/2025:19:29:29 +0700] "GET /wp/alfacgiapi/index.php?bx=0e215962017 HTTP/1.1" 301 0 "-" "Mozilla/5.0 (Linux; Android 11; Redmi Note 9 Pro Build/RKQ1.200826.002; wv) AppleWebKit/537.36 (KHTML, like Gecko) Version/4.0 Chrome/90.0.4430.210 Mobile Safari/537.36"
146.190.99.254 - - [14/Mar/2025:19:29:34 +0700] "GET /wp/alfacgiapi/?bx=0e215962017 HTTP/1.1" 404 3380 "-" "Mozilla/5.0 (Linux; Android 11; Redmi Note 9 Pro Build/RKQ1.200826.002; wv) AppleWebKit/537.36 (KHTML, like Gecko) Version/4.0 Chrome/90.0.4430.210 Mobile Safari/537.36"
146.190.99.254 - - [14/Mar/2025:19:29:38 +0700] "GET /wp/alfacgiapi/radio.php?bx=0e215962017 HTTP/1.1" 301 0 "-" "Mozilla/5.0 (Linux; Android 11; Redmi Note 9 Pro Build/RKQ1.200826.002; wv) AppleWebKit/537.36 (KHTML, like Gecko) Version/4.0 Chrome/90.0.4430.210 Mobile Safari/537.36"
146.190.99.254 - - [14/Mar/2025:19:29:42 +0700] "GET /wp/alfacgiapi/radio.php?bx=0e215962017 HTTP/1.1" 404 3380 "-" "Mozilla/5.0 (Linux; Android 11; Redmi Note 9 Pro Build/RKQ1.200826.002; wv) AppleWebKit/537.36 (KHTML, like Gecko) Version/4.0 Chrome/90.0.4430.210 Mobile Safari/537.36"
146.190.99.254 - - [14/Mar/2025:19:29:47 +0700] "GET /wp/alfacgiapi/404.php?bx=0e215962017 HTTP/1.1" 301 0 "-" "Mozilla/5.0 (Linux; Android 11; Redmi Note 9 Pro Build/RKQ1.200826.002; wv) AppleWebKit/537.36 (KHTML, like Gecko) Version/4.0 Chrome/90.0.4430.210 Mobile Safari/537.36"
146.190.99.254 - - [14/Mar/2025:19:29:52 +0700] "GET /wp/alfacgiapi/404.php?bx=0e215962017 HTTP/1.1" 404 3380 "-" "Mozilla/5.0 (Linux; Android 11; Redmi Note 9 Pro Build/RKQ1.200826.002; wv) AppleWebKit/537.36 (KHTML, like Gecko) Version/4.0 Chrome/90.0.4430.210 Mobile Safari/537.36"
146.190.99.254 - - [14/Mar/2025:19:29:56 +0700] "POST /wp/ALFA_DATA/alfacgiapi/perl.alfa HTTP/1.1" 404 3373 "-" "Mozilla/5.0 (Linux; Android 11; Redmi Note 9 Pro Build/RKQ1.200826.002; wv) AppleWebKit/537.36 (KHTML, like Gecko) Version/4.0 Chrome/90.0.4430.210 Mobile Safari/537.36"
146.190.99.254 - - [14/Mar/2025:19:30:01 +0700] "POST /wp/ALFA_DATA/alfacgiapi/perl.alfa HTTP/1.1" 404 3380 "-" "Mozilla/5.0 (Linux; Android 11; Redmi Note 9 Pro Build/RKQ1.200826.002; wv) AppleWebKit/537.36 (KHTML, like Gecko) Version/4.0 Chrome/90.0.4430.210 Mobile Safari/537.36"
146.190.99.254 - - [14/Mar/2025:19:30:06 +0700] "POST /wp/ALFA_DATA/alfacgiapi/bash.alfa HTTP/1.1" 404 3380 "-" "Mozilla/5.0 (Linux; Android 11; Redmi Note 9 Pro Build/RKQ1.200826.002; wv) AppleWebKit/537.36 (KHTML, like Gecko) Version/4.0 Chrome/90.0.4430.210 Mobile Safari/537.36"
66.249.71.2 - - [14/Mar/2025:19:30:10 +0700] "GET /3225178441.shtm HTTP/1.1" 200 19492 "-" "Mozilla/5.0 (Linux; Android 6.0.1; Nexus 5X Build/MMB29P) AppleWebKit/537.36 (KHTML, like Gecko) Chrome/133.0.6943.141 Mobile Safari/537.36 (compatible; GoogleOther)"
146.190.99.254 - - [14/Mar/2025:19:30:11 +0700] "POST /wp/ALFA_DATA/alfacgiapi/bash.alfa HTTP/1.1" 404 3380 "-" "Mozilla/5.0 (Linux; Android 11; Redmi Note 9 Pro Build/RKQ1.200826.002; wv) AppleWebKit/537.36 (KHTML, like Gecko) Version/4.0 Chrome/90.0.4430.210 Mobile Safari/537.36"
146.190.99.254 - - [14/Mar/2025:19:30:16 +0700] "POST /wp/ALFA_DATA/alfacgiapi/py.alfa HTTP/1.1" 404 3380 "-" "Mozilla/5.0 (Linux; Android 11; Redmi Note 9 Pro Build/RKQ1.200826.002; wv) AppleWebKit/537.36 (KHTML, like Gecko) Version/4.0 Chrome/90.0.4430.210 Mobile Safari/537.36"
180.235.151.3 - - [14/Mar/2025:19:30:25 +0700] "POST /wp-cron.php?doing_wp_cron=1741955425.9853949546813964843750 HTTP/1.1" 403 1242 "-" "WordPress/6.7.2; https://www.aturtoko.id"
146.190.99.254 - - [14/Mar/2025:19:30:21 +0700] "POST /wp/ALFA_DATA/alfacgiapi/py.alfa HTTP/1.1" 404 3380 "-" "Mozilla/5.0 (Linux; Android 11; Redmi Note 9 Pro Build/RKQ1.200826.002; wv) AppleWebKit/537.36 (KHTML, like Gecko) Version/4.0 Chrome/90.0.4430.210 Mobile Safari/537.36"
146.190.99.254 - - [14/Mar/2025:19:30:26 +0700] "GET /wp/ALFA_DATA/alfacgiapi/index.php?bx=0e215962017 HTTP/1.1" 301 0 "-" "Mozilla/5.0 (Linux; Android 11; Redmi Note 9 Pro Build/RKQ1.200826.002; wv) AppleWebKit/537.36 (KHTML, like Gecko) Version/4.0 Chrome/90.0.4430.210 Mobile Safari/537.36"
146.190.99.254 - - [14/Mar/2025:19:30:30 +0700] "GET /wp/ALFA_DATA/alfacgiapi/?bx=0e215962017 HTTP/1.1" 404 3373 "-" "Mozilla/5.0 (Linux; Android 11; Redmi Note 9 Pro Build/RKQ1.200826.002; wv) AppleWebKit/537.36 (KHTML, like Gecko) Version/4.0 Chrome/90.0.4430.210 Mobile Safari/537.36"
146.190.99.254 - - [14/Mar/2025:19:30:35 +0700] "GET /wp/ALFA_DATA/alfacgiapi/radio.php?bx=0e215962017 HTTP/1.1" 301 0 "-" "Mozilla/5.0 (Linux; Android 11; Redmi Note 9 Pro Build/RKQ1.200826.002; wv) AppleWebKit/537.36 (KHTML, like Gecko) Version/4.0 Chrome/90.0.4430.210 Mobile Safari/537.36"
146.190.99.254 - - [14/Mar/2025:19:30:39 +0700] "GET /wp/ALFA_DATA/alfacgiapi/radio.php?bx=0e215962017 HTTP/1.1" 404 3380 "-" "Mozilla/5.0 (Linux; Android 11; Redmi Note 9 Pro Build/RKQ1.200826.002; wv) AppleWebKit/537.36 (KHTML, like Gecko) Version/4.0 Chrome/90.0.4430.210 Mobile Safari/537.36"
146.190.99.254 - - [14/Mar/2025:19:30:44 +0700] "GET /wp/ALFA_DATA/alfacgiapi/404.php?bx=0e215962017 HTTP/1.1" 301 0 "-" "Mozilla/5.0 (Linux; Android 11; Redmi Note 9 Pro Build/RKQ1.200826.002; wv) AppleWebKit/537.36 (KHTML, like Gecko) Version/4.0 Chrome/90.0.4430.210 Mobile Safari/537.36"
146.190.99.254 - - [14/Mar/2025:19:30:48 +0700] "GET /wp/ALFA_DATA/alfacgiapi/404.php?bx=0e215962017 HTTP/1.1" 404 3373 "-" "Mozilla/5.0 (Linux; Android 11; Redmi Note 9 Pro Build/RKQ1.200826.002; wv) AppleWebKit/537.36 (KHTML, like Gecko) Version/4.0 Chrome/90.0.4430.210 Mobile Safari/537.36"
146.190.99.254 - - [14/Mar/2025:19:30:53 +0700] "POST /blog/alfacgiapi/perl.alfa HTTP/1.1" 404 3380 "-" "Mozilla/5.0 (Linux; Android 11; Redmi Note 9 Pro Build/RKQ1.200826.002; wv) AppleWebKit/537.36 (KHTML, like Gecko) Version/4.0 Chrome/90.0.4430.210 Mobile Safari/537.36"
57.141.3.6 - - [14/Mar/2025:19:30:54 +0700] "GET /en/blog/digital-marketing/strategi-pemasaran-online-yang-tepat-untuk-mengembangkan-bisnis-anda/ HTTP/1.1" 404 11504 "-" "meta-externalagent/1.1 (+https://developers.facebook.com/docs/sharing/webmasters/crawler)"
57.141.3.27 - - [14/Mar/2025:19:30:59 +0700] "GET /en/blog/kewirausahaan/communication/pengertian-feedback-umpan-balik-untuk-karyawan-jenis-dan-contohnya/ HTTP/1.1" 404 11504 "-" "meta-externalagent/1.1 (+https://developers.facebook.com/docs/sharing/webmasters/crawler)"
146.190.99.254 - - [14/Mar/2025:19:30:58 +0700] "POST /blog/alfacgiapi/perl.alfa HTTP/1.1" 404 3373 "-" "Mozilla/5.0 (Linux; Android 11; Redmi Note 9 Pro Build/RKQ1.200826.002; wv) AppleWebKit/537.36 (KHTML, like Gecko) Version/4.0 Chrome/90.0.4430.210 Mobile Safari/537.36"
57.141.3.28 - - [14/Mar/2025:19:31:03 +0700] "GET /ms/blog/kewirausahaan/business-opportunity/mengembangkan-bisnis-digital HTTP/1.1" 404 11504 "-" "meta-externalagent/1.1 (+https://developers.facebook.com/docs/sharing/webmasters/crawler)"
146.190.99.254 - - [14/Mar/2025:19:31:03 +0700] "POST /blog/alfacgiapi/bash.alfa HTTP/1.1" 404 3373 "-" "Mozilla/5.0 (Linux; Android 11; Redmi Note 9 Pro Build/RKQ1.200826.002; wv) AppleWebKit/537.36 (KHTML, like Gecko) Version/4.0 Chrome/90.0.4430.210 Mobile Safari/537.36"
57.141.3.28 - - [14/Mar/2025:19:31:04 +0700] "GET /ms/blog/digital-marketing/apa-itu-e-commerce-enabler-yuk-cari-tahu-lebih-jauh-di-sini HTTP/1.1" 404 11504 "-" "meta-externalagent/1.1 (+https://developers.facebook.com/docs/sharing/webmasters/crawler)"
57.141.3.8 - - [14/Mar/2025:19:31:10 +0700] "GET /en/cara-jualan-di-lazada/cara-mendaftar-jadi-agen-lex-lazada-mdop-terdekat-di-kotamu HTTP/1.1" 404 11504 "-" "meta-externalagent/1.1 (+https://developers.facebook.com/docs/sharing/webmasters/crawler)"
57.141.3.5 - - [14/Mar/2025:19:31:08 +0700] "GET /en/blog/digital-marketing/tips-ampuh-cara-menambah-viewer-di-youtube-dengan-cepat-dan-mudah HTTP/1.1" 404 11504 "-" "meta-externalagent/1.1 (+https://developers.facebook.com/docs/sharing/webmasters/crawler)"
146.190.99.254 - - [14/Mar/2025:19:31:08 +0700] "POST /blog/alfacgiapi/bash.alfa HTTP/1.1" 404 3380 "-" "Mozilla/5.0 (Linux; Android 11; Redmi Note 9 Pro Build/RKQ1.200826.002; wv) AppleWebKit/537.36 (KHTML, like Gecko) Version/4.0 Chrome/90.0.4430.210 Mobile Safari/537.36"
66.249.75.229 - - [14/Mar/2025:19:31:14 +0700] "GET /sequential/32281671545.shtm HTTP/1.1" 200 20052 "-" "Mozilla/5.0 (Linux; Android 6.0.1; Nexus 5X Build/MMB29P) AppleWebKit/537.36 (KHTML, like Gecko) Chrome/133.0.6943.141 Mobile Safari/537.36 (compatible; GoogleOther)"
146.190.99.254 - - [14/Mar/2025:19:31:12 +0700] "POST /blog/alfacgiapi/py.alfa HTTP/1.1" 404 3380 "-" "Mozilla/5.0 (Linux; Android 11; Redmi Note 9 Pro Build/RKQ1.200826.002; wv) AppleWebKit/537.36 (KHTML, like Gecko) Version/4.0 Chrome/90.0.4430.210 Mobile Safari/537.36"
146.190.99.254 - - [14/Mar/2025:19:31:17 +0700] "POST /blog/alfacgiapi/py.alfa HTTP/1.1" 404 3380 "-" "Mozilla/5.0 (Linux; Android 11; Redmi Note 9 Pro Build/RKQ1.200826.002; wv) AppleWebKit/537.36 (KHTML, like Gecko) Version/4.0 Chrome/90.0.4430.210 Mobile Safari/537.36"
180.235.151.3 - - [14/Mar/2025:19:31:26 +0700] "POST /wp-cron.php?doing_wp_cron=1741955486.5900759696960449218750 HTTP/1.1" 403 1242 "-" "WordPress/6.7.2; https://www.aturtoko.id"
146.190.99.254 - - [14/Mar/2025:19:31:21 +0700] "GET /blog/alfacgiapi/index.php?bx=0e215962017 HTTP/1.1" 301 0 "-" "Mozilla/5.0 (Linux; Android 11; Redmi Note 9 Pro Build/RKQ1.200826.002; wv) AppleWebKit/537.36 (KHTML, like Gecko) Version/4.0 Chrome/90.0.4430.210 Mobile Safari/537.36"
146.190.99.254 - - [14/Mar/2025:19:31:26 +0700] "GET /blog/alfacgiapi/?bx=0e215962017 HTTP/1.1" 404 3380 "-" "Mozilla/5.0 (Linux; Android 11; Redmi Note 9 Pro Build/RKQ1.200826.002; wv) AppleWebKit/537.36 (KHTML, like Gecko) Version/4.0 Chrome/90.0.4430.210 Mobile Safari/537.36"
146.190.99.254 - - [14/Mar/2025:19:31:31 +0700] "GET /blog/alfacgiapi/radio.php?bx=0e215962017 HTTP/1.1" 301 0 "-" "Mozilla/5.0 (Linux; Android 11; Redmi Note 9 Pro Build/RKQ1.200826.002; wv) AppleWebKit/537.36 (KHTML, like Gecko) Version/4.0 Chrome/90.0.4430.210 Mobile Safari/537.36"
146.190.99.254 - - [14/Mar/2025:19:31:36 +0700] "GET /blog/alfacgiapi/radio.php?bx=0e215962017 HTTP/1.1" 404 3380 "-" "Mozilla/5.0 (Linux; Android 11; Redmi Note 9 Pro Build/RKQ1.200826.002; wv) AppleWebKit/537.36 (KHTML, like Gecko) Version/4.0 Chrome/90.0.4430.210 Mobile Safari/537.36"
146.190.99.254 - - [14/Mar/2025:19:31:41 +0700] "GET /blog/alfacgiapi/404.php?bx=0e215962017 HTTP/1.1" 301 0 "-" "Mozilla/5.0 (Linux; Android 11; Redmi Note 9 Pro Build/RKQ1.200826.002; wv) AppleWebKit/537.36 (KHTML, like Gecko) Version/4.0 Chrome/90.0.4430.210 Mobile Safari/537.36"
146.190.99.254 - - [14/Mar/2025:19:31:47 +0700] "GET /blog/alfacgiapi/404.php?bx=0e215962017 HTTP/1.1" 404 3373 "-" "Mozilla/5.0 (Linux; Android 11; Redmi Note 9 Pro Build/RKQ1.200826.002; wv) AppleWebKit/537.36 (KHTML, like Gecko) Version/4.0 Chrome/90.0.4430.210 Mobile Safari/537.36"
146.190.99.254 - - [14/Mar/2025:19:31:51 +0700] "POST /blog/ALFA_DATA/alfacgiapi/perl.alfa HTTP/1.1" 404 3380 "-" "Mozilla/5.0 (Linux; Android 11; Redmi Note 9 Pro Build/RKQ1.200826.002; wv) AppleWebKit/537.36 (KHTML, like Gecko) Version/4.0 Chrome/90.0.4430.210 Mobile Safari/537.36"
57.141.3.18 - - [14/Mar/2025:19:31:55 +0700] "GET /en/blog/introduction-to-digital/manfaat-website-e-commerce-untuk-bisnis-online-di-era-digital/ HTTP/1.1" 404 11504 "-" "meta-externalagent/1.1 (+https://developers.facebook.com/docs/sharing/webmasters/crawler)"
146.190.99.254 - - [14/Mar/2025:19:31:56 +0700] "POST /blog/ALFA_DATA/alfacgiapi/perl.alfa HTTP/1.1" 404 3380 "-" "Mozilla/5.0 (Linux; Android 11; Redmi Note 9 Pro Build/RKQ1.200826.002; wv) AppleWebKit/537.36 (KHTML, like Gecko) Version/4.0 Chrome/90.0.4430.210 Mobile Safari/537.36"
185.191.171.1 - - [14/Mar/2025:19:31:59 +0700] "GET /en/blog/tag/media-sosial HTTP/1.1" 404 3373 "-" "Mozilla/5.0 (compatible; SemrushBot/7~bl; +http://www.semrush.com/bot.html)"
57.141.3.30 - - [14/Mar/2025:19:32:00 +0700] "GET /ms/blog/aturtoko-update/cara-menemukan-trend-produk/ HTTP/1.1" 404 11504 "-" "meta-externalagent/1.1 (+https://developers.facebook.com/docs/sharing/webmasters/crawler)"
146.190.99.254 - - [14/Mar/2025:19:32:01 +0700] "POST /blog/ALFA_DATA/alfacgiapi/bash.alfa HTTP/1.1" 404 3380 "-" "Mozilla/5.0 (Linux; Android 11; Redmi Note 9 Pro Build/RKQ1.200826.002; wv) AppleWebKit/537.36 (KHTML, like Gecko) Version/4.0 Chrome/90.0.4430.210 Mobile Safari/537.36"
57.141.3.27 - - [14/Mar/2025:19:32:01 +0700] "GET /ms/blog/kewirausahaan/funding/3-tips-jitu-menemukan-investor-tepat-untuk-bisnismu HTTP/1.1" 404 11504 "-" "meta-externalagent/1.1 (+https://developers.facebook.com/docs/sharing/webmasters/crawler)"
146.190.99.254 - - [14/Mar/2025:19:32:06 +0700] "POST /blog/ALFA_DATA/alfacgiapi/bash.alfa HTTP/1.1" 404 3380 "-" "Mozilla/5.0 (Linux; Android 11; Redmi Note 9 Pro Build/RKQ1.200826.002; wv) AppleWebKit/537.36 (KHTML, like Gecko) Version/4.0 Chrome/90.0.4430.210 Mobile Safari/537.36"
57.141.3.17 - - [14/Mar/2025:19:32:09 +0700] "GET /en/cara-jualan-di-shopee/shopee-express-jenis-layanan-ketentuan-durasi-pengiriman-dan-cashback/ HTTP/1.1" 404 11504 "-" "meta-externalagent/1.1 (+https://developers.facebook.com/docs/sharing/webmasters/crawler)"
146.190.99.254 - - [14/Mar/2025:19:32:11 +0700] "POST /blog/ALFA_DATA/alfacgiapi/py.alfa HTTP/1.1" 404 3380 "-" "Mozilla/5.0 (Linux; Android 11; Redmi Note 9 Pro Build/RKQ1.200826.002; wv) AppleWebKit/537.36 (KHTML, like Gecko) Version/4.0 Chrome/90.0.4430.210 Mobile Safari/537.36"
146.190.99.254 - - [14/Mar/2025:19:32:16 +0700] "POST /blog/ALFA_DATA/alfacgiapi/py.alfa HTTP/1.1" 404 3380 "-" "Mozilla/5.0 (Linux; Android 11; Redmi Note 9 Pro Build/RKQ1.200826.002; wv) AppleWebKit/537.36 (KHTML, like Gecko) Version/4.0 Chrome/90.0.4430.210 Mobile Safari/537.36"
146.190.99.254 - - [14/Mar/2025:19:32:21 +0700] "GET /blog/ALFA_DATA/alfacgiapi/index.php?bx=0e215962017 HTTP/1.1" 301 0 "-" "Mozilla/5.0 (Linux; Android 11; Redmi Note 9 Pro Build/RKQ1.200826.002; wv) AppleWebKit/537.36 (KHTML, like Gecko) Version/4.0 Chrome/90.0.4430.210 Mobile Safari/537.36"
180.235.151.3 - - [14/Mar/2025:19:32:30 +0700] "POST /wp-cron.php?doing_wp_cron=1741955550.8859388828277587890625 HTTP/1.1" 403 1242 "-" "WordPress/6.7.2; https://www.aturtoko.id"
146.190.99.254 - - [14/Mar/2025:19:32:26 +0700] "GET /blog/ALFA_DATA/alfacgiapi/?bx=0e215962017 HTTP/1.1" 404 3373 "-" "Mozilla/5.0 (Linux; Android 11; Redmi Note 9 Pro Build/RKQ1.200826.002; wv) AppleWebKit/537.36 (KHTML, like Gecko) Version/4.0 Chrome/90.0.4430.210 Mobile Safari/537.36"
146.190.99.254 - - [14/Mar/2025:19:32:30 +0700] "GET /blog/ALFA_DATA/alfacgiapi/radio.php?bx=0e215962017 HTTP/1.1" 301 0 "-" "Mozilla/5.0 (Linux; Android 11; Redmi Note 9 Pro Build/RKQ1.200826.002; wv) AppleWebKit/537.36 (KHTML, like Gecko) Version/4.0 Chrome/90.0.4430.210 Mobile Safari/537.36"
146.190.99.254 - - [14/Mar/2025:19:32:36 +0700] "GET /blog/ALFA_DATA/alfacgiapi/radio.php?bx=0e215962017 HTTP/1.1" 404 3380 "-" "Mozilla/5.0 (Linux; Android 11; Redmi Note 9 Pro Build/RKQ1.200826.002; wv) AppleWebKit/537.36 (KHTML, like Gecko) Version/4.0 Chrome/90.0.4430.210 Mobile Safari/537.36"
146.190.99.254 - - [14/Mar/2025:19:32:40 +0700] "GET /blog/ALFA_DATA/alfacgiapi/404.php?bx=0e215962017 HTTP/1.1" 301 0 "-" "Mozilla/5.0 (Linux; Android 11; Redmi Note 9 Pro Build/RKQ1.200826.002; wv) AppleWebKit/537.36 (KHTML, like Gecko) Version/4.0 Chrome/90.0.4430.210 Mobile Safari/537.36"
146.190.99.254 - - [14/Mar/2025:19:32:45 +0700] "GET /blog/ALFA_DATA/alfacgiapi/404.php?bx=0e215962017 HTTP/1.1" 404 3373 "-" "Mozilla/5.0 (Linux; Android 11; Redmi Note 9 Pro Build/RKQ1.200826.002; wv) AppleWebKit/537.36 (KHTML, like Gecko) Version/4.0 Chrome/90.0.4430.210 Mobile Safari/537.36"
146.190.99.254 - - [14/Mar/2025:19:32:50 +0700] "POST /new/alfacgiapi/perl.alfa HTTP/1.1" 404 3373 "-" "Mozilla/5.0 (Linux; Android 11; Redmi Note 9 Pro Build/RKQ1.200826.002; wv) AppleWebKit/537.36 (KHTML, like Gecko) Version/4.0 Chrome/90.0.4430.210 Mobile Safari/537.36"
146.190.99.254 - - [14/Mar/2025:19:32:55 +0700] "POST /new/alfacgiapi/perl.alfa HTTP/1.1" 404 3380 "-" "Mozilla/5.0 (Linux; Android 11; Redmi Note 9 Pro Build/RKQ1.200826.002; wv) AppleWebKit/537.36 (KHTML, like Gecko) Version/4.0 Chrome/90.0.4430.210 Mobile Safari/537.36"
57.141.3.17 - - [14/Mar/2025:19:32:55 +0700] "GET /en/blog/management/distribusi/apa-itu-purchase-order-manfaat-dan-cara-membuatnya HTTP/1.1" 404 11504 "-" "meta-externalagent/1.1 (+https://developers.facebook.com/docs/sharing/webmasters/crawler)"
146.190.99.254 - - [14/Mar/2025:19:32:59 +0700] "POST /new/alfacgiapi/bash.alfa HTTP/1.1" 404 3373 "-" "Mozilla/5.0 (Linux; Android 11; Redmi Note 9 Pro Build/RKQ1.200826.002; wv) AppleWebKit/537.36 (KHTML, like Gecko) Version/4.0 Chrome/90.0.4430.210 Mobile Safari/537.36"
57.141.3.26 - - [14/Mar/2025:19:33:07 +0700] "GET /ms/blog/aturtoko-update/cara-membangun-brand-awarness HTTP/1.1" 404 11504 "-" "meta-externalagent/1.1 (+https://developers.facebook.com/docs/sharing/webmasters/crawler)"
146.190.99.254 - - [14/Mar/2025:19:33:04 +0700] "POST /new/alfacgiapi/bash.alfa HTTP/1.1" 404 3380 "-" "Mozilla/5.0 (Linux; Android 11; Redmi Note 9 Pro Build/RKQ1.200826.002; wv) AppleWebKit/537.36 (KHTML, like Gecko) Version/4.0 Chrome/90.0.4430.210 Mobile Safari/537.36"
146.190.99.254 - - [14/Mar/2025:19:33:09 +0700] "POST /new/alfacgiapi/py.alfa HTTP/1.1" 404 3380 "-" "Mozilla/5.0 (Linux; Android 11; Redmi Note 9 Pro Build/RKQ1.200826.002; wv) AppleWebKit/537.36 (KHTML, like Gecko) Version/4.0 Chrome/90.0.4430.210 Mobile Safari/537.36"
146.190.99.254 - - [14/Mar/2025:19:33:13 +0700] "POST /new/alfacgiapi/py.alfa HTTP/1.1" 404 3380 "-" "Mozilla/5.0 (Linux; Android 11; Redmi Note 9 Pro Build/RKQ1.200826.002; wv) AppleWebKit/537.36 (KHTML, like Gecko) Version/4.0 Chrome/90.0.4430.210 Mobile Safari/537.36"
146.190.99.254 - - [14/Mar/2025:19:33:18 +0700] "GET /new/alfacgiapi/index.php?bx=0e215962017 HTTP/1.1" 301 0 "-" "Mozilla/5.0 (Linux; Android 11; Redmi Note 9 Pro Build/RKQ1.200826.002; wv) AppleWebKit/537.36 (KHTML, like Gecko) Version/4.0 Chrome/90.0.4430.210 Mobile Safari/537.36"
146.190.99.254 - - [14/Mar/2025:19:33:22 +0700] "GET /new/alfacgiapi/?bx=0e215962017 HTTP/1.1" 404 3380 "-" "Mozilla/5.0 (Linux; Android 11; Redmi Note 9 Pro Build/RKQ1.200826.002; wv) AppleWebKit/537.36 (KHTML, like Gecko) Version/4.0 Chrome/90.0.4430.210 Mobile Safari/537.36"
180.235.151.3 - - [14/Mar/2025:19:33:31 +0700] "POST /wp-cron.php?doing_wp_cron=1741955611.8378629684448242187500 HTTP/1.1" 403 1242 "-" "WordPress/6.7.2; https://www.aturtoko.id"
146.190.99.254 - - [14/Mar/2025:19:33:27 +0700] "GET /new/alfacgiapi/radio.php?bx=0e215962017 HTTP/1.1" 301 0 "-" "Mozilla/5.0 (Linux; Android 11; Redmi Note 9 Pro Build/RKQ1.200826.002; wv) AppleWebKit/537.36 (KHTML, like Gecko) Version/4.0 Chrome/90.0.4430.210 Mobile Safari/537.36"
57.141.3.17 - - [14/Mar/2025:19:33:32 +0700] "GET /en/blog/tag/pembeli/ HTTP/1.1" 404 11504 "-" "meta-externalagent/1.1 (+https://developers.facebook.com/docs/sharing/webmasters/crawler)"
146.190.99.254 - - [14/Mar/2025:19:33:31 +0700] "GET /new/alfacgiapi/radio.php?bx=0e215962017 HTTP/1.1" 404 3373 "-" "Mozilla/5.0 (Linux; Android 11; Redmi Note 9 Pro Build/RKQ1.200826.002; wv) AppleWebKit/537.36 (KHTML, like Gecko) Version/4.0 Chrome/90.0.4430.210 Mobile Safari/537.36"
146.190.99.254 - - [14/Mar/2025:19:33:37 +0700] "GET /new/alfacgiapi/404.php?bx=0e215962017 HTTP/1.1" 301 0 "-" "Mozilla/5.0 (Linux; Android 11; Redmi Note 9 Pro Build/RKQ1.200826.002; wv) AppleWebKit/537.36 (KHTML, like Gecko) Version/4.0 Chrome/90.0.4430.210 Mobile Safari/537.36"
57.141.3.18 - - [14/Mar/2025:19:33:39 +0700] "GET /en/blog/tag/inbound HTTP/1.1" 404 11504 "-" "meta-externalagent/1.1 (+https://developers.facebook.com/docs/sharing/webmasters/crawler)"
57.141.3.10 - - [14/Mar/2025:19:33:42 +0700] "GET /ms/blog/kewirausahaan/leadership/5-karakter-kepemimpinan-utama-dalam-bisnis HTTP/1.1" 404 11504 "-" "meta-externalagent/1.1 (+https://developers.facebook.com/docs/sharing/webmasters/crawler)"
146.190.99.254 - - [14/Mar/2025:19:33:42 +0700] "GET /new/alfacgiapi/404.php?bx=0e215962017 HTTP/1.1" 404 3380 "-" "Mozilla/5.0 (Linux; Android 11; Redmi Note 9 Pro Build/RKQ1.200826.002; wv) AppleWebKit/537.36 (KHTML, like Gecko) Version/4.0 Chrome/90.0.4430.210 Mobile Safari/537.36"
57.141.3.15 - - [14/Mar/2025:19:33:43 +0700] "GET /ms/blog/tag/entrepreneurship/ HTTP/1.1" 404 11504 "-" "meta-externalagent/1.1 (+https://developers.facebook.com/docs/sharing/webmasters/crawler)"
57.141.3.6 - - [14/Mar/2025:19:33:46 +0700] "GET /ms/blog/category/kewirausahaan/page/6/ HTTP/1.1" 404 11504 "-" "meta-externalagent/1.1 (+https://developers.facebook.com/docs/sharing/webmasters/crawler)"
146.190.99.254 - - [14/Mar/2025:19:33:46 +0700] "POST /new/ALFA_DATA/alfacgiapi/perl.alfa HTTP/1.1" 404 3380 "-" "Mozilla/5.0 (Linux; Android 11; Redmi Note 9 Pro Build/RKQ1.200826.002; wv) AppleWebKit/537.36 (KHTML, like Gecko) Version/4.0 Chrome/90.0.4430.210 Mobile Safari/537.36"
146.190.99.254 - - [14/Mar/2025:19:33:52 +0700] "POST /new/ALFA_DATA/alfacgiapi/perl.alfa HTTP/1.1" 404 3373 "-" "Mozilla/5.0 (Linux; Android 11; Redmi Note 9 Pro Build/RKQ1.200826.002; wv) AppleWebKit/537.36 (KHTML, like Gecko) Version/4.0 Chrome/90.0.4430.210 Mobile Safari/537.36"
57.141.3.22 - - [14/Mar/2025:19:33:55 +0700] "GET /en/blog/manajemen-bisnis/keuntungan-membuat-website-penjualan-yang-terintegrasi-dengan-sistem-manajemen-inventaris/ HTTP/1.1" 404 11504 "-" "meta-externalagent/1.1 (+https://developers.facebook.com/docs/sharing/webmasters/crawler)"
146.190.99.254 - - [14/Mar/2025:19:33:56 +0700] "POST /new/ALFA_DATA/alfacgiapi/bash.alfa HTTP/1.1" 404 3373 "-" "Mozilla/5.0 (Linux; Android 11; Redmi Note 9 Pro Build/RKQ1.200826.002; wv) AppleWebKit/537.36 (KHTML, like Gecko) Version/4.0 Chrome/90.0.4430.210 Mobile Safari/537.36"
57.141.3.18 - - [14/Mar/2025:19:34:01 +0700] "GET /en/blog/kewirausahaan/strategi-harga-yang-efektif-dalam-bisnis-e-commerce/feed HTTP/1.1" 404 11504 "-" "meta-externalagent/1.1 (+https://developers.facebook.com/docs/sharing/webmasters/crawler)"
146.190.99.254 - - [14/Mar/2025:19:34:01 +0700] "POST /new/ALFA_DATA/alfacgiapi/bash.alfa HTTP/1.1" 404 3380 "-" "Mozilla/5.0 (Linux; Android 11; Redmi Note 9 Pro Build/RKQ1.200826.002; wv) AppleWebKit/537.36 (KHTML, like Gecko) Version/4.0 Chrome/90.0.4430.210 Mobile Safari/537.36"
57.141.3.21 - - [14/Mar/2025:19:34:04 +0700] "GET /en/blog/lainnya/jualan-pakai-whatsapp-bisnis-ini-cara-buat-setting-tips-menggunakannya/ HTTP/1.1" 404 11504 "-" "meta-externalagent/1.1 (+https://developers.facebook.com/docs/sharing/webmasters/crawler)"
57.141.3.2 - - [14/Mar/2025:19:34:07 +0700] "GET /ms/blog/digital-marketing/ulasan-lengkap-influencer-jenis-manfaat-dan-cara-memilihnya-dengan-tepat HTTP/1.1" 404 11504 "-" "meta-externalagent/1.1 (+https://developers.facebook.com/docs/sharing/webmasters/crawler)"
146.190.99.254 - - [14/Mar/2025:19:34:07 +0700] "POST /new/ALFA_DATA/alfacgiapi/py.alfa HTTP/1.1" 404 3373 "-" "Mozilla/5.0 (Linux; Android 11; Redmi Note 9 Pro Build/RKQ1.200826.002; wv) AppleWebKit/537.36 (KHTML, like Gecko) Version/4.0 Chrome/90.0.4430.210 Mobile Safari/537.36"
146.190.99.254 - - [14/Mar/2025:19:34:12 +0700] "POST /new/ALFA_DATA/alfacgiapi/py.alfa HTTP/1.1" 404 3373 "-" "Mozilla/5.0 (Linux; Android 11; Redmi Note 9 Pro Build/RKQ1.200826.002; wv) AppleWebKit/537.36 (KHTML, like Gecko) Version/4.0 Chrome/90.0.4430.210 Mobile Safari/537.36"
146.190.99.254 - - [14/Mar/2025:19:34:17 +0700] "GET /new/ALFA_DATA/alfacgiapi/index.php?bx=0e215962017 HTTP/1.1" 301 0 "-" "Mozilla/5.0 (Linux; Android 11; Redmi Note 9 Pro Build/RKQ1.200826.002; wv) AppleWebKit/537.36 (KHTML, like Gecko) Version/4.0 Chrome/90.0.4430.210 Mobile Safari/537.36"
57.141.3.11 - - [14/Mar/2025:19:34:20 +0700] "GET /en/blog/digital-marketing/tips-jualan-laris-manis-di-marketplace HTTP/1.1" 404 11504 "-" "meta-externalagent/1.1 (+https://developers.facebook.com/docs/sharing/webmasters/crawler)"
146.190.99.254 - - [14/Mar/2025:19:34:21 +0700] "GET /new/ALFA_DATA/alfacgiapi/?bx=0e215962017 HTTP/1.1" 404 3373 "-" "Mozilla/5.0 (Linux; Android 11; Redmi Note 9 Pro Build/RKQ1.200826.002; wv) AppleWebKit/537.36 (KHTML, like Gecko) Version/4.0 Chrome/90.0.4430.210 Mobile Safari/537.36"
57.141.3.6 - - [14/Mar/2025:19:34:24 +0700] "GET /ms/blog/lainnya/ini-5-hal-yang-perlu-kita-tahu-tentang-template-toko-online/ HTTP/1.1" 404 11504 "-" "meta-externalagent/1.1 (+https://developers.facebook.com/docs/sharing/webmasters/crawler)"
146.190.99.254 - - [14/Mar/2025:19:34:26 +0700] "GET /new/ALFA_DATA/alfacgiapi/radio.php?bx=0e215962017 HTTP/1.1" 301 0 "-" "Mozilla/5.0 (Linux; Android 11; Redmi Note 9 Pro Build/RKQ1.200826.002; wv) AppleWebKit/537.36 (KHTML, like Gecko) Version/4.0 Chrome/90.0.4430.210 Mobile Safari/537.36"
180.235.151.3 - - [14/Mar/2025:19:34:35 +0700] "POST /wp-cron.php?doing_wp_cron=1741955675.8823449611663818359375 HTTP/1.1" 403 1242 "-" "WordPress/6.7.2; https://www.aturtoko.id"
146.190.99.254 - - [14/Mar/2025:19:34:31 +0700] "GET /new/ALFA_DATA/alfacgiapi/radio.php?bx=0e215962017 HTTP/1.1" 404 3380 "-" "Mozilla/5.0 (Linux; Android 11; Redmi Note 9 Pro Build/RKQ1.200826.002; wv) AppleWebKit/537.36 (KHTML, like Gecko) Version/4.0 Chrome/90.0.4430.210 Mobile Safari/537.36"
146.190.99.254 - - [14/Mar/2025:19:34:35 +0700] "GET /new/ALFA_DATA/alfacgiapi/404.php?bx=0e215962017 HTTP/1.1" 301 0 "-" "Mozilla/5.0 (Linux; Android 11; Redmi Note 9 Pro Build/RKQ1.200826.002; wv) AppleWebKit/537.36 (KHTML, like Gecko) Version/4.0 Chrome/90.0.4430.210 Mobile Safari/537.36"
146.190.99.254 - - [14/Mar/2025:19:34:40 +0700] "GET /new/ALFA_DATA/alfacgiapi/404.php?bx=0e215962017 HTTP/1.1" 404 3380 "-" "Mozilla/5.0 (Linux; Android 11; Redmi Note 9 Pro Build/RKQ1.200826.002; wv) AppleWebKit/537.36 (KHTML, like Gecko) Version/4.0 Chrome/90.0.4430.210 Mobile Safari/537.36"
146.190.99.254 - - [14/Mar/2025:19:34:45 +0700] "POST /old/alfacgiapi/perl.alfa HTTP/1.1" 404 3380 "-" "Mozilla/5.0 (Linux; Android 11; Redmi Note 9 Pro Build/RKQ1.200826.002; wv) AppleWebKit/537.36 (KHTML, like Gecko) Version/4.0 Chrome/90.0.4430.210 Mobile Safari/537.36"
57.141.3.26 - - [14/Mar/2025:19:34:50 +0700] "GET /ms/blog/page/20 HTTP/1.1" 404 11504 "-" "meta-externalagent/1.1 (+https://developers.facebook.com/docs/sharing/webmasters/crawler)"
146.190.99.254 - - [14/Mar/2025:19:34:50 +0700] "POST /old/alfacgiapi/perl.alfa HTTP/1.1" 404 3380 "-" "Mozilla/5.0 (Linux; Android 11; Redmi Note 9 Pro Build/RKQ1.200826.002; wv) AppleWebKit/537.36 (KHTML, like Gecko) Version/4.0 Chrome/90.0.4430.210 Mobile Safari/537.36"
146.190.99.254 - - [14/Mar/2025:19:34:54 +0700] "POST /old/alfacgiapi/bash.alfa HTTP/1.1" 404 3380 "-" "Mozilla/5.0 (Linux; Android 11; Redmi Note 9 Pro Build/RKQ1.200826.002; wv) AppleWebKit/537.36 (KHTML, like Gecko) Version/4.0 Chrome/90.0.4430.210 Mobile Safari/537.36"
57.141.3.19 - - [14/Mar/2025:19:34:56 +0700] "GET /ms/blog/kewirausahaan/business-opportunity/pentingnya-melakukan-riset-pasar-untuk-meningkatkan-angka-penjualan/ HTTP/1.1" 404 11504 "-" "meta-externalagent/1.1 (+https://developers.facebook.com/docs/sharing/webmasters/crawler)"
146.190.99.254 - - [14/Mar/2025:19:34:59 +0700] "POST /old/alfacgiapi/bash.alfa HTTP/1.1" 404 3380 "-" "Mozilla/5.0 (Linux; Android 11; Redmi Note 9 Pro Build/RKQ1.200826.002; wv) AppleWebKit/537.36 (KHTML, like Gecko) Version/4.0 Chrome/90.0.4430.210 Mobile Safari/537.36"
146.190.99.254 - - [14/Mar/2025:19:35:05 +0700] "POST /old/alfacgiapi/py.alfa HTTP/1.1" 404 3380 "-" "Mozilla/5.0 (Linux; Android 11; Redmi Note 9 Pro Build/RKQ1.200826.002; wv) AppleWebKit/537.36 (KHTML, like Gecko) Version/4.0 Chrome/90.0.4430.210 Mobile Safari/537.36"
146.190.99.254 - - [14/Mar/2025:19:35:11 +0700] "POST /old/alfacgiapi/py.alfa HTTP/1.1" 404 3373 "-" "Mozilla/5.0 (Linux; Android 11; Redmi Note 9 Pro Build/RKQ1.200826.002; wv) AppleWebKit/537.36 (KHTML, like Gecko) Version/4.0 Chrome/90.0.4430.210 Mobile Safari/537.36"
146.190.99.254 - - [14/Mar/2025:19:35:15 +0700] "GET /old/alfacgiapi/index.php?bx=0e215962017 HTTP/1.1" 301 0 "-" "Mozilla/5.0 (Linux; Android 11; Redmi Note 9 Pro Build/RKQ1.200826.002; wv) AppleWebKit/537.36 (KHTML, like Gecko) Version/4.0 Chrome/90.0.4430.210 Mobile Safari/537.36"
146.190.99.254 - - [14/Mar/2025:19:35:20 +0700] "GET /old/alfacgiapi/?bx=0e215962017 HTTP/1.1" 404 3380 "-" "Mozilla/5.0 (Linux; Android 11; Redmi Note 9 Pro Build/RKQ1.200826.002; wv) AppleWebKit/537.36 (KHTML, like Gecko) Version/4.0 Chrome/90.0.4430.210 Mobile Safari/537.36"
146.190.99.254 - - [14/Mar/2025:19:35:25 +0700] "GET /old/alfacgiapi/radio.php?bx=0e215962017 HTTP/1.1" 301 0 "-" "Mozilla/5.0 (Linux; Android 11; Redmi Note 9 Pro Build/RKQ1.200826.002; wv) AppleWebKit/537.36 (KHTML, like Gecko) Version/4.0 Chrome/90.0.4430.210 Mobile Safari/537.36"
146.190.99.254 - - [14/Mar/2025:19:35:30 +0700] "GET /old/alfacgiapi/radio.php?bx=0e215962017 HTTP/1.1" 404 3373 "-" "Mozilla/5.0 (Linux; Android 11; Redmi Note 9 Pro Build/RKQ1.200826.002; wv) AppleWebKit/537.36 (KHTML, like Gecko) Version/4.0 Chrome/90.0.4430.210 Mobile Safari/537.36"
146.190.99.254 - - [14/Mar/2025:19:35:35 +0700] "GET /old/alfacgiapi/404.php?bx=0e215962017 HTTP/1.1" 301 0 "-" "Mozilla/5.0 (Linux; Android 11; Redmi Note 9 Pro Build/RKQ1.200826.002; wv) AppleWebKit/537.36 (KHTML, like Gecko) Version/4.0 Chrome/90.0.4430.210 Mobile Safari/537.36"
146.190.99.254 - - [14/Mar/2025:19:35:40 +0700] "GET /old/alfacgiapi/404.php?bx=0e215962017 HTTP/1.1" 404 3380 "-" "Mozilla/5.0 (Linux; Android 11; Redmi Note 9 Pro Build/RKQ1.200826.002; wv) AppleWebKit/537.36 (KHTML, like Gecko) Version/4.0 Chrome/90.0.4430.210 Mobile Safari/537.36"
146.190.99.254 - - [14/Mar/2025:19:35:46 +0700] "POST /old/ALFA_DATA/alfacgiapi/perl.alfa HTTP/1.1" 404 3380 "-" "Mozilla/5.0 (Linux; Android 11; Redmi Note 9 Pro Build/RKQ1.200826.002; wv) AppleWebKit/537.36 (KHTML, like Gecko) Version/4.0 Chrome/90.0.4430.210 Mobile Safari/537.36"
66.249.75.229 - - [14/Mar/2025:19:35:53 +0700] "GET /nolan/shopping/3226935157.shtm HTTP/1.1" 200 19928 "-" "Mozilla/5.0 (Linux; Android 6.0.1; Nexus 5X Build/MMB29P) AppleWebKit/537.36 (KHTML, like Gecko) Chrome/133.0.6943.141 Mobile Safari/537.36 (compatible; GoogleOther)"
146.190.99.254 - - [14/Mar/2025:19:35:51 +0700] "POST /old/ALFA_DATA/alfacgiapi/perl.alfa HTTP/1.1" 404 3380 "-" "Mozilla/5.0 (Linux; Android 11; Redmi Note 9 Pro Build/RKQ1.200826.002; wv) AppleWebKit/537.36 (KHTML, like Gecko) Version/4.0 Chrome/90.0.4430.210 Mobile Safari/537.36"
146.190.99.254 - - [14/Mar/2025:19:35:55 +0700] "POST /old/ALFA_DATA/alfacgiapi/bash.alfa HTTP/1.1" 404 3373 "-" "Mozilla/5.0 (Linux; Android 11; Redmi Note 9 Pro Build/RKQ1.200826.002; wv) AppleWebKit/537.36 (KHTML, like Gecko) Version/4.0 Chrome/90.0.4430.210 Mobile Safari/537.36"
146.190.99.254 - - [14/Mar/2025:19:36:00 +0700] "POST /old/ALFA_DATA/alfacgiapi/bash.alfa HTTP/1.1" 404 3373 "-" "Mozilla/5.0 (Linux; Android 11; Redmi Note 9 Pro Build/RKQ1.200826.002; wv) AppleWebKit/537.36 (KHTML, like Gecko) Version/4.0 Chrome/90.0.4430.210 Mobile Safari/537.36"
146.190.99.254 - - [14/Mar/2025:19:36:05 +0700] "POST /old/ALFA_DATA/alfacgiapi/py.alfa HTTP/1.1" 404 3373 "-" "Mozilla/5.0 (Linux; Android 11; Redmi Note 9 Pro Build/RKQ1.200826.002; wv) AppleWebKit/537.36 (KHTML, like Gecko) Version/4.0 Chrome/90.0.4430.210 Mobile Safari/537.36"
146.190.99.254 - - [14/Mar/2025:19:36:10 +0700] "POST /old/ALFA_DATA/alfacgiapi/py.alfa HTTP/1.1" 404 3380 "-" "Mozilla/5.0 (Linux; Android 11; Redmi Note 9 Pro Build/RKQ1.200826.002; wv) AppleWebKit/537.36 (KHTML, like Gecko) Version/4.0 Chrome/90.0.4430.210 Mobile Safari/537.36"
146.190.99.254 - - [14/Mar/2025:19:36:15 +0700] "GET /old/ALFA_DATA/alfacgiapi/index.php?bx=0e215962017 HTTP/1.1" 301 0 "-" "Mozilla/5.0 (Linux; Android 11; Redmi Note 9 Pro Build/RKQ1.200826.002; wv) AppleWebKit/537.36 (KHTML, like Gecko) Version/4.0 Chrome/90.0.4430.210 Mobile Safari/537.36"
146.190.99.254 - - [14/Mar/2025:19:36:19 +0700] "GET /old/ALFA_DATA/alfacgiapi/?bx=0e215962017 HTTP/1.1" 404 3373 "-" "Mozilla/5.0 (Linux; Android 11; Redmi Note 9 Pro Build/RKQ1.200826.002; wv) AppleWebKit/537.36 (KHTML, like Gecko) Version/4.0 Chrome/90.0.4430.210 Mobile Safari/537.36"
146.190.99.254 - - [14/Mar/2025:19:36:24 +0700] "GET /old/ALFA_DATA/alfacgiapi/radio.php?bx=0e215962017 HTTP/1.1" 301 0 "-" "Mozilla/5.0 (Linux; Android 11; Redmi Note 9 Pro Build/RKQ1.200826.002; wv) AppleWebKit/537.36 (KHTML, like Gecko) Version/4.0 Chrome/90.0.4430.210 Mobile Safari/537.36"
146.190.99.254 - - [14/Mar/2025:19:36:29 +0700] "GET /old/ALFA_DATA/alfacgiapi/radio.php?bx=0e215962017 HTTP/1.1" 404 3373 "-" "Mozilla/5.0 (Linux; Android 11; Redmi Note 9 Pro Build/RKQ1.200826.002; wv) AppleWebKit/537.36 (KHTML, like Gecko) Version/4.0 Chrome/90.0.4430.210 Mobile Safari/537.36"
180.235.151.3 - - [14/Mar/2025:19:36:39 +0700] "POST /wp-cron.php?doing_wp_cron=1741955799.1610689163208007812500 HTTP/1.1" 403 1242 "-" "WordPress/6.7.2; https://www.aturtoko.id"
146.190.99.254 - - [14/Mar/2025:19:36:34 +0700] "GET /old/ALFA_DATA/alfacgiapi/404.php?bx=0e215962017 HTTP/1.1" 301 0 "-" "Mozilla/5.0 (Linux; Android 11; Redmi Note 9 Pro Build/RKQ1.200826.002; wv) AppleWebKit/537.36 (KHTML, like Gecko) Version/4.0 Chrome/90.0.4430.210 Mobile Safari/537.36"
146.190.99.254 - - [14/Mar/2025:19:36:39 +0700] "GET /old/ALFA_DATA/alfacgiapi/404.php?bx=0e215962017 HTTP/1.1" 404 3373 "-" "Mozilla/5.0 (Linux; Android 11; Redmi Note 9 Pro Build/RKQ1.200826.002; wv) AppleWebKit/537.36 (KHTML, like Gecko) Version/4.0 Chrome/90.0.4430.210 Mobile Safari/537.36"
146.190.99.254 - - [14/Mar/2025:19:36:44 +0700] "POST /backup/alfacgiapi/perl.alfa HTTP/1.1" 404 3373 "-" "Mozilla/5.0 (Linux; Android 11; Redmi Note 9 Pro Build/RKQ1.200826.002; wv) AppleWebKit/537.36 (KHTML, like Gecko) Version/4.0 Chrome/90.0.4430.210 Mobile Safari/537.36"
146.190.99.254 - - [14/Mar/2025:19:36:50 +0700] "POST /backup/alfacgiapi/perl.alfa HTTP/1.1" 404 3373 "-" "Mozilla/5.0 (Linux; Android 11; Redmi Note 9 Pro Build/RKQ1.200826.002; wv) AppleWebKit/537.36 (KHTML, like Gecko) Version/4.0 Chrome/90.0.4430.210 Mobile Safari/537.36"
146.190.99.254 - - [14/Mar/2025:19:36:55 +0700] "POST /backup/alfacgiapi/bash.alfa HTTP/1.1" 404 3380 "-" "Mozilla/5.0 (Linux; Android 11; Redmi Note 9 Pro Build/RKQ1.200826.002; wv) AppleWebKit/537.36 (KHTML, like Gecko) Version/4.0 Chrome/90.0.4430.210 Mobile Safari/537.36"
146.190.99.254 - - [14/Mar/2025:19:37:00 +0700] "POST /backup/alfacgiapi/bash.alfa HTTP/1.1" 404 3380 "-" "Mozilla/5.0 (Linux; Android 11; Redmi Note 9 Pro Build/RKQ1.200826.002; wv) AppleWebKit/537.36 (KHTML, like Gecko) Version/4.0 Chrome/90.0.4430.210 Mobile Safari/537.36"
146.190.99.254 - - [14/Mar/2025:19:37:04 +0700] "POST /backup/alfacgiapi/py.alfa HTTP/1.1" 404 3373 "-" "Mozilla/5.0 (Linux; Android 11; Redmi Note 9 Pro Build/RKQ1.200826.002; wv) AppleWebKit/537.36 (KHTML, like Gecko) Version/4.0 Chrome/90.0.4430.210 Mobile Safari/537.36"
146.190.99.254 - - [14/Mar/2025:19:37:09 +0700] "POST /backup/alfacgiapi/py.alfa HTTP/1.1" 404 3380 "-" "Mozilla/5.0 (Linux; Android 11; Redmi Note 9 Pro Build/RKQ1.200826.002; wv) AppleWebKit/537.36 (KHTML, like Gecko) Version/4.0 Chrome/90.0.4430.210 Mobile Safari/537.36"
57.141.3.22 - - [14/Mar/2025:19:37:12 +0700] "GET /ms/blog/tag/operasional/ HTTP/1.1" 404 11504 "-" "meta-externalagent/1.1 (+https://developers.facebook.com/docs/sharing/webmasters/crawler)"
146.190.99.254 - - [14/Mar/2025:19:37:14 +0700] "GET /backup/alfacgiapi/index.php?bx=0e215962017 HTTP/1.1" 301 0 "-" "Mozilla/5.0 (Linux; Android 11; Redmi Note 9 Pro Build/RKQ1.200826.002; wv) AppleWebKit/537.36 (KHTML, like Gecko) Version/4.0 Chrome/90.0.4430.210 Mobile Safari/537.36"
57.141.3.10 - - [14/Mar/2025:19:37:17 +0700] "GET /en/blog/management/strategi/penjual-wajib-tahu-apa-itu-bnib-dan-perbedaannya-dengan-bnwt-bnob HTTP/1.1" 404 11504 "-" "meta-externalagent/1.1 (+https://developers.facebook.com/docs/sharing/webmasters/crawler)"
146.190.99.254 - - [14/Mar/2025:19:37:19 +0700] "GET /backup/alfacgiapi/?bx=0e215962017 HTTP/1.1" 404 3380 "-" "Mozilla/5.0 (Linux; Android 11; Redmi Note 9 Pro Build/RKQ1.200826.002; wv) AppleWebKit/537.36 (KHTML, like Gecko) Version/4.0 Chrome/90.0.4430.210 Mobile Safari/537.36"
146.190.99.254 - - [14/Mar/2025:19:37:24 +0700] "GET /backup/alfacgiapi/radio.php?bx=0e215962017 HTTP/1.1" 301 0 "-" "Mozilla/5.0 (Linux; Android 11; Redmi Note 9 Pro Build/RKQ1.200826.002; wv) AppleWebKit/537.36 (KHTML, like Gecko) Version/4.0 Chrome/90.0.4430.210 Mobile Safari/537.36"
146.190.99.254 - - [14/Mar/2025:19:37:29 +0700] "GET /backup/alfacgiapi/radio.php?bx=0e215962017 HTTP/1.1" 404 3373 "-" "Mozilla/5.0 (Linux; Android 11; Redmi Note 9 Pro Build/RKQ1.200826.002; wv) AppleWebKit/537.36 (KHTML, like Gecko) Version/4.0 Chrome/90.0.4430.210 Mobile Safari/537.36"
57.141.3.5 - - [14/Mar/2025:19:37:32 +0700] "GET /ms/blog/kewirausahaan/funding/mengenal-crowdfunding-arti-kelebihan-dan-bagaimana-cara-kerjanya HTTP/1.1" 404 11504 "-" "meta-externalagent/1.1 (+https://developers.facebook.com/docs/sharing/webmasters/crawler)"
146.190.99.254 - - [14/Mar/2025:19:37:34 +0700] "GET /backup/alfacgiapi/404.php?bx=0e215962017 HTTP/1.1" 301 0 "-" "Mozilla/5.0 (Linux; Android 11; Redmi Note 9 Pro Build/RKQ1.200826.002; wv) AppleWebKit/537.36 (KHTML, like Gecko) Version/4.0 Chrome/90.0.4430.210 Mobile Safari/537.36"
180.235.151.3 - - [14/Mar/2025:19:37:40 +0700] "POST /wp-cron.php?doing_wp_cron=1741955860.3068640232086181640625 HTTP/1.1" 403 1242 "-" "WordPress/6.7.2; https://www.aturtoko.id"
57.141.3.20 - - [14/Mar/2025:19:37:36 +0700] "GET /en/blog/kewirausahaan/business-opportunity/bagaimana-membangun-tim-yang-kuat-dalam-bisnis/ HTTP/1.1" 404 11504 "-" "meta-externalagent/1.1 (+https://developers.facebook.com/docs/sharing/webmasters/crawler)"
180.235.151.3 - - [14/Mar/2025:19:37:43 +0700] "POST /wp-cron.php?doing_wp_cron=1741955862.9998400211334228515625 HTTP/1.1" 403 1242 "-" "WordPress/6.7.2; https://www.aturtoko.id"
180.235.151.3 - - [14/Mar/2025:19:37:43 +0700] "POST /wp-cron.php?doing_wp_cron=1741955863.0285120010375976562500 HTTP/1.1" 403 1242 "-" "WordPress/6.7.2; https://www.aturtoko.id"
57.141.3.5 - - [14/Mar/2025:19:37:38 +0700] "GET /ms/blog/tag/era-digital/ HTTP/1.1" 404 11504 "-" "meta-externalagent/1.1 (+https://developers.facebook.com/docs/sharing/webmasters/crawler)"
146.190.99.254 - - [14/Mar/2025:19:37:38 +0700] "GET /backup/alfacgiapi/404.php?bx=0e215962017 HTTP/1.1" 404 3380 "-" "Mozilla/5.0 (Linux; Android 11; Redmi Note 9 Pro Build/RKQ1.200826.002; wv) AppleWebKit/537.36 (KHTML, like Gecko) Version/4.0 Chrome/90.0.4430.210 Mobile Safari/537.36"
146.190.99.254 - - [14/Mar/2025:19:37:43 +0700] "POST /backup/ALFA_DATA/alfacgiapi/perl.alfa HTTP/1.1" 404 3373 "-" "Mozilla/5.0 (Linux; Android 11; Redmi Note 9 Pro Build/RKQ1.200826.002; wv) AppleWebKit/537.36 (KHTML, like Gecko) Version/4.0 Chrome/90.0.4430.210 Mobile Safari/537.36"
57.141.3.6 - - [14/Mar/2025:19:37:45 +0700] "GET /ms/blog/tag/izin-operasional/ HTTP/1.1" 404 11504 "-" "meta-externalagent/1.1 (+https://developers.facebook.com/docs/sharing/webmasters/crawler)"
146.190.99.254 - - [14/Mar/2025:19:37:47 +0700] "POST /backup/ALFA_DATA/alfacgiapi/perl.alfa HTTP/1.1" 404 3373 "-" "Mozilla/5.0 (Linux; Android 11; Redmi Note 9 Pro Build/RKQ1.200826.002; wv) AppleWebKit/537.36 (KHTML, like Gecko) Version/4.0 Chrome/90.0.4430.210 Mobile Safari/537.36"
