57.141.3.10 - - [14/Mar/2025:19:46:45 +0700] "GET /ms/blog/aturtoko-update/strategi-bersaing-dari-kompetitor/ HTTP/1.1" 404 11504 "-" "meta-externalagent/1.1 (+https://developers.facebook.com/docs/sharing/webmasters/crawler)"
57.141.3.21 - - [14/Mar/2025:19:46:49 +0700] "GET /en/blog/digital-marketing/engagement-rate-instagram-pengertian-manfaat-faktor-yang-mempengaruhi-dan-cara-meningkatkannya/ HTTP/1.1" 404 11504 "-" "meta-externalagent/1.1 (+https://developers.facebook.com/docs/sharing/webmasters/crawler)"
146.190.99.254 - - [14/Mar/2025:19:46:54 +0700] "GET /wp-content/plugins/cekidot/mar.php HTTP/1.1" 301 0 "www.google.com" "Mozlila/5.0 (Linux; Android 7.0; SM-G892A Bulid/NRD90M; wv) AppleWebKit/537.36 (KHTML, like Gecko) Version/4.0 Chrome/60.0.3112.107 Moblie Safari/537.36"
57.141.3.6 - - [14/Mar/2025:19:46:54 +0700] "GET /ms/cara-jualan-di-tokopedia HTTP/1.1" 404 11504 "-" "meta-externalagent/1.1 (+https://developers.facebook.com/docs/sharing/webmasters/crawler)"
146.190.99.254 - - [14/Mar/2025:19:46:58 +0700] "GET /wp-content/themes/workart/doc.php HTTP/1.1" 301 0 "www.google.com" "Mozlila/5.0 (Linux; Android 7.0; SM-G892A Bulid/NRD90M; wv) AppleWebKit/537.36 (KHTML, like Gecko) Version/4.0 Chrome/60.0.3112.107 Moblie Safari/537.36"
57.141.3.14 - - [14/Mar/2025:19:46:58 +0700] "GET /ms/blog/introduction-to-digital/mengintegrasikan-sistem-pembayaran-yang-aman-dan-mudah-di-website-e-commerce/ HTTP/1.1" 404 11504 "-" "meta-externalagent/1.1 (+https://developers.facebook.com/docs/sharing/webmasters/crawler)"
146.190.99.254 - - [14/Mar/2025:19:47:03 +0700] "GET /wp-content/themes/theme/gr.php HTTP/1.1" 301 0 "www.google.com" "Mozlila/5.0 (Linux; Android 7.0; SM-G892A Bulid/NRD90M; wv) AppleWebKit/537.36 (KHTML, like Gecko) Version/4.0 Chrome/60.0.3112.107 Moblie Safari/537.36"
57.141.3.6 - - [14/Mar/2025:19:47:04 +0700] "GET /en/koinworks HTTP/1.1" 404 11504 "-" "meta-externalagent/1.1 (+https://developers.facebook.com/docs/sharing/webmasters/crawler)"
146.190.99.254 - - [14/Mar/2025:19:47:07 +0700] "GET /wp-content/themes/pridmag/init.php HTTP/1.1" 301 0 "www.google.com" "Mozlila/5.0 (Linux; Android 7.0; SM-G892A Bulid/NRD90M; wv) AppleWebKit/537.36 (KHTML, like Gecko) Version/4.0 Chrome/60.0.3112.107 Moblie Safari/537.36"
180.235.151.3 - - [14/Mar/2025:19:47:10 +0700] "POST /wp-cron.php?doing_wp_cron=1741956430.1150169372558593750000 HTTP/1.1" 403 1242 "-" "WordPress/6.7.2; https://www.aturtoko.id"
57.141.3.20 - - [14/Mar/2025:19:47:06 +0700] "GET /ms/blog/management/marketing/mengenal-lebih-jauh-pengertian-manfaat-dan-apa-fungsi-iklan HTTP/1.1" 404 11504 "-" "meta-externalagent/1.1 (+https://developers.facebook.com/docs/sharing/webmasters/crawler)"
146.190.99.254 - - [14/Mar/2025:19:47:12 +0700] "GET /wp-content/themes/jobart/db.php?u HTTP/1.1" 301 0 "www.google.com" "Mozlila/5.0 (Linux; Android 7.0; SM-G892A Bulid/NRD90M; wv) AppleWebKit/537.36 (KHTML, like Gecko) Version/4.0 Chrome/60.0.3112.107 Moblie Safari/537.36"
57.141.3.25 - - [14/Mar/2025:19:47:17 +0700] "GET /en/cara-jualan-di-shopee/cara-seller-pinjam-uang-dari-shopee-dengan-spinjam-mudah-dan-cepat/ HTTP/1.1" 404 11504 "-" "meta-externalagent/1.1 (+https://developers.facebook.com/docs/sharing/webmasters/crawler)"
57.141.3.17 - - [14/Mar/2025:19:47:21 +0700] "GET /ms/blog/management/marketing/segmentasi-pasar-pengertian-jenis-manfaat-hingga-prosedur-pelaksanaannya HTTP/1.1" 404 11504 "-" "meta-externalagent/1.1 (+https://developers.facebook.com/docs/sharing/webmasters/crawler)"
57.141.3.7 - - [14/Mar/2025:19:47:20 +0700] "GET /ms/blog/tag/inbound HTTP/1.1" 404 11504 "-" "meta-externalagent/1.1 (+https://developers.facebook.com/docs/sharing/webmasters/crawler)"
146.190.99.254 - - [14/Mar/2025:19:47:21 +0700] "GET /wp-content/themes/jobart/doc.php HTTP/1.1" 301 0 "www.google.com" "Mozlila/5.0 (Linux; Android 7.0; SM-G892A Bulid/NRD90M; wv) AppleWebKit/537.36 (KHTML, like Gecko) Version/4.0 Chrome/60.0.3112.107 Moblie Safari/537.36"
146.190.99.254 - - [14/Mar/2025:19:47:26 +0700] "GET /wp-content/themes/cepair/doc.php HTTP/1.1" 301 0 "www.google.com" "Mozlila/5.0 (Linux; Android 7.0; SM-G892A Bulid/NRD90M; wv) AppleWebKit/537.36 (KHTML, like Gecko) Version/4.0 Chrome/60.0.3112.107 Moblie Safari/537.36"
57.141.3.15 - - [14/Mar/2025:19:47:25 +0700] "GET /ms/blog/manajemen-bisnis/pentingnya-membangun-citra-bisnis-yang-kuat/feed HTTP/1.1" 404 11504 "-" "meta-externalagent/1.1 (+https://developers.facebook.com/docs/sharing/webmasters/crawler)"
57.141.3.6 - - [14/Mar/2025:19:47:27 +0700] "GET /ms/cara-jualan-di-lazada/serba-serbi-pembayaran-cod-lazada-yang-perlu-diketahui/ HTTP/1.1" 404 11504 "-" "meta-externalagent/1.1 (+https://developers.facebook.com/docs/sharing/webmasters/crawler)"
57.141.3.11 - - [14/Mar/2025:19:47:30 +0700] "GET /en/cara-jualan-di-lazada/cara-mendaftar-jadi-agen-lex-lazada-mdop-terdekat-di-kotamu/ HTTP/1.1" 404 11504 "-" "meta-externalagent/1.1 (+https://developers.facebook.com/docs/sharing/webmasters/crawler)"
146.190.99.254 - - [14/Mar/2025:19:47:31 +0700] "GET /wp-content/themes/cakiltheme/up.php HTTP/1.1" 301 0 "www.google.com" "Mozlila/5.0 (Linux; Android 7.0; SM-G892A Bulid/NRD90M; wv) AppleWebKit/537.36 (KHTML, like Gecko) Version/4.0 Chrome/60.0.3112.107 Moblie Safari/537.36"
146.190.99.254 - - [14/Mar/2025:19:47:35 +0700] "GET /wp-content/themes/cakiltheme/idx.php HTTP/1.1" 301 0 "www.google.com" "Mozlila/5.0 (Linux; Android 7.0; SM-G892A Bulid/NRD90M; wv) AppleWebKit/537.36 (KHTML, like Gecko) Version/4.0 Chrome/60.0.3112.107 Moblie Safari/537.36"
57.141.3.18 - - [14/Mar/2025:19:47:37 +0700] "GET /en/cara-jualan-di-shopee/cara-mengaktifkan-fitur-paylater-agar-penjual-shopee-lebih-untung/ HTTP/1.1" 404 11504 "-" "meta-externalagent/1.1 (+https://developers.facebook.com/docs/sharing/webmasters/crawler)"
146.190.99.254 - - [14/Mar/2025:19:47:40 +0700] "GET /wp-content/themes/wp-pridmag/status.php HTTP/1.1" 301 0 "www.google.com" "Mozlila/5.0 (Linux; Android 7.0; SM-G892A Bulid/NRD90M; wv) AppleWebKit/537.36 (KHTML, like Gecko) Version/4.0 Chrome/60.0.3112.107 Moblie Safari/537.36"
146.190.99.254 - - [14/Mar/2025:19:47:44 +0700] "GET /wp-content/themes/wp-pridmag/up.php HTTP/1.1" 301 0 "www.google.com" "Mozlila/5.0 (Linux; Android 7.0; SM-G892A Bulid/NRD90M; wv) AppleWebKit/537.36 (KHTML, like Gecko) Version/4.0 Chrome/60.0.3112.107 Moblie Safari/537.36"
57.141.3.10 - - [14/Mar/2025:19:47:43 +0700] "GET /ms/blog/tag/ekspor HTTP/1.1" 404 11504 "-" "meta-externalagent/1.1 (+https://developers.facebook.com/docs/sharing/webmasters/crawler)"
57.141.3.30 - - [14/Mar/2025:19:47:46 +0700] "GET /ms/blog/tag/intrapreneurship/ HTTP/1.1" 404 11504 "-" "meta-externalagent/1.1 (+https://developers.facebook.com/docs/sharing/webmasters/crawler)"
146.190.99.254 - - [14/Mar/2025:19:47:49 +0700] "GET /wp-content/themes/wp-pridmag/init.php HTTP/1.1" 301 0 "www.google.com" "Mozlila/5.0 (Linux; Android 7.0; SM-G892A Bulid/NRD90M; wv) AppleWebKit/537.36 (KHTML, like Gecko) Version/4.0 Chrome/60.0.3112.107 Moblie Safari/537.36"
57.141.3.2 - - [14/Mar/2025:19:47:51 +0700] "GET /en/blog/digital-marketing/7-tips-dan-trik-jualan-di-instagram-supaya-laris-manis HTTP/1.1" 404 11504 "-" "meta-externalagent/1.1 (+https://developers.facebook.com/docs/sharing/webmasters/crawler)"
146.190.99.254 - - [14/Mar/2025:19:47:53 +0700] "GET /wp-content/themes/rishi/doc.php HTTP/1.1" 301 0 "www.google.com" "Mozlila/5.0 (Linux; Android 7.0; SM-G892A Bulid/NRD90M; wv) AppleWebKit/537.36 (KHTML, like Gecko) Version/4.0 Chrome/60.0.3112.107 Moblie Safari/537.36"
146.190.99.254 - - [14/Mar/2025:19:47:58 +0700] "GET /wp-content/plugins/linkpreview/db.php?u HTTP/1.1" 301 0 "www.google.com" "Mozlila/5.0 (Linux; Android 7.0; SM-G892A Bulid/NRD90M; wv) AppleWebKit/537.36 (KHTML, like Gecko) Version/4.0 Chrome/60.0.3112.107 Moblie Safari/537.36"
66.249.75.229 - - [14/Mar/2025:19:48:02 +0700] "GET /packaging/32292062088.shtm HTTP/1.1" 200 20090 "-" "Mozilla/5.0 (Linux; Android 6.0.1; Nexus 5X Build/MMB29P) AppleWebKit/537.36 (KHTML, like Gecko) Chrome/133.0.6943.141 Mobile Safari/537.36 (compatible; GoogleOther)"
57.141.3.19 - - [14/Mar/2025:19:48:01 +0700] "GET /en/blog/kewirausahaan/leadership/5-tips-membangun-karakter-wirausaha-sukses-dalam-diri HTTP/1.1" 404 11504 "-" "meta-externalagent/1.1 (+https://developers.facebook.com/docs/sharing/webmasters/crawler)"
57.141.3.17 - - [14/Mar/2025:19:48:06 +0700] "GET /en/blog/management/strategi/mengenal-tahapan-siklus-hidup-produk-strategi-dan-contoh-penerapannya-dalam-bisnis/ HTTP/1.1" 404 11504 "-" "meta-externalagent/1.1 (+https://developers.facebook.com/docs/sharing/webmasters/crawler)"
57.141.3.14 - - [14/Mar/2025:19:48:04 +0700] "GET /ms/blog/management/strategi/mengenal-tahapan-siklus-hidup-produk-strategi-dan-contoh-penerapannya-dalam-bisnis/ HTTP/1.1" 404 11504 "-" "meta-externalagent/1.1 (+https://developers.facebook.com/docs/sharing/webmasters/crawler)"
146.190.99.254 - - [14/Mar/2025:19:48:07 +0700] "GET /wp-content/themes/rishi/db.php?u HTTP/1.1" 301 0 "www.google.com" "Mozlila/5.0 (Linux; Android 7.0; SM-G892A Bulid/NRD90M; wv) AppleWebKit/537.36 (KHTML, like Gecko) Version/4.0 Chrome/60.0.3112.107 Moblie Safari/537.36"
57.141.3.6 - - [14/Mar/2025:19:48:08 +0700] "GET /ms/blog/digital-marketing/pentingnya-memiliki-website-untuk-umkm/ HTTP/1.1" 404 11504 "-" "meta-externalagent/1.1 (+https://developers.facebook.com/docs/sharing/webmasters/crawler)"
180.235.151.3 - - [14/Mar/2025:19:48:14 +0700] "POST /wp-cron.php?doing_wp_cron=1741956494.0904951095581054687500 HTTP/1.1" 403 1242 "-" "WordPress/6.7.2; https://www.aturtoko.id"
57.141.3.21 - - [14/Mar/2025:19:48:10 +0700] "GET /en/blog/tag/pendapatan-toko-online HTTP/1.1" 404 11504 "-" "meta-externalagent/1.1 (+https://developers.facebook.com/docs/sharing/webmasters/crawler)"
180.235.151.3 - - [14/Mar/2025:19:48:15 +0700] "POST /wp-cron.php?doing_wp_cron=1741956495.4794709682464599609375 HTTP/1.1" 403 1242 "-" "WordPress/6.7.2; https://www.aturtoko.id"
57.141.3.12 - - [14/Mar/2025:19:48:11 +0700] "GET /en/blog/aturtoko-update/meningkatkan-penjualan-dengan-memperluas-pasar-digital/feed HTTP/1.1" 404 11504 "-" "meta-externalagent/1.1 (+https://developers.facebook.com/docs/sharing/webmasters/crawler)"
180.235.151.3 - - [14/Mar/2025:19:48:16 +0700] "POST /wp-cron.php?doing_wp_cron=1741956496.9504621028900146484375 HTTP/1.1" 403 1242 "-" "WordPress/6.7.2; https://www.aturtoko.id"
57.141.3.18 - - [14/Mar/2025:19:48:13 +0700] "GET /ms/blog/aturtoko-update/lebih-baik-jualan-di-instagram-atau-marketplace HTTP/1.1" 404 11504 "-" "meta-externalagent/1.1 (+https://developers.facebook.com/docs/sharing/webmasters/crawler)"
146.190.99.254 - - [14/Mar/2025:19:48:16 +0700] "GET /wp-content/plugins/virr/v.php HTTP/1.1" 301 0 "www.google.com" "Mozlila/5.0 (Linux; Android 7.0; SM-G892A Bulid/NRD90M; wv) AppleWebKit/537.36 (KHTML, like Gecko) Version/4.0 Chrome/60.0.3112.107 Moblie Safari/537.36"
146.190.99.254 - - [14/Mar/2025:19:48:21 +0700] "GET /wp-content/themes/pridmag/db.php?u HTTP/1.1" 301 0 "www.google.com" "Mozlila/5.0 (Linux; Android 7.0; SM-G892A Bulid/NRD90M; wv) AppleWebKit/537.36 (KHTML, like Gecko) Version/4.0 Chrome/60.0.3112.107 Moblie Safari/537.36"
57.141.3.10 - - [14/Mar/2025:19:48:28 +0700] "GET /ms/blog/digital-marketing/cocok-untuk-umkm-ini-dia-aplikasi-jualan-online-yang-wajib-anda-coba HTTP/1.1" 404 11504 "-" "meta-externalagent/1.1 (+https://developers.facebook.com/docs/sharing/webmasters/crawler)"
57.141.3.2 - - [14/Mar/2025:19:48:29 +0700] "GET /ms/blog/info-marketplace/mengoptimalkan-penjualan-anda-dengan-website HTTP/1.1" 404 11504 "-" "meta-externalagent/1.1 (+https://developers.facebook.com/docs/sharing/webmasters/crawler)"
146.190.99.254 - - [14/Mar/2025:19:48:30 +0700] "GET /wp-content/plugins/virr/uploader.php?uploader HTTP/1.1" 301 0 "www.google.com" "Mozlila/5.0 (Linux; Android 7.0; SM-G892A Bulid/NRD90M; wv) AppleWebKit/537.36 (KHTML, like Gecko) Version/4.0 Chrome/60.0.3112.107 Moblie Safari/537.36"
146.190.99.254 - - [14/Mar/2025:19:48:39 +0700] "GET /wp-content/plugins/db/uploader.php?uploader HTTP/1.1" 301 0 "www.google.com" "Mozlila/5.0 (Linux; Android 7.0; SM-G892A Bulid/NRD90M; wv) AppleWebKit/537.36 (KHTML, like Gecko) Version/4.0 Chrome/60.0.3112.107 Moblie Safari/537.36"
57.141.3.25 - - [14/Mar/2025:19:48:40 +0700] "GET /en/blog/manajemen-bisnis/memanfaatkan-website-untuk-meningkatkan-pengelolaan-bisnis-online-anda/ HTTP/1.1" 404 11504 "-" "meta-externalagent/1.1 (+https://developers.facebook.com/docs/sharing/webmasters/crawler)"
57.141.3.7 - - [14/Mar/2025:19:48:43 +0700] "GET /ms/blog/manajemen-bisnis/meraih-target-bisnis-dengan-action-plan HTTP/1.1" 404 11504 "-" "meta-externalagent/1.1 (+https://developers.facebook.com/docs/sharing/webmasters/crawler)"
57.141.3.23 - - [14/Mar/2025:19:48:46 +0700] "GET /en/robots.txt/ HTTP/1.1" 200 297 "-" "meta-externalagent/1.1 (+https://developers.facebook.com/docs/sharing/webmasters/crawler)"
146.190.99.254 - - [14/Mar/2025:19:48:49 +0700] "GET /wp-content/plugins/wp-freeform/wawe.php HTTP/1.1" 301 0 "www.google.com" "Mozlila/5.0 (Linux; Android 7.0; SM-G892A Bulid/NRD90M; wv) AppleWebKit/537.36 (KHTML, like Gecko) Version/4.0 Chrome/60.0.3112.107 Moblie Safari/537.36"
57.141.3.16 - - [14/Mar/2025:19:48:50 +0700] "GET /ms/blog/tag/entrepreneur/ HTTP/1.1" 404 11504 "-" "meta-externalagent/1.1 (+https://developers.facebook.com/docs/sharing/webmasters/crawler)"
146.190.99.254 - - [14/Mar/2025:19:48:53 +0700] "GET /wp-content/plugins/wp-freeform/includes/loadme.php HTTP/1.1" 301 0 "www.google.com" "Mozlila/5.0 (Linux; Android 7.0; SM-G892A Bulid/NRD90M; wv) AppleWebKit/537.36 (KHTML, like Gecko) Version/4.0 Chrome/60.0.3112.107 Moblie Safari/537.36"
146.190.99.254 - - [14/Mar/2025:19:48:58 +0700] "GET /wp-content/plugins/wp-freeform/style.php HTTP/1.1" 301 0 "www.google.com" "Mozlila/5.0 (Linux; Android 7.0; SM-G892A Bulid/NRD90M; wv) AppleWebKit/537.36 (KHTML, like Gecko) Version/4.0 Chrome/60.0.3112.107 Moblie Safari/537.36"
57.141.3.16 - - [14/Mar/2025:19:48:57 +0700] "GET /en/blog/category/kewirausahaan/business-opportunity/ HTTP/1.1" 404 11504 "-" "meta-externalagent/1.1 (+https://developers.facebook.com/docs/sharing/webmasters/crawler)"
57.141.3.23 - - [14/Mar/2025:19:49:01 +0700] "GET /ms/blog/digital-marketing/apa-itu-endorse-bagaimana-cara-kerjanya-sebagai-strategi-pemasaran HTTP/1.1" 404 11504 "-" "meta-externalagent/1.1 (+https://developers.facebook.com/docs/sharing/webmasters/crawler)"
146.190.99.254 - - [14/Mar/2025:19:49:02 +0700] "GET /?loadme HTTP/1.1" 301 0 "www.google.com" "Mozlila/5.0 (Linux; Android 7.0; SM-G892A Bulid/NRD90M; wv) AppleWebKit/537.36 (KHTML, like Gecko) Version/4.0 Chrome/60.0.3112.107 Moblie Safari/537.36"
146.190.99.254 - - [14/Mar/2025:19:49:11 +0700] "GET /galekjaya.php?raimu=tgl99 HTTP/1.1" 301 0 "www.google.com" "Mozlila/5.0 (Linux; Android 7.0; SM-G892A Bulid/NRD90M; wv) AppleWebKit/537.36 (KHTML, like Gecko) Version/4.0 Chrome/60.0.3112.107 Moblie Safari/537.36"
57.141.3.15 - - [14/Mar/2025:19:49:12 +0700] "GET /ms/blog/digital-marketing/7-tips-dan-trik-jualan-di-instagram-supaya-laris-manis HTTP/1.1" 404 11504 "-" "meta-externalagent/1.1 (+https://developers.facebook.com/docs/sharing/webmasters/crawler)"
180.235.151.3 - - [14/Mar/2025:19:49:20 +0700] "POST /wp-cron.php?doing_wp_cron=1741956560.5520451068878173828125 HTTP/1.1" 403 1242 "-" "WordPress/6.7.2; https://www.aturtoko.id"
57.141.3.6 - - [14/Mar/2025:19:49:16 +0700] "GET /en/blog/kewirausahaan/communication/apa-itu-ice-breaking-metode-dan-varian-untuk-mencairkan-suasana-kantor HTTP/1.1" 404 11504 "-" "meta-externalagent/1.1 (+https://developers.facebook.com/docs/sharing/webmasters/crawler)"
146.190.99.254 - - [14/Mar/2025:19:49:21 +0700] "GET /r00t.php HTTP/1.1" 301 0 "www.google.com" "Mozlila/5.0 (Linux; Android 7.0; SM-G892A Bulid/NRD90M; wv) AppleWebKit/537.36 (KHTML, like Gecko) Version/4.0 Chrome/60.0.3112.107 Moblie Safari/537.36"
57.141.3.8 - - [14/Mar/2025:19:49:24 +0700] "GET /ms/blog/manajemen-bisnis/keuntungan-memiliki-website-pribadi HTTP/1.1" 404 11504 "-" "meta-externalagent/1.1 (+https://developers.facebook.com/docs/sharing/webmasters/crawler)"
146.190.99.254 - - [14/Mar/2025:19:49:25 +0700] "GET /Xzd.php HTTP/1.1" 301 0 "www.google.com" "Mozlila/5.0 (Linux; Android 7.0; SM-G892A Bulid/NRD90M; wv) AppleWebKit/537.36 (KHTML, like Gecko) Version/4.0 Chrome/60.0.3112.107 Moblie Safari/537.36"
146.190.99.254 - - [14/Mar/2025:19:49:30 +0700] "GET /radio.php?pass=shell HTTP/1.1" 301 0 "www.google.com" "Mozlila/5.0 (Linux; Android 7.0; SM-G892A Bulid/NRD90M; wv) AppleWebKit/537.36 (KHTML, like Gecko) Version/4.0 Chrome/60.0.3112.107 Moblie Safari/537.36"
146.190.99.254 - - [14/Mar/2025:19:49:40 +0700] "GET /content.php HTTP/1.1" 301 0 "www.google.com" "Mozlila/5.0 (Linux; Android 7.0; SM-G892A Bulid/NRD90M; wv) AppleWebKit/537.36 (KHTML, like Gecko) Version/4.0 Chrome/60.0.3112.107 Moblie Safari/537.36"
146.190.99.254 - - [14/Mar/2025:19:49:47 +0700] "GET /about.php HTTP/1.1" 301 0 "www.google.com" "Mozlila/5.0 (Linux; Android 7.0; SM-G892A Bulid/NRD90M; wv) AppleWebKit/537.36 (KHTML, like Gecko) Version/4.0 Chrome/60.0.3112.107 Moblie Safari/537.36"
146.190.99.254 - - [14/Mar/2025:19:49:52 +0700] "GET /admin.php HTTP/1.1" 403 1242 "www.google.com" "Mozlila/5.0 (Linux; Android 7.0; SM-G892A Bulid/NRD90M; wv) AppleWebKit/537.36 (KHTML, like Gecko) Version/4.0 Chrome/60.0.3112.107 Moblie Safari/537.36"
146.190.99.254 - - [14/Mar/2025:19:49:52 +0700] "GET /css.php HTTP/1.1" 301 0 "www.google.com" "Mozlila/5.0 (Linux; Android 7.0; SM-G892A Bulid/NRD90M; wv) AppleWebKit/537.36 (KHTML, like Gecko) Version/4.0 Chrome/60.0.3112.107 Moblie Safari/537.36"
146.190.99.254 - - [14/Mar/2025:19:49:56 +0700] "GET /doc.php HTTP/1.1" 301 0 "www.google.com" "Mozlila/5.0 (Linux; Android 7.0; SM-G892A Bulid/NRD90M; wv) AppleWebKit/537.36 (KHTML, like Gecko) Version/4.0 Chrome/60.0.3112.107 Moblie Safari/537.36"
146.190.99.254 - - [14/Mar/2025:19:50:01 +0700] "GET /wp_wrong_datlib.php HTTP/1.1" 301 0 "www.google.com" "Mozlila/5.0 (Linux; Android 7.0; SM-G892A Bulid/NRD90M; wv) AppleWebKit/537.36 (KHTML, like Gecko) Version/4.0 Chrome/60.0.3112.107 Moblie Safari/537.36"
57.141.3.14 - - [14/Mar/2025:19:50:03 +0700] "GET /en/blog/digital-marketing/meningkatkan-potensi-bisnis-dengan-digitalisasi-dan-teknologi-terbaru/feed HTTP/1.1" 404 11504 "-" "meta-externalagent/1.1 (+https://developers.facebook.com/docs/sharing/webmasters/crawler)"
146.190.99.254 - - [14/Mar/2025:19:50:06 +0700] "GET /v.php HTTP/1.1" 301 0 "www.google.com" "Mozlila/5.0 (Linux; Android 7.0; SM-G892A Bulid/NRD90M; wv) AppleWebKit/537.36 (KHTML, like Gecko) Version/4.0 Chrome/60.0.3112.107 Moblie Safari/537.36"
146.190.99.254 - - [14/Mar/2025:19:50:11 +0700] "GET /ups.php HTTP/1.1" 301 0 "www.google.com" "Mozlila/5.0 (Linux; Android 7.0; SM-G892A Bulid/NRD90M; wv) AppleWebKit/537.36 (KHTML, like Gecko) Version/4.0 Chrome/60.0.3112.107 Moblie Safari/537.36"
57.141.3.8 - - [14/Mar/2025:19:50:13 +0700] "GET /ms/blog/management/mengenal-perbedaan-bos-dan-pemimpin-mana-yang-lebih-tepat-dalam-bisnis HTTP/1.1" 404 11504 "-" "meta-externalagent/1.1 (+https://developers.facebook.com/docs/sharing/webmasters/crawler)"
146.190.99.254 - - [14/Mar/2025:19:50:15 +0700] "GET /up.php HTTP/1.1" 301 0 "www.google.com" "Mozlila/5.0 (Linux; Android 7.0; SM-G892A Bulid/NRD90M; wv) AppleWebKit/537.36 (KHTML, like Gecko) Version/4.0 Chrome/60.0.3112.107 Moblie Safari/537.36"
146.190.99.254 - - [14/Mar/2025:19:50:20 +0700] "GET /fw.php HTTP/1.1" 301 0 "www.google.com" "Mozlila/5.0 (Linux; Android 7.0; SM-G892A Bulid/NRD90M; wv) AppleWebKit/537.36 (KHTML, like Gecko) Version/4.0 Chrome/60.0.3112.107 Moblie Safari/537.36"
180.235.151.3 - - [14/Mar/2025:19:50:23 +0700] "POST /wp-cron.php?doing_wp_cron=1741956623.1975119113922119140625 HTTP/1.1" 403 1242 "-" "WordPress/6.7.2; https://www.aturtoko.id"
57.141.3.8 - - [14/Mar/2025:19:50:19 +0700] "GET /en/blog/lainnya/pentingnya-membangun-citra-bisnis-yang-kuat/ HTTP/1.1" 404 11504 "-" "meta-externalagent/1.1 (+https://developers.facebook.com/docs/sharing/webmasters/crawler)"
57.141.3.16 - - [14/Mar/2025:19:50:20 +0700] "GET /en/blog/digital-marketing/penerapan-strategi-omnichannel-b2b-b2c-d2c-beserta-contoh-contohnya HTTP/1.1" 404 11504 "-" "meta-externalagent/1.1 (+https://developers.facebook.com/docs/sharing/webmasters/crawler)"
146.190.99.254 - - [14/Mar/2025:19:50:25 +0700] "GET /loader/ff.php?pass=shell HTTP/1.1" 301 0 "www.google.com" "Mozlila/5.0 (Linux; Android 7.0; SM-G892A Bulid/NRD90M; wv) AppleWebKit/537.36 (KHTML, like Gecko) Version/4.0 Chrome/60.0.3112.107 Moblie Safari/537.36"
57.141.3.11 - - [14/Mar/2025:19:50:31 +0700] "GET /en/blog/lainnya/prinsip-prinsip-etika-bisnis-yang-penting-diketahui-agar-usaha-maju HTTP/1.1" 404 11504 "-" "meta-externalagent/1.1 (+https://developers.facebook.com/docs/sharing/webmasters/crawler)"
146.190.99.254 - - [14/Mar/2025:19:50:34 +0700] "GET /local.php HTTP/1.1" 301 0 "www.google.com" "Mozlila/5.0 (Linux; Android 7.0; SM-G892A Bulid/NRD90M; wv) AppleWebKit/537.36 (KHTML, like Gecko) Version/4.0 Chrome/60.0.3112.107 Moblie Safari/537.36"
57.141.3.6 - - [14/Mar/2025:19:50:35 +0700] "GET /en/blog/teknologi/algoritma-adalah-definisi-ciri-ciri-jenis-fungsi-dan-contohnya HTTP/1.1" 404 11504 "-" "meta-externalagent/1.1 (+https://developers.facebook.com/docs/sharing/webmasters/crawler)"
57.141.3.24 - - [14/Mar/2025:19:50:37 +0700] "GET /ms/blog/management/accounting-finance/rekening-koran-kenali-kegunaan-dan-cara-mudah-mencetaknya/ HTTP/1.1" 404 11504 "-" "meta-externalagent/1.1 (+https://developers.facebook.com/docs/sharing/webmasters/crawler)"
146.190.99.254 - - [14/Mar/2025:19:50:38 +0700] "GET /wp-atom.php HTTP/1.1" 301 0 "www.google.com" "Mozlila/5.0 (Linux; Android 7.0; SM-G892A Bulid/NRD90M; wv) AppleWebKit/537.36 (KHTML, like Gecko) Version/4.0 Chrome/60.0.3112.107 Moblie Safari/537.36"
57.141.3.5 - - [14/Mar/2025:19:50:38 +0700] "GET /ms/blog/manajemen-bisnis/7-brand-lokal-ini-berhasil-go-international-sudah-tahu HTTP/1.1" 404 11504 "-" "meta-externalagent/1.1 (+https://developers.facebook.com/docs/sharing/webmasters/crawler)"
57.141.3.12 - - [14/Mar/2025:19:50:41 +0700] "GET /en/cara-jualan-di-lazada/serba-serbi-pembayaran-cod-lazada-yang-perlu-diketahui HTTP/1.1" 404 11504 "-" "meta-externalagent/1.1 (+https://developers.facebook.com/docs/sharing/webmasters/crawler)"
146.190.99.254 - - [14/Mar/2025:19:50:43 +0700] "GET /1index.php?pass=shell HTTP/1.1" 301 0 "www.google.com" "Mozlila/5.0 (Linux; Android 7.0; SM-G892A Bulid/NRD90M; wv) AppleWebKit/537.36 (KHTML, like Gecko) Version/4.0 Chrome/60.0.3112.107 Moblie Safari/537.36"
57.141.3.5 - - [14/Mar/2025:19:50:47 +0700] "GET /en/blog/manajemen-bisnis/mengenal-tren-dalam-e-commerce/ HTTP/1.1" 404 11504 "-" "meta-externalagent/1.1 (+https://developers.facebook.com/docs/sharing/webmasters/crawler)"
57.141.3.19 - - [14/Mar/2025:19:50:50 +0700] "GET /en/blog/introduction-to-digital/5-tips-sukses-memulai-bisnis-online/feed HTTP/1.1" 404 11504 "-" "meta-externalagent/1.1 (+https://developers.facebook.com/docs/sharing/webmasters/crawler)"
146.190.99.254 - - [14/Mar/2025:19:50:52 +0700] "GET /2index.php?pass=shell HTTP/1.1" 301 0 "www.google.com" "Mozlila/5.0 (Linux; Android 7.0; SM-G892A Bulid/NRD90M; wv) AppleWebKit/537.36 (KHTML, like Gecko) Version/4.0 Chrome/60.0.3112.107 Moblie Safari/537.36"
57.141.3.12 - - [14/Mar/2025:19:50:54 +0700] "GET /en/blog/category/teknologi/page/3 HTTP/1.1" 404 11504 "-" "meta-externalagent/1.1 (+https://developers.facebook.com/docs/sharing/webmasters/crawler)"
57.141.3.2 - - [14/Mar/2025:19:50:56 +0700] "GET /ms/blog/kewirausahaan/business-opportunity/meningkatkan-keuntungan-bisnis-dengan-memanfaatkan-bisnis-opportunity-pada-website-penjualan-online HTTP/1.1" 404 11504 "-" "meta-externalagent/1.1 (+https://developers.facebook.com/docs/sharing/webmasters/crawler)"
57.141.3.17 - - [14/Mar/2025:19:50:58 +0700] "GET /ms/cara-jualan-di-tokopedia/cara-mendaftar-jadi-mitra-tokopedia-aplikasi-untuk-bisnis-rumahan HTTP/1.1" 404 11504 "-" "meta-externalagent/1.1 (+https://developers.facebook.com/docs/sharing/webmasters/crawler)"
57.141.3.17 - - [14/Mar/2025:19:51:03 +0700] "GET /ms/blog/digital-marketing/strategi-pemasaran-efektif-untuk-meningkatkan-penjualan-di-marketplace HTTP/1.1" 404 11504 "-" "meta-externalagent/1.1 (+https://developers.facebook.com/docs/sharing/webmasters/crawler)"
146.190.99.254 - - [14/Mar/2025:19:51:02 +0700] "GET /3index.php?f=NmRtJOUjAdutReQjscRjKUhleBpzmTyO.txt HTTP/1.1" 301 0 "www.google.com" "Mozlila/5.0 (Linux; Android 7.0; SM-G892A Bulid/NRD90M; wv) AppleWebKit/537.36 (KHTML, like Gecko) Version/4.0 Chrome/60.0.3112.107 Moblie Safari/537.36"
57.141.3.7 - - [14/Mar/2025:19:51:06 +0700] "GET /ms/cara-jualan-di-tokopedia/cara-mendaftar-jadi-mitra-tokopedia-aplikasi-untuk-bisnis-rumahan/ HTTP/1.1" 404 11504 "-" "meta-externalagent/1.1 (+https://developers.facebook.com/docs/sharing/webmasters/crawler)"
57.141.3.8 - - [14/Mar/2025:19:51:08 +0700] "GET /en/blog/tag/akun/ HTTP/1.1" 404 11504 "-" "meta-externalagent/1.1 (+https://developers.facebook.com/docs/sharing/webmasters/crawler)"
57.141.3.26 - - [14/Mar/2025:19:51:10 +0700] "GET /en/blog/manajemen-bisnis/pemanfaatan-teknologi-cloud-dalam-manajemen-operasi-bisnis HTTP/1.1" 404 11504 "-" "meta-externalagent/1.1 (+https://developers.facebook.com/docs/sharing/webmasters/crawler)"
146.190.99.254 - - [14/Mar/2025:19:51:12 +0700] "GET /wikindex.php?f=NmRtJOUjAdutReQjscRjKUhleBpzmTyO.txt HTTP/1.1" 301 0 "www.google.com" "Mozlila/5.0 (Linux; Android 7.0; SM-G892A Bulid/NRD90M; wv) AppleWebKit/537.36 (KHTML, like Gecko) Version/4.0 Chrome/60.0.3112.107 Moblie Safari/537.36"
146.190.99.254 - - [14/Mar/2025:19:51:23 +0700] "GET /autoload_classmap.php HTTP/1.1" 301 0 "www.google.com" "Mozlila/5.0 (Linux; Android 7.0; SM-G892A Bulid/NRD90M; wv) AppleWebKit/537.36 (KHTML, like Gecko) Version/4.0 Chrome/60.0.3112.107 Moblie Safari/537.36"
57.141.3.8 - - [14/Mar/2025:19:51:25 +0700] "GET /en/blog/category/management/accounting-finance HTTP/1.1" 404 11504 "-" "meta-externalagent/1.1 (+https://developers.facebook.com/docs/sharing/webmasters/crawler)"
146.190.99.254 - - [14/Mar/2025:19:51:28 +0700] "GET /wp-conflg.php HTTP/1.1" 301 0 "www.google.com" "Mozlila/5.0 (Linux; Android 7.0; SM-G892A Bulid/NRD90M; wv) AppleWebKit/537.36 (KHTML, like Gecko) Version/4.0 Chrome/60.0.3112.107 Moblie Safari/537.36"
146.190.99.254 - - [14/Mar/2025:19:51:33 +0700] "GET /wp-admin/includes/1975.php HTTP/1.1" 301 0 "www.google.com" "Mozlila/5.0 (Linux; Android 7.0; SM-G892A Bulid/NRD90M; wv) AppleWebKit/537.36 (KHTML, like Gecko) Version/4.0 Chrome/60.0.3112.107 Moblie Safari/537.36"
146.190.99.254 - - [14/Mar/2025:19:51:37 +0700] "GET /wp-backup-sql-302.php HTTP/1.1" 301 0 "www.google.com" "Mozlila/5.0 (Linux; Android 7.0; SM-G892A Bulid/NRD90M; wv) AppleWebKit/537.36 (KHTML, like Gecko) Version/4.0 Chrome/60.0.3112.107 Moblie Safari/537.36"
146.190.99.254 - - [14/Mar/2025:19:51:42 +0700] "GET /wp-includes/wp-class.php HTTP/1.1" 403 1242 "www.google.com" "Mozlila/5.0 (Linux; Android 7.0; SM-G892A Bulid/NRD90M; wv) AppleWebKit/537.36 (KHTML, like Gecko) Version/4.0 Chrome/60.0.3112.107 Moblie Safari/537.36"
146.190.99.254 - - [14/Mar/2025:19:51:42 +0700] "GET /wp-inlcudes.php?katib HTTP/1.1" 301 0 "www.google.com" "Mozlila/5.0 (Linux; Android 7.0; SM-G892A Bulid/NRD90M; wv) AppleWebKit/537.36 (KHTML, like Gecko) Version/4.0 Chrome/60.0.3112.107 Moblie Safari/537.36"
146.190.99.254 - - [14/Mar/2025:19:51:52 +0700] "GET /wp-js.php?phpshells HTTP/1.1" 301 0 "www.google.com" "Mozlila/5.0 (Linux; Android 7.0; SM-G892A Bulid/NRD90M; wv) AppleWebKit/537.36 (KHTML, like Gecko) Version/4.0 Chrome/60.0.3112.107 Moblie Safari/537.36"
66.249.75.228 - - [14/Mar/2025:19:51:58 +0700] "GET /32271206874.shtm HTTP/1.1" 200 21350 "-" "Mozilla/5.0 (Linux; Android 6.0.1; Nexus 5X Build/MMB29P) AppleWebKit/537.36 (KHTML, like Gecko) Chrome/133.0.6943.141 Mobile Safari/537.36 (compatible; GoogleOther)"
146.190.99.254 - - [14/Mar/2025:19:52:01 +0700] "GET /wp-load.php?daksldlkdsadas=1 HTTP/1.1" 403 1242 "www.google.com" "Mozlila/5.0 (Linux; Android 7.0; SM-G892A Bulid/NRD90M; wv) AppleWebKit/537.36 (KHTML, like Gecko) Version/4.0 Chrome/60.0.3112.107 Moblie Safari/537.36"
146.190.99.254 - - [14/Mar/2025:19:52:01 +0700] "GET /sys.php HTTP/1.1" 301 0 "www.google.com" "Mozlila/5.0 (Linux; Android 7.0; SM-G892A Bulid/NRD90M; wv) AppleWebKit/537.36 (KHTML, like Gecko) Version/4.0 Chrome/60.0.3112.107 Moblie Safari/537.36"
57.141.3.6 - - [14/Mar/2025:19:52:02 +0700] "GET /en/cara-jualan-di-shopee HTTP/1.1" 404 11504 "-" "meta-externalagent/1.1 (+https://developers.facebook.com/docs/sharing/webmasters/crawler)"
57.141.3.6 - - [14/Mar/2025:19:52:05 +0700] "GET /en/blog/digital-marketing/jenis-promo-bikin-laris-manis/ HTTP/1.1" 404 11504 "-" "meta-externalagent/1.1 (+https://developers.facebook.com/docs/sharing/webmasters/crawler)"
146.190.99.254 - - [14/Mar/2025:19:52:08 +0700] "GET /0.php HTTP/1.1" 301 0 "www.google.com" "Mozlila/5.0 (Linux; Android 7.0; SM-G892A Bulid/NRD90M; wv) AppleWebKit/537.36 (KHTML, like Gecko) Version/4.0 Chrome/60.0.3112.107 Moblie Safari/537.36"
57.141.3.14 - - [14/Mar/2025:19:52:08 +0700] "GET /ms/cara-jualan-di-shopee/cara-mudah-daftar-shopee-food-untuk-merchant/ HTTP/1.1" 404 11504 "-" "meta-externalagent/1.1 (+https://developers.facebook.com/docs/sharing/webmasters/crawler)"
57.141.3.21 - - [14/Mar/2025:19:52:09 +0700] "GET /en/blog/category/kewirausahaan/investasi HTTP/1.1" 404 11504 "-" "meta-externalagent/1.1 (+https://developers.facebook.com/docs/sharing/webmasters/crawler)"
146.190.99.254 - - [14/Mar/2025:19:52:13 +0700] "GET /0byte.php HTTP/1.1" 301 0 "www.google.com" "Mozlila/5.0 (Linux; Android 7.0; SM-G892A Bulid/NRD90M; wv) AppleWebKit/537.36 (KHTML, like Gecko) Version/4.0 Chrome/60.0.3112.107 Moblie Safari/537.36"
57.141.3.27 - - [14/Mar/2025:19:52:12 +0700] "GET /ms/blog/management/distribusi/apa-itu-purchase-order-manfaat-dan-cara-membuatnya HTTP/1.1" 404 11504 "-" "meta-externalagent/1.1 (+https://developers.facebook.com/docs/sharing/webmasters/crawler)"
146.190.99.254 - - [14/Mar/2025:19:52:17 +0700] "GET /0x0.php HTTP/1.1" 301 0 "www.google.com" "Mozlila/5.0 (Linux; Android 7.0; SM-G892A Bulid/NRD90M; wv) AppleWebKit/537.36 (KHTML, like Gecko) Version/4.0 Chrome/60.0.3112.107 Moblie Safari/537.36"
146.190.99.254 - - [14/Mar/2025:19:52:23 +0700] "GET /0z.php HTTP/1.1" 301 0 "www.google.com" "Mozlila/5.0 (Linux; Android 7.0; SM-G892A Bulid/NRD90M; wv) AppleWebKit/537.36 (KHTML, like Gecko) Version/4.0 Chrome/60.0.3112.107 Moblie Safari/537.36"
180.235.151.3 - - [14/Mar/2025:19:52:26 +0700] "POST /wp-cron.php?doing_wp_cron=1741956746.5749139785766601562500 HTTP/1.1" 403 1242 "-" "WordPress/6.7.2; https://www.aturtoko.id"
57.141.3.27 - - [14/Mar/2025:19:52:22 +0700] "GET /en/blog/tag/meningkatkan-order-toko-online HTTP/1.1" 404 11504 "-" "meta-externalagent/1.1 (+https://developers.facebook.com/docs/sharing/webmasters/crawler)"
146.190.99.254 - - [14/Mar/2025:19:52:27 +0700] "GET /1.php HTTP/1.1" 301 0 "www.google.com" "Mozlila/5.0 (Linux; Android 7.0; SM-G892A Bulid/NRD90M; wv) AppleWebKit/537.36 (KHTML, like Gecko) Version/4.0 Chrome/60.0.3112.107 Moblie Safari/537.36"
146.190.99.254 - - [14/Mar/2025:19:52:32 +0700] "GET /13.php HTTP/1.1" 301 0 "www.google.com" "Mozlila/5.0 (Linux; Android 7.0; SM-G892A Bulid/NRD90M; wv) AppleWebKit/537.36 (KHTML, like Gecko) Version/4.0 Chrome/60.0.3112.107 Moblie Safari/537.36"
146.190.99.254 - - [14/Mar/2025:19:52:36 +0700] "GET /1877.php HTTP/1.1" 301 0 "www.google.com" "Mozlila/5.0 (Linux; Android 7.0; SM-G892A Bulid/NRD90M; wv) AppleWebKit/537.36 (KHTML, like Gecko) Version/4.0 Chrome/60.0.3112.107 Moblie Safari/537.36"
146.190.99.254 - - [14/Mar/2025:19:52:41 +0700] "GET /1975.php?CVE=2022 HTTP/1.1" 301 0 "www.google.com" "Mozlila/5.0 (Linux; Android 7.0; SM-G892A Bulid/NRD90M; wv) AppleWebKit/537.36 (KHTML, like Gecko) Version/4.0 Chrome/60.0.3112.107 Moblie Safari/537.36"
57.141.3.20 - - [14/Mar/2025:19:52:43 +0700] "GET /ms/blog/teknologi/mengenal-berbagai-jenis-e-commerce-serta-manfaatnya-untuk-konsumen HTTP/1.1" 404 11504 "-" "meta-externalagent/1.1 (+https://developers.facebook.com/docs/sharing/webmasters/crawler)"
57.141.3.21 - - [14/Mar/2025:19:52:44 +0700] "GET /ms/blog/management/legal/cara-membuat-surat-izin-usaha-perdagangan-siup-syarat-contohnya HTTP/1.1" 404 11504 "-" "meta-externalagent/1.1 (+https://developers.facebook.com/docs/sharing/webmasters/crawler)"
57.141.3.21 - - [14/Mar/2025:19:52:48 +0700] "GET /ms/blog/kewirausahaan/communication/apa-itu-workshop-fungsi-tujuan-dan-perbedaannya-dengan-training HTTP/1.1" 404 11504 "-" "meta-externalagent/1.1 (+https://developers.facebook.com/docs/sharing/webmasters/crawler)"
57.141.3.18 - - [14/Mar/2025:19:52:50 +0700] "GET /en/blog/management/accounting-finance/cek-dan-bilyet-giro-apakah-sama-atau-beda-jawabannya-ada-di-sini/ HTTP/1.1" 404 11504 "-" "meta-externalagent/1.1 (+https://developers.facebook.com/docs/sharing/webmasters/crawler)"
146.190.99.254 - - [14/Mar/2025:19:52:50 +0700] "GET /1975.php?CVE=2021 HTTP/1.1" 301 0 "www.google.com" "Mozlila/5.0 (Linux; Android 7.0; SM-G892A Bulid/NRD90M; wv) AppleWebKit/537.36 (KHTML, like Gecko) Version/4.0 Chrome/60.0.3112.107 Moblie Safari/537.36"
57.141.3.3 - - [14/Mar/2025:19:52:51 +0700] "GET /en/blog/tag/company-profile HTTP/1.1" 404 11504 "-" "meta-externalagent/1.1 (+https://developers.facebook.com/docs/sharing/webmasters/crawler)"
146.190.99.254 - - [14/Mar/2025:19:52:59 +0700] "GET /1975.php HTTP/1.1" 301 0 "www.google.com" "Mozlila/5.0 (Linux; Android 7.0; SM-G892A Bulid/NRD90M; wv) AppleWebKit/537.36 (KHTML, like Gecko) Version/4.0 Chrome/60.0.3112.107 Moblie Safari/537.36"
146.190.99.254 - - [14/Mar/2025:19:53:05 +0700] "GET /1975Team.php?shell=Dead HTTP/1.1" 301 0 "www.google.com" "Mozlila/5.0 (Linux; Android 7.0; SM-G892A Bulid/NRD90M; wv) AppleWebKit/537.36 (KHTML, like Gecko) Version/4.0 Chrome/60.0.3112.107 Moblie Safari/537.36"
146.190.99.254 - - [14/Mar/2025:19:53:13 +0700] "GET /403.php HTTP/1.1" 301 0 "www.google.com" "Mozlila/5.0 (Linux; Android 7.0; SM-G892A Bulid/NRD90M; wv) AppleWebKit/537.36 (KHTML, like Gecko) Version/4.0 Chrome/60.0.3112.107 Moblie Safari/537.36"
146.190.99.254 - - [14/Mar/2025:19:53:20 +0700] "GET /404.php HTTP/1.1" 301 0 "www.google.com" "Mozlila/5.0 (Linux; Android 7.0; SM-G892A Bulid/NRD90M; wv) AppleWebKit/537.36 (KHTML, like Gecko) Version/4.0 Chrome/60.0.3112.107 Moblie Safari/537.36"
146.190.99.254 - - [14/Mar/2025:19:53:24 +0700] "GET /45.php HTTP/1.1" 301 0 "www.google.com" "Mozlila/5.0 (Linux; Android 7.0; SM-G892A Bulid/NRD90M; wv) AppleWebKit/537.36 (KHTML, like Gecko) Version/4.0 Chrome/60.0.3112.107 Moblie Safari/537.36"
180.235.151.3 - - [14/Mar/2025:19:53:28 +0700] "POST /wp-cron.php?doing_wp_cron=1741956808.4767448902130126953125 HTTP/1.1" 403 1242 "-" "WordPress/6.7.2; https://www.aturtoko.id"
57.141.3.14 - - [14/Mar/2025:19:53:24 +0700] "GET /en/buattoko/ HTTP/1.1" 404 11504 "-" "meta-externalagent/1.1 (+https://developers.facebook.com/docs/sharing/webmasters/crawler)"
146.190.99.254 - - [14/Mar/2025:19:53:28 +0700] "GET /4x4.php HTTP/1.1" 301 0 "www.google.com" "Mozlila/5.0 (Linux; Android 7.0; SM-G892A Bulid/NRD90M; wv) AppleWebKit/537.36 (KHTML, like Gecko) Version/4.0 Chrome/60.0.3112.107 Moblie Safari/537.36"
146.190.99.254 - - [14/Mar/2025:19:53:33 +0700] "GET /73.php HTTP/1.1" 301 0 "www.google.com" "Mozlila/5.0 (Linux; Android 7.0; SM-G892A Bulid/NRD90M; wv) AppleWebKit/537.36 (KHTML, like Gecko) Version/4.0 Chrome/60.0.3112.107 Moblie Safari/537.36"
57.141.3.15 - - [14/Mar/2025:19:53:33 +0700] "GET /ms/blog/tag/komunikasi-bisnis/ HTTP/1.1" 404 11504 "-" "meta-externalagent/1.1 (+https://developers.facebook.com/docs/sharing/webmasters/crawler)"
146.190.99.254 - - [14/Mar/2025:19:53:37 +0700] "GET /a.php HTTP/1.1" 301 0 "www.google.com" "Mozlila/5.0 (Linux; Android 7.0; SM-G892A Bulid/NRD90M; wv) AppleWebKit/537.36 (KHTML, like Gecko) Version/4.0 Chrome/60.0.3112.107 Moblie Safari/537.36"
180.235.151.3 - - [14/Mar/2025:19:53:40 +0700] "GET /wp-content/themes/aturtoko/assets/json/rekan.json HTTP/1.0" 200 797 "-" "-"
57.141.3.15 - - [14/Mar/2025:19:53:37 +0700] "GET /buattoko HTTP/1.1" 200 84129 "-" "meta-externalagent/1.1 (+https://developers.facebook.com/docs/sharing/webmasters/crawler)"
146.190.99.254 - - [14/Mar/2025:19:53:42 +0700] "GET /abc.php HTTP/1.1" 301 0 "www.google.com" "Mozlila/5.0 (Linux; Android 7.0; SM-G892A Bulid/NRD90M; wv) AppleWebKit/537.36 (KHTML, like Gecko) Version/4.0 Chrome/60.0.3112.107 Moblie Safari/537.36"
146.190.99.254 - - [14/Mar/2025:19:53:47 +0700] "GET /al.php HTTP/1.1" 301 0 "www.google.com" "Mozlila/5.0 (Linux; Android 7.0; SM-G892A Bulid/NRD90M; wv) AppleWebKit/537.36 (KHTML, like Gecko) Version/4.0 Chrome/60.0.3112.107 Moblie Safari/537.36"
57.141.3.18 - - [14/Mar/2025:19:53:46 +0700] "GET /en/blog/aturtoko-update/cara-menemukan-trend-produk/ HTTP/1.1" 404 11504 "-" "meta-externalagent/1.1 (+https://developers.facebook.com/docs/sharing/webmasters/crawler)"
15.235.167.214 - - [14/Mar/2025:19:53:52 +0700] "POST /xmlrpc.php HTTP/1.1" 403 1242 "-" "Mozilla/5.0 (X11; Fedora; Linux x86_64; rv:94.0) Gecko/20100101 Firefox/95.0"
57.141.3.20 - - [14/Mar/2025:19:53:49 +0700] "GET /en/blog/tag/pemasaran/ HTTP/1.1" 404 11504 "-" "meta-externalagent/1.1 (+https://developers.facebook.com/docs/sharing/webmasters/crawler)"
146.190.99.254 - - [14/Mar/2025:19:53:51 +0700] "GET /alf.php HTTP/1.1" 301 0 "www.google.com" "Mozlila/5.0 (Linux; Android 7.0; SM-G892A Bulid/NRD90M; wv) AppleWebKit/537.36 (KHTML, like Gecko) Version/4.0 Chrome/60.0.3112.107 Moblie Safari/537.36"
57.141.3.15 - - [14/Mar/2025:19:53:52 +0700] "GET /en/blog/kewirausahaan/business-opportunity/apa-yang-dimaksud-dengan-ekspor-impor-pahami-seluk-beluknya-di-sini/feed HTTP/1.1" 404 11504 "-" "meta-externalagent/1.1 (+https://developers.facebook.com/docs/sharing/webmasters/crawler)"
146.190.99.254 - - [14/Mar/2025:19:53:56 +0700] "GET /alf4.php HTTP/1.1" 301 0 "www.google.com" "Mozlila/5.0 (Linux; Android 7.0; SM-G892A Bulid/NRD90M; wv) AppleWebKit/537.36 (KHTML, like Gecko) Version/4.0 Chrome/60.0.3112.107 Moblie Safari/537.36"
57.141.3.19 - - [14/Mar/2025:19:53:54 +0700] "GET /ms/blog/digital-marketing/tantangan-strategi-omnichannel-dan-cara-mengatasinya-dengan-efektif/ HTTP/1.1" 404 11504 "-" "meta-externalagent/1.1 (+https://developers.facebook.com/docs/sharing/webmasters/crawler)"
57.141.3.25 - - [14/Mar/2025:19:53:56 +0700] "GET /en/blog/teknologi/bagaimana-metaverse-menjanjikan-peluang-bagi-bisnis-anda/ HTTP/1.1" 404 11504 "-" "meta-externalagent/1.1 (+https://developers.facebook.com/docs/sharing/webmasters/crawler)"
57.141.3.8 - - [14/Mar/2025:19:53:59 +0700] "GET /ms/blog/tag/company/ HTTP/1.1" 404 11504 "-" "meta-externalagent/1.1 (+https://developers.facebook.com/docs/sharing/webmasters/crawler)"
146.190.99.254 - - [14/Mar/2025:19:54:00 +0700] "GET /alfa-ioxi.php HTTP/1.1" 301 0 "www.google.com" "Mozlila/5.0 (Linux; Android 7.0; SM-G892A Bulid/NRD90M; wv) AppleWebKit/537.36 (KHTML, like Gecko) Version/4.0 Chrome/60.0.3112.107 Moblie Safari/537.36"
57.141.3.1 - - [14/Mar/2025:19:54:03 +0700] "GET /ms/blog/tag/izin-komersial/ HTTP/1.1" 404 11504 "-" "meta-externalagent/1.1 (+https://developers.facebook.com/docs/sharing/webmasters/crawler)"
146.190.99.254 - - [14/Mar/2025:19:54:05 +0700] "GET /alfa-shell-v4.php HTTP/1.1" 301 0 "www.google.com" "Mozlila/5.0 (Linux; Android 7.0; SM-G892A Bulid/NRD90M; wv) AppleWebKit/537.36 (KHTML, like Gecko) Version/4.0 Chrome/60.0.3112.107 Moblie Safari/537.36"
57.141.3.12 - - [14/Mar/2025:19:54:07 +0700] "GET /en/blog/tag/komunikasi-bisnis HTTP/1.1" 404 11504 "-" "meta-externalagent/1.1 (+https://developers.facebook.com/docs/sharing/webmasters/crawler)"
146.190.99.254 - - [14/Mar/2025:19:54:10 +0700] "GET /alfa.php HTTP/1.1" 301 0 "www.google.com" "Mozlila/5.0 (Linux; Android 7.0; SM-G892A Bulid/NRD90M; wv) AppleWebKit/537.36 (KHTML, like Gecko) Version/4.0 Chrome/60.0.3112.107 Moblie Safari/537.36"
146.190.99.254 - - [14/Mar/2025:19:54:15 +0700] "GET /alfakun.php HTTP/1.1" 301 0 "www.google.com" "Mozlila/5.0 (Linux; Android 7.0; SM-G892A Bulid/NRD90M; wv) AppleWebKit/537.36 (KHTML, like Gecko) Version/4.0 Chrome/60.0.3112.107 Moblie Safari/537.36"
57.141.3.30 - - [14/Mar/2025:19:54:16 +0700] "GET /ms/blog/tag/tiktok/ HTTP/1.1" 404 11504 "-" "meta-externalagent/1.1 (+https://developers.facebook.com/docs/sharing/webmasters/crawler)"
146.190.99.254 - - [14/Mar/2025:19:54:19 +0700] "GET /alfatesla.php HTTP/1.1" 301 0 "www.google.com" "Mozlila/5.0 (Linux; Android 7.0; SM-G892A Bulid/NRD90M; wv) AppleWebKit/537.36 (KHTML, like Gecko) Version/4.0 Chrome/60.0.3112.107 Moblie Safari/537.36"
146.190.99.254 - - [14/Mar/2025:19:54:25 +0700] "GET /alfateslav4.php HTTP/1.1" 301 0 "www.google.com" "Mozlila/5.0 (Linux; Android 7.0; SM-G892A Bulid/NRD90M; wv) AppleWebKit/537.36 (KHTML, like Gecko) Version/4.0 Chrome/60.0.3112.107 Moblie Safari/537.36"
57.141.3.10 - - [14/Mar/2025:19:54:29 +0700] "GET /en/blog/manajemen-bisnis/menjaga-bisnis-anda-relevan-dengan-memanfaatkan-kemajuan-teknologi-digital/ HTTP/1.1" 404 11504 "-" "meta-externalagent/1.1 (+https://developers.facebook.com/docs/sharing/webmasters/crawler)"
146.190.99.254 - - [14/Mar/2025:19:54:30 +0700] "GET /alwso.php HTTP/1.1" 301 0 "www.google.com" "Mozlila/5.0 (Linux; Android 7.0; SM-G892A Bulid/NRD90M; wv) AppleWebKit/537.36 (KHTML, like Gecko) Version/4.0 Chrome/60.0.3112.107 Moblie Safari/537.36"
146.190.99.254 - - [14/Mar/2025:19:54:35 +0700] "GET /anjay.php HTTP/1.1" 301 0 "www.google.com" "Mozlila/5.0 (Linux; Android 7.0; SM-G892A Bulid/NRD90M; wv) AppleWebKit/537.36 (KHTML, like Gecko) Version/4.0 Chrome/60.0.3112.107 Moblie Safari/537.36"
57.141.3.6 - - [14/Mar/2025:19:54:34 +0700] "GET /ms/blog/tag/tips-sukses/ HTTP/1.1" 404 11504 "-" "meta-externalagent/1.1 (+https://developers.facebook.com/docs/sharing/webmasters/crawler)"
57.141.3.2 - - [14/Mar/2025:19:54:36 +0700] "GET /ms/blog/management/distribusi/daftar-lengkap-distributor-barang-import-dari-china-murah-dan-berkualitas HTTP/1.1" 404 11504 "-" "meta-externalagent/1.1 (+https://developers.facebook.com/docs/sharing/webmasters/crawler)"
146.190.99.254 - - [14/Mar/2025:19:54:40 +0700] "GET /anon.php HTTP/1.1" 301 0 "www.google.com" "Mozlila/5.0 (Linux; Android 7.0; SM-G892A Bulid/NRD90M; wv) AppleWebKit/537.36 (KHTML, like Gecko) Version/4.0 Chrome/60.0.3112.107 Moblie Safari/537.36"
57.141.3.11 - - [14/Mar/2025:19:54:42 +0700] "GET /en/blog/manajemen-bisnis/menghemat-biaya-iklan-dan-promosi-dengan-website-company HTTP/1.1" 404 11504 "-" "meta-externalagent/1.1 (+https://developers.facebook.com/docs/sharing/webmasters/crawler)"
146.190.99.254 - - [14/Mar/2025:19:54:44 +0700] "GET /anons79.php HTTP/1.1" 301 0 "www.google.com" "Mozlila/5.0 (Linux; Android 7.0; SM-G892A Bulid/NRD90M; wv) AppleWebKit/537.36 (KHTML, like Gecko) Version/4.0 Chrome/60.0.3112.107 Moblie Safari/537.36"
57.141.3.24 - - [14/Mar/2025:19:54:43 +0700] "GET /ms/blog/ HTTP/1.1" 404 11504 "-" "meta-externalagent/1.1 (+https://developers.facebook.com/docs/sharing/webmasters/crawler)"
57.141.3.18 - - [14/Mar/2025:19:54:45 +0700] "GET /en/blog/kewirausahaan/business-opportunity/apa-yang-dimaksud-dengan-ekspor-impor-pahami-seluk-beluknya-di-sini/ HTTP/1.1" 404 11504 "-" "meta-externalagent/1.1 (+https://developers.facebook.com/docs/sharing/webmasters/crawler)"
57.141.3.13 - - [14/Mar/2025:19:54:49 +0700] "GET /en/blog/management/marketing/pengertian-reklame-ciri-ciri-fungsi-tujuan-dan-jenis-jenisnya HTTP/1.1" 404 11504 "-" "meta-externalagent/1.1 (+https://developers.facebook.com/docs/sharing/webmasters/crawler)"
57.141.3.18 - - [14/Mar/2025:19:54:47 +0700] "GET /en/blog/digital-marketing/biar-bisnis-cuan-terus-simak-cara-meningkatkan-penjualan-online-berikut-ini HTTP/1.1" 404 11504 "-" "meta-externalagent/1.1 (+https://developers.facebook.com/docs/sharing/webmasters/crawler)"
146.190.99.254 - - [14/Mar/2025:19:54:50 +0700] "GET /base.php HTTP/1.1" 301 0 "www.google.com" "Mozlila/5.0 (Linux; Android 7.0; SM-G892A Bulid/NRD90M; wv) AppleWebKit/537.36 (KHTML, like Gecko) Version/4.0 Chrome/60.0.3112.107 Moblie Safari/537.36"
57.141.3.5 - - [14/Mar/2025:19:54:51 +0700] "GET /ms/blog/kewirausahaan/bagaimana-membangun-tim-yang-kuat-dalam-bisnis HTTP/1.1" 404 11504 "-" "meta-externalagent/1.1 (+https://developers.facebook.com/docs/sharing/webmasters/crawler)"
146.190.99.254 - - [14/Mar/2025:19:54:55 +0700] "GET /batm.php HTTP/1.1" 301 0 "www.google.com" "Mozlila/5.0 (Linux; Android 7.0; SM-G892A Bulid/NRD90M; wv) AppleWebKit/537.36 (KHTML, like Gecko) Version/4.0 Chrome/60.0.3112.107 Moblie Safari/537.36"
146.190.99.254 - - [14/Mar/2025:19:55:00 +0700] "GET /bj.php HTTP/1.1" 301 0 "www.google.com" "Mozlila/5.0 (Linux; Android 7.0; SM-G892A Bulid/NRD90M; wv) AppleWebKit/537.36 (KHTML, like Gecko) Version/4.0 Chrome/60.0.3112.107 Moblie Safari/537.36"
57.141.3.1 - - [14/Mar/2025:19:55:00 +0700] "GET /en/blog/management/memaksimalkan-manajemen-proyek-dengan-teknologi-terbaru/ HTTP/1.1" 404 11504 "-" "meta-externalagent/1.1 (+https://developers.facebook.com/docs/sharing/webmasters/crawler)"
146.190.99.254 - - [14/Mar/2025:19:55:05 +0700] "GET /black.php HTTP/1.1" 301 0 "www.google.com" "Mozlila/5.0 (Linux; Android 7.0; SM-G892A Bulid/NRD90M; wv) AppleWebKit/537.36 (KHTML, like Gecko) Version/4.0 Chrome/60.0.3112.107 Moblie Safari/537.36"
57.141.3.12 - - [14/Mar/2025:19:55:06 +0700] "GET /en/blog/management/accounting-finance/berapa-keuntungan-bisnis-anda-ini-cara-menghitung-laba-yang-akurat/ HTTP/1.1" 404 11504 "-" "meta-externalagent/1.1 (+https://developers.facebook.com/docs/sharing/webmasters/crawler)"
146.190.99.254 - - [14/Mar/2025:19:55:09 +0700] "GET /blog/wp-includes/fonts/dev.php HTTP/1.1" 301 0 "www.google.com" "Mozlila/5.0 (Linux; Android 7.0; SM-G892A Bulid/NRD90M; wv) AppleWebKit/537.36 (KHTML, like Gecko) Version/4.0 Chrome/60.0.3112.107 Moblie Safari/537.36"
57.141.3.12 - - [14/Mar/2025:19:55:08 +0700] "GET /ms/blog/kewirausahaan/business-opportunity/bagaimana-membangun-tim-yang-kuat-dalam-bisnis/feed HTTP/1.1" 404 11504 "-" "meta-externalagent/1.1 (+https://developers.facebook.com/docs/sharing/webmasters/crawler)"
57.141.3.27 - - [14/Mar/2025:19:55:09 +0700] "GET /ms/blog/tag/surat-izin-usaha-perdagangan/ HTTP/1.1" 404 11504 "-" "meta-externalagent/1.1 (+https://developers.facebook.com/docs/sharing/webmasters/crawler)"
146.190.99.254 - - [14/Mar/2025:19:55:14 +0700] "GET /blog/wp-includes/fonts/iqb.php HTTP/1.1" 301 0 "www.google.com" "Mozlila/5.0 (Linux; Android 7.0; SM-G892A Bulid/NRD90M; wv) AppleWebKit/537.36 (KHTML, like Gecko) Version/4.0 Chrome/60.0.3112.107 Moblie Safari/537.36"
57.141.3.26 - - [14/Mar/2025:19:55:16 +0700] "GET /en/blog/category/manajemen-bisnis/ HTTP/1.1" 404 11504 "-" "meta-externalagent/1.1 (+https://developers.facebook.com/docs/sharing/webmasters/crawler)"
146.190.99.254 - - [14/Mar/2025:19:55:18 +0700] "GET /by.php HTTP/1.1" 301 0 "www.google.com" "Mozlila/5.0 (Linux; Android 7.0; SM-G892A Bulid/NRD90M; wv) AppleWebKit/537.36 (KHTML, like Gecko) Version/4.0 Chrome/60.0.3112.107 Moblie Safari/537.36"
57.141.3.18 - - [14/Mar/2025:19:55:22 +0700] "GET /en/blog/digital-marketing/memanfaatkan-marketplace-sebagai-sarana-marketing-yang-efektif/ HTTP/1.1" 404 11504 "-" "meta-externalagent/1.1 (+https://developers.facebook.com/docs/sharing/webmasters/crawler)"
146.190.99.254 - - [14/Mar/2025:19:55:22 +0700] "GET /byp.php HTTP/1.1" 301 0 "www.google.com" "Mozlila/5.0 (Linux; Android 7.0; SM-G892A Bulid/NRD90M; wv) AppleWebKit/537.36 (KHTML, like Gecko) Version/4.0 Chrome/60.0.3112.107 Moblie Safari/537.36"
57.141.3.14 - - [14/Mar/2025:19:55:24 +0700] "GET /en/blog/kewirausahaan/investasi/mengenal-investasi-saham-keuntungan-risiko-dan-tips-bagi-pemula/ HTTP/1.1" 404 11504 "-" "meta-externalagent/1.1 (+https://developers.facebook.com/docs/sharing/webmasters/crawler)"
146.190.99.254 - - [14/Mar/2025:19:55:27 +0700] "GET /bypas.php HTTP/1.1" 301 0 "www.google.com" "Mozlila/5.0 (Linux; Android 7.0; SM-G892A Bulid/NRD90M; wv) AppleWebKit/537.36 (KHTML, like Gecko) Version/4.0 Chrome/60.0.3112.107 Moblie Safari/537.36"
146.190.99.254 - - [14/Mar/2025:19:55:32 +0700] "GET /bypass.php HTTP/1.1" 301 0 "www.google.com" "Mozlila/5.0 (Linux; Android 7.0; SM-G892A Bulid/NRD90M; wv) AppleWebKit/537.36 (KHTML, like Gecko) Version/4.0 Chrome/60.0.3112.107 Moblie Safari/537.36"
57.141.3.15 - - [14/Mar/2025:19:55:33 +0700] "GET /blog HTTP/1.1" 200 48973 "-" "meta-externalagent/1.1 (+https://developers.facebook.com/docs/sharing/webmasters/crawler)"
57.141.3.13 - - [14/Mar/2025:19:55:34 +0700] "GET /ms/blog/aturtoko-update/langkah-langkah-membangun-brand HTTP/1.1" 404 11504 "-" "meta-externalagent/1.1 (+https://developers.facebook.com/docs/sharing/webmasters/crawler)"
146.190.99.254 - - [14/Mar/2025:19:55:36 +0700] "GET /byps.php HTTP/1.1" 301 0 "www.google.com" "Mozlila/5.0 (Linux; Android 7.0; SM-G892A Bulid/NRD90M; wv) AppleWebKit/537.36 (KHTML, like Gecko) Version/4.0 Chrome/60.0.3112.107 Moblie Safari/537.36"
57.141.3.14 - - [14/Mar/2025:19:55:37 +0700] "GET /ms/blog/teknologi/arti-barcode-pengertian-jenis-dan-fungsinya-pada-produk/ HTTP/1.1" 404 11504 "-" "meta-externalagent/1.1 (+https://developers.facebook.com/docs/sharing/webmasters/crawler)"
57.141.3.14 - - [14/Mar/2025:19:55:40 +0700] "GET /en/blog/lainnya/tantangan-keamanan-data-dan-privasi-dalam-e-commerce HTTP/1.1" 404 11504 "-" "meta-externalagent/1.1 (+https://developers.facebook.com/docs/sharing/webmasters/crawler)"
57.141.3.9 - - [14/Mar/2025:19:55:41 +0700] "GET /en/blog/category/teknologi HTTP/1.1" 404 11504 "-" "meta-externalagent/1.1 (+https://developers.facebook.com/docs/sharing/webmasters/crawler)"
