40.77.167.42 - - [14/Mar/2025:20:48:20 +0700] "GET /feature/osu_main/index.html HTTP/1.1" 200 22419 "-" "Mozilla/5.0 AppleWebKit/537.36 (KHTML, like Gecko; compatible; bingbot/2.0; +http://www.bing.com/bingbot.htm) Chrome/116.0.1938.76 Safari/537.36"
52.167.144.167 - - [14/Mar/2025:20:48:25 +0700] "GET /32253307.shtm HTTP/1.1" 200 21860 "-" "Mozilla/5.0 AppleWebKit/537.36 (KHTML, like Gecko; compatible; bingbot/2.0; +http://www.bing.com/bingbot.htm) Chrome/116.0.1938.76 Safari/537.36"
40.77.167.28 - - [14/Mar/2025:20:48:29 +0700] "GET /proud/32252588.shtm HTTP/1.1" 200 19743 "-" "Mozilla/5.0 AppleWebKit/537.36 (KHTML, like Gecko; compatible; bingbot/2.0; +http://www.bing.com/bingbot.htm) Chrome/116.0.1938.76 Safari/537.36"
40.77.167.42 - - [14/Mar/2025:20:48:33 +0700] "GET /32252272.shtm HTTP/1.1" 200 19463 "-" "Mozilla/5.0 AppleWebKit/537.36 (KHTML, like Gecko; compatible; bingbot/2.0; +http://www.bing.com/bingbot.htm) Chrome/116.0.1938.76 Safari/537.36"
40.77.167.42 - - [14/Mar/2025:20:48:35 +0700] "GET /worst/32252621.shtm HTTP/1.1" 200 19620 "-" "Mozilla/5.0 AppleWebKit/537.36 (KHTML, like Gecko; compatible; bingbot/2.0; +http://www.bing.com/bingbot.htm) Chrome/116.0.1938.76 Safari/537.36"
40.77.167.42 - - [14/Mar/2025:20:48:38 +0700] "GET /vinyl/32252615.shtm HTTP/1.1" 200 19748 "-" "Mozilla/5.0 AppleWebKit/537.36 (KHTML, like Gecko; compatible; bingbot/2.0; +http://www.bing.com/bingbot.htm) Chrome/116.0.1938.76 Safari/537.36"
40.77.167.28 - - [14/Mar/2025:20:48:39 +0700] "GET /32252956.shtm HTTP/1.1" 200 19968 "-" "Mozilla/5.0 AppleWebKit/537.36 (KHTML, like Gecko; compatible; bingbot/2.0; +http://www.bing.com/bingbot.htm) Chrome/116.0.1938.76 Safari/537.36"
40.77.167.42 - - [14/Mar/2025:20:48:43 +0700] "GET /bikes/32254310.shtm HTTP/1.1" 200 22408 "-" "Mozilla/5.0 AppleWebKit/537.36 (KHTML, like Gecko; compatible; bingbot/2.0; +http://www.bing.com/bingbot.htm) Chrome/116.0.1938.76 Safari/537.36"
66.249.75.229 - - [14/Mar/2025:20:49:19 +0700] "GET /diversified/32292153474.shtm HTTP/1.1" 200 19311 "-" "Mozilla/5.0 (Linux; Android 6.0.1; Nexus 5X Build/MMB29P) AppleWebKit/537.36 (KHTML, like Gecko) Chrome/133.0.6943.141 Mobile Safari/537.36 (compatible; GoogleOther)"
216.244.66.248 - - [14/Mar/2025:20:50:01 +0700] "GET /en/blog/kewirausahaan/business-opportunity/mengapa-studi-kelayakan-bisnis-perlu-begini-penjelasannya/feed HTTP/1.1" 404 11504 "-" "Mozilla/5.0 (compatible; DotBot/1.2; +https://opensiteexplorer.org/dotbot; help@moz.com)"
66.249.75.228 - - [14/Mar/2025:20:50:56 +0700] "GET /cpe/3226638270.shtm HTTP/1.1" 200 19752 "-" "Mozilla/5.0 (Linux; Android 6.0.1; Nexus 5X Build/MMB29P) AppleWebKit/537.36 (KHTML, like Gecko) Chrome/133.0.6943.141 Mobile Safari/537.36 (compatible; GoogleOther)"
66.249.75.229 - - [14/Mar/2025:20:52:29 +0700] "GET /3225105967.shtm HTTP/1.1" 200 19553 "-" "Mozilla/5.0 (Linux; Android 6.0.1; Nexus 5X Build/MMB29P) AppleWebKit/537.36 (KHTML, like Gecko) Chrome/133.0.6943.141 Mobile Safari/537.36 (compatible; GoogleOther)"
66.249.75.228 - - [14/Mar/2025:20:54:30 +0700] "GET /32271167469.shtm HTTP/1.1" 200 20245 "-" "Mozilla/5.0 (Linux; Android 6.0.1; Nexus 5X Build/MMB29P) AppleWebKit/537.36 (KHTML, like Gecko) Chrome/133.0.6943.141 Mobile Safari/537.36 (compatible; GoogleOther)"
66.249.75.229 - - [14/Mar/2025:20:55:48 +0700] "GET /situations/shopping/32271062747.shtm HTTP/1.1" 200 19843 "-" "Mozilla/5.0 (Linux; Android 6.0.1; Nexus 5X Build/MMB29P) AppleWebKit/537.36 (KHTML, like Gecko) Chrome/133.0.6943.141 Mobile Safari/537.36 (compatible; GoogleOther)"
66.249.75.230 - - [14/Mar/2025:20:57:01 +0700] "GET /32292475256.shtm HTTP/1.1" 200 20248 "-" "Mozilla/5.0 (Linux; Android 6.0.1; Nexus 5X Build/MMB29P) AppleWebKit/537.36 (KHTML, like Gecko) Chrome/133.0.6943.141 Mobile Safari/537.36 (compatible; GoogleOther)"
66.249.75.228 - - [14/Mar/2025:20:58:36 +0700] "GET /32281719850.shtm HTTP/1.1" 200 19875 "-" "Mozilla/5.0 (Linux; Android 6.0.1; Nexus 5X Build/MMB29P) AppleWebKit/537.36 (KHTML, like Gecko) Chrome/133.0.6943.141 Mobile Safari/537.36 (compatible; GoogleOther)"
66.249.75.228 - - [14/Mar/2025:20:59:54 +0700] "GET /strengthening/shopping/3225488427.shtm HTTP/1.1" 200 20433 "-" "Mozilla/5.0 (Linux; Android 6.0.1; Nexus 5X Build/MMB29P) AppleWebKit/537.36 (KHTML, like Gecko) Chrome/133.0.6943.141 Mobile Safari/537.36 (compatible; GoogleOther)"
66.249.71.1 - - [14/Mar/2025:21:01:11 +0700] "GET /meteorological/32281995641.shtm HTTP/1.1" 200 19788 "-" "Mozilla/5.0 (Linux; Android 6.0.1; Nexus 5X Build/MMB29P) AppleWebKit/537.36 (KHTML, like Gecko) Chrome/133.0.6943.141 Mobile Safari/537.36 (compatible; GoogleOther)"
66.249.71.9 - - [14/Mar/2025:21:03:55 +0700] "GET /dennis/good/32271143600.shtm HTTP/1.1" 200 19813 "-" "Mozilla/5.0 (Linux; Android 6.0.1; Nexus 5X Build/MMB29P) AppleWebKit/537.36 (KHTML, like Gecko) Chrome/133.0.6943.141 Mobile Safari/537.36 (compatible; GoogleOther)"
66.249.75.228 - - [14/Mar/2025:21:05:57 +0700] "GET /32281719850.shtm HTTP/1.1" 200 19877 "-" "Mozilla/5.0 (Linux; Android 6.0.1; Nexus 5X Build/MMB29P) AppleWebKit/537.36 (KHTML, like Gecko) Chrome/133.0.6943.141 Mobile Safari/537.36 (compatible; GoogleOther)"
66.249.75.230 - - [14/Mar/2025:21:06:23 +0700] "GET /3225134230.shtm HTTP/1.1" 200 19897 "-" "Mozilla/5.0 (Linux; Android 6.0.1; Nexus 5X Build/MMB29P) AppleWebKit/537.36 (KHTML, like Gecko) Chrome/133.0.6943.141 Mobile Safari/537.36 (compatible; GoogleOther)"
66.249.71.9 - - [14/Mar/2025:21:07:41 +0700] "GET /322527154.shtm HTTP/1.1" 200 21052 "-" "Mozilla/5.0 (Linux; Android 6.0.1; Nexus 5X Build/MMB29P) AppleWebKit/537.36 (KHTML, like Gecko) Chrome/133.0.6943.141 Mobile Safari/537.36 (compatible; GoogleOther)"
66.249.71.1 - - [14/Mar/2025:21:08:28 +0700] "GET /vulnerable/good/32281545930.shtm HTTP/1.1" 200 19712 "-" "Mozilla/5.0 (Linux; Android 6.0.1; Nexus 5X Build/MMB29P) AppleWebKit/537.36 (KHTML, like Gecko) Chrome/133.0.6943.141 Mobile Safari/537.36 (compatible; GoogleOther)"
66.249.75.229 - - [14/Mar/2025:21:09:16 +0700] "GET /3225171934.shtm HTTP/1.1" 200 21794 "-" "Mozilla/5.0 (Linux; Android 6.0.1; Nexus 5X Build/MMB29P) AppleWebKit/537.36 (KHTML, like Gecko) Chrome/133.0.6943.141 Mobile Safari/537.36 (compatible; GoogleOther)"
180.235.151.3 - - [14/Mar/2025:21:10:11 +0700] "POST /wp-cron.php?doing_wp_cron=1741961411.0577230453491210937500 HTTP/1.1" 403 1242 "-" "WordPress/6.7.2; https://www.aturtoko.id"
85.208.96.212 - - [14/Mar/2025:21:10:07 +0700] "GET /ms/blog/management/accounting-finance/yuk-kenali-apa-itu-rasio-keuangan-jenis-fungsi-dan-manfaatnya HTTP/1.1" 404 3380 "-" "Mozilla/5.0 (compatible; SemrushBot/7~bl; +http://www.semrush.com/bot.html)"
15.235.167.214 - - [14/Mar/2025:21:10:22 +0700] "POST /xmlrpc.php HTTP/1.1" 403 1242 "-" "Mozilla/5.0 (X11; Fedora; Linux x86_64; rv:94.0) Gecko/20100101 Firefox/95.0"
23.229.113.138 - - [14/Mar/2025:21:10:25 +0700] "GET / HTTP/1.1" 301 0 "-" "Mozilla/5.0 (Windows NT 10.0; Win64; x64) AppleWebKit/537.36 (KHTML, like Gecko) Chrome/133.0.0.0 Safari/537.36"
66.249.75.228 - - [14/Mar/2025:21:10:30 +0700] "GET /architects/shopdetail/32292286543.shtm HTTP/1.1" 200 19529 "-" "Mozilla/5.0 (Linux; Android 6.0.1; Nexus 5X Build/MMB29P) AppleWebKit/537.36 (KHTML, like Gecko) Chrome/133.0.6943.141 Mobile Safari/537.36 (compatible; GoogleOther)"
66.249.75.228 - - [14/Mar/2025:21:12:49 +0700] "GET /3226639001.shtm HTTP/1.1" 200 20573 "-" "Mozilla/5.0 (Linux; Android 6.0.1; Nexus 5X Build/MMB29P) AppleWebKit/537.36 (KHTML, like Gecko) Chrome/133.0.6943.141 Mobile Safari/537.36 (compatible; GoogleOther)"
66.249.71.9 - - [14/Mar/2025:21:13:50 +0700] "GET /category/merchandises/32271098915.shtm HTTP/1.1" 200 19403 "-" "Mozilla/5.0 (Linux; Android 6.0.1; Nexus 5X Build/MMB29P) AppleWebKit/537.36 (KHTML, like Gecko) Chrome/133.0.6943.141 Mobile Safari/537.36 (compatible; GoogleOther)"
66.249.75.228 - - [14/Mar/2025:21:15:39 +0700] "GET /32292271823.shtm HTTP/1.1" 200 19729 "-" "Mozilla/5.0 (Linux; Android 6.0.1; Nexus 5X Build/MMB29P) AppleWebKit/537.36 (KHTML, like Gecko) Chrome/133.0.6943.141 Mobile Safari/537.36 (compatible; GoogleOther)"
66.249.71.9 - - [14/Mar/2025:21:17:13 +0700] "GET /explore/3226580964.shtm HTTP/1.1" 200 19749 "-" "Mozilla/5.0 (Linux; Android 6.0.1; Nexus 5X Build/MMB29P) AppleWebKit/537.36 (KHTML, like Gecko) Chrome/133.0.6943.141 Mobile Safari/537.36 (compatible; GoogleOther)"
66.249.75.228 - - [14/Mar/2025:21:18:54 +0700] "GET /spreading/products/32271147134.shtm HTTP/1.1" 200 22435 "-" "Mozilla/5.0 (Linux; Android 6.0.1; Nexus 5X Build/MMB29P) AppleWebKit/537.36 (KHTML, like Gecko) Chrome/133.0.6943.141 Mobile Safari/537.36 (compatible; GoogleOther)"
66.249.75.228 - - [14/Mar/2025:21:19:36 +0700] "GET /contractual/32271191590.shtm HTTP/1.1" 200 21706 "-" "Mozilla/5.0 (Linux; Android 6.0.1; Nexus 5X Build/MMB29P) AppleWebKit/537.36 (KHTML, like Gecko) Chrome/133.0.6943.141 Mobile Safari/537.36 (compatible; GoogleOther)"
66.249.75.228 - - [14/Mar/2025:21:20:42 +0700] "GET /citizen/good/3225282750.shtm HTTP/1.1" 200 21777 "-" "Mozilla/5.0 (Linux; Android 6.0.1; Nexus 5X Build/MMB29P) AppleWebKit/537.36 (KHTML, like Gecko) Chrome/133.0.6943.141 Mobile Safari/537.36 (compatible; GoogleOther)"
66.249.75.228 - - [14/Mar/2025:21:21:46 +0700] "GET /en/blog/teknologi/arti-barcode-pengertian-jenis-dan-fungsinya-pada-produk HTTP/1.1" 200 20416 "-" "Mozilla/5.0 (Linux; Android 6.0.1; Nexus 5X Build/MMB29P) AppleWebKit/537.36 (KHTML, like Gecko) Chrome/133.0.6943.141 Mobile Safari/537.36 (compatible; Googlebot/2.1; +http://www.google.com/bot.html)"
66.249.71.2 - - [14/Mar/2025:21:24:02 +0700] "GET /civil/322540124.shtm HTTP/1.1" 200 22085 "-" "Mozilla/5.0 (Linux; Android 6.0.1; Nexus 5X Build/MMB29P) AppleWebKit/537.36 (KHTML, like Gecko) Chrome/133.0.6943.141 Mobile Safari/537.36 (compatible; GoogleOther)"
66.249.75.229 - - [14/Mar/2025:21:24:07 +0700] "POST /get-message-notify HTTP/1.1" 200 22054 "http://www.aturtoko.id/civil/322540124.shtm" "Mozilla/5.0 (Linux; Android 6.0.1; Nexus 5X Build/MMB29P) AppleWebKit/537.36 (KHTML, like Gecko) Chrome/133.0.6943.141 Mobile Safari/537.36 (compatible; Googlebot/2.1; +http://www.google.com/bot.html)"
66.249.75.229 - - [14/Mar/2025:21:25:08 +0700] "GET /kennedy/products/32281843704.shtm HTTP/1.1" 200 19842 "-" "Mozilla/5.0 (Linux; Android 6.0.1; Nexus 5X Build/MMB29P) AppleWebKit/537.36 (KHTML, like Gecko) Chrome/133.0.6943.141 Mobile Safari/537.36 (compatible; GoogleOther)"
66.249.75.228 - - [14/Mar/2025:21:27:57 +0700] "GET /322598326.shtm HTTP/1.1" 200 20356 "-" "Mozilla/5.0 (Linux; Android 6.0.1; Nexus 5X Build/MMB29P) AppleWebKit/537.36 (KHTML, like Gecko) Chrome/133.0.6943.141 Mobile Safari/537.36 (compatible; GoogleOther)"
66.249.75.230 - - [14/Mar/2025:21:28:17 +0700] "GET /fingertips/merchandises/3226976335.shtm HTTP/1.1" 200 20929 "-" "Mozilla/5.0 (Linux; Android 6.0.1; Nexus 5X Build/MMB29P) AppleWebKit/537.36 (KHTML, like Gecko) Chrome/133.0.6943.141 Mobile Safari/537.36 (compatible; GoogleOther)"
52.167.144.225 - - [14/Mar/2025:21:29:50 +0700] "GET /ms/blog/lainnya/langkah-merancang-strategi-omnichannel-yang-efektif-untuk-perusahaan HTTP/1.1" 200 20479 "-" "Mozilla/5.0 AppleWebKit/537.36 (KHTML, like Gecko; compatible; bingbot/2.0; +http://www.bing.com/bingbot.htm) Chrome/116.0.1938.76 Safari/537.36"
66.249.75.228 - - [14/Mar/2025:21:30:33 +0700] "GET /objects/commoditys/322560831.shtm HTTP/1.1" 200 20364 "-" "Mozilla/5.0 (Linux; Android 6.0.1; Nexus 5X Build/MMB29P) AppleWebKit/537.36 (KHTML, like Gecko) Chrome/133.0.6943.141 Mobile Safari/537.36 (compatible; GoogleOther)"
66.249.75.228 - - [14/Mar/2025:21:32:23 +0700] "GET /outreach/product/3225244809.shtm HTTP/1.1" 200 19747 "-" "Mozilla/5.0 (Linux; Android 6.0.1; Nexus 5X Build/MMB29P) AppleWebKit/537.36 (KHTML, like Gecko) Chrome/133.0.6943.141 Mobile Safari/537.36 (compatible; GoogleOther)"
66.249.75.228 - - [14/Mar/2025:21:33:34 +0700] "GET /derivatives/good/3226788460.shtm HTTP/1.1" 200 21305 "-" "Mozilla/5.0 (Linux; Android 6.0.1; Nexus 5X Build/MMB29P) AppleWebKit/537.36 (KHTML, like Gecko) Chrome/133.0.6943.141 Mobile Safari/537.36 (compatible; GoogleOther)"
66.249.75.228 - - [14/Mar/2025:21:33:53 +0700] "GET /en/cara-jualan-di-lazada/wajib-tahu-begini-cara-jualan-di-lazada-agar-cepat-laku HTTP/1.1" 200 19427 "-" "Mozilla/5.0 (Linux; Android 6.0.1; Nexus 5X Build/MMB29P) AppleWebKit/537.36 (KHTML, like Gecko) Chrome/133.0.6943.141 Mobile Safari/537.36 (compatible; Googlebot/2.1; +http://www.google.com/bot.html)"
66.249.75.228 - - [14/Mar/2025:21:34:01 +0700] "GET /signed/32281980560.shtm HTTP/1.1" 200 20394 "-" "Mozilla/5.0 (Linux; Android 6.0.1; Nexus 5X Build/MMB29P) AppleWebKit/537.36 (KHTML, like Gecko) Chrome/133.0.6943.141 Mobile Safari/537.36 (compatible; GoogleOther)"
66.249.75.228 - - [14/Mar/2025:21:34:24 +0700] "GET /interval/32271144616.shtm HTTP/1.1" 200 20685 "-" "Mozilla/5.0 (Linux; Android 6.0.1; Nexus 5X Build/MMB29P) AppleWebKit/537.36 (KHTML, like Gecko) Chrome/133.0.6943.141 Mobile Safari/537.36 (compatible; GoogleOther)"
69.171.231.6 - - [14/Mar/2025:21:34:44 +0700] "GET /robots.txt HTTP/1.1" 200 304 "-" "facebookexternalhit/1.1 (+http://www.facebook.com/externalhit_uatext.php)"
66.249.75.229 - - [14/Mar/2025:21:35:09 +0700] "GET /catalogue/shopping/32292141967.shtm HTTP/1.1" 200 20548 "-" "Mozilla/5.0 (Linux; Android 6.0.1; Nexus 5X Build/MMB29P) AppleWebKit/537.36 (KHTML, like Gecko) Chrome/133.0.6943.141 Mobile Safari/537.36 (compatible; GoogleOther)"
66.249.75.228 - - [14/Mar/2025:21:35:32 +0700] "GET /32271085707.shtm HTTP/1.1" 200 19931 "-" "Mozilla/5.0 (Linux; Android 6.0.1; Nexus 5X Build/MMB29P) AppleWebKit/537.36 (KHTML, like Gecko) Chrome/133.0.6943.141 Mobile Safari/537.36 (compatible; GoogleOther)"
66.249.75.230 - - [14/Mar/2025:21:36:16 +0700] "GET /3225303718.shtm HTTP/1.1" 200 21594 "-" "Mozilla/5.0 (Linux; Android 6.0.1; Nexus 5X Build/MMB29P) AppleWebKit/537.36 (KHTML, like Gecko) Chrome/133.0.6943.141 Mobile Safari/537.36 (compatible; GoogleOther)"
66.249.71.9 - - [14/Mar/2025:21:36:57 +0700] "GET /32271043176.shtm HTTP/1.1" 200 19465 "-" "Mozilla/5.0 (Linux; Android 6.0.1; Nexus 5X Build/MMB29P) AppleWebKit/537.36 (KHTML, like Gecko) Chrome/133.0.6943.141 Mobile Safari/537.36 (compatible; GoogleOther)"
66.249.75.228 - - [14/Mar/2025:21:37:40 +0700] "GET /simply/32292499761.shtm HTTP/1.1" 200 19883 "-" "Mozilla/5.0 (Linux; Android 6.0.1; Nexus 5X Build/MMB29P) AppleWebKit/537.36 (KHTML, like Gecko) Chrome/133.0.6943.141 Mobile Safari/537.36 (compatible; GoogleOther)"
170.64.185.190 - - [14/Mar/2025:21:38:05 +0700] "GET / HTTP/1.1" 301 0 "-" "Mozilla/5.0 (Windows NT 10.0; Win64; x64) AppleWebKit/537.36 (KHTML, like Gecko) Chrome/99.0.4859.172 Safari/537.36"
66.249.75.228 - - [14/Mar/2025:21:38:55 +0700] "GET /en/blog/tag/era-digital HTTP/1.1" 200 21865 "-" "Mozilla/5.0 (Linux; Android 6.0.1; Nexus 5X Build/MMB29P) AppleWebKit/537.36 (KHTML, like Gecko) Chrome/133.0.6943.141 Mobile Safari/537.36 (compatible; Googlebot/2.1; +http://www.google.com/bot.html)"
66.249.75.228 - - [14/Mar/2025:21:38:58 +0700] "GET /32292312656.shtm HTTP/1.1" 200 20552 "-" "Mozilla/5.0 (Linux; Android 6.0.1; Nexus 5X Build/MMB29P) AppleWebKit/537.36 (KHTML, like Gecko) Chrome/133.0.6943.141 Mobile Safari/537.36 (compatible; GoogleOther)"
66.249.75.228 - - [14/Mar/2025:21:40:28 +0700] "GET /argos/32292198186.shtm HTTP/1.1" 200 19117 "-" "Mozilla/5.0 (Linux; Android 6.0.1; Nexus 5X Build/MMB29P) AppleWebKit/537.36 (KHTML, like Gecko) Chrome/133.0.6943.141 Mobile Safari/537.36 (compatible; GoogleOther)"
170.106.82.209 - - [14/Mar/2025:21:41:07 +0700] "GET / HTTP/1.1" 301 0 "-" "Mozilla/5.0 (iPhone; CPU iPhone OS 13_2_3 like Mac OS X) AppleWebKit/605.1.15 (KHTML, like Gecko) Version/13.0.3 Mobile/15E148 Safari/604.1"
66.249.75.228 - - [14/Mar/2025:21:41:36 +0700] "GET /3225126526.shtm HTTP/1.1" 200 19914 "-" "Mozilla/5.0 (Linux; Android 6.0.1; Nexus 5X Build/MMB29P) AppleWebKit/537.36 (KHTML, like Gecko) Chrome/133.0.6943.141 Mobile Safari/537.36 (compatible; GoogleOther)"
66.249.75.228 - - [14/Mar/2025:21:46:08 +0700] "GET /legal/item/32271279002.shtm HTTP/1.1" 200 19639 "-" "Mozilla/5.0 (Linux; Android 6.0.1; Nexus 5X Build/MMB29P) AppleWebKit/537.36 (KHTML, like Gecko) Chrome/133.0.6943.141 Mobile Safari/537.36 (compatible; GoogleOther)"
66.249.75.230 - - [14/Mar/2025:21:47:10 +0700] "GET /designation/auction/32281827216.shtm HTTP/1.1" 200 19471 "-" "Mozilla/5.0 (Linux; Android 6.0.1; Nexus 5X Build/MMB29P) AppleWebKit/537.36 (KHTML, like Gecko) Chrome/133.0.6943.141 Mobile Safari/537.36 (compatible; GoogleOther)"
66.249.71.2 - - [14/Mar/2025:21:48:02 +0700] "GET /lat/32271383620.shtm HTTP/1.1" 200 20055 "-" "Mozilla/5.0 (Linux; Android 6.0.1; Nexus 5X Build/MMB29P) AppleWebKit/537.36 (KHTML, like Gecko) Chrome/133.0.6943.141 Mobile Safari/537.36 (compatible; GoogleOther)"
66.249.75.230 - - [14/Mar/2025:21:49:10 +0700] "GET /russians/auction/322516056.shtm HTTP/1.1" 200 20686 "-" "Mozilla/5.0 (Linux; Android 6.0.1; Nexus 5X Build/MMB29P) AppleWebKit/537.36 (KHTML, like Gecko) Chrome/133.0.6943.141 Mobile Safari/537.36 (compatible; GoogleOther)"
66.249.75.228 - - [14/Mar/2025:21:51:07 +0700] "GET /whale/32281767458.shtm HTTP/1.1" 200 19707 "-" "Mozilla/5.0 (Linux; Android 6.0.1; Nexus 5X Build/MMB29P) AppleWebKit/537.36 (KHTML, like Gecko) Chrome/133.0.6943.141 Mobile Safari/537.36 (compatible; GoogleOther)"
66.249.71.2 - - [14/Mar/2025:21:52:11 +0700] "GET /32271014196.shtm HTTP/1.1" 200 20335 "-" "Mozilla/5.0 (Linux; Android 6.0.1; Nexus 5X Build/MMB29P) AppleWebKit/537.36 (KHTML, like Gecko) Chrome/133.0.6943.141 Mobile Safari/537.36 (compatible; GoogleOther)"
66.249.75.230 - - [14/Mar/2025:21:54:06 +0700] "GET /3226761572.shtm HTTP/1.1" 200 19820 "-" "Mozilla/5.0 (Linux; Android 6.0.1; Nexus 5X Build/MMB29P) AppleWebKit/537.36 (KHTML, like Gecko) Chrome/133.0.6943.141 Mobile Safari/537.36 (compatible; GoogleOther)"
66.249.75.229 - - [14/Mar/2025:21:55:29 +0700] "GET /argument/32292340533.shtm HTTP/1.1" 200 21786 "-" "Mozilla/5.0 (Linux; Android 6.0.1; Nexus 5X Build/MMB29P) AppleWebKit/537.36 (KHTML, like Gecko) Chrome/133.0.6943.141 Mobile Safari/537.36 (compatible; GoogleOther)"
66.249.71.9 - - [14/Mar/2025:21:55:44 +0700] "GET /coordinates/products/3226606774.shtm HTTP/1.1" 200 19529 "-" "Mozilla/5.0 (Linux; Android 6.0.1; Nexus 5X Build/MMB29P) AppleWebKit/537.36 (KHTML, like Gecko) Chrome/133.0.6943.141 Mobile Safari/537.36 (compatible; GoogleOther)"
66.249.75.229 - - [14/Mar/2025:21:56:44 +0700] "GET /siding/32281613852.shtm HTTP/1.1" 200 20282 "-" "Mozilla/5.0 (Linux; Android 6.0.1; Nexus 5X Build/MMB29P) AppleWebKit/537.36 (KHTML, like Gecko) Chrome/133.0.6943.141 Mobile Safari/537.36 (compatible; GoogleOther)"
66.249.75.228 - - [14/Mar/2025:21:57:42 +0700] "GET /en/blog/tag/investasi HTTP/1.1" 200 20136 "-" "Mozilla/5.0 (Linux; Android 6.0.1; Nexus 5X Build/MMB29P) AppleWebKit/537.36 (KHTML, like Gecko) Chrome/133.0.6943.141 Mobile Safari/537.36 (compatible; Googlebot/2.1; +http://www.google.com/bot.html)"
185.191.171.19 - - [14/Mar/2025:21:57:46 +0700] "GET /robots.txt HTTP/1.1" 200 104 "-" "Mozilla/5.0 (compatible; SemrushBot/7~bl; +http://www.semrush.com/bot.html)"
185.191.171.16 - - [14/Mar/2025:21:57:47 +0700] "GET /en/blog/kewirausahaan/peran-intrapreneurship-dalam-inovasi-bisnis HTTP/1.1" 404 3380 "-" "Mozilla/5.0 (compatible; SemrushBot/7~bl; +http://www.semrush.com/bot.html)"
66.249.75.228 - - [14/Mar/2025:22:00:09 +0700] "GET /spaced/3226554387.shtm HTTP/1.1" 200 20610 "-" "Mozilla/5.0 (Linux; Android 6.0.1; Nexus 5X Build/MMB29P) AppleWebKit/537.36 (KHTML, like Gecko) Chrome/133.0.6943.141 Mobile Safari/537.36 (compatible; GoogleOther)"
114.119.146.255 - - [14/Mar/2025:22:00:24 +0700] "GET /ms/blog/aturtoko-update/strategi-jualan-sukses-dengan-iklan-di-marketplace/ HTTP/1.1" 404 3380 "http://www.aturtoko.id/en/blog/aturtoko-update/strategi-jualan-sukses-dengan-iklan-di-marketplace" "Mozilla/5.0 (Linux; Android 7.0;) AppleWebKit/537.36 (KHTML, like Gecko) Mobile Safari/537.36 (compatible; PetalBot;+https://webmaster.petalsearch.com/site/petalbot)"
114.119.146.158 - - [14/Mar/2025:22:01:25 +0700] "GET /ms/blog/aturtoko-update/faktor-pendukung-keberhasilan-usaha/ HTTP/1.1" 404 3380 "http://www.aturtoko.id/en/blog/aturtoko-update/faktor-pendukung-keberhasilan-usaha" "Mozilla/5.0 (Linux; Android 7.0;) AppleWebKit/537.36 (KHTML, like Gecko) Mobile Safari/537.36 (compatible; PetalBot;+https://webmaster.petalsearch.com/site/petalbot)"
66.249.75.228 - - [14/Mar/2025:22:02:28 +0700] "GET /pg/shopping/3225202467.shtm HTTP/1.1" 200 20194 "-" "Mozilla/5.0 (Linux; Android 6.0.1; Nexus 5X Build/MMB29P) AppleWebKit/537.36 (KHTML, like Gecko) Chrome/133.0.6943.141 Mobile Safari/537.36 (compatible; GoogleOther)"
66.249.75.228 - - [14/Mar/2025:22:02:53 +0700] "GET /3226761572.shtm HTTP/1.1" 200 19818 "-" "Mozilla/5.0 (Linux; Android 6.0.1; Nexus 5X Build/MMB29P) AppleWebKit/537.36 (KHTML, like Gecko) Chrome/133.0.6943.141 Mobile Safari/537.36 (compatible; GoogleOther)"
114.119.146.158 - - [14/Mar/2025:22:02:50 +0700] "GET /en/blog/lainnya/cara-menghadapi-kebangkruta HTTP/1.1" 404 3380 "http://www.aturtoko.id/en/blog/lainnya/jenis-promo-bikin-laris-manis/" "Mozilla/5.0 (Linux; Android 7.0;) AppleWebKit/537.36 (KHTML, like Gecko) Mobile Safari/537.36 (compatible; PetalBot;+https://webmaster.petalsearch.com/site/petalbot)"
66.249.75.228 - - [14/Mar/2025:22:03:51 +0700] "GET /rite/good/32292151960.shtm HTTP/1.1" 200 19968 "-" "Mozilla/5.0 (Linux; Android 6.0.1; Nexus 5X Build/MMB29P) AppleWebKit/537.36 (KHTML, like Gecko) Chrome/133.0.6943.141 Mobile Safari/537.36 (compatible; GoogleOther)"
66.249.75.228 - - [14/Mar/2025:22:06:27 +0700] "GET /32292475256.shtm HTTP/1.1" 200 20248 "-" "Mozilla/5.0 (Linux; Android 6.0.1; Nexus 5X Build/MMB29P) AppleWebKit/537.36 (KHTML, like Gecko) Chrome/133.0.6943.141 Mobile Safari/537.36 (compatible; GoogleOther)"
66.249.71.9 - - [14/Mar/2025:22:06:55 +0700] "POST /get-message-notify HTTP/1.1" 200 22055 "http://www.aturtoko.id/32292475256.shtm" "Mozilla/5.0 (Linux; Android 6.0.1; Nexus 5X Build/MMB29P) AppleWebKit/537.36 (KHTML, like Gecko) Chrome/133.0.6943.141 Mobile Safari/537.36 (compatible; Googlebot/2.1; +http://www.google.com/bot.html)"
66.249.75.229 - - [14/Mar/2025:22:07:01 +0700] "GET /cpe/3226638270.shtm HTTP/1.1" 200 19752 "-" "Mozilla/5.0 (Linux; Android 6.0.1; Nexus 5X Build/MMB29P) AppleWebKit/537.36 (KHTML, like Gecko) Chrome/133.0.6943.141 Mobile Safari/537.36 (compatible; GoogleOther)"
66.249.75.228 - - [14/Mar/2025:22:07:50 +0700] "GET /3226639001.shtm HTTP/1.1" 200 20573 "-" "Mozilla/5.0 (Linux; Android 6.0.1; Nexus 5X Build/MMB29P) AppleWebKit/537.36 (KHTML, like Gecko) Chrome/133.0.6943.141 Mobile Safari/537.36 (compatible; GoogleOther)"
66.249.75.229 - - [14/Mar/2025:22:11:09 +0700] "GET /blogroll/32281989695.shtm HTTP/1.1" 200 21312 "-" "Mozilla/5.0 (Linux; Android 6.0.1; Nexus 5X Build/MMB29P) AppleWebKit/537.36 (KHTML, like Gecko) Chrome/133.0.6943.141 Mobile Safari/537.36 (compatible; GoogleOther)"
66.249.75.229 - - [14/Mar/2025:22:11:33 +0700] "GET /listeners/good/3226851820.shtm HTTP/1.1" 200 20218 "-" "Mozilla/5.0 (Linux; Android 6.0.1; Nexus 5X Build/MMB29P) AppleWebKit/537.36 (KHTML, like Gecko) Chrome/133.0.6943.141 Mobile Safari/537.36 (compatible; GoogleOther)"
66.249.71.9 - - [14/Mar/2025:22:11:43 +0700] "POST /get-message-notify HTTP/1.1" 200 22056 "http://www.aturtoko.id/listeners/good/3226851820.shtm" "Mozilla/5.0 (Linux; Android 6.0.1; Nexus 5X Build/MMB29P) AppleWebKit/537.36 (KHTML, like Gecko) Chrome/133.0.6943.141 Mobile Safari/537.36 (compatible; Googlebot/2.1; +http://www.google.com/bot.html)"
185.191.171.9 - - [14/Mar/2025:22:13:25 +0700] "GET /ms/blog/tag/iot HTTP/1.1" 404 3380 "-" "Mozilla/5.0 (compatible; SemrushBot/7~bl; +http://www.semrush.com/bot.html)"
180.235.151.3 - - [14/Mar/2025:22:13:47 +0700] "GET /.well-known/acme-challenge/T1LBGFMDIUHO4DWY6P-FJN94-JCDZ26R HTTP/1.1" 200 64 "-" "Cpanel-HTTP-Client/1.0"
180.235.151.3 - - [14/Mar/2025:22:13:47 +0700] "GET /.well-known/acme-challenge/4456BG-C512J90UNB6-WCYHP8-POD7QE HTTP/1.1" 200 64 "-" "Cpanel-HTTP-Client/1.0"
180.235.151.3 - - [14/Mar/2025:22:13:47 +0700] "GET /.well-known/acme-challenge/XVZ8PRBLBM6QAGX6ZQ4W6F4OGX-1AVDO HTTP/1.1" 200 64 "-" "Cpanel-HTTP-Client/1.0"
180.235.151.3 - - [14/Mar/2025:22:13:47 +0700] "GET /.well-known/acme-challenge/FD1R_D0JAKPVJWE_9OYMC8-BF6QZMV3R HTTP/1.1" 200 64 "-" "Cpanel-HTTP-Client/1.0"
180.235.151.3 - - [14/Mar/2025:22:13:47 +0700] "GET /.well-known/acme-challenge/_UI2B5_VQ-22KGX1F3QCS3BWY2YC_TTJ HTTP/1.1" 200 64 "-" "Cpanel-HTTP-Client/1.0"
180.235.151.3 - - [14/Mar/2025:22:13:47 +0700] "GET /.well-known/acme-challenge/0FU06ARK17L1RQ0ZJ-MPXY354APD21L8 HTTP/1.1" 200 64 "-" "Cpanel-HTTP-Client/1.0"
180.235.151.3 - - [14/Mar/2025:22:13:47 +0700] "GET /.well-known/acme-challenge/9MEKH6VFI7TK7DPR9U6GTG6MXIYFSCCR HTTP/1.1" 200 64 "-" "Cpanel-HTTP-Client/1.0"
180.235.151.3 - - [14/Mar/2025:22:13:47 +0700] "GET /.well-known/acme-challenge/CDRXLQXF7RFP98YVUSP8E4SOJ-YXGQW1 HTTP/1.1" 200 64 "-" "Cpanel-HTTP-Client/1.0"
180.235.151.3 - - [14/Mar/2025:22:13:47 +0700] "GET /.well-known/acme-challenge/K5232HEN52NP9_EVM0KT18QT2L8-BZ6U HTTP/1.1" 200 64 "-" "Cpanel-HTTP-Client/1.0"
66.249.75.228 - - [14/Mar/2025:22:14:38 +0700] "GET /32253769.shtm HTTP/1.1" 200 21690 "-" "Mozilla/5.0 (Linux; Android 6.0.1; Nexus 5X Build/MMB29P) AppleWebKit/537.36 (KHTML, like Gecko) Chrome/133.0.6943.141 Mobile Safari/537.36 (compatible; Googlebot/2.1; +http://www.google.com/bot.html)"
66.249.75.228 - - [14/Mar/2025:22:15:24 +0700] "GET /3226639001.shtm HTTP/1.1" 200 20571 "-" "Mozilla/5.0 (Linux; Android 6.0.1; Nexus 5X Build/MMB29P) AppleWebKit/537.36 (KHTML, like Gecko) Chrome/133.0.6943.141 Mobile Safari/537.36 (compatible; GoogleOther)"
66.249.75.228 - - [14/Mar/2025:22:16:07 +0700] "GET /lest/item/32271036422.shtm HTTP/1.1" 200 21255 "-" "Mozilla/5.0 (Linux; Android 6.0.1; Nexus 5X Build/MMB29P) AppleWebKit/537.36 (KHTML, like Gecko) Chrome/133.0.6943.141 Mobile Safari/537.36 (compatible; GoogleOther)"
66.249.71.9 - - [14/Mar/2025:22:16:53 +0700] "GET /32271206874.shtm HTTP/1.1" 200 21350 "-" "Mozilla/5.0 (Linux; Android 6.0.1; Nexus 5X Build/MMB29P) AppleWebKit/537.36 (KHTML, like Gecko) Chrome/133.0.6943.141 Mobile Safari/537.36 (compatible; GoogleOther)"
66.249.75.228 - - [14/Mar/2025:22:17:53 +0700] "GET /322524082.shtm HTTP/1.1" 200 20503 "-" "Mozilla/5.0 (Linux; Android 6.0.1; Nexus 5X Build/MMB29P) AppleWebKit/537.36 (KHTML, like Gecko) Chrome/133.0.6943.141 Mobile Safari/537.36 (compatible; GoogleOther)"
66.249.75.230 - - [14/Mar/2025:22:18:02 +0700] "POST /get-message-notify HTTP/1.1" 200 22056 "http://www.aturtoko.id/322524082.shtm" "Mozilla/5.0 (Linux; Android 6.0.1; Nexus 5X Build/MMB29P) AppleWebKit/537.36 (KHTML, like Gecko) Chrome/133.0.6943.141 Mobile Safari/537.36 (compatible; Googlebot/2.1; +http://www.google.com/bot.html)"
66.249.75.229 - - [14/Mar/2025:22:18:14 +0700] "GET /322527154.shtm HTTP/1.1" 200 21051 "-" "Mozilla/5.0 (Linux; Android 6.0.1; Nexus 5X Build/MMB29P) AppleWebKit/537.36 (KHTML, like Gecko) Chrome/133.0.6943.141 Mobile Safari/537.36 (compatible; GoogleOther)"
66.249.75.229 - - [14/Mar/2025:22:19:06 +0700] "GET /3226541012.shtm HTTP/1.1" 200 19483 "-" "Mozilla/5.0 (Linux; Android 6.0.1; Nexus 5X Build/MMB29P) AppleWebKit/537.36 (KHTML, like Gecko) Chrome/133.0.6943.141 Mobile Safari/537.36 (compatible; GoogleOther)"
66.249.75.228 - - [14/Mar/2025:22:19:28 +0700] "GET /nolan/shopping/3226935157.shtm HTTP/1.1" 200 19928 "-" "Mozilla/5.0 (Linux; Android 6.0.1; Nexus 5X Build/MMB29P) AppleWebKit/537.36 (KHTML, like Gecko) Chrome/133.0.6943.141 Mobile Safari/537.36 (compatible; GoogleOther)"
66.249.75.230 - - [14/Mar/2025:22:20:11 +0700] "GET /3225105967.shtm HTTP/1.1" 200 19555 "-" "Mozilla/5.0 (Linux; Android 6.0.1; Nexus 5X Build/MMB29P) AppleWebKit/537.36 (KHTML, like Gecko) Chrome/133.0.6943.141 Mobile Safari/537.36 (compatible; GoogleOther)"
66.249.71.9 - - [14/Mar/2025:22:20:49 +0700] "GET /32281821034.shtm HTTP/1.1" 200 19979 "-" "Mozilla/5.0 (Linux; Android 6.0.1; Nexus 5X Build/MMB29P) AppleWebKit/537.36 (KHTML, like Gecko) Chrome/133.0.6943.141 Mobile Safari/537.36 (compatible; GoogleOther)"
66.249.75.228 - - [14/Mar/2025:22:21:08 +0700] "GET /instead/32292319911.shtm HTTP/1.1" 200 20431 "-" "Mozilla/5.0 (Linux; Android 6.0.1; Nexus 5X Build/MMB29P) AppleWebKit/537.36 (KHTML, like Gecko) Chrome/133.0.6943.141 Mobile Safari/537.36 (compatible; GoogleOther)"
66.249.75.229 - - [14/Mar/2025:22:21:17 +0700] "POST /get-message-notify HTTP/1.1" 200 22052 "http://www.aturtoko.id/instead/32292319911.shtm" "Mozilla/5.0 (Linux; Android 6.0.1; Nexus 5X Build/MMB29P) AppleWebKit/537.36 (KHTML, like Gecko) Chrome/133.0.6943.141 Mobile Safari/537.36 (compatible; Googlebot/2.1; +http://www.google.com/bot.html)"
66.249.75.228 - - [14/Mar/2025:22:22:48 +0700] "GET /diversified/32292153474.shtm HTTP/1.1" 200 19311 "-" "Mozilla/5.0 (Linux; Android 6.0.1; Nexus 5X Build/MMB29P) AppleWebKit/537.36 (KHTML, like Gecko) Chrome/133.0.6943.141 Mobile Safari/537.36 (compatible; GoogleOther)"
66.249.75.229 - - [14/Mar/2025:22:23:12 +0700] "GET /comma/item/32281793112.shtm HTTP/1.1" 200 20754 "-" "Mozilla/5.0 (Linux; Android 6.0.1; Nexus 5X Build/MMB29P) AppleWebKit/537.36 (KHTML, like Gecko) Chrome/133.0.6943.141 Mobile Safari/537.36 (compatible; GoogleOther)"
104.248.146.25 - - [14/Mar/2025:22:23:17 +0700] "GET / HTTP/1.1" 301 0 "-" "Mozilla/5.0 (Windows NT 10.0; Win64; x64) AppleWebKit/537.36 (KHTML, like Gecko) Chrome/88.0.4240.193 Safari/537.36"
66.249.71.1 - - [14/Mar/2025:22:24:15 +0700] "GET /novelty/32281868192.shtm HTTP/1.1" 200 22104 "-" "Mozilla/5.0 (Linux; Android 6.0.1; Nexus 5X Build/MMB29P) AppleWebKit/537.36 (KHTML, like Gecko) Chrome/133.0.6943.141 Mobile Safari/537.36 (compatible; GoogleOther)"
66.249.75.228 - - [14/Mar/2025:22:24:35 +0700] "GET /web/3225238529.shtm HTTP/1.1" 200 19723 "-" "Mozilla/5.0 (Linux; Android 6.0.1; Nexus 5X Build/MMB29P) AppleWebKit/537.36 (KHTML, like Gecko) Chrome/133.0.6943.141 Mobile Safari/537.36 (compatible; GoogleOther)"
66.249.75.228 - - [14/Mar/2025:22:25:26 +0700] "GET /stomach/products/322566294.shtm HTTP/1.1" 200 20754 "-" "Mozilla/5.0 (Linux; Android 6.0.1; Nexus 5X Build/MMB29P) AppleWebKit/537.36 (KHTML, like Gecko) Chrome/133.0.6943.141 Mobile Safari/537.36 (compatible; GoogleOther)"
66.249.75.228 - - [14/Mar/2025:22:25:37 +0700] "POST /get-message-notify HTTP/1.1" 200 22055 "http://www.aturtoko.id/stomach/products/322566294.shtm" "Mozilla/5.0 (Linux; Android 6.0.1; Nexus 5X Build/MMB29P) AppleWebKit/537.36 (KHTML, like Gecko) Chrome/133.0.6943.141 Mobile Safari/537.36 (compatible; Googlebot/2.1; +http://www.google.com/bot.html)"
66.249.71.9 - - [14/Mar/2025:22:25:46 +0700] "GET /322598326.shtm HTTP/1.1" 200 20356 "-" "Mozilla/5.0 (Linux; Android 6.0.1; Nexus 5X Build/MMB29P) AppleWebKit/537.36 (KHTML, like Gecko) Chrome/133.0.6943.141 Mobile Safari/537.36 (compatible; GoogleOther)"
66.249.71.9 - - [14/Mar/2025:22:27:10 +0700] "GET /32271229662.shtm HTTP/1.1" 200 20312 "-" "Mozilla/5.0 (Linux; Android 6.0.1; Nexus 5X Build/MMB29P) AppleWebKit/537.36 (KHTML, like Gecko) Chrome/133.0.6943.141 Mobile Safari/537.36 (compatible; GoogleOther)"
66.249.75.228 - - [14/Mar/2025:22:27:17 +0700] "GET /32271167469.shtm HTTP/1.1" 200 20245 "-" "Mozilla/5.0 (Linux; Android 6.0.1; Nexus 5X Build/MMB29P) AppleWebKit/537.36 (KHTML, like Gecko) Chrome/133.0.6943.141 Mobile Safari/537.36 (compatible; GoogleOther)"
66.249.75.230 - - [14/Mar/2025:22:28:40 +0700] "GET /olive/products/3225384984.shtm HTTP/1.1" 200 21142 "-" "Mozilla/5.0 (Linux; Android 6.0.1; Nexus 5X Build/MMB29P) AppleWebKit/537.36 (KHTML, like Gecko) Chrome/133.0.6943.141 Mobile Safari/537.36 (compatible; GoogleOther)"
85.208.96.212 - - [14/Mar/2025:22:29:09 +0700] "GET /en/blog/kewirausahaan/pengaruh-chatbot-ai-dalam-meningkatkan-layanan-e-commerce HTTP/1.1" 404 3380 "-" "Mozilla/5.0 (compatible; SemrushBot/7~bl; +http://www.semrush.com/bot.html)"
66.249.75.228 - - [14/Mar/2025:22:29:51 +0700] "GET /3226888778.shtm HTTP/1.1" 200 20596 "-" "Mozilla/5.0 (Linux; Android 6.0.1; Nexus 5X Build/MMB29P) AppleWebKit/537.36 (KHTML, like Gecko) Chrome/133.0.6943.141 Mobile Safari/537.36 (compatible; GoogleOther)"
66.249.75.228 - - [14/Mar/2025:22:30:47 +0700] "GET /ads.txt HTTP/1.1" 200 58 "-" "Mozilla/5.0 (compatible; Googlebot/2.1; +http://www.google.com/bot.html)"
66.249.71.9 - - [14/Mar/2025:22:30:57 +0700] "GET /gore/32292467040.shtm HTTP/1.1" 200 19684 "-" "Mozilla/5.0 (Linux; Android 6.0.1; Nexus 5X Build/MMB29P) AppleWebKit/537.36 (KHTML, like Gecko) Chrome/133.0.6943.141 Mobile Safari/537.36 (compatible; GoogleOther)"
66.249.75.229 - - [14/Mar/2025:22:32:05 +0700] "GET /lat/32271383620.shtm HTTP/1.1" 200 20055 "-" "Mozilla/5.0 (Linux; Android 6.0.1; Nexus 5X Build/MMB29P) AppleWebKit/537.36 (KHTML, like Gecko) Chrome/133.0.6943.141 Mobile Safari/537.36 (compatible; GoogleOther)"
216.244.66.248 - - [14/Mar/2025:22:33:28 +0700] "GET /robots.txt HTTP/1.1" 200 280 "-" "Mozilla/5.0 (compatible; DotBot/1.2; +https://opensiteexplorer.org/dotbot; help@moz.com)"
34.64.218.102 - - [14/Mar/2025:22:35:28 +0700] "POST /xmlrpc.php HTTP/1.1" 403 1242 "-" "Mozilla/5.0 (X11; Fedora; Linux x86_64; rv:94.0) Gecko/20100101 Firefox/95.0"
180.235.151.3 - - [14/Mar/2025:22:37:49 +0700] "POST /wp-cron.php?doing_wp_cron=1741966669.6981849670410156250000 HTTP/1.1" 403 1242 "-" "WordPress/6.7.2; https://www.aturtoko.id"
185.191.171.6 - - [14/Mar/2025:22:37:45 +0700] "GET /ms/blog/category/kewirausahaan/page/3 HTTP/1.1" 404 3380 "-" "Mozilla/5.0 (compatible; SemrushBot/7~bl; +http://www.semrush.com/bot.html)"
216.244.66.248 - - [14/Mar/2025:22:38:14 +0700] "GET /en/blog/tag/mobile-friendly/feed HTTP/1.1" 404 11504 "-" "Mozilla/5.0 (compatible; DotBot/1.2; +https://opensiteexplorer.org/dotbot; help@moz.com)"
66.249.75.229 - - [14/Mar/2025:22:42:23 +0700] "GET /supports/32281721210.shtm HTTP/1.1" 200 19297 "-" "Mozilla/5.0 (Linux; Android 6.0.1; Nexus 5X Build/MMB29P) AppleWebKit/537.36 (KHTML, like Gecko) Chrome/133.0.6943.141 Mobile Safari/537.36 (compatible; GoogleOther)"
180.235.151.3 - - [14/Mar/2025:22:43:07 +0700] "POST /wp-cron.php?doing_wp_cron=1741966987.8685500621795654296875 HTTP/1.1" 403 1242 "-" "WordPress/6.7.2; https://www.aturtoko.id"
85.239.49.156 - - [14/Mar/2025:22:43:06 +0700] "GET /wp-login.php HTTP/1.1" 302 0 "-" "-"
66.249.71.2 - - [14/Mar/2025:22:43:12 +0700] "GET /cultured/merchandises/3225172665.shtm HTTP/1.1" 200 19493 "-" "Mozilla/5.0 (Linux; Android 6.0.1; Nexus 5X Build/MMB29P) AppleWebKit/537.36 (KHTML, like Gecko) Chrome/133.0.6943.141 Mobile Safari/537.36 (compatible; GoogleOther)"
66.249.75.229 - - [14/Mar/2025:22:43:36 +0700] "GET /32271290952.shtm HTTP/1.1" 200 20202 "-" "Mozilla/5.0 (Linux; Android 6.0.1; Nexus 5X Build/MMB29P) AppleWebKit/537.36 (KHTML, like Gecko) Chrome/133.0.6943.141 Mobile Safari/537.36 (compatible; GoogleOther)"
194.38.23.16 - - [14/Mar/2025:22:43:49 +0700] "GET /public/assets/global/plugins/elrte/src/elrte.src.html HTTP/1.1" 301 0 "-" "ALittle Client"
194.38.23.16 - - [14/Mar/2025:22:43:49 +0700] "GET /assets/js/plugins/elrte/src/elrte.src.html HTTP/1.1" 301 0 "-" "ALittle Client"
180.235.151.3 - - [14/Mar/2025:22:44:12 +0700] "POST /wp-cron.php?doing_wp_cron=1741967052.9743020534515380859375 HTTP/1.1" 403 1242 "-" "WordPress/6.7.2; https://www.aturtoko.id"
194.38.23.16 - - [14/Mar/2025:22:44:08 +0700] "GET /public/assets/global/plugins/elrte/src/elrte.src.html HTTP/1.1" 404 11504 "-" "ALittle Client"
180.235.151.3 - - [14/Mar/2025:22:44:15 +0700] "POST /wp-cron.php?doing_wp_cron=1741967055.8002591133117675781250 HTTP/1.1" 403 1242 "-" "WordPress/6.7.2; https://www.aturtoko.id"
194.38.23.16 - - [14/Mar/2025:22:44:10 +0700] "GET /assets/js/plugins/elrte/src/elrte.src.html HTTP/1.1" 404 11504 "-" "ALittle Client"
66.249.75.228 - - [14/Mar/2025:22:44:58 +0700] "GET /grille/products/3226956604.shtm HTTP/1.1" 200 20445 "-" "Mozilla/5.0 (Linux; Android 6.0.1; Nexus 5X Build/MMB29P) AppleWebKit/537.36 (KHTML, like Gecko) Chrome/133.0.6943.141 Mobile Safari/537.36 (compatible; GoogleOther)"
66.249.71.9 - - [14/Mar/2025:22:45:21 +0700] "GET /biking/merchandises/32281689525.shtm HTTP/1.1" 200 20968 "-" "Mozilla/5.0 (Linux; Android 6.0.1; Nexus 5X Build/MMB29P) AppleWebKit/537.36 (KHTML, like Gecko) Chrome/133.0.6943.141 Mobile Safari/537.36 (compatible; GoogleOther)"
51.178.81.248 - - [14/Mar/2025:22:45:39 +0700] "POST /xmlrpc.php HTTP/1.1" 403 1242 "http://aturtoko.id" "Mozilla/5.0 (Macintosh; Intel Mac OS X 14.5) AppleWebKit/618.3.5 (KHTML, like Gecko) Version/17.4 Safari/618.3.5"
180.235.151.3 - - [14/Mar/2025:22:45:41 +0700] "POST /wp-cron.php?doing_wp_cron=1741967141.4163720607757568359375 HTTP/1.1" 403 1242 "-" "WordPress/6.7.2; https://www.aturtoko.id"
51.178.81.248 - - [14/Mar/2025:22:45:40 +0700] "POST /wp-login.php HTTP/1.1" 302 0 "http://aturtoko.id" "Mozilla/5.0 (Macintosh; Intel Mac OS X 10_15_7) AppleWebKit/537.36 (KHTML, like Gecko) Chrome/116.0.5845.96 Safari/537.36"
66.249.71.9 - - [14/Mar/2025:22:45:50 +0700] "GET /3226958918.shtm HTTP/1.1" 200 20333 "-" "Mozilla/5.0 (Linux; Android 6.0.1; Nexus 5X Build/MMB29P) AppleWebKit/537.36 (KHTML, like Gecko) Chrome/133.0.6943.141 Mobile Safari/537.36 (compatible; GoogleOther)"
66.249.71.1 - - [14/Mar/2025:22:47:15 +0700] "GET /3226901060.shtm HTTP/1.1" 200 20163 "-" "Mozilla/5.0 (Linux; Android 6.0.1; Nexus 5X Build/MMB29P) AppleWebKit/537.36 (KHTML, like Gecko) Chrome/133.0.6943.141 Mobile Safari/537.36 (compatible; GoogleOther)"
66.249.75.228 - - [14/Mar/2025:22:48:07 +0700] "GET /32281603576.shtm HTTP/1.1" 200 19776 "-" "Mozilla/5.0 (Linux; Android 6.0.1; Nexus 5X Build/MMB29P) AppleWebKit/537.36 (KHTML, like Gecko) Chrome/133.0.6943.141 Mobile Safari/537.36 (compatible; GoogleOther)"
66.249.75.230 - - [14/Mar/2025:22:50:18 +0700] "GET /posture/3226635756.shtm HTTP/1.1" 200 19544 "-" "Mozilla/5.0 (Linux; Android 6.0.1; Nexus 5X Build/MMB29P) AppleWebKit/537.36 (KHTML, like Gecko) Chrome/133.0.6943.141 Mobile Safari/537.36 (compatible; GoogleOther)"
66.249.75.228 - - [14/Mar/2025:22:51:26 +0700] "GET /32281789216.shtm HTTP/1.1" 200 21065 "-" "Mozilla/5.0 (Linux; Android 6.0.1; Nexus 5X Build/MMB29P) AppleWebKit/537.36 (KHTML, like Gecko) Chrome/133.0.6943.141 Mobile Safari/537.36 (compatible; GoogleOther)"
66.249.71.9 - - [14/Mar/2025:22:52:30 +0700] "GET /separates/good/3225195150.shtm HTTP/1.1" 200 20773 "-" "Mozilla/5.0 (Linux; Android 6.0.1; Nexus 5X Build/MMB29P) AppleWebKit/537.36 (KHTML, like Gecko) Chrome/133.0.6943.141 Mobile Safari/537.36 (compatible; GoogleOther)"
85.208.96.209 - - [14/Mar/2025:22:53:43 +0700] "GET /en/blog/aturtoko-update/meningkatkan-penjualan-dengan-memperluas-pasar-digital HTTP/1.1" 404 3380 "-" "Mozilla/5.0 (compatible; SemrushBot/7~bl; +http://www.semrush.com/bot.html)"
66.249.71.1 - - [14/Mar/2025:22:54:16 +0700] "GET /yorkshire/32271044248.shtm HTTP/1.1" 200 20531 "-" "Mozilla/5.0 (Linux; Android 6.0.1; Nexus 5X Build/MMB29P) AppleWebKit/537.36 (KHTML, like Gecko) Chrome/133.0.6943.141 Mobile Safari/537.36 (compatible; GoogleOther)"
66.249.75.229 - - [14/Mar/2025:22:55:17 +0700] "GET /overlap/32271450514.shtm HTTP/1.1" 200 19550 "-" "Mozilla/5.0 (Linux; Android 6.0.1; Nexus 5X Build/MMB29P) AppleWebKit/537.36 (KHTML, like Gecko) Chrome/133.0.6943.141 Mobile Safari/537.36 (compatible; GoogleOther)"
66.249.75.229 - - [14/Mar/2025:22:57:11 +0700] "GET /3225191947.shtm HTTP/1.1" 200 21789 "-" "Mozilla/5.0 (Linux; Android 6.0.1; Nexus 5X Build/MMB29P) AppleWebKit/537.36 (KHTML, like Gecko) Chrome/133.0.6943.141 Mobile Safari/537.36 (compatible; GoogleOther)"
66.249.75.228 - - [14/Mar/2025:22:57:27 +0700] "GET /wp-includes/js/jquery/jquery-migrate.min.js?ver=3.4.1 HTTP/1.1" 200 4678 "http://www.aturtoko.id/ms/blog/tag/optimasi-mesin-pencari" "Mozilla/5.0 (Linux; Android 6.0.1; Nexus 5X Build/MMB29P) AppleWebKit/537.36 (KHTML, like Gecko) Chrome/133.0.6943.141 Mobile Safari/537.36 (compatible; Googlebot/2.1; +http://www.google.com/bot.html)"
66.249.75.228 - - [14/Mar/2025:22:57:34 +0700] "GET /wp-content/plugins/wp-whatsapp/assets/dist/css/style.css?ver=6.7.2 HTTP/1.1" 200 4981 "http://www.aturtoko.id/ms/blog/tag/optimasi-mesin-pencari" "Mozilla/5.0 (Linux; Android 6.0.1; Nexus 5X Build/MMB29P) AppleWebKit/537.36 (KHTML, like Gecko) Chrome/133.0.6943.141 Mobile Safari/537.36 (compatible; Googlebot/2.1; +http://www.google.com/bot.html)"
66.249.75.228 - - [14/Mar/2025:22:57:37 +0700] "GET /wp-content/plugins/wp-whatsapp/assets/js/whatsapp-button.js?ver=3.7.0 HTTP/1.1" 200 441 "http://www.aturtoko.id/ms/blog/tag/optimasi-mesin-pencari" "Mozilla/5.0 (Linux; Android 6.0.1; Nexus 5X Build/MMB29P) AppleWebKit/537.36 (KHTML, like Gecko) Chrome/133.0.6943.141 Mobile Safari/537.36 (compatible; Googlebot/2.1; +http://www.google.com/bot.html)"
66.249.75.228 - - [14/Mar/2025:22:57:41 +0700] "POST /get-message-notify HTTP/1.1" 200 22054 "http://www.aturtoko.id/3225191947.shtm" "Mozilla/5.0 (Linux; Android 6.0.1; Nexus 5X Build/MMB29P) AppleWebKit/537.36 (KHTML, like Gecko) Chrome/133.0.6943.141 Mobile Safari/537.36 (compatible; Googlebot/2.1; +http://www.google.com/bot.html)"
66.249.75.228 - - [14/Mar/2025:22:57:49 +0700] "GET /wp-content/themes/aturtoko/assets/logos/aturtoko.svg HTTP/1.1" 200 4514 "http://www.aturtoko.id/ms/blog/tag/optimasi-mesin-pencari" "Mozilla/5.0 (Linux; Android 6.0.1; Nexus 5X Build/MMB29P) AppleWebKit/537.36 (KHTML, like Gecko) Chrome/133.0.6943.141 Mobile Safari/537.36 (compatible; Googlebot/2.1; +http://www.google.com/bot.html)"
66.249.75.229 - - [14/Mar/2025:22:58:08 +0700] "GET /micah/auction/32292177466.shtm HTTP/1.1" 200 19576 "-" "Mozilla/5.0 (Linux; Android 6.0.1; Nexus 5X Build/MMB29P) AppleWebKit/537.36 (KHTML, like Gecko) Chrome/133.0.6943.141 Mobile Safari/537.36 (compatible; GoogleOther)"
66.249.75.228 - - [14/Mar/2025:22:59:34 +0700] "GET /sermon/322513160.shtm HTTP/1.1" 200 20341 "-" "Mozilla/5.0 (Linux; Android 6.0.1; Nexus 5X Build/MMB29P) AppleWebKit/537.36 (KHTML, like Gecko) Chrome/133.0.6943.141 Mobile Safari/537.36 (compatible; GoogleOther)"
66.249.75.228 - - [14/Mar/2025:22:59:56 +0700] "GET /?e=61895190387 HTTP/1.1" 200 19633 "-" "Mozilla/5.0 (Linux; Android 6.0.1; Nexus 5X Build/MMB29P) AppleWebKit/537.36 (KHTML, like Gecko) Chrome/133.0.6943.141 Mobile Safari/537.36 (compatible; GoogleOther)"
185.191.171.3 - - [14/Mar/2025:23:03:24 +0700] "GET /robots.txt HTTP/1.1" 200 104 "-" "Mozilla/5.0 (compatible; SemrushBot/7~bl; +http://www.semrush.com/bot.html)"
85.208.96.211 - - [14/Mar/2025:23:03:24 +0700] "GET /en/blog/management/marketing/branding-dalam-bisnis-pengertian-manfaat-unsur-dan-strateginya HTTP/1.1" 404 3380 "-" "Mozilla/5.0 (compatible; SemrushBot/7~bl; +http://www.semrush.com/bot.html)"
85.208.96.205 - - [14/Mar/2025:23:03:44 +0700] "GET /en/blog/category/digital-marketing/page/2 HTTP/1.1" 404 3380 "-" "Mozilla/5.0 (compatible; SemrushBot/7~bl; +http://www.semrush.com/bot.html)"
66.249.75.228 - - [14/Mar/2025:23:05:05 +0700] "GET /wp-content/plugins/wp-whatsapp/assets/dist/css/style.css?ver=6.7.2 HTTP/1.1" 200 4981 "https://www.aturtoko.id/en/blog/tag/saham" "Mozilla/5.0 (Linux; Android 6.0.1; Nexus 5X Build/MMB29P) AppleWebKit/537.36 (KHTML, like Gecko) Chrome/133.0.6943.141 Mobile Safari/537.36 (compatible; Googlebot/2.1; +http://www.google.com/bot.html)"
66.249.71.9 - - [14/Mar/2025:23:05:07 +0700] "GET /wp-content/themes/aturtoko/assets/logos/aturtoko.svg HTTP/1.1" 200 4514 "https://www.aturtoko.id/en/blog/tag/saham" "Mozilla/5.0 (Linux; Android 6.0.1; Nexus 5X Build/MMB29P) AppleWebKit/537.36 (KHTML, like Gecko) Chrome/133.0.6943.141 Mobile Safari/537.36 (compatible; Googlebot/2.1; +http://www.google.com/bot.html)"
66.249.71.9 - - [14/Mar/2025:23:05:18 +0700] "GET /?e=48518553215 HTTP/1.1" 200 20105 "-" "Mozilla/5.0 (Linux; Android 6.0.1; Nexus 5X Build/MMB29P) AppleWebKit/537.36 (KHTML, like Gecko) Chrome/133.0.6943.141 Mobile Safari/537.36 (compatible; GoogleOther)"
66.249.75.229 - - [14/Mar/2025:23:07:31 +0700] "GET /32271477417.shtm HTTP/1.1" 200 21396 "-" "Mozilla/5.0 (Linux; Android 6.0.1; Nexus 5X Build/MMB29P) AppleWebKit/537.36 (KHTML, like Gecko) Chrome/133.0.6943.141 Mobile Safari/537.36 (compatible; GoogleOther)"
57.129.138.109 - - [14/Mar/2025:23:09:31 +0700] "GET / HTTP/1.1" 301 0 "-" "Mozilla/5.0 (Windows NT 10.0; Win64; x64) AppleWebKit/537.36 (KHTML, like Gecko) Chrome/88.0.4240.193 Safari/537.36"
66.249.71.9 - - [14/Mar/2025:23:09:38 +0700] "GET /mir/good/32292354580.shtm HTTP/1.1" 200 19990 "-" "Mozilla/5.0 (Linux; Android 6.0.1; Nexus 5X Build/MMB29P) AppleWebKit/537.36 (KHTML, like Gecko) Chrome/133.0.6943.141 Mobile Safari/537.36 (compatible; GoogleOther)"
66.249.75.228 - - [14/Mar/2025:23:11:19 +0700] "GET /tension/32271226402.shtm HTTP/1.1" 200 19451 "-" "Mozilla/5.0 (Linux; Android 6.0.1; Nexus 5X Build/MMB29P) AppleWebKit/537.36 (KHTML, like Gecko) Chrome/133.0.6943.141 Mobile Safari/537.36 (compatible; GoogleOther)"
66.249.71.2 - - [14/Mar/2025:23:12:36 +0700] "GET /bidding/good/3226522240.shtm HTTP/1.1" 200 22562 "-" "Mozilla/5.0 (Linux; Android 6.0.1; Nexus 5X Build/MMB29P) AppleWebKit/537.36 (KHTML, like Gecko) Chrome/133.0.6943.141 Mobile Safari/537.36 (compatible; GoogleOther)"
119.8.98.189 - - [14/Mar/2025:23:12:34 +0700] "GET /ms/blog/category/management/hrd HTTP/1.1" 301 0 "http://aturtoko.id/ms/blog/category/management/hrd" "Mozilla/5.0 (Macintosh; Intel Mac OS X 10_15_7) AppleWebKit/537.36 (KHTML, like Gecko) Chrome/120.0.0.0 Safari/537.36"
119.8.98.189 - - [14/Mar/2025:23:12:40 +0700] "GET /ms/blog/category/management/hrd HTTP/1.1" 404 2945 "-" "Mozilla/5.0 (Macintosh; Intel Mac OS X 10_15_7) AppleWebKit/537.36 (KHTML, like Gecko) Chrome/120.0.0.0 Safari/537.36"
66.249.75.229 - - [14/Mar/2025:23:14:06 +0700] "GET /dashboard/shopping/3226789057.shtm HTTP/1.1" 200 19607 "-" "Mozilla/5.0 (Linux; Android 6.0.1; Nexus 5X Build/MMB29P) AppleWebKit/537.36 (KHTML, like Gecko) Chrome/133.0.6943.141 Mobile Safari/537.36 (compatible; GoogleOther)"
66.249.75.229 - - [14/Mar/2025:23:15:41 +0700] "GET /cardiac/32292207720.shtm HTTP/1.1" 200 20085 "-" "Mozilla/5.0 (Linux; Android 6.0.1; Nexus 5X Build/MMB29P) AppleWebKit/537.36 (KHTML, like Gecko) Chrome/133.0.6943.141 Mobile Safari/537.36 (compatible; GoogleOther)"
66.249.71.1 - - [14/Mar/2025:23:16:26 +0700] "GET /catholic/32271182074.shtm HTTP/1.1" 200 19607 "-" "Mozilla/5.0 (Linux; Android 6.0.1; Nexus 5X Build/MMB29P) AppleWebKit/537.36 (KHTML, like Gecko) Chrome/133.0.6943.141 Mobile Safari/537.36 (compatible; GoogleOther)"
66.249.75.229 - - [14/Mar/2025:23:18:07 +0700] "GET /3225355744.shtm HTTP/1.1" 200 19650 "-" "Mozilla/5.0 (Linux; Android 6.0.1; Nexus 5X Build/MMB29P) AppleWebKit/537.36 (KHTML, like Gecko) Chrome/133.0.6943.141 Mobile Safari/537.36 (compatible; GoogleOther)"
66.249.75.229 - - [14/Mar/2025:23:19:30 +0700] "GET /diamond/32292480504.shtm HTTP/1.1" 200 20382 "-" "Mozilla/5.0 (Linux; Android 6.0.1; Nexus 5X Build/MMB29P) AppleWebKit/537.36 (KHTML, like Gecko) Chrome/133.0.6943.141 Mobile Safari/537.36 (compatible; GoogleOther)"
66.249.75.229 - - [14/Mar/2025:23:21:33 +0700] "GET /undercover/3226517880.shtm HTTP/1.1" 200 19866 "-" "Mozilla/5.0 (Linux; Android 6.0.1; Nexus 5X Build/MMB29P) AppleWebKit/537.36 (KHTML, like Gecko) Chrome/133.0.6943.141 Mobile Safari/537.36 (compatible; GoogleOther)"
85.208.96.194 - - [14/Mar/2025:23:29:52 +0700] "GET /ms/blog/tag/strategy HTTP/1.1" 404 3373 "-" "Mozilla/5.0 (compatible; SemrushBot/7~bl; +http://www.semrush.com/bot.html)"
52.167.144.229 - - [14/Mar/2025:23:30:10 +0700] "GET /ms/blog/manajemen-bisnis/pemanfaatan-teknologi-cloud-dalam-manajemen-operasi-bisnis/feed HTTP/1.1" 200 20238 "-" "Mozilla/5.0 AppleWebKit/537.36 (KHTML, like Gecko; compatible; bingbot/2.0; +http://www.bing.com/bingbot.htm) Chrome/116.0.1938.76 Safari/537.36"
66.249.71.9 - - [14/Mar/2025:23:34:16 +0700] "GET /strive/item/32271209792.shtm HTTP/1.1" 200 20201 "-" "Mozilla/5.0 (Linux; Android 6.0.1; Nexus 5X Build/MMB29P) AppleWebKit/537.36 (KHTML, like Gecko) Chrome/133.0.6943.141 Mobile Safari/537.36 (compatible; GoogleOther)"
66.249.75.228 - - [14/Mar/2025:23:39:02 +0700] "GET /garden/3225379118.shtm HTTP/1.1" 200 19350 "-" "Mozilla/5.0 (Linux; Android 6.0.1; Nexus 5X Build/MMB29P) AppleWebKit/537.36 (KHTML, like Gecko) Chrome/133.0.6943.141 Mobile Safari/537.36 (compatible; GoogleOther)"
66.249.75.228 - - [14/Mar/2025:23:40:19 +0700] "GET /remainder/good/32271347630.shtm HTTP/1.1" 200 20130 "-" "Mozilla/5.0 (Linux; Android 6.0.1; Nexus 5X Build/MMB29P) AppleWebKit/537.36 (KHTML, like Gecko) Chrome/133.0.6943.141 Mobile Safari/537.36 (compatible; GoogleOther)"
66.249.75.228 - - [14/Mar/2025:23:40:52 +0700] "GET /threats/32271224710.shtm HTTP/1.1" 200 20089 "-" "Mozilla/5.0 (Linux; Android 6.0.1; Nexus 5X Build/MMB29P) AppleWebKit/537.36 (KHTML, like Gecko) Chrome/133.0.6943.141 Mobile Safari/537.36 (compatible; GoogleOther)"
66.249.75.229 - - [14/Mar/2025:23:42:11 +0700] "GET /32271096840.shtm HTTP/1.1" 200 20903 "-" "Mozilla/5.0 (Linux; Android 6.0.1; Nexus 5X Build/MMB29P) AppleWebKit/537.36 (KHTML, like Gecko) Chrome/133.0.6943.141 Mobile Safari/537.36 (compatible; GoogleOther)"
66.249.71.9 - - [14/Mar/2025:23:42:55 +0700] "GET /headphones/3225446312.shtm HTTP/1.1" 200 22401 "-" "Mozilla/5.0 (Linux; Android 6.0.1; Nexus 5X Build/MMB29P) AppleWebKit/537.36 (KHTML, like Gecko) Chrome/133.0.6943.141 Mobile Safari/537.36 (compatible; GoogleOther)"
66.249.71.9 - - [14/Mar/2025:23:45:03 +0700] "GET /avoids/32271118180.shtm HTTP/1.1" 200 19525 "-" "Mozilla/5.0 (Linux; Android 6.0.1; Nexus 5X Build/MMB29P) AppleWebKit/537.36 (KHTML, like Gecko) Chrome/133.0.6943.141 Mobile Safari/537.36 (compatible; GoogleOther)"
