178.128.58.138 - - [15/Mar/2025:09:34:03 +0700] "GET /blueimp-jQuery-File-Upload/server/php/ HTTP/1.1" 301 0 "-" "python-requests/2.32.3"
178.128.58.138 - - [15/Mar/2025:09:34:08 +0700] "GET /blueimp-jQuery-File-Upload/server/php/ HTTP/1.1" 404 3380 "-" "python-requests/2.32.3"
66.249.75.228 - - [15/Mar/2025:09:34:14 +0700] "GET /volumes/item/32281685112.shtm HTTP/1.1" 200 19640 "-" "Mozilla/5.0 (compatible; Googlebot/2.1; +http://www.google.com/bot.html)"
178.128.58.138 - - [15/Mar/2025:09:34:13 +0700] "GET /plugins/jQuery-File-Upload/server/php/ HTTP/1.1" 301 0 "-" "python-requests/2.32.3"
178.128.58.138 - - [15/Mar/2025:09:34:18 +0700] "GET /plugins/jQuery-File-Upload/server/php/ HTTP/1.1" 404 3380 "-" "python-requests/2.32.3"
178.128.58.138 - - [15/Mar/2025:09:34:22 +0700] "GET /admin/galerie/server/php/ HTTP/1.1" 301 0 "-" "python-requests/2.32.3"
178.128.58.138 - - [15/Mar/2025:09:34:27 +0700] "GET /admin/galerie/server/php/ HTTP/1.1" 404 3380 "-" "python-requests/2.32.3"
66.249.75.228 - - [15/Mar/2025:09:34:32 +0700] "GET /lap/products/3225407064.shtm HTTP/1.1" 200 20478 "-" "Mozilla/5.0 (compatible; Googlebot/2.1; +http://www.google.com/bot.html)"
178.128.58.138 - - [15/Mar/2025:09:34:32 +0700] "GET /upload/server/php/ HTTP/1.1" 301 0 "-" "python-requests/2.32.3"
66.249.75.228 - - [15/Mar/2025:09:34:36 +0700] "GET /binary/32271383764.shtm HTTP/1.1" 200 19588 "-" "Mozilla/5.0 (Linux; Android 6.0.1; Nexus 5X Build/MMB29P) AppleWebKit/537.36 (KHTML, like Gecko) Chrome/133.0.6943.141 Mobile Safari/537.36 (compatible; GoogleOther)"
178.128.58.138 - - [15/Mar/2025:09:34:37 +0700] "GET /upload/server/php/ HTTP/1.1" 404 3380 "-" "python-requests/2.32.3"
178.128.58.138 - - [15/Mar/2025:09:34:41 +0700] "GET /admin/server/php/ HTTP/1.1" 301 0 "-" "python-requests/2.32.3"
178.128.58.138 - - [15/Mar/2025:09:34:46 +0700] "GET /admin/server/php/ HTTP/1.1" 404 3380 "-" "python-requests/2.32.3"
66.249.75.228 - - [15/Mar/2025:09:34:49 +0700] "GET /inquiry/auction/32292462856.shtm HTTP/1.1" 200 19677 "-" "Mozilla/5.0 (compatible; Googlebot/2.1; +http://www.google.com/bot.html)"
180.235.151.3 - - [15/Mar/2025:09:34:55 +0700] "POST /wp-cron.php?doing_wp_cron=1742006095.6891000270843505859375 HTTP/1.1" 403 1242 "-" "WordPress/6.7.2; https://www.aturtoko.id"
178.128.58.138 - - [15/Mar/2025:09:34:50 +0700] "GET /fileupload/server/php/ HTTP/1.1" 301 0 "-" "python-requests/2.32.3"
178.128.58.138 - - [15/Mar/2025:09:34:55 +0700] "GET /fileupload/server/php/ HTTP/1.1" 404 3380 "-" "python-requests/2.32.3"
178.128.58.138 - - [15/Mar/2025:09:35:00 +0700] "GET /upload/server/php/files/ HTTP/1.1" 301 0 "-" "python-requests/2.32.3"
66.249.75.228 - - [15/Mar/2025:09:35:06 +0700] "GET /bournemouth/good/32281573680.shtm HTTP/1.1" 200 21388 "-" "Mozilla/5.0 (compatible; Googlebot/2.1; +http://www.google.com/bot.html)"
178.128.58.138 - - [15/Mar/2025:09:35:05 +0700] "GET /upload/server/php/files/ HTTP/1.1" 404 3380 "-" "python-requests/2.32.3"
178.128.58.138 - - [15/Mar/2025:09:35:09 +0700] "GET /public/server/php/ HTTP/1.1" 301 0 "-" "python-requests/2.32.3"
178.128.58.138 - - [15/Mar/2025:09:35:13 +0700] "GET /public/server/php/ HTTP/1.1" 404 3380 "-" "python-requests/2.32.3"
178.128.58.138 - - [15/Mar/2025:09:35:18 +0700] "GET /libraries/jsupload/server/php/ HTTP/1.1" 301 0 "-" "python-requests/2.32.3"
66.249.75.228 - - [15/Mar/2025:09:35:22 +0700] "GET /areas/32271259096.shtm HTTP/1.1" 200 20278 "-" "Mozilla/5.0 (compatible; Googlebot/2.1; +http://www.google.com/bot.html)"
66.249.75.228 - - [15/Mar/2025:09:35:26 +0700] "GET /ruin/32292412620.shtm HTTP/1.1" 200 20423 "-" "Mozilla/5.0 (Linux; Android 6.0.1; Nexus 5X Build/MMB29P) AppleWebKit/537.36 (KHTML, like Gecko) Chrome/133.0.6943.141 Mobile Safari/537.36 (compatible; GoogleOther)"
178.128.58.138 - - [15/Mar/2025:09:35:23 +0700] "GET /libraries/jsupload/server/php/ HTTP/1.1" 404 3380 "-" "python-requests/2.32.3"
178.128.58.138 - - [15/Mar/2025:09:35:30 +0700] "GET /asset/global/plugins/server/php/ HTTP/1.1" 301 0 "-" "python-requests/2.32.3"
66.249.75.228 - - [15/Mar/2025:09:35:38 +0700] "GET /exploit/32271388720.shtm HTTP/1.1" 200 22319 "-" "Mozilla/5.0 (compatible; Googlebot/2.1; +http://www.google.com/bot.html)"
216.244.66.248 - - [15/Mar/2025:09:35:36 +0700] "GET /ms/blog/tag/kerugian/feed HTTP/1.1" 404 11504 "-" "Mozilla/5.0 (compatible; DotBot/1.2; +https://opensiteexplorer.org/dotbot; help@moz.com)"
178.128.58.138 - - [15/Mar/2025:09:35:38 +0700] "GET /asset/global/plugins/server/php/ HTTP/1.1" 404 3380 "-" "python-requests/2.32.3"
66.249.71.9 - - [15/Mar/2025:09:35:50 +0700] "GET /style/goods/3225259248.shtm HTTP/1.1" 200 21405 "-" "Mozilla/5.0 (compatible; Googlebot/2.1; +http://www.google.com/bot.html)"
178.128.58.138 - - [15/Mar/2025:09:35:45 +0700] "GET /asset/global/plugins/jquery-file-upload/server/php/ HTTP/1.1" 301 0 "-" "python-requests/2.32.3"
180.235.151.3 - - [15/Mar/2025:09:36:01 +0700] "POST /wp-cron.php?doing_wp_cron=1742006161.9736111164093017578125 HTTP/1.1" 403 1242 "-" "WordPress/6.7.2; https://www.aturtoko.id"
178.128.58.138 - - [15/Mar/2025:09:35:54 +0700] "GET /asset/global/plugins/jquery-file-upload/server/php/ HTTP/1.1" 404 3380 "-" "python-requests/2.32.3"
66.249.71.9 - - [15/Mar/2025:09:36:02 +0700] "GET /3226962704.shtm HTTP/1.1" 200 19785 "-" "Mozilla/5.0 (compatible; Googlebot/2.1; +http://www.google.com/bot.html)"
178.128.58.138 - - [15/Mar/2025:09:36:02 +0700] "GET /assets/global/plugins/server/php/ HTTP/1.1" 301 0 "-" "python-requests/2.32.3"
178.128.58.138 - - [15/Mar/2025:09:36:10 +0700] "GET /assets/global/plugins/server/php/ HTTP/1.1" 404 3380 "-" "python-requests/2.32.3"
66.249.71.9 - - [15/Mar/2025:09:36:18 +0700] "POST /get-message-notify HTTP/1.1" 200 22058 "http://www.aturtoko.id/3226962704.shtm" "Mozilla/5.0 AppleWebKit/537.36 (KHTML, like Gecko; compatible; Googlebot/2.1; +http://www.google.com/bot.html) Chrome/133.0.6943.141 Safari/537.36"
66.249.75.228 - - [15/Mar/2025:09:36:22 +0700] "GET /3225184960.shtm HTTP/1.1" 200 19521 "-" "Mozilla/5.0 (compatible; Googlebot/2.1; +http://www.google.com/bot.html)"
178.128.58.138 - - [15/Mar/2025:09:36:18 +0700] "GET /assets/global/plugins/jquery-file-upload/server/php/ HTTP/1.1" 301 0 "-" "python-requests/2.32.3"
178.128.58.138 - - [15/Mar/2025:09:36:26 +0700] "GET /assets/global/plugins/jquery-file-upload/server/php/ HTTP/1.1" 404 3380 "-" "python-requests/2.32.3"
66.249.71.9 - - [15/Mar/2025:09:36:34 +0700] "GET /yin/32281777592.shtm HTTP/1.1" 200 19290 "-" "Mozilla/5.0 (compatible; Googlebot/2.1; +http://www.google.com/bot.html)"
85.208.96.208 - - [15/Mar/2025:09:36:34 +0700] "GET /en/cara-jualan-di-blibli HTTP/1.1" 404 3380 "-" "Mozilla/5.0 (compatible; SemrushBot/7~bl; +http://www.semrush.com/bot.html)"
178.128.58.138 - - [15/Mar/2025:09:36:34 +0700] "GET /asset/plugins/js/server/php/ HTTP/1.1" 301 0 "-" "python-requests/2.32.3"
66.249.75.228 - - [15/Mar/2025:09:36:46 +0700] "GET /inverse/3225351728.shtm HTTP/1.1" 200 20442 "-" "Mozilla/5.0 (compatible; Googlebot/2.1; +http://www.google.com/bot.html)"
178.128.58.138 - - [15/Mar/2025:09:36:42 +0700] "GET /asset/plugins/js/server/php/ HTTP/1.1" 404 3380 "-" "python-requests/2.32.3"
178.128.58.138 - - [15/Mar/2025:09:36:50 +0700] "GET /asset/plugins/js/jquery-file-upload/server/php/ HTTP/1.1" 301 0 "-" "python-requests/2.32.3"
178.128.58.138 - - [15/Mar/2025:09:36:55 +0700] "GET /asset/plugins/js/jquery-file-upload/server/php/ HTTP/1.1" 404 3380 "-" "python-requests/2.32.3"
66.249.71.9 - - [15/Mar/2025:09:37:02 +0700] "GET /32292129320.shtm HTTP/1.1" 200 20017 "-" "Mozilla/5.0 (compatible; Googlebot/2.1; +http://www.google.com/bot.html)"
180.235.151.3 - - [15/Mar/2025:09:37:04 +0700] "POST /wp-cron.php?doing_wp_cron=1742006224.7746300697326660156250 HTTP/1.1" 403 1242 "-" "WordPress/6.7.2; https://www.aturtoko.id"
178.128.58.138 - - [15/Mar/2025:09:36:59 +0700] "GET /assets/plugins/js/server/php/ HTTP/1.1" 301 0 "-" "python-requests/2.32.3"
178.128.58.138 - - [15/Mar/2025:09:37:04 +0700] "GET /assets/plugins/js/server/php/ HTTP/1.1" 404 3380 "-" "python-requests/2.32.3"
178.128.58.138 - - [15/Mar/2025:09:37:09 +0700] "GET /assets/plugins/js/jquery-file-upload/server/php/ HTTP/1.1" 301 0 "-" "python-requests/2.32.3"
178.128.58.138 - - [15/Mar/2025:09:37:13 +0700] "GET /assets/plugins/js/jquery-file-upload/server/php/ HTTP/1.1" 404 3380 "-" "python-requests/2.32.3"
66.249.75.228 - - [15/Mar/2025:09:37:18 +0700] "GET /decent/32292425712.shtm HTTP/1.1" 200 20004 "-" "Mozilla/5.0 (compatible; Googlebot/2.1; +http://www.google.com/bot.html)"
178.128.58.138 - - [15/Mar/2025:09:37:18 +0700] "GET /asset/plugins/server/php/ HTTP/1.1" 301 0 "-" "python-requests/2.32.3"
178.128.58.138 - - [15/Mar/2025:09:37:22 +0700] "GET /asset/plugins/server/php/ HTTP/1.1" 404 3380 "-" "python-requests/2.32.3"
178.128.58.138 - - [15/Mar/2025:09:37:27 +0700] "GET /asset/plugins/jquery-file-upload/server/php/ HTTP/1.1" 301 0 "-" "python-requests/2.32.3"
66.249.75.228 - - [15/Mar/2025:09:37:34 +0700] "GET /3226703456.shtm HTTP/1.1" 200 21400 "-" "Mozilla/5.0 (compatible; Googlebot/2.1; +http://www.google.com/bot.html)"
178.128.58.138 - - [15/Mar/2025:09:37:31 +0700] "GET /asset/plugins/jquery-file-upload/server/php/ HTTP/1.1" 404 3380 "-" "python-requests/2.32.3"
178.128.58.138 - - [15/Mar/2025:09:37:36 +0700] "GET /assets/plugins/server/php/ HTTP/1.1" 301 0 "-" "python-requests/2.32.3"
178.128.58.138 - - [15/Mar/2025:09:37:40 +0700] "GET /assets/plugins/server/php/ HTTP/1.1" 404 3380 "-" "python-requests/2.32.3"
66.249.75.228 - - [15/Mar/2025:09:37:45 +0700] "GET /32281580371.shtm HTTP/1.1" 200 20669 "-" "Mozilla/5.0 (compatible; Googlebot/2.1; +http://www.google.com/bot.html)"
178.128.58.138 - - [15/Mar/2025:09:37:46 +0700] "GET /assets/plugins/jquery-file-upload/server/php/ HTTP/1.1" 301 0 "-" "python-requests/2.32.3"
178.128.58.138 - - [15/Mar/2025:09:37:51 +0700] "GET /assets/plugins/jquery-file-upload/server/php/ HTTP/1.1" 404 3380 "-" "python-requests/2.32.3"
216.244.66.248 - - [15/Mar/2025:09:37:56 +0700] "GET /en/blog/kewirausahaan/mengenal-tren-dalam-e-commerce/ HTTP/1.1" 404 11504 "-" "Mozilla/5.0 (compatible; DotBot/1.2; +https://opensiteexplorer.org/dotbot; help@moz.com)"
178.128.58.138 - - [15/Mar/2025:09:37:56 +0700] "GET /asset/server/php/ HTTP/1.1" 301 0 "-" "python-requests/2.32.3"
180.235.151.3 - - [15/Mar/2025:09:38:06 +0700] "POST /wp-cron.php?doing_wp_cron=1742006286.4374990463256835937500 HTTP/1.1" 403 1242 "-" "WordPress/6.7.2; https://www.aturtoko.id"
178.128.58.138 - - [15/Mar/2025:09:38:02 +0700] "GET /asset/server/php/ HTTP/1.1" 404 3380 "-" "python-requests/2.32.3"
66.249.71.1 - - [15/Mar/2025:09:38:06 +0700] "GET /has/auction/3226518496.shtm HTTP/1.1" 200 20702 "-" "Mozilla/5.0 (compatible; Googlebot/2.1; +http://www.google.com/bot.html)"
178.128.58.138 - - [15/Mar/2025:09:38:06 +0700] "GET /assets/server/php/ HTTP/1.1" 301 0 "-" "python-requests/2.32.3"
178.128.58.138 - - [15/Mar/2025:09:38:11 +0700] "GET /assets/server/php/ HTTP/1.1" 404 3380 "-" "python-requests/2.32.3"
66.249.71.9 - - [15/Mar/2025:09:38:18 +0700] "GET /revisions/goods/3226907368.shtm HTTP/1.1" 200 21649 "-" "Mozilla/5.0 (compatible; Googlebot/2.1; +http://www.google.com/bot.html)"
178.128.58.138 - - [15/Mar/2025:09:38:15 +0700] "GET /assets/jquery-file-upload/server/php/ HTTP/1.1" 301 0 "-" "python-requests/2.32.3"
178.128.58.138 - - [15/Mar/2025:09:38:20 +0700] "GET /assets/jquery-file-upload/server/php/ HTTP/1.1" 404 3373 "-" "python-requests/2.32.3"
178.128.58.138 - - [15/Mar/2025:09:38:25 +0700] "GET /plugins/server/php/ HTTP/1.1" 301 0 "-" "python-requests/2.32.3"
66.249.71.9 - - [15/Mar/2025:09:38:31 +0700] "GET /32271092328.shtm HTTP/1.1" 200 19326 "-" "Mozilla/5.0 (compatible; Googlebot/2.1; +http://www.google.com/bot.html)"
178.128.58.138 - - [15/Mar/2025:09:38:29 +0700] "GET /plugins/server/php/ HTTP/1.1" 404 3380 "-" "python-requests/2.32.3"
178.128.58.138 - - [15/Mar/2025:09:38:34 +0700] "GET /plugins/js/jquery-file-upload/server/php/ HTTP/1.1" 301 0 "-" "python-requests/2.32.3"
66.249.75.228 - - [15/Mar/2025:09:38:39 +0700] "GET /altering/good/3226936450.shtm HTTP/1.1" 200 22216 "-" "Mozilla/5.0 (Linux; Android 6.0.1; Nexus 5X Build/MMB29P) AppleWebKit/537.36 (KHTML, like Gecko) Chrome/133.0.6943.141 Mobile Safari/537.36 (compatible; GoogleOther)"
178.128.58.138 - - [15/Mar/2025:09:38:39 +0700] "GET /plugins/js/jquery-file-upload/server/php/ HTTP/1.1" 404 3380 "-" "python-requests/2.32.3"
178.128.58.138 - - [15/Mar/2025:09:38:44 +0700] "GET /js/jquery-file-upload/server/php/ HTTP/1.1" 301 0 "-" "python-requests/2.32.3"
66.249.71.9 - - [15/Mar/2025:09:38:47 +0700] "GET /actress/32292166464.shtm HTTP/1.1" 200 19714 "-" "Mozilla/5.0 (compatible; Googlebot/2.1; +http://www.google.com/bot.html)"
178.128.58.138 - - [15/Mar/2025:09:38:49 +0700] "GET /js/jquery-file-upload/server/php/ HTTP/1.1" 404 3380 "-" "python-requests/2.32.3"
66.249.71.9 - - [15/Mar/2025:09:38:55 +0700] "GET /pathology/good/3226925560.shtm HTTP/1.1" 200 20008 "-" "Mozilla/5.0 (compatible; Googlebot/2.1; +http://www.google.com/bot.html)"
178.128.58.138 - - [15/Mar/2025:09:38:53 +0700] "GET /plugin/server/php/ HTTP/1.1" 301 0 "-" "python-requests/2.32.3"
178.128.58.138 - - [15/Mar/2025:09:38:58 +0700] "GET /plugin/server/php/ HTTP/1.1" 404 3380 "-" "python-requests/2.32.3"
180.235.151.3 - - [15/Mar/2025:09:39:07 +0700] "POST /wp-cron.php?doing_wp_cron=1742006347.7298710346221923828125 HTTP/1.1" 403 1242 "-" "WordPress/6.7.2; https://www.aturtoko.id"
178.128.58.138 - - [15/Mar/2025:09:39:03 +0700] "GET /js/server/php/ HTTP/1.1" 301 0 "-" "python-requests/2.32.3"
66.249.75.228 - - [15/Mar/2025:09:39:08 +0700] "GET /sierra/32281582862.shtm HTTP/1.1" 200 20310 "-" "Mozilla/5.0 (compatible; Googlebot/2.1; +http://www.google.com/bot.html)"
178.128.58.138 - - [15/Mar/2025:09:39:07 +0700] "GET /js/server/php/ HTTP/1.1" 404 3380 "-" "python-requests/2.32.3"
178.128.58.138 - - [15/Mar/2025:09:39:13 +0700] "GET /uploads/server/php/ HTTP/1.1" 301 0 "-" "python-requests/2.32.3"
178.128.58.138 - - [15/Mar/2025:09:39:18 +0700] "GET /uploads/server/php/ HTTP/1.1" 404 3380 "-" "python-requests/2.32.3"
178.128.58.138 - - [15/Mar/2025:09:39:23 +0700] "GET /plugins/js/server/php/ HTTP/1.1" 301 0 "-" "python-requests/2.32.3"
178.128.58.138 - - [15/Mar/2025:09:39:27 +0700] "GET /plugins/js/server/php/ HTTP/1.1" 404 3380 "-" "python-requests/2.32.3"
66.249.75.228 - - [15/Mar/2025:09:39:32 +0700] "GET /3225314584.shtm HTTP/1.1" 200 20287 "-" "Mozilla/5.0 (compatible; Googlebot/2.1; +http://www.google.com/bot.html)"
178.128.58.138 - - [15/Mar/2025:09:39:31 +0700] "GET /admin/asset/global/plugins/server/php/ HTTP/1.1" 301 0 "-" "python-requests/2.32.3"
178.128.58.138 - - [15/Mar/2025:09:39:36 +0700] "GET /admin/asset/global/plugins/server/php/ HTTP/1.1" 404 3380 "-" "python-requests/2.32.3"
178.128.58.138 - - [15/Mar/2025:09:39:40 +0700] "GET /admin/asset/global/plugins/jquery-file-upload/server/php/ HTTP/1.1" 301 0 "-" "python-requests/2.32.3"
66.249.75.228 - - [15/Mar/2025:09:39:48 +0700] "GET /convertible/auction/3225147816.shtm HTTP/1.1" 200 20266 "-" "Mozilla/5.0 (compatible; Googlebot/2.1; +http://www.google.com/bot.html)"
178.128.58.138 - - [15/Mar/2025:09:39:45 +0700] "GET /admin/asset/global/plugins/jquery-file-upload/server/php/ HTTP/1.1" 404 3380 "-" "python-requests/2.32.3"
178.128.58.138 - - [15/Mar/2025:09:39:50 +0700] "GET /admin/assets/global/plugins/server/php/ HTTP/1.1" 301 0 "-" "python-requests/2.32.3"
178.128.58.138 - - [15/Mar/2025:09:39:55 +0700] "GET /admin/assets/global/plugins/server/php/ HTTP/1.1" 404 3380 "-" "python-requests/2.32.3"
216.244.66.248 - - [15/Mar/2025:09:39:55 +0700] "GET /ms/blog/tag/promosi/page/4 HTTP/1.1" 404 11504 "-" "Mozilla/5.0 (compatible; DotBot/1.2; +https://opensiteexplorer.org/dotbot; help@moz.com)"
66.249.75.230 - - [15/Mar/2025:09:40:01 +0700] "GET /cyclone/products/32271055184.shtm HTTP/1.1" 200 19709 "-" "Mozilla/5.0 (compatible; Googlebot/2.1; +http://www.google.com/bot.html)"
178.128.58.138 - - [15/Mar/2025:09:39:59 +0700] "GET /admin/assets/global/plugins/jquery-file-upload/server/php/ HTTP/1.1" 301 0 "-" "python-requests/2.32.3"
180.235.151.3 - - [15/Mar/2025:09:40:09 +0700] "POST /wp-cron.php?doing_wp_cron=1742006409.7856590747833251953125 HTTP/1.1" 403 1242 "-" "WordPress/6.7.2; https://www.aturtoko.id"
178.128.58.138 - - [15/Mar/2025:09:40:03 +0700] "GET /admin/assets/global/plugins/jquery-file-upload/server/php/ HTTP/1.1" 404 3380 "-" "python-requests/2.32.3"
178.128.58.138 - - [15/Mar/2025:09:40:09 +0700] "GET /admin/asset/plugins/js/server/php/ HTTP/1.1" 301 0 "-" "python-requests/2.32.3"
66.249.75.228 - - [15/Mar/2025:09:40:14 +0700] "GET /cassidy/item/322518192.shtm HTTP/1.1" 200 20294 "-" "Mozilla/5.0 (compatible; Googlebot/2.1; +http://www.google.com/bot.html)"
178.128.58.138 - - [15/Mar/2025:09:40:14 +0700] "GET /admin/asset/plugins/js/server/php/ HTTP/1.1" 404 3380 "-" "python-requests/2.32.3"
178.128.58.138 - - [15/Mar/2025:09:40:19 +0700] "GET /admin/asset/plugins/js/jquery-file-upload/server/php/ HTTP/1.1" 301 0 "-" "python-requests/2.32.3"
178.128.58.138 - - [15/Mar/2025:09:40:24 +0700] "GET /admin/asset/plugins/js/jquery-file-upload/server/php/ HTTP/1.1" 404 3380 "-" "python-requests/2.32.3"
178.128.58.138 - - [15/Mar/2025:09:40:29 +0700] "GET /admin/assets/plugins/js/server/php/ HTTP/1.1" 301 0 "-" "python-requests/2.32.3"
178.128.58.138 - - [15/Mar/2025:09:40:34 +0700] "GET /admin/assets/plugins/js/server/php/ HTTP/1.1" 404 3380 "-" "python-requests/2.32.3"
66.249.75.228 - - [15/Mar/2025:09:40:37 +0700] "GET /32281577416.shtm HTTP/1.1" 200 20150 "-" "Mozilla/5.0 (compatible; Googlebot/2.1; +http://www.google.com/bot.html)"
178.128.58.138 - - [15/Mar/2025:09:40:38 +0700] "GET /admin/assets/plugins/js/jquery-file-upload/server/php/ HTTP/1.1" 301 0 "-" "python-requests/2.32.3"
178.128.58.138 - - [15/Mar/2025:09:40:43 +0700] "GET /admin/assets/plugins/js/jquery-file-upload/server/php/ HTTP/1.1" 404 3380 "-" "python-requests/2.32.3"
178.128.58.138 - - [15/Mar/2025:09:40:48 +0700] "GET /admin/asset/plugins/server/php/ HTTP/1.1" 301 0 "-" "python-requests/2.32.3"
178.128.58.138 - - [15/Mar/2025:09:40:52 +0700] "GET /admin/asset/plugins/server/php/ HTTP/1.1" 404 3380 "-" "python-requests/2.32.3"
66.249.75.228 - - [15/Mar/2025:09:40:58 +0700] "GET /me/merchandises/32281738545.shtm HTTP/1.1" 200 20138 "-" "Mozilla/5.0 (compatible; Googlebot/2.1; +http://www.google.com/bot.html)"
178.128.58.138 - - [15/Mar/2025:09:40:56 +0700] "GET /admin/asset/plugins/jquery-file-upload/server/php/ HTTP/1.1" 301 0 "-" "python-requests/2.32.3"
178.128.58.138 - - [15/Mar/2025:09:41:01 +0700] "GET /admin/asset/plugins/jquery-file-upload/server/php/ HTTP/1.1" 404 3380 "-" "python-requests/2.32.3"
180.235.151.3 - - [15/Mar/2025:09:41:10 +0700] "POST /wp-cron.php?doing_wp_cron=1742006470.1375780105590820312500 HTTP/1.1" 403 1242 "-" "WordPress/6.7.2; https://www.aturtoko.id"
178.128.58.138 - - [15/Mar/2025:09:41:05 +0700] "GET /admin/assets/plugins/server/php/ HTTP/1.1" 301 0 "-" "python-requests/2.32.3"
178.128.58.138 - - [15/Mar/2025:09:41:10 +0700] "GET /admin/assets/plugins/server/php/ HTTP/1.1" 404 3380 "-" "python-requests/2.32.3"
66.249.75.228 - - [15/Mar/2025:09:41:16 +0700] "GET /designation/32281907216.shtm HTTP/1.1" 200 19633 "-" "Mozilla/5.0 (compatible; Googlebot/2.1; +http://www.google.com/bot.html)"
178.128.58.138 - - [15/Mar/2025:09:41:16 +0700] "GET /admin/assets/plugins/jquery-file-upload/server/php/ HTTP/1.1" 301 0 "-" "python-requests/2.32.3"
178.128.58.138 - - [15/Mar/2025:09:41:21 +0700] "GET /admin/assets/plugins/jquery-file-upload/server/php/ HTTP/1.1" 404 3380 "-" "python-requests/2.32.3"
178.128.58.138 - - [15/Mar/2025:09:41:27 +0700] "GET /admin/asset/server/php/ HTTP/1.1" 301 0 "-" "python-requests/2.32.3"
178.128.58.138 - - [15/Mar/2025:09:41:32 +0700] "GET /admin/asset/server/php/ HTTP/1.1" 404 3380 "-" "python-requests/2.32.3"
66.249.71.9 - - [15/Mar/2025:09:41:38 +0700] "GET /silent/goods/32292203608.shtm HTTP/1.1" 200 19512 "-" "Mozilla/5.0 (compatible; Googlebot/2.1; +http://www.google.com/bot.html)"
178.128.58.138 - - [15/Mar/2025:09:41:36 +0700] "GET /admin/assets/server/php/ HTTP/1.1" 301 0 "-" "python-requests/2.32.3"
178.128.58.138 - - [15/Mar/2025:09:41:41 +0700] "GET /admin/assets/server/php/ HTTP/1.1" 404 3380 "-" "python-requests/2.32.3"
66.249.71.9 - - [15/Mar/2025:09:41:47 +0700] "GET /pastel/good/32271296240.shtm HTTP/1.1" 200 19822 "-" "Mozilla/5.0 (compatible; Googlebot/2.1; +http://www.google.com/bot.html)"
178.128.58.138 - - [15/Mar/2025:09:41:46 +0700] "GET /admin/assets/jquery-file-upload/server/php/ HTTP/1.1" 301 0 "-" "python-requests/2.32.3"
178.128.58.138 - - [15/Mar/2025:09:41:51 +0700] "GET /admin/assets/jquery-file-upload/server/php/ HTTP/1.1" 404 3380 "-" "python-requests/2.32.3"
178.128.58.138 - - [15/Mar/2025:09:41:56 +0700] "GET /admin/plugins/server/php/ HTTP/1.1" 301 0 "-" "python-requests/2.32.3"
66.249.75.228 - - [15/Mar/2025:09:42:01 +0700] "GET /config/good/32281583220.shtm HTTP/1.1" 200 20898 "-" "Mozilla/5.0 (compatible; Googlebot/2.1; +http://www.google.com/bot.html)"
178.128.58.138 - - [15/Mar/2025:09:42:01 +0700] "GET /admin/plugins/server/php/ HTTP/1.1" 404 3380 "-" "python-requests/2.32.3"
180.235.151.3 - - [15/Mar/2025:09:42:12 +0700] "POST /wp-cron.php?doing_wp_cron=1742006532.0033900737762451171875 HTTP/1.1" 403 1242 "-" "WordPress/6.7.2; https://www.aturtoko.id"
178.128.58.138 - - [15/Mar/2025:09:42:06 +0700] "GET /admin/plugins/js/jquery-file-upload/server/php/ HTTP/1.1" 301 0 "-" "python-requests/2.32.3"
178.128.58.138 - - [15/Mar/2025:09:42:12 +0700] "GET /admin/plugins/js/jquery-file-upload/server/php/ HTTP/1.1" 404 3380 "-" "python-requests/2.32.3"
66.249.75.228 - - [15/Mar/2025:09:42:19 +0700] "GET /pedro/products/3225129624.shtm HTTP/1.1" 200 20360 "-" "Mozilla/5.0 (compatible; Googlebot/2.1; +http://www.google.com/bot.html)"
178.128.58.138 - - [15/Mar/2025:09:42:16 +0700] "GET /admin/js/jquery-file-upload/server/php/ HTTP/1.1" 301 0 "-" "python-requests/2.32.3"
178.128.58.138 - - [15/Mar/2025:09:42:21 +0700] "GET /admin/js/jquery-file-upload/server/php/ HTTP/1.1" 404 3380 "-" "python-requests/2.32.3"
178.128.58.138 - - [15/Mar/2025:09:42:26 +0700] "GET /admin/plugin/server/php/ HTTP/1.1" 301 0 "-" "python-requests/2.32.3"
178.128.58.138 - - [15/Mar/2025:09:42:31 +0700] "GET /admin/plugin/server/php/ HTTP/1.1" 404 3380 "-" "python-requests/2.32.3"
66.249.71.9 - - [15/Mar/2025:09:42:37 +0700] "GET /anthrax/32292296088.shtm HTTP/1.1" 200 21138 "-" "Mozilla/5.0 (compatible; Googlebot/2.1; +http://www.google.com/bot.html)"
178.128.58.138 - - [15/Mar/2025:09:42:36 +0700] "GET /admin/js/server/php/ HTTP/1.1" 301 0 "-" "python-requests/2.32.3"
178.128.58.138 - - [15/Mar/2025:09:42:41 +0700] "GET /admin/js/server/php/ HTTP/1.1" 404 3380 "-" "python-requests/2.32.3"
178.128.58.138 - - [15/Mar/2025:09:42:48 +0700] "GET /admin/uploads/server/php/ HTTP/1.1" 301 0 "-" "python-requests/2.32.3"
66.249.75.228 - - [15/Mar/2025:09:42:51 +0700] "GET /32271198849.shtm HTTP/1.1" 200 19740 "-" "Mozilla/5.0 (compatible; Googlebot/2.1; +http://www.google.com/bot.html)"
178.128.58.138 - - [15/Mar/2025:09:42:52 +0700] "GET /admin/uploads/server/php/ HTTP/1.1" 404 3380 "-" "python-requests/2.32.3"
178.128.58.138 - - [15/Mar/2025:09:42:57 +0700] "GET /admin/plugins/js/server/php/ HTTP/1.1" 301 0 "-" "python-requests/2.32.3"
178.128.58.138 - - [15/Mar/2025:09:43:02 +0700] "GET /admin/plugins/js/server/php/ HTTP/1.1" 404 3380 "-" "python-requests/2.32.3"
66.249.75.228 - - [15/Mar/2025:09:43:10 +0700] "GET /bloody/32292327861.shtm HTTP/1.1" 200 20350 "-" "Mozilla/5.0 (compatible; Googlebot/2.1; +http://www.google.com/bot.html)"
180.235.151.3 - - [15/Mar/2025:09:43:13 +0700] "POST /wp-cron.php?doing_wp_cron=1742006593.0249559879302978515625 HTTP/1.1" 403 1242 "-" "WordPress/6.7.2; https://www.aturtoko.id"
178.128.58.138 - - [15/Mar/2025:09:43:08 +0700] "GET /server/php/ HTTP/1.1" 301 0 "-" "python-requests/2.32.3"
178.128.58.138 - - [15/Mar/2025:09:43:13 +0700] "GET /server/php/ HTTP/1.1" 404 3380 "-" "python-requests/2.32.3"
178.128.58.138 - - [15/Mar/2025:09:43:18 +0700] "GET /cp/server/php/ HTTP/1.1" 301 0 "-" "python-requests/2.32.3"
178.128.58.138 - - [15/Mar/2025:09:43:23 +0700] "GET /cp/server/php/ HTTP/1.1" 404 3380 "-" "python-requests/2.32.3"
178.128.58.138 - - [15/Mar/2025:09:43:27 +0700] "GET /vendor/laravel-filemanager HTTP/1.1" 301 0 "-" "python-requests/2.32.3"
178.128.58.138 - - [15/Mar/2025:09:43:31 +0700] "GET /vendor/laravel-filemanager HTTP/1.1" 404 3380 "-" "python-requests/2.32.3"
66.249.75.228 - - [15/Mar/2025:09:43:36 +0700] "GET /3225145798.shtm HTTP/1.1" 200 19523 "-" "Mozilla/5.0 (compatible; Googlebot/2.1; +http://www.google.com/bot.html)"
178.128.58.138 - - [15/Mar/2025:09:43:36 +0700] "GET /public/laravel-filemanager HTTP/1.1" 301 0 "-" "python-requests/2.32.3"
66.249.75.228 - - [15/Mar/2025:09:43:40 +0700] "GET /mathematics/shopdetail/3225221553.shtm HTTP/1.1" 200 19794 "-" "Mozilla/5.0 (Linux; Android 6.0.1; Nexus 5X Build/MMB29P) AppleWebKit/537.36 (KHTML, like Gecko) Chrome/133.0.6943.141 Mobile Safari/537.36 (compatible; GoogleOther)"
178.128.58.138 - - [15/Mar/2025:09:43:40 +0700] "GET /public/laravel-filemanager HTTP/1.1" 404 3380 "-" "python-requests/2.32.3"
178.128.58.138 - - [15/Mar/2025:09:43:47 +0700] "GET /laravel-filemanager HTTP/1.1" 301 0 "-" "python-requests/2.32.3"
66.249.75.228 - - [15/Mar/2025:09:43:53 +0700] "GET /monde/3226857633.shtm HTTP/1.1" 200 20013 "-" "Mozilla/5.0 (compatible; Googlebot/2.1; +http://www.google.com/bot.html)"
178.128.58.138 - - [15/Mar/2025:09:43:51 +0700] "GET /laravel-filemanager HTTP/1.1" 404 3380 "-" "python-requests/2.32.3"
178.128.58.138 - - [15/Mar/2025:09:43:56 +0700] "GET /app/laravel-filemanager HTTP/1.1" 301 0 "-" "python-requests/2.32.3"
178.128.58.138 - - [15/Mar/2025:09:44:02 +0700] "GET /app/laravel-filemanager HTTP/1.1" 404 3380 "-" "python-requests/2.32.3"
178.128.58.138 - - [15/Mar/2025:09:44:07 +0700] "GET /admin/ckeditor/kcfinder-3.12/upload.php HTTP/1.1" 301 0 "-" "python-requests/2.32.3"
178.128.58.138 - - [15/Mar/2025:09:44:10 +0700] "GET /admin/ckeditor/kcfinder-3.12/upload.php HTTP/1.1" 404 3380 "-" "python-requests/2.32.3"
180.235.151.3 - - [15/Mar/2025:09:44:14 +0700] "POST /wp-cron.php?doing_wp_cron=1742006654.7517309188842773437500 HTTP/1.1" 403 1242 "-" "WordPress/6.7.2; https://www.aturtoko.id"
178.128.58.138 - - [15/Mar/2025:09:44:12 +0700] "GET /admin/ckeditor/kcfinder/upload.php HTTP/1.1" 301 0 "-" "python-requests/2.32.3"
178.128.58.138 - - [15/Mar/2025:09:44:14 +0700] "GET /admin/ckeditor/kcfinder/upload.php HTTP/1.1" 404 3380 "-" "python-requests/2.32.3"
178.128.58.138 - - [15/Mar/2025:09:44:17 +0700] "GET /admin/ckeditor/plugins/kcfinder-3.12/upload.php HTTP/1.1" 301 0 "-" "python-requests/2.32.3"
178.128.58.138 - - [15/Mar/2025:09:44:19 +0700] "GET /admin/ckeditor/plugins/kcfinder-3.12/upload.php HTTP/1.1" 404 3380 "-" "python-requests/2.32.3"
178.128.58.138 - - [15/Mar/2025:09:44:22 +0700] "GET /admin/ckeditor/plugins/kcfinder/upload.php HTTP/1.1" 301 0 "-" "python-requests/2.32.3"
178.128.58.138 - - [15/Mar/2025:09:44:25 +0700] "GET /admin/ckeditor/plugins/kcfinder/upload.php HTTP/1.1" 404 3380 "-" "python-requests/2.32.3"
178.128.58.138 - - [15/Mar/2025:09:44:28 +0700] "GET /admin/core/kcfinder-3.12/upload.php HTTP/1.1" 301 0 "-" "python-requests/2.32.3"
178.128.58.138 - - [15/Mar/2025:09:44:30 +0700] "GET /admin/core/kcfinder-3.12/upload.php HTTP/1.1" 404 3380 "-" "python-requests/2.32.3"
178.128.58.138 - - [15/Mar/2025:09:44:32 +0700] "GET /admin/core/kcfinder/upload.php HTTP/1.1" 301 0 "-" "python-requests/2.32.3"
178.128.58.138 - - [15/Mar/2025:09:44:34 +0700] "GET /admin/core/kcfinder/upload.php HTTP/1.1" 404 3373 "-" "python-requests/2.32.3"
178.128.58.138 - - [15/Mar/2025:09:44:37 +0700] "GET /admin/js/kcfinder-3.12/upload.php HTTP/1.1" 301 0 "-" "python-requests/2.32.3"
178.128.58.138 - - [15/Mar/2025:09:44:39 +0700] "GET /admin/js/kcfinder-3.12/upload.php HTTP/1.1" 404 3373 "-" "python-requests/2.32.3"
178.128.58.138 - - [15/Mar/2025:09:44:41 +0700] "GET /admin/js/kcfinder/upload.php HTTP/1.1" 301 0 "-" "python-requests/2.32.3"
178.128.58.138 - - [15/Mar/2025:09:44:43 +0700] "GET /admin/js/kcfinder/upload.php HTTP/1.1" 404 3380 "-" "python-requests/2.32.3"
178.128.58.138 - - [15/Mar/2025:09:44:46 +0700] "GET /admin/plugin/kcfinder-3.12/upload.php HTTP/1.1" 301 0 "-" "python-requests/2.32.3"
178.128.58.138 - - [15/Mar/2025:09:44:48 +0700] "GET /admin/plugin/kcfinder-3.12/upload.php HTTP/1.1" 404 3380 "-" "python-requests/2.32.3"
178.128.58.138 - - [15/Mar/2025:09:44:50 +0700] "GET /admin/plugin/kcfinder/upload.php HTTP/1.1" 301 0 "-" "python-requests/2.32.3"
178.128.58.138 - - [15/Mar/2025:09:44:52 +0700] "GET /admin/plugin/kcfinder/upload.php HTTP/1.1" 404 3380 "-" "python-requests/2.32.3"
178.128.58.138 - - [15/Mar/2025:09:44:56 +0700] "GET /admin/plugins/kcfinder-3.12/upload.php HTTP/1.1" 301 0 "-" "python-requests/2.32.3"
178.128.58.138 - - [15/Mar/2025:09:44:58 +0700] "GET /admin/plugins/kcfinder-3.12/upload.php HTTP/1.1" 404 3380 "-" "python-requests/2.32.3"
178.128.58.138 - - [15/Mar/2025:09:45:01 +0700] "GET /admin/plugins/kcfinder/upload.php HTTP/1.1" 301 0 "-" "python-requests/2.32.3"
178.128.58.138 - - [15/Mar/2025:09:45:05 +0700] "GET /admin/plugins/kcfinder/upload.php HTTP/1.1" 404 3380 "-" "python-requests/2.32.3"
178.128.58.138 - - [15/Mar/2025:09:45:07 +0700] "GET /adminpanel/kcfinder-3.12/upload.php HTTP/1.1" 301 0 "-" "python-requests/2.32.3"
178.128.58.138 - - [15/Mar/2025:09:45:09 +0700] "GET /adminpanel/kcfinder-3.12/upload.php HTTP/1.1" 404 3380 "-" "python-requests/2.32.3"
178.128.58.138 - - [15/Mar/2025:09:45:12 +0700] "GET /adminpanel/kcfinder/upload.php HTTP/1.1" 301 0 "-" "python-requests/2.32.3"
180.235.151.3 - - [15/Mar/2025:09:45:16 +0700] "POST /wp-cron.php?doing_wp_cron=1742006716.6269359588623046875000 HTTP/1.1" 403 1242 "-" "WordPress/6.7.2; https://www.aturtoko.id"
178.128.58.138 - - [15/Mar/2025:09:45:14 +0700] "GET /adminpanel/kcfinder/upload.php HTTP/1.1" 404 3380 "-" "python-requests/2.32.3"
178.128.58.138 - - [15/Mar/2025:09:45:16 +0700] "GET /app/webroot/js/kcfinder-3.12/upload.php HTTP/1.1" 301 0 "-" "python-requests/2.32.3"
178.128.58.138 - - [15/Mar/2025:09:45:18 +0700] "GET /app/webroot/js/kcfinder-3.12/upload.php HTTP/1.1" 404 3380 "-" "python-requests/2.32.3"
178.128.58.138 - - [15/Mar/2025:09:45:21 +0700] "GET /app/webroot/js/kcfinder/upload.php HTTP/1.1" 301 0 "-" "python-requests/2.32.3"
178.128.58.138 - - [15/Mar/2025:09:45:24 +0700] "GET /app/webroot/js/kcfinder/upload.php HTTP/1.1" 404 3380 "-" "python-requests/2.32.3"
178.128.58.138 - - [15/Mar/2025:09:45:27 +0700] "GET /app/webroot/kcfinder-3.12/upload.php HTTP/1.1" 301 0 "-" "python-requests/2.32.3"
178.128.58.138 - - [15/Mar/2025:09:45:29 +0700] "GET /app/webroot/kcfinder-3.12/upload.php HTTP/1.1" 404 3380 "-" "python-requests/2.32.3"
178.128.58.138 - - [15/Mar/2025:09:45:31 +0700] "GET /app/webroot/kcfinder/upload.php HTTP/1.1" 301 0 "-" "python-requests/2.32.3"
178.128.58.138 - - [15/Mar/2025:09:45:33 +0700] "GET /app/webroot/kcfinder/upload.php HTTP/1.1" 404 3380 "-" "python-requests/2.32.3"
178.128.58.138 - - [15/Mar/2025:09:45:36 +0700] "GET /application/themes/admin/assets/js/kcfinder-3.12/upload.php HTTP/1.1" 301 0 "-" "python-requests/2.32.3"
178.128.58.138 - - [15/Mar/2025:09:45:38 +0700] "GET /application/themes/admin/assets/js/kcfinder-3.12/upload.php HTTP/1.1" 404 3380 "-" "python-requests/2.32.3"
178.128.58.138 - - [15/Mar/2025:09:45:40 +0700] "GET /application/themes/admin/assets/js/kcfinder/upload.php HTTP/1.1" 301 0 "-" "python-requests/2.32.3"
178.128.58.138 - - [15/Mar/2025:09:45:42 +0700] "GET /application/themes/admin/assets/js/kcfinder/upload.php HTTP/1.1" 404 3380 "-" "python-requests/2.32.3"
178.128.58.138 - - [15/Mar/2025:09:45:45 +0700] "GET /asset/js_ckeditor/kcfinder-3.12/upload.php HTTP/1.1" 301 0 "-" "python-requests/2.32.3"
178.128.58.138 - - [15/Mar/2025:09:45:47 +0700] "GET /asset/js_ckeditor/kcfinder-3.12/upload.php HTTP/1.1" 404 3380 "-" "python-requests/2.32.3"
178.128.58.138 - - [15/Mar/2025:09:45:49 +0700] "GET /asset/js_ckeditor/kcfinder/upload.php HTTP/1.1" 301 0 "-" "python-requests/2.32.3"
178.128.58.138 - - [15/Mar/2025:09:45:51 +0700] "GET /asset/js_ckeditor/kcfinder/upload.php HTTP/1.1" 404 3373 "-" "python-requests/2.32.3"
178.128.58.138 - - [15/Mar/2025:09:45:54 +0700] "GET /asset/kcfinder-3.12/upload.php HTTP/1.1" 301 0 "-" "python-requests/2.32.3"
178.128.58.138 - - [15/Mar/2025:09:45:56 +0700] "GET /asset/kcfinder-3.12/upload.php HTTP/1.1" 404 3380 "-" "python-requests/2.32.3"
178.128.58.138 - - [15/Mar/2025:09:45:58 +0700] "GET /asset/kcfinder/upload.php HTTP/1.1" 301 0 "-" "python-requests/2.32.3"
178.128.58.138 - - [15/Mar/2025:09:46:00 +0700] "GET /asset/kcfinder/upload.php HTTP/1.1" 404 3380 "-" "python-requests/2.32.3"
178.128.58.138 - - [15/Mar/2025:09:46:03 +0700] "GET /asset/webadmin/js/kcfinder-3.12/upload.php HTTP/1.1" 301 0 "-" "python-requests/2.32.3"
178.128.58.138 - - [15/Mar/2025:09:46:05 +0700] "GET /asset/webadmin/js/kcfinder-3.12/upload.php HTTP/1.1" 404 3380 "-" "python-requests/2.32.3"
178.128.58.138 - - [15/Mar/2025:09:46:08 +0700] "GET /asset/webadmin/js/kcfinder/upload.php HTTP/1.1" 301 0 "-" "python-requests/2.32.3"
66.249.71.1 - - [15/Mar/2025:09:46:09 +0700] "GET /evaluates/32292057390.shtm HTTP/1.1" 200 19617 "-" "Mozilla/5.0 (Linux; Android 6.0.1; Nexus 5X Build/MMB29P) AppleWebKit/537.36 (KHTML, like Gecko) Chrome/133.0.6943.141 Mobile Safari/537.36 (compatible; GoogleOther)"
178.128.58.138 - - [15/Mar/2025:09:46:10 +0700] "GET /asset/webadmin/js/kcfinder/upload.php HTTP/1.1" 404 3380 "-" "python-requests/2.32.3"
178.128.58.138 - - [15/Mar/2025:09:46:12 +0700] "GET /assets/admin/js/kcfinder-3.12/upload.php HTTP/1.1" 301 0 "-" "python-requests/2.32.3"
180.235.151.3 - - [15/Mar/2025:09:46:17 +0700] "POST /wp-cron.php?doing_wp_cron=1742006777.0419170856475830078125 HTTP/1.1" 403 1242 "-" "WordPress/6.7.2; https://www.aturtoko.id"
178.128.58.138 - - [15/Mar/2025:09:46:14 +0700] "GET /assets/admin/js/kcfinder-3.12/upload.php HTTP/1.1" 404 3380 "-" "python-requests/2.32.3"
178.128.58.138 - - [15/Mar/2025:09:46:17 +0700] "GET /assets/admin/js/kcfinder/upload.php HTTP/1.1" 301 0 "-" "python-requests/2.32.3"
178.128.58.138 - - [15/Mar/2025:09:46:19 +0700] "GET /assets/admin/js/kcfinder/upload.php HTTP/1.1" 404 3380 "-" "python-requests/2.32.3"
178.128.58.138 - - [15/Mar/2025:09:46:21 +0700] "GET /assets/admin/plugins/kcfinder-3.12/upload.php HTTP/1.1" 301 0 "-" "python-requests/2.32.3"
178.128.58.138 - - [15/Mar/2025:09:46:23 +0700] "GET /assets/admin/plugins/kcfinder-3.12/upload.php HTTP/1.1" 404 3380 "-" "python-requests/2.32.3"
178.128.58.138 - - [15/Mar/2025:09:46:26 +0700] "GET /assets/admin/plugins/kcfinder/upload.php HTTP/1.1" 301 0 "-" "python-requests/2.32.3"
178.128.58.138 - - [15/Mar/2025:09:46:28 +0700] "GET /assets/admin/plugins/kcfinder/upload.php HTTP/1.1" 404 3380 "-" "python-requests/2.32.3"
178.128.58.138 - - [15/Mar/2025:09:46:30 +0700] "GET /assets/bo/plugin/kcfinder-3.12/upload.php HTTP/1.1" 301 0 "-" "python-requests/2.32.3"
178.128.58.138 - - [15/Mar/2025:09:46:33 +0700] "GET /assets/bo/plugin/kcfinder-3.12/upload.php HTTP/1.1" 404 3380 "-" "python-requests/2.32.3"
178.128.58.138 - - [15/Mar/2025:09:46:35 +0700] "GET /assets/bo/plugin/kcfinder/upload.php HTTP/1.1" 301 0 "-" "python-requests/2.32.3"
178.128.58.138 - - [15/Mar/2025:09:46:38 +0700] "GET /assets/bo/plugin/kcfinder/upload.php HTTP/1.1" 404 3380 "-" "python-requests/2.32.3"
178.128.58.138 - - [15/Mar/2025:09:46:40 +0700] "GET /assets/ckeditor/kcfinder-3.12/upload.php HTTP/1.1" 301 0 "-" "python-requests/2.32.3"
178.128.58.138 - - [15/Mar/2025:09:46:42 +0700] "GET /assets/ckeditor/kcfinder-3.12/upload.php HTTP/1.1" 404 3380 "-" "python-requests/2.32.3"
178.128.58.138 - - [15/Mar/2025:09:46:45 +0700] "GET /assets/ckeditor/kcfinder/upload.php HTTP/1.1" 301 0 "-" "python-requests/2.32.3"
178.128.58.138 - - [15/Mar/2025:09:46:47 +0700] "GET /assets/ckeditor/kcfinder/upload.php HTTP/1.1" 404 3380 "-" "python-requests/2.32.3"
178.128.58.138 - - [15/Mar/2025:09:46:49 +0700] "GET /assets/ckeditor/plugins/kcfinder-3.12/upload.php HTTP/1.1" 301 0 "-" "python-requests/2.32.3"
178.128.58.138 - - [15/Mar/2025:09:46:52 +0700] "GET /assets/ckeditor/plugins/kcfinder-3.12/upload.php HTTP/1.1" 404 3380 "-" "python-requests/2.32.3"
178.128.58.138 - - [15/Mar/2025:09:46:54 +0700] "GET /assets/ckeditor/plugins/kcfinder/upload.php HTTP/1.1" 301 0 "-" "python-requests/2.32.3"
178.128.58.138 - - [15/Mar/2025:09:46:56 +0700] "GET /assets/ckeditor/plugins/kcfinder/upload.php HTTP/1.1" 404 3380 "-" "python-requests/2.32.3"
178.128.58.138 - - [15/Mar/2025:09:46:58 +0700] "GET /assets/frontend/js/ckeditor/kcfinder-3.12/upload.php HTTP/1.1" 301 0 "-" "python-requests/2.32.3"
178.128.58.138 - - [15/Mar/2025:09:47:01 +0700] "GET /assets/frontend/js/ckeditor/kcfinder-3.12/upload.php HTTP/1.1" 404 3380 "-" "python-requests/2.32.3"
178.128.58.138 - - [15/Mar/2025:09:47:03 +0700] "GET /assets/frontend/js/ckeditor/kcfinder/upload.php HTTP/1.1" 301 0 "-" "python-requests/2.32.3"
178.128.58.138 - - [15/Mar/2025:09:47:05 +0700] "GET /assets/frontend/js/ckeditor/kcfinder/upload.php HTTP/1.1" 404 3380 "-" "python-requests/2.32.3"
178.128.58.138 - - [15/Mar/2025:09:47:08 +0700] "GET /assets/frontend/js/kcfinder-3.12/upload.php HTTP/1.1" 301 0 "-" "python-requests/2.32.3"
66.249.71.9 - - [15/Mar/2025:09:47:08 +0700] "POST /get-message-notify HTTP/1.1" 200 22056 "http://www.aturtoko.id/rev/products/32281843674.shtm" "Mozilla/5.0 (Linux; Android 6.0.1; Nexus 5X Build/MMB29P) AppleWebKit/537.36 (KHTML, like Gecko) Chrome/133.0.6943.141 Mobile Safari/537.36 (compatible; Googlebot/2.1; +http://www.google.com/bot.html)"
178.128.58.138 - - [15/Mar/2025:09:47:10 +0700] "GET /assets/frontend/js/kcfinder-3.12/upload.php HTTP/1.1" 404 3380 "-" "python-requests/2.32.3"
178.128.58.138 - - [15/Mar/2025:09:47:12 +0700] "GET /assets/frontend/js/kcfinder/upload.php HTTP/1.1" 301 0 "-" "python-requests/2.32.3"
178.128.58.138 - - [15/Mar/2025:09:47:14 +0700] "GET /assets/frontend/js/kcfinder/upload.php HTTP/1.1" 404 3380 "-" "python-requests/2.32.3"
180.235.151.3 - - [15/Mar/2025:09:47:19 +0700] "POST /wp-cron.php?doing_wp_cron=1742006839.2177739143371582031250 HTTP/1.1" 403 1242 "-" "WordPress/6.7.2; https://www.aturtoko.id"
178.128.58.138 - - [15/Mar/2025:09:47:17 +0700] "GET /assets/js/ckeditor/kcfinder-3.12/upload.php HTTP/1.1" 301 0 "-" "python-requests/2.32.3"
178.128.58.138 - - [15/Mar/2025:09:47:19 +0700] "GET /assets/js/ckeditor/kcfinder-3.12/upload.php HTTP/1.1" 404 3380 "-" "python-requests/2.32.3"
178.128.58.138 - - [15/Mar/2025:09:47:22 +0700] "GET /assets/js/ckeditor/kcfinder/upload.php HTTP/1.1" 301 0 "-" "python-requests/2.32.3"
178.128.58.138 - - [15/Mar/2025:09:47:25 +0700] "GET /assets/js/ckeditor/kcfinder/upload.php HTTP/1.1" 404 3380 "-" "python-requests/2.32.3"
178.128.58.138 - - [15/Mar/2025:09:47:27 +0700] "GET /assets/js/ckeditor/plugins/kcfinder-3.12/upload.php HTTP/1.1" 301 0 "-" "python-requests/2.32.3"
178.128.58.138 - - [15/Mar/2025:09:47:29 +0700] "GET /assets/js/ckeditor/plugins/kcfinder-3.12/upload.php HTTP/1.1" 404 3380 "-" "python-requests/2.32.3"
178.128.58.138 - - [15/Mar/2025:09:47:31 +0700] "GET /assets/js/ckeditor/plugins/kcfinder/upload.php HTTP/1.1" 301 0 "-" "python-requests/2.32.3"
178.128.58.138 - - [15/Mar/2025:09:47:34 +0700] "GET /assets/js/ckeditor/plugins/kcfinder/upload.php HTTP/1.1" 404 3380 "-" "python-requests/2.32.3"
178.128.58.138 - - [15/Mar/2025:09:47:36 +0700] "GET /assets/js/kcfinder-3.12/upload.php HTTP/1.1" 301 0 "-" "python-requests/2.32.3"
178.128.58.138 - - [15/Mar/2025:09:47:38 +0700] "GET /assets/js/kcfinder-3.12/upload.php HTTP/1.1" 404 3380 "-" "python-requests/2.32.3"
178.128.58.138 - - [15/Mar/2025:09:47:40 +0700] "GET /assets/js/kcfinder/upload.php HTTP/1.1" 301 0 "-" "python-requests/2.32.3"
178.128.58.138 - - [15/Mar/2025:09:47:43 +0700] "GET /assets/js/kcfinder/upload.php HTTP/1.1" 404 3380 "-" "python-requests/2.32.3"
178.128.58.138 - - [15/Mar/2025:09:47:45 +0700] "GET /assets/js/mylibs/kcfinder-3.12/upload.php HTTP/1.1" 301 0 "-" "python-requests/2.32.3"
178.128.58.138 - - [15/Mar/2025:09:47:47 +0700] "GET /assets/js/mylibs/kcfinder-3.12/upload.php HTTP/1.1" 404 3380 "-" "python-requests/2.32.3"
178.128.58.138 - - [15/Mar/2025:09:47:49 +0700] "GET /assets/js/mylibs/kcfinder/upload.php HTTP/1.1" 301 0 "-" "python-requests/2.32.3"
178.128.58.138 - - [15/Mar/2025:09:47:52 +0700] "GET /assets/js/mylibs/kcfinder/upload.php HTTP/1.1" 404 3380 "-" "python-requests/2.32.3"
178.128.58.138 - - [15/Mar/2025:09:47:54 +0700] "GET /assets/js/plugins/ckeditor/plugins/kcfinder-3.12/upload.php HTTP/1.1" 301 0 "-" "python-requests/2.32.3"
178.128.58.138 - - [15/Mar/2025:09:47:56 +0700] "GET /assets/js/plugins/ckeditor/plugins/kcfinder-3.12/upload.php HTTP/1.1" 404 3380 "-" "python-requests/2.32.3"
178.128.58.138 - - [15/Mar/2025:09:47:58 +0700] "GET /assets/js/plugins/ckeditor/plugins/kcfinder/upload.php HTTP/1.1" 301 0 "-" "python-requests/2.32.3"
178.128.58.138 - - [15/Mar/2025:09:48:00 +0700] "GET /assets/js/plugins/ckeditor/plugins/kcfinder/upload.php HTTP/1.1" 404 3380 "-" "python-requests/2.32.3"
178.128.58.138 - - [15/Mar/2025:09:48:03 +0700] "GET /assets/js/scripts/kcfinder-3.12/upload.php HTTP/1.1" 301 0 "-" "python-requests/2.32.3"
178.128.58.138 - - [15/Mar/2025:09:48:06 +0700] "GET /assets/js/scripts/kcfinder-3.12/upload.php HTTP/1.1" 404 3380 "-" "python-requests/2.32.3"
178.128.58.138 - - [15/Mar/2025:09:48:08 +0700] "GET /assets/js/scripts/kcfinder/upload.php HTTP/1.1" 301 0 "-" "python-requests/2.32.3"
178.128.58.138 - - [15/Mar/2025:09:48:10 +0700] "GET /assets/js/scripts/kcfinder/upload.php HTTP/1.1" 404 3380 "-" "python-requests/2.32.3"
178.128.58.138 - - [15/Mar/2025:09:48:13 +0700] "GET /assets/kcfinder-3.12/upload.php HTTP/1.1" 301 0 "-" "python-requests/2.32.3"
178.128.58.138 - - [15/Mar/2025:09:48:15 +0700] "GET /assets/kcfinder-3.12/upload.php HTTP/1.1" 404 3380 "-" "python-requests/2.32.3"
180.235.151.3 - - [15/Mar/2025:09:48:20 +0700] "POST /wp-cron.php?doing_wp_cron=1742006900.5406870841979980468750 HTTP/1.1" 403 1242 "-" "WordPress/6.7.2; https://www.aturtoko.id"
178.128.58.138 - - [15/Mar/2025:09:48:17 +0700] "GET /assets/kcfinder/upload.php HTTP/1.1" 301 0 "-" "python-requests/2.32.3"
178.128.58.138 - - [15/Mar/2025:09:48:20 +0700] "GET /assets/kcfinder/upload.php HTTP/1.1" 404 3380 "-" "python-requests/2.32.3"
178.128.58.138 - - [15/Mar/2025:09:48:22 +0700] "GET /assets/lib/kcfinder-3.12/upload.php HTTP/1.1" 301 0 "-" "python-requests/2.32.3"
178.128.58.138 - - [15/Mar/2025:09:48:25 +0700] "GET /assets/lib/kcfinder-3.12/upload.php HTTP/1.1" 404 3380 "-" "python-requests/2.32.3"