18.142.117.180 - - [15/Mar/2025:08:18:24 +0700] "POST /assets/uploads/alfacgiapi/py.alfa HTTP/1.1" 404 3380 "-" "Mozilla/5.0 (Linux; Android 11; Redmi Note 9 Pro Build/RKQ1.200826.002; wv) AppleWebKit/537.36 (KHTML, like Gecko) Version/4.0 Chrome/90.0.4430.210 Mobile Safari/537.36"
18.142.117.180 - - [15/Mar/2025:08:18:28 +0700] "GET /assets/uploads/alfacgiapi/index.php?bx=0e215962017 HTTP/1.1" 301 0 "-" "Mozilla/5.0 (Linux; Android 11; Redmi Note 9 Pro Build/RKQ1.200826.002; wv) AppleWebKit/537.36 (KHTML, like Gecko) Version/4.0 Chrome/90.0.4430.210 Mobile Safari/537.36"
188.166.183.64 - - [15/Mar/2025:08:18:32 +0700] "GET / HTTP/1.1" 301 0 "-" "Mozilla/5.0 (Windows NT 10.0; Win64; x64) AppleWebKit/537.36 (KHTML, like Gecko) Chrome/88.0.4240.193 Safari/537.36"
66.249.75.228 - - [15/Mar/2025:08:18:34 +0700] "GET /premier/good/322582020.shtm HTTP/1.1" 200 21145 "-" "Mozilla/5.0 (compatible; Googlebot/2.1; +http://www.google.com/bot.html)"
18.142.117.180 - - [15/Mar/2025:08:18:32 +0700] "GET /assets/uploads/alfacgiapi/?bx=0e215962017 HTTP/1.1" 404 3380 "-" "Mozilla/5.0 (Linux; Android 11; Redmi Note 9 Pro Build/RKQ1.200826.002; wv) AppleWebKit/537.36 (KHTML, like Gecko) Version/4.0 Chrome/90.0.4430.210 Mobile Safari/537.36"
180.235.151.3 - - [15/Mar/2025:08:18:41 +0700] "POST /wp-cron.php?doing_wp_cron=1742001521.9666800498962402343750 HTTP/1.1" 403 1242 "-" "WordPress/6.7.2; https://www.aturtoko.id"
18.142.117.180 - - [15/Mar/2025:08:18:37 +0700] "GET /assets/uploads/alfacgiapi/radio.php?bx=0e215962017 HTTP/1.1" 404 3380 "-" "Mozilla/5.0 (Linux; Android 11; Redmi Note 9 Pro Build/RKQ1.200826.002; wv) AppleWebKit/537.36 (KHTML, like Gecko) Version/4.0 Chrome/90.0.4430.210 Mobile Safari/537.36"
18.142.117.180 - - [15/Mar/2025:08:18:41 +0700] "GET /assets/uploads/alfacgiapi/404.php?bx=0e215962017 HTTP/1.1" 404 3380 "-" "Mozilla/5.0 (Linux; Android 11; Redmi Note 9 Pro Build/RKQ1.200826.002; wv) AppleWebKit/537.36 (KHTML, like Gecko) Version/4.0 Chrome/90.0.4430.210 Mobile Safari/537.36"
18.142.117.180 - - [15/Mar/2025:08:18:46 +0700] "POST /assets/uploads/ALFA_DATA/alfacgiapi/perl.alfa HTTP/1.1" 404 3380 "-" "Mozilla/5.0 (Linux; Android 11; Redmi Note 9 Pro Build/RKQ1.200826.002; wv) AppleWebKit/537.36 (KHTML, like Gecko) Version/4.0 Chrome/90.0.4430.210 Mobile Safari/537.36"
66.249.75.228 - - [15/Mar/2025:08:18:51 +0700] "GET /syn/3226915890.shtm HTTP/1.1" 200 19667 "-" "Mozilla/5.0 (compatible; Googlebot/2.1; +http://www.google.com/bot.html)"
18.142.117.180 - - [15/Mar/2025:08:18:51 +0700] "POST /assets/uploads/ALFA_DATA/alfacgiapi/perl.alfa HTTP/1.1" 404 3380 "-" "Mozilla/5.0 (Linux; Android 11; Redmi Note 9 Pro Build/RKQ1.200826.002; wv) AppleWebKit/537.36 (KHTML, like Gecko) Version/4.0 Chrome/90.0.4430.210 Mobile Safari/537.36"
18.142.117.180 - - [15/Mar/2025:08:18:55 +0700] "POST /assets/uploads/ALFA_DATA/alfacgiapi/bash.alfa HTTP/1.1" 404 3380 "-" "Mozilla/5.0 (Linux; Android 11; Redmi Note 9 Pro Build/RKQ1.200826.002; wv) AppleWebKit/537.36 (KHTML, like Gecko) Version/4.0 Chrome/90.0.4430.210 Mobile Safari/537.36"
18.142.117.180 - - [15/Mar/2025:08:19:00 +0700] "POST /assets/uploads/ALFA_DATA/alfacgiapi/bash.alfa HTTP/1.1" 404 3380 "-" "Mozilla/5.0 (Linux; Android 11; Redmi Note 9 Pro Build/RKQ1.200826.002; wv) AppleWebKit/537.36 (KHTML, like Gecko) Version/4.0 Chrome/90.0.4430.210 Mobile Safari/537.36"
18.142.117.180 - - [15/Mar/2025:08:19:04 +0700] "POST /assets/uploads/ALFA_DATA/alfacgiapi/py.alfa HTTP/1.1" 404 3380 "-" "Mozilla/5.0 (Linux; Android 11; Redmi Note 9 Pro Build/RKQ1.200826.002; wv) AppleWebKit/537.36 (KHTML, like Gecko) Version/4.0 Chrome/90.0.4430.210 Mobile Safari/537.36"
66.249.75.228 - - [15/Mar/2025:08:19:08 +0700] "GET /3225150370.shtm HTTP/1.1" 200 20205 "-" "Mozilla/5.0 (compatible; Googlebot/2.1; +http://www.google.com/bot.html)"
18.142.117.180 - - [15/Mar/2025:08:19:09 +0700] "POST /assets/uploads/ALFA_DATA/alfacgiapi/py.alfa HTTP/1.1" 404 3380 "-" "Mozilla/5.0 (Linux; Android 11; Redmi Note 9 Pro Build/RKQ1.200826.002; wv) AppleWebKit/537.36 (KHTML, like Gecko) Version/4.0 Chrome/90.0.4430.210 Mobile Safari/537.36"
18.142.117.180 - - [15/Mar/2025:08:19:14 +0700] "GET /assets/uploads/ALFA_DATA/alfacgiapi/index.php?bx=0e215962017 HTTP/1.1" 301 0 "-" "Mozilla/5.0 (Linux; Android 11; Redmi Note 9 Pro Build/RKQ1.200826.002; wv) AppleWebKit/537.36 (KHTML, like Gecko) Version/4.0 Chrome/90.0.4430.210 Mobile Safari/537.36"
18.142.117.180 - - [15/Mar/2025:08:19:18 +0700] "GET /assets/uploads/ALFA_DATA/alfacgiapi/?bx=0e215962017 HTTP/1.1" 404 3380 "-" "Mozilla/5.0 (Linux; Android 11; Redmi Note 9 Pro Build/RKQ1.200826.002; wv) AppleWebKit/537.36 (KHTML, like Gecko) Version/4.0 Chrome/90.0.4430.210 Mobile Safari/537.36"
66.249.75.228 - - [15/Mar/2025:08:19:25 +0700] "POST /get-message-notify HTTP/1.1" 200 22058 "http://www.aturtoko.id/3225150370.shtm" "Mozilla/5.0 AppleWebKit/537.36 (KHTML, like Gecko; compatible; Googlebot/2.1; +http://www.google.com/bot.html) Chrome/133.0.6943.141 Safari/537.36"
18.142.117.180 - - [15/Mar/2025:08:19:22 +0700] "GET /assets/uploads/ALFA_DATA/alfacgiapi/radio.php?bx=0e215962017 HTTP/1.1" 404 3380 "-" "Mozilla/5.0 (Linux; Android 11; Redmi Note 9 Pro Build/RKQ1.200826.002; wv) AppleWebKit/537.36 (KHTML, like Gecko) Version/4.0 Chrome/90.0.4430.210 Mobile Safari/537.36"
66.249.75.228 - - [15/Mar/2025:08:19:29 +0700] "GET /silhouette/good/3226697170.shtm HTTP/1.1" 200 19741 "-" "Mozilla/5.0 (compatible; Googlebot/2.1; +http://www.google.com/bot.html)"
18.142.117.180 - - [15/Mar/2025:08:19:27 +0700] "GET /assets/uploads/ALFA_DATA/alfacgiapi/404.php?bx=0e215962017 HTTP/1.1" 404 3380 "-" "Mozilla/5.0 (Linux; Android 11; Redmi Note 9 Pro Build/RKQ1.200826.002; wv) AppleWebKit/537.36 (KHTML, like Gecko) Version/4.0 Chrome/90.0.4430.210 Mobile Safari/537.36"
18.142.117.180 - - [15/Mar/2025:08:19:32 +0700] "POST /wp-content/alfacgiapi/perl.alfa HTTP/1.1" 404 3380 "-" "Mozilla/5.0 (Linux; Android 11; Redmi Note 9 Pro Build/RKQ1.200826.002; wv) AppleWebKit/537.36 (KHTML, like Gecko) Version/4.0 Chrome/90.0.4430.210 Mobile Safari/537.36"
66.249.75.228 - - [15/Mar/2025:08:19:39 +0700] "GET /efficiently/good/3225287070.shtm HTTP/1.1" 200 19590 "-" "Mozilla/5.0 (compatible; Googlebot/2.1; +http://www.google.com/bot.html)"
18.142.117.180 - - [15/Mar/2025:08:19:36 +0700] "POST /wp-content/alfacgiapi/perl.alfa HTTP/1.1" 404 3380 "-" "Mozilla/5.0 (Linux; Android 11; Redmi Note 9 Pro Build/RKQ1.200826.002; wv) AppleWebKit/537.36 (KHTML, like Gecko) Version/4.0 Chrome/90.0.4430.210 Mobile Safari/537.36"
180.235.151.3 - - [15/Mar/2025:08:19:45 +0700] "POST /wp-cron.php?doing_wp_cron=1742001585.0940361022949218750000 HTTP/1.1" 403 1242 "-" "WordPress/6.7.2; https://www.aturtoko.id"
18.142.117.180 - - [15/Mar/2025:08:19:40 +0700] "POST /wp-content/alfacgiapi/bash.alfa HTTP/1.1" 404 3380 "-" "Mozilla/5.0 (Linux; Android 11; Redmi Note 9 Pro Build/RKQ1.200826.002; wv) AppleWebKit/537.36 (KHTML, like Gecko) Version/4.0 Chrome/90.0.4430.210 Mobile Safari/537.36"
188.166.212.88 - - [15/Mar/2025:08:19:44 +0700] "GET / HTTP/1.1" 301 0 "-" "Mozilla/5.0 (Windows NT 10.0; Win64; x64) AppleWebKit/537.36 (KHTML, like Gecko) Chrome/88.0.4240.193 Safari/537.36"
18.142.117.180 - - [15/Mar/2025:08:19:45 +0700] "POST /wp-content/alfacgiapi/bash.alfa HTTP/1.1" 404 3380 "-" "Mozilla/5.0 (Linux; Android 11; Redmi Note 9 Pro Build/RKQ1.200826.002; wv) AppleWebKit/537.36 (KHTML, like Gecko) Version/4.0 Chrome/90.0.4430.210 Mobile Safari/537.36"
18.142.117.180 - - [15/Mar/2025:08:19:49 +0700] "POST /wp-content/alfacgiapi/py.alfa HTTP/1.1" 404 3380 "-" "Mozilla/5.0 (Linux; Android 11; Redmi Note 9 Pro Build/RKQ1.200826.002; wv) AppleWebKit/537.36 (KHTML, like Gecko) Version/4.0 Chrome/90.0.4430.210 Mobile Safari/537.36"
18.142.117.180 - - [15/Mar/2025:08:19:53 +0700] "POST /wp-content/alfacgiapi/py.alfa HTTP/1.1" 404 3380 "-" "Mozilla/5.0 (Linux; Android 11; Redmi Note 9 Pro Build/RKQ1.200826.002; wv) AppleWebKit/537.36 (KHTML, like Gecko) Version/4.0 Chrome/90.0.4430.210 Mobile Safari/537.36"
18.142.117.180 - - [15/Mar/2025:08:19:58 +0700] "GET /wp-content/alfacgiapi/index.php?bx=0e215962017 HTTP/1.1" 301 0 "-" "Mozilla/5.0 (Linux; Android 11; Redmi Note 9 Pro Build/RKQ1.200826.002; wv) AppleWebKit/537.36 (KHTML, like Gecko) Version/4.0 Chrome/90.0.4430.210 Mobile Safari/537.36"
66.249.75.228 - - [15/Mar/2025:08:20:04 +0700] "GET /ls/3225464780.shtm HTTP/1.1" 200 19918 "-" "Mozilla/5.0 (compatible; Googlebot/2.1; +http://www.google.com/bot.html)"
18.142.117.180 - - [15/Mar/2025:08:20:03 +0700] "GET /wp-content/alfacgiapi/?bx=0e215962017 HTTP/1.1" 404 3380 "-" "Mozilla/5.0 (Linux; Android 11; Redmi Note 9 Pro Build/RKQ1.200826.002; wv) AppleWebKit/537.36 (KHTML, like Gecko) Version/4.0 Chrome/90.0.4430.210 Mobile Safari/537.36"
18.142.117.180 - - [15/Mar/2025:08:20:08 +0700] "GET /wp-content/alfacgiapi/radio.php?bx=0e215962017 HTTP/1.1" 404 3380 "-" "Mozilla/5.0 (Linux; Android 11; Redmi Note 9 Pro Build/RKQ1.200826.002; wv) AppleWebKit/537.36 (KHTML, like Gecko) Version/4.0 Chrome/90.0.4430.210 Mobile Safari/537.36"
18.142.117.180 - - [15/Mar/2025:08:20:12 +0700] "GET /wp-content/alfacgiapi/404.php?bx=0e215962017 HTTP/1.1" 404 3380 "-" "Mozilla/5.0 (Linux; Android 11; Redmi Note 9 Pro Build/RKQ1.200826.002; wv) AppleWebKit/537.36 (KHTML, like Gecko) Version/4.0 Chrome/90.0.4430.210 Mobile Safari/537.36"
66.249.71.9 - - [15/Mar/2025:08:20:16 +0700] "GET /3226560470.shtm HTTP/1.1" 200 20302 "-" "Mozilla/5.0 (compatible; Googlebot/2.1; +http://www.google.com/bot.html)"
18.142.117.180 - - [15/Mar/2025:08:20:17 +0700] "POST /wp-content/ALFA_DATA/alfacgiapi/wp-content/uploads/alfacgiapi/perl.alfa HTTP/1.1" 404 3380 "-" "Mozilla/5.0 (Linux; Android 11; Redmi Note 9 Pro Build/RKQ1.200826.002; wv) AppleWebKit/537.36 (KHTML, like Gecko) Version/4.0 Chrome/90.0.4430.210 Mobile Safari/537.36"
18.142.117.180 - - [15/Mar/2025:08:20:21 +0700] "POST /wp-content/ALFA_DATA/alfacgiapi/wp-content/uploads/alfacgiapi/perl.alfa HTTP/1.1" 404 3380 "-" "Mozilla/5.0 (Linux; Android 11; Redmi Note 9 Pro Build/RKQ1.200826.002; wv) AppleWebKit/537.36 (KHTML, like Gecko) Version/4.0 Chrome/90.0.4430.210 Mobile Safari/537.36"
18.142.117.180 - - [15/Mar/2025:08:20:26 +0700] "POST /wp-content/ALFA_DATA/alfacgiapi/wp-content/uploads/alfacgiapi/bash.alfa HTTP/1.1" 404 3380 "-" "Mozilla/5.0 (Linux; Android 11; Redmi Note 9 Pro Build/RKQ1.200826.002; wv) AppleWebKit/537.36 (KHTML, like Gecko) Version/4.0 Chrome/90.0.4430.210 Mobile Safari/537.36"
66.249.75.228 - - [15/Mar/2025:08:20:29 +0700] "GET /3225109360.shtm HTTP/1.1" 200 19676 "-" "Mozilla/5.0 (compatible; Googlebot/2.1; +http://www.google.com/bot.html)"
18.142.117.180 - - [15/Mar/2025:08:20:30 +0700] "POST /wp-content/ALFA_DATA/alfacgiapi/wp-content/uploads/alfacgiapi/bash.alfa HTTP/1.1" 404 3380 "-" "Mozilla/5.0 (Linux; Android 11; Redmi Note 9 Pro Build/RKQ1.200826.002; wv) AppleWebKit/537.36 (KHTML, like Gecko) Version/4.0 Chrome/90.0.4430.210 Mobile Safari/537.36"
18.142.117.180 - - [15/Mar/2025:08:20:35 +0700] "POST /wp-content/ALFA_DATA/alfacgiapi/wp-content/uploads/alfacgiapi/py.alfa HTTP/1.1" 404 3380 "-" "Mozilla/5.0 (Linux; Android 11; Redmi Note 9 Pro Build/RKQ1.200826.002; wv) AppleWebKit/537.36 (KHTML, like Gecko) Version/4.0 Chrome/90.0.4430.210 Mobile Safari/537.36"
18.142.117.180 - - [15/Mar/2025:08:20:39 +0700] "POST /wp-content/ALFA_DATA/alfacgiapi/wp-content/uploads/alfacgiapi/py.alfa HTTP/1.1" 404 3380 "-" "Mozilla/5.0 (Linux; Android 11; Redmi Note 9 Pro Build/RKQ1.200826.002; wv) AppleWebKit/537.36 (KHTML, like Gecko) Version/4.0 Chrome/90.0.4430.210 Mobile Safari/537.36"
66.249.75.228 - - [15/Mar/2025:08:20:46 +0700] "GET /deal/3225259730.shtm HTTP/1.1" 200 19592 "-" "Mozilla/5.0 (compatible; Googlebot/2.1; +http://www.google.com/bot.html)"
180.235.151.3 - - [15/Mar/2025:08:20:48 +0700] "POST /wp-cron.php?doing_wp_cron=1742001648.6642479896545410156250 HTTP/1.1" 403 1242 "-" "WordPress/6.7.2; https://www.aturtoko.id"
18.142.117.180 - - [15/Mar/2025:08:20:44 +0700] "GET /wp-content/ALFA_DATA/alfacgiapi/wp-content/uploads/alfacgiapi/index.php?bx=0e215962017 HTTP/1.1" 301 0 "-" "Mozilla/5.0 (Linux; Android 11; Redmi Note 9 Pro Build/RKQ1.200826.002; wv) AppleWebKit/537.36 (KHTML, like Gecko) Version/4.0 Chrome/90.0.4430.210 Mobile Safari/537.36"
18.142.117.180 - - [15/Mar/2025:08:20:48 +0700] "GET /wp-content/ALFA_DATA/alfacgiapi/wp-content/uploads/alfacgiapi/?bx=0e215962017 HTTP/1.1" 404 3380 "-" "Mozilla/5.0 (Linux; Android 11; Redmi Note 9 Pro Build/RKQ1.200826.002; wv) AppleWebKit/537.36 (KHTML, like Gecko) Version/4.0 Chrome/90.0.4430.210 Mobile Safari/537.36"
18.142.117.180 - - [15/Mar/2025:08:20:53 +0700] "GET /wp-content/ALFA_DATA/alfacgiapi/wp-content/uploads/alfacgiapi/radio.php?bx=0e215962017 HTTP/1.1" 404 3380 "-" "Mozilla/5.0 (Linux; Android 11; Redmi Note 9 Pro Build/RKQ1.200826.002; wv) AppleWebKit/537.36 (KHTML, like Gecko) Version/4.0 Chrome/90.0.4430.210 Mobile Safari/537.36"
66.249.75.228 - - [15/Mar/2025:08:20:59 +0700] "GET /3225232390.shtm HTTP/1.1" 200 19420 "-" "Mozilla/5.0 (compatible; Googlebot/2.1; +http://www.google.com/bot.html)"
18.142.117.180 - - [15/Mar/2025:08:20:57 +0700] "GET /wp-content/ALFA_DATA/alfacgiapi/wp-content/uploads/alfacgiapi/404.php?bx=0e215962017 HTTP/1.1" 404 3373 "-" "Mozilla/5.0 (Linux; Android 11; Redmi Note 9 Pro Build/RKQ1.200826.002; wv) AppleWebKit/537.36 (KHTML, like Gecko) Version/4.0 Chrome/90.0.4430.210 Mobile Safari/537.36"
18.142.117.180 - - [15/Mar/2025:08:21:02 +0700] "POST /wp-content/uploads/ALFA_DATA/alfacgiapi/perl.alfa HTTP/1.1" 404 3380 "-" "Mozilla/5.0 (Linux; Android 11; Redmi Note 9 Pro Build/RKQ1.200826.002; wv) AppleWebKit/537.36 (KHTML, like Gecko) Version/4.0 Chrome/90.0.4430.210 Mobile Safari/537.36"
18.142.117.180 - - [15/Mar/2025:08:21:06 +0700] "POST /wp-content/uploads/ALFA_DATA/alfacgiapi/perl.alfa HTTP/1.1" 404 3380 "-" "Mozilla/5.0 (Linux; Android 11; Redmi Note 9 Pro Build/RKQ1.200826.002; wv) AppleWebKit/537.36 (KHTML, like Gecko) Version/4.0 Chrome/90.0.4430.210 Mobile Safari/537.36"
18.142.117.180 - - [15/Mar/2025:08:21:11 +0700] "POST /wp-content/uploads/ALFA_DATA/alfacgiapi/bash.alfa HTTP/1.1" 404 3380 "-" "Mozilla/5.0 (Linux; Android 11; Redmi Note 9 Pro Build/RKQ1.200826.002; wv) AppleWebKit/537.36 (KHTML, like Gecko) Version/4.0 Chrome/90.0.4430.210 Mobile Safari/537.36"
66.249.71.9 - - [15/Mar/2025:08:21:18 +0700] "GET /3226765520.shtm HTTP/1.1" 200 19657 "-" "Mozilla/5.0 (compatible; Googlebot/2.1; +http://www.google.com/bot.html)"
18.142.117.180 - - [15/Mar/2025:08:21:16 +0700] "POST /wp-content/uploads/ALFA_DATA/alfacgiapi/bash.alfa HTTP/1.1" 404 3380 "-" "Mozilla/5.0 (Linux; Android 11; Redmi Note 9 Pro Build/RKQ1.200826.002; wv) AppleWebKit/537.36 (KHTML, like Gecko) Version/4.0 Chrome/90.0.4430.210 Mobile Safari/537.36"
18.142.117.180 - - [15/Mar/2025:08:21:21 +0700] "POST /wp-content/uploads/ALFA_DATA/alfacgiapi/py.alfa HTTP/1.1" 404 3380 "-" "Mozilla/5.0 (Linux; Android 11; Redmi Note 9 Pro Build/RKQ1.200826.002; wv) AppleWebKit/537.36 (KHTML, like Gecko) Version/4.0 Chrome/90.0.4430.210 Mobile Safari/537.36"
18.142.117.180 - - [15/Mar/2025:08:21:26 +0700] "POST /wp-content/uploads/ALFA_DATA/alfacgiapi/py.alfa HTTP/1.1" 404 3380 "-" "Mozilla/5.0 (Linux; Android 11; Redmi Note 9 Pro Build/RKQ1.200826.002; wv) AppleWebKit/537.36 (KHTML, like Gecko) Version/4.0 Chrome/90.0.4430.210 Mobile Safari/537.36"
66.249.75.228 - - [15/Mar/2025:08:21:29 +0700] "GET /ribbon/3226505790.shtm HTTP/1.1" 200 20134 "-" "Mozilla/5.0 (compatible; Googlebot/2.1; +http://www.google.com/bot.html)"
18.142.117.180 - - [15/Mar/2025:08:21:31 +0700] "GET /wp-content/uploads/ALFA_DATA/alfacgiapi/index.php?bx=0e215962017 HTTP/1.1" 301 0 "-" "Mozilla/5.0 (Linux; Android 11; Redmi Note 9 Pro Build/RKQ1.200826.002; wv) AppleWebKit/537.36 (KHTML, like Gecko) Version/4.0 Chrome/90.0.4430.210 Mobile Safari/537.36"
18.142.117.180 - - [15/Mar/2025:08:21:35 +0700] "GET /wp-content/uploads/ALFA_DATA/alfacgiapi/?bx=0e215962017 HTTP/1.1" 404 3380 "-" "Mozilla/5.0 (Linux; Android 11; Redmi Note 9 Pro Build/RKQ1.200826.002; wv) AppleWebKit/537.36 (KHTML, like Gecko) Version/4.0 Chrome/90.0.4430.210 Mobile Safari/537.36"
18.142.117.180 - - [15/Mar/2025:08:21:40 +0700] "GET /wp-content/uploads/ALFA_DATA/alfacgiapi/radio.php?bx=0e215962017 HTTP/1.1" 404 3380 "-" "Mozilla/5.0 (Linux; Android 11; Redmi Note 9 Pro Build/RKQ1.200826.002; wv) AppleWebKit/537.36 (KHTML, like Gecko) Version/4.0 Chrome/90.0.4430.210 Mobile Safari/537.36"
66.249.75.228 - - [15/Mar/2025:08:21:46 +0700] "GET /secular/good/3225451110.shtm HTTP/1.1" 200 20120 "-" "Mozilla/5.0 (compatible; Googlebot/2.1; +http://www.google.com/bot.html)"
180.235.151.3 - - [15/Mar/2025:08:21:49 +0700] "POST /wp-cron.php?doing_wp_cron=1742001709.7092590332031250000000 HTTP/1.1" 403 1242 "-" "WordPress/6.7.2; https://www.aturtoko.id"
18.142.117.180 - - [15/Mar/2025:08:21:45 +0700] "GET /wp-content/uploads/ALFA_DATA/alfacgiapi/404.php?bx=0e215962017 HTTP/1.1" 404 3380 "-" "Mozilla/5.0 (Linux; Android 11; Redmi Note 9 Pro Build/RKQ1.200826.002; wv) AppleWebKit/537.36 (KHTML, like Gecko) Version/4.0 Chrome/90.0.4430.210 Mobile Safari/537.36"
18.142.117.180 - - [15/Mar/2025:08:21:49 +0700] "POST /wp-content/plugins/alfacgiapi/perl.alfa HTTP/1.1" 404 3380 "-" "Mozilla/5.0 (Linux; Android 11; Redmi Note 9 Pro Build/RKQ1.200826.002; wv) AppleWebKit/537.36 (KHTML, like Gecko) Version/4.0 Chrome/90.0.4430.210 Mobile Safari/537.36"
18.142.117.180 - - [15/Mar/2025:08:21:54 +0700] "POST /wp-content/plugins/alfacgiapi/perl.alfa HTTP/1.1" 404 3380 "-" "Mozilla/5.0 (Linux; Android 11; Redmi Note 9 Pro Build/RKQ1.200826.002; wv) AppleWebKit/537.36 (KHTML, like Gecko) Version/4.0 Chrome/90.0.4430.210 Mobile Safari/537.36"
66.249.75.228 - - [15/Mar/2025:08:21:58 +0700] "GET /avoids/good/3226738180.shtm HTTP/1.1" 200 19838 "-" "Mozilla/5.0 (compatible; Googlebot/2.1; +http://www.google.com/bot.html)"
18.142.117.180 - - [15/Mar/2025:08:21:59 +0700] "POST /wp-content/plugins/alfacgiapi/bash.alfa HTTP/1.1" 404 3380 "-" "Mozilla/5.0 (Linux; Android 11; Redmi Note 9 Pro Build/RKQ1.200826.002; wv) AppleWebKit/537.36 (KHTML, like Gecko) Version/4.0 Chrome/90.0.4430.210 Mobile Safari/537.36"
18.142.117.180 - - [15/Mar/2025:08:22:03 +0700] "POST /wp-content/plugins/alfacgiapi/bash.alfa HTTP/1.1" 404 3380 "-" "Mozilla/5.0 (Linux; Android 11; Redmi Note 9 Pro Build/RKQ1.200826.002; wv) AppleWebKit/537.36 (KHTML, like Gecko) Version/4.0 Chrome/90.0.4430.210 Mobile Safari/537.36"
18.142.117.180 - - [15/Mar/2025:08:22:08 +0700] "POST /wp-content/plugins/alfacgiapi/py.alfa HTTP/1.1" 404 3380 "-" "Mozilla/5.0 (Linux; Android 11; Redmi Note 9 Pro Build/RKQ1.200826.002; wv) AppleWebKit/537.36 (KHTML, like Gecko) Version/4.0 Chrome/90.0.4430.210 Mobile Safari/537.36"
18.142.117.180 - - [15/Mar/2025:08:22:13 +0700] "POST /wp-content/plugins/alfacgiapi/py.alfa HTTP/1.1" 404 3380 "-" "Mozilla/5.0 (Linux; Android 11; Redmi Note 9 Pro Build/RKQ1.200826.002; wv) AppleWebKit/537.36 (KHTML, like Gecko) Version/4.0 Chrome/90.0.4430.210 Mobile Safari/537.36"
66.249.75.228 - - [15/Mar/2025:08:22:19 +0700] "GET /realities/3226792860.shtm HTTP/1.1" 200 19420 "-" "Mozilla/5.0 (compatible; Googlebot/2.1; +http://www.google.com/bot.html)"
18.142.117.180 - - [15/Mar/2025:08:22:17 +0700] "GET /wp-content/plugins/alfacgiapi/index.php?bx=0e215962017 HTTP/1.1" 301 0 "-" "Mozilla/5.0 (Linux; Android 11; Redmi Note 9 Pro Build/RKQ1.200826.002; wv) AppleWebKit/537.36 (KHTML, like Gecko) Version/4.0 Chrome/90.0.4430.210 Mobile Safari/537.36"
18.142.117.180 - - [15/Mar/2025:08:22:22 +0700] "GET /wp-content/plugins/alfacgiapi/?bx=0e215962017 HTTP/1.1" 404 3380 "-" "Mozilla/5.0 (Linux; Android 11; Redmi Note 9 Pro Build/RKQ1.200826.002; wv) AppleWebKit/537.36 (KHTML, like Gecko) Version/4.0 Chrome/90.0.4430.210 Mobile Safari/537.36"
18.142.117.180 - - [15/Mar/2025:08:22:27 +0700] "GET /wp-content/plugins/alfacgiapi/radio.php?bx=0e215962017 HTTP/1.1" 404 3380 "-" "Mozilla/5.0 (Linux; Android 11; Redmi Note 9 Pro Build/RKQ1.200826.002; wv) AppleWebKit/537.36 (KHTML, like Gecko) Version/4.0 Chrome/90.0.4430.210 Mobile Safari/537.36"
66.249.75.228 - - [15/Mar/2025:08:22:31 +0700] "GET /3226642490.shtm HTTP/1.1" 200 21465 "-" "Mozilla/5.0 (compatible; Googlebot/2.1; +http://www.google.com/bot.html)"
18.142.117.180 - - [15/Mar/2025:08:22:31 +0700] "GET /wp-content/plugins/alfacgiapi/404.php?bx=0e215962017 HTTP/1.1" 404 3380 "-" "Mozilla/5.0 (Linux; Android 11; Redmi Note 9 Pro Build/RKQ1.200826.002; wv) AppleWebKit/537.36 (KHTML, like Gecko) Version/4.0 Chrome/90.0.4430.210 Mobile Safari/537.36"
18.142.117.180 - - [15/Mar/2025:08:22:36 +0700] "POST /wp-content/plugins/ALFA_DATA/alfacgiapi/perl.alfa HTTP/1.1" 404 3380 "-" "Mozilla/5.0 (Linux; Android 11; Redmi Note 9 Pro Build/RKQ1.200826.002; wv) AppleWebKit/537.36 (KHTML, like Gecko) Version/4.0 Chrome/90.0.4430.210 Mobile Safari/537.36"
18.142.117.180 - - [15/Mar/2025:08:22:40 +0700] "POST /wp-content/plugins/ALFA_DATA/alfacgiapi/perl.alfa HTTP/1.1" 404 3380 "-" "Mozilla/5.0 (Linux; Android 11; Redmi Note 9 Pro Build/RKQ1.200826.002; wv) AppleWebKit/537.36 (KHTML, like Gecko) Version/4.0 Chrome/90.0.4430.210 Mobile Safari/537.36"
180.235.151.3 - - [15/Mar/2025:08:22:50 +0700] "POST /wp-cron.php?doing_wp_cron=1742001770.0657100677490234375000 HTTP/1.1" 403 1242 "-" "WordPress/6.7.2; https://www.aturtoko.id"
18.142.117.180 - - [15/Mar/2025:08:22:44 +0700] "POST /wp-content/plugins/ALFA_DATA/alfacgiapi/bash.alfa HTTP/1.1" 404 3380 "-" "Mozilla/5.0 (Linux; Android 11; Redmi Note 9 Pro Build/RKQ1.200826.002; wv) AppleWebKit/537.36 (KHTML, like Gecko) Version/4.0 Chrome/90.0.4430.210 Mobile Safari/537.36"
66.249.75.228 - - [15/Mar/2025:08:22:49 +0700] "GET /transferable/32271238408.shtm HTTP/1.1" 200 20172 "-" "Mozilla/5.0 (compatible; Googlebot/2.1; +http://www.google.com/bot.html)"
18.142.117.180 - - [15/Mar/2025:08:22:50 +0700] "POST /wp-content/plugins/ALFA_DATA/alfacgiapi/bash.alfa HTTP/1.1" 404 3380 "-" "Mozilla/5.0 (Linux; Android 11; Redmi Note 9 Pro Build/RKQ1.200826.002; wv) AppleWebKit/537.36 (KHTML, like Gecko) Version/4.0 Chrome/90.0.4430.210 Mobile Safari/537.36"
18.142.117.180 - - [15/Mar/2025:08:22:54 +0700] "POST /wp-content/plugins/ALFA_DATA/alfacgiapi/py.alfa HTTP/1.1" 404 3380 "-" "Mozilla/5.0 (Linux; Android 11; Redmi Note 9 Pro Build/RKQ1.200826.002; wv) AppleWebKit/537.36 (KHTML, like Gecko) Version/4.0 Chrome/90.0.4430.210 Mobile Safari/537.36"
18.142.117.180 - - [15/Mar/2025:08:22:59 +0700] "POST /wp-content/plugins/ALFA_DATA/alfacgiapi/py.alfa HTTP/1.1" 404 3380 "-" "Mozilla/5.0 (Linux; Android 11; Redmi Note 9 Pro Build/RKQ1.200826.002; wv) AppleWebKit/537.36 (KHTML, like Gecko) Version/4.0 Chrome/90.0.4430.210 Mobile Safari/537.36"
18.142.117.180 - - [15/Mar/2025:08:23:03 +0700] "GET /wp-content/plugins/ALFA_DATA/alfacgiapi/index.php?bx=0e215962017 HTTP/1.1" 301 0 "-" "Mozilla/5.0 (Linux; Android 11; Redmi Note 9 Pro Build/RKQ1.200826.002; wv) AppleWebKit/537.36 (KHTML, like Gecko) Version/4.0 Chrome/90.0.4430.210 Mobile Safari/537.36"
66.249.75.228 - - [15/Mar/2025:08:23:07 +0700] "GET /patrons/3226833870.shtm HTTP/1.1" 200 19585 "-" "Mozilla/5.0 (compatible; Googlebot/2.1; +http://www.google.com/bot.html)"
18.142.117.180 - - [15/Mar/2025:08:23:08 +0700] "GET /wp-content/plugins/ALFA_DATA/alfacgiapi/?bx=0e215962017 HTTP/1.1" 404 3380 "-" "Mozilla/5.0 (Linux; Android 11; Redmi Note 9 Pro Build/RKQ1.200826.002; wv) AppleWebKit/537.36 (KHTML, like Gecko) Version/4.0 Chrome/90.0.4430.210 Mobile Safari/537.36"
18.142.117.180 - - [15/Mar/2025:08:23:12 +0700] "GET /wp-content/plugins/ALFA_DATA/alfacgiapi/radio.php?bx=0e215962017 HTTP/1.1" 404 3380 "-" "Mozilla/5.0 (Linux; Android 11; Redmi Note 9 Pro Build/RKQ1.200826.002; wv) AppleWebKit/537.36 (KHTML, like Gecko) Version/4.0 Chrome/90.0.4430.210 Mobile Safari/537.36"
18.142.117.180 - - [15/Mar/2025:08:23:17 +0700] "GET /wp-content/plugins/ALFA_DATA/alfacgiapi/404.php?bx=0e215962017 HTTP/1.1" 404 3380 "-" "Mozilla/5.0 (Linux; Android 11; Redmi Note 9 Pro Build/RKQ1.200826.002; wv) AppleWebKit/537.36 (KHTML, like Gecko) Version/4.0 Chrome/90.0.4430.210 Mobile Safari/537.36"
66.249.75.228 - - [15/Mar/2025:08:23:21 +0700] "GET /3225273400.shtm HTTP/1.1" 200 20273 "-" "Mozilla/5.0 (compatible; Googlebot/2.1; +http://www.google.com/bot.html)"
18.142.117.180 - - [15/Mar/2025:08:23:22 +0700] "POST /wp-content/themes/alfacgiapi/perl.alfa HTTP/1.1" 404 3380 "-" "Mozilla/5.0 (Linux; Android 11; Redmi Note 9 Pro Build/RKQ1.200826.002; wv) AppleWebKit/537.36 (KHTML, like Gecko) Version/4.0 Chrome/90.0.4430.210 Mobile Safari/537.36"
18.142.117.180 - - [15/Mar/2025:08:23:26 +0700] "POST /wp-content/themes/alfacgiapi/perl.alfa HTTP/1.1" 404 3380 "-" "Mozilla/5.0 (Linux; Android 11; Redmi Note 9 Pro Build/RKQ1.200826.002; wv) AppleWebKit/537.36 (KHTML, like Gecko) Version/4.0 Chrome/90.0.4430.210 Mobile Safari/537.36"
18.142.117.180 - - [15/Mar/2025:08:23:31 +0700] "POST /wp-content/themes/alfacgiapi/bash.alfa HTTP/1.1" 404 3380 "-" "Mozilla/5.0 (Linux; Android 11; Redmi Note 9 Pro Build/RKQ1.200826.002; wv) AppleWebKit/537.36 (KHTML, like Gecko) Version/4.0 Chrome/90.0.4430.210 Mobile Safari/537.36"
18.142.117.180 - - [15/Mar/2025:08:23:35 +0700] "POST /wp-content/themes/alfacgiapi/bash.alfa HTTP/1.1" 404 3380 "-" "Mozilla/5.0 (Linux; Android 11; Redmi Note 9 Pro Build/RKQ1.200826.002; wv) AppleWebKit/537.36 (KHTML, like Gecko) Version/4.0 Chrome/90.0.4430.210 Mobile Safari/537.36"
66.249.75.228 - - [15/Mar/2025:08:23:39 +0700] "GET /evaluated/item/32271244502.shtm HTTP/1.1" 200 19530 "-" "Mozilla/5.0 (compatible; Googlebot/2.1; +http://www.google.com/bot.html)"
18.142.117.180 - - [15/Mar/2025:08:23:40 +0700] "POST /wp-content/themes/alfacgiapi/py.alfa HTTP/1.1" 404 3373 "-" "Mozilla/5.0 (Linux; Android 11; Redmi Note 9 Pro Build/RKQ1.200826.002; wv) AppleWebKit/537.36 (KHTML, like Gecko) Version/4.0 Chrome/90.0.4430.210 Mobile Safari/537.36"
180.235.151.3 - - [15/Mar/2025:08:23:50 +0700] "POST /wp-cron.php?doing_wp_cron=1742001830.6832430362701416015625 HTTP/1.1" 403 1242 "-" "WordPress/6.7.2; https://www.aturtoko.id"
18.142.117.180 - - [15/Mar/2025:08:23:45 +0700] "POST /wp-content/themes/alfacgiapi/py.alfa HTTP/1.1" 404 3373 "-" "Mozilla/5.0 (Linux; Android 11; Redmi Note 9 Pro Build/RKQ1.200826.002; wv) AppleWebKit/537.36 (KHTML, like Gecko) Version/4.0 Chrome/90.0.4430.210 Mobile Safari/537.36"
18.142.117.180 - - [15/Mar/2025:08:23:50 +0700] "GET /wp-content/themes/alfacgiapi/index.php?bx=0e215962017 HTTP/1.1" 301 0 "-" "Mozilla/5.0 (Linux; Android 11; Redmi Note 9 Pro Build/RKQ1.200826.002; wv) AppleWebKit/537.36 (KHTML, like Gecko) Version/4.0 Chrome/90.0.4430.210 Mobile Safari/537.36"
66.249.71.9 - - [15/Mar/2025:08:23:57 +0700] "GET /loads/good/3225205050.shtm HTTP/1.1" 200 19834 "-" "Mozilla/5.0 (compatible; Googlebot/2.1; +http://www.google.com/bot.html)"
18.142.117.180 - - [15/Mar/2025:08:23:55 +0700] "GET /wp-content/themes/alfacgiapi/?bx=0e215962017 HTTP/1.1" 404 3380 "-" "Mozilla/5.0 (Linux; Android 11; Redmi Note 9 Pro Build/RKQ1.200826.002; wv) AppleWebKit/537.36 (KHTML, like Gecko) Version/4.0 Chrome/90.0.4430.210 Mobile Safari/537.36"
18.142.117.180 - - [15/Mar/2025:08:24:00 +0700] "GET /wp-content/themes/alfacgiapi/radio.php?bx=0e215962017 HTTP/1.1" 404 3380 "-" "Mozilla/5.0 (Linux; Android 11; Redmi Note 9 Pro Build/RKQ1.200826.002; wv) AppleWebKit/537.36 (KHTML, like Gecko) Version/4.0 Chrome/90.0.4430.210 Mobile Safari/537.36"
18.142.117.180 - - [15/Mar/2025:08:24:05 +0700] "GET /wp-content/themes/alfacgiapi/404.php?bx=0e215962017 HTTP/1.1" 404 3380 "-" "Mozilla/5.0 (Linux; Android 11; Redmi Note 9 Pro Build/RKQ1.200826.002; wv) AppleWebKit/537.36 (KHTML, like Gecko) Version/4.0 Chrome/90.0.4430.210 Mobile Safari/537.36"
66.249.75.228 - - [15/Mar/2025:08:24:10 +0700] "GET /3226683500.shtm HTTP/1.1" 200 20668 "-" "Mozilla/5.0 (compatible; Googlebot/2.1; +http://www.google.com/bot.html)"
18.142.117.180 - - [15/Mar/2025:08:24:10 +0700] "POST /wp-content/themes/ALFA_DATA/alfacgiapi/perl.alfa HTTP/1.1" 404 3380 "-" "Mozilla/5.0 (Linux; Android 11; Redmi Note 9 Pro Build/RKQ1.200826.002; wv) AppleWebKit/537.36 (KHTML, like Gecko) Version/4.0 Chrome/90.0.4430.210 Mobile Safari/537.36"
18.142.117.180 - - [15/Mar/2025:08:24:14 +0700] "POST /wp-content/themes/ALFA_DATA/alfacgiapi/perl.alfa HTTP/1.1" 404 3380 "-" "Mozilla/5.0 (Linux; Android 11; Redmi Note 9 Pro Build/RKQ1.200826.002; wv) AppleWebKit/537.36 (KHTML, like Gecko) Version/4.0 Chrome/90.0.4430.210 Mobile Safari/537.36"
18.142.117.180 - - [15/Mar/2025:08:24:18 +0700] "POST /wp-content/themes/ALFA_DATA/alfacgiapi/bash.alfa HTTP/1.1" 404 3380 "-" "Mozilla/5.0 (Linux; Android 11; Redmi Note 9 Pro Build/RKQ1.200826.002; wv) AppleWebKit/537.36 (KHTML, like Gecko) Version/4.0 Chrome/90.0.4430.210 Mobile Safari/537.36"
18.142.117.180 - - [15/Mar/2025:08:24:23 +0700] "POST /wp-content/themes/ALFA_DATA/alfacgiapi/bash.alfa HTTP/1.1" 404 3380 "-" "Mozilla/5.0 (Linux; Android 11; Redmi Note 9 Pro Build/RKQ1.200826.002; wv) AppleWebKit/537.36 (KHTML, like Gecko) Version/4.0 Chrome/90.0.4430.210 Mobile Safari/537.36"
66.249.71.9 - - [15/Mar/2025:08:24:27 +0700] "GET /share/32271239116.shtm HTTP/1.1" 200 19584 "-" "Mozilla/5.0 (compatible; Googlebot/2.1; +http://www.google.com/bot.html)"
18.142.117.180 - - [15/Mar/2025:08:24:28 +0700] "POST /wp-content/themes/ALFA_DATA/alfacgiapi/py.alfa HTTP/1.1" 404 3380 "-" "Mozilla/5.0 (Linux; Android 11; Redmi Note 9 Pro Build/RKQ1.200826.002; wv) AppleWebKit/537.36 (KHTML, like Gecko) Version/4.0 Chrome/90.0.4430.210 Mobile Safari/537.36"
18.142.117.180 - - [15/Mar/2025:08:24:32 +0700] "POST /wp-content/themes/ALFA_DATA/alfacgiapi/py.alfa HTTP/1.1" 404 3380 "-" "Mozilla/5.0 (Linux; Android 11; Redmi Note 9 Pro Build/RKQ1.200826.002; wv) AppleWebKit/537.36 (KHTML, like Gecko) Version/4.0 Chrome/90.0.4430.210 Mobile Safari/537.36"
66.249.71.9 - - [15/Mar/2025:08:24:39 +0700] "GET /long/3225218720.shtm HTTP/1.1" 200 22401 "-" "Mozilla/5.0 (compatible; Googlebot/2.1; +http://www.google.com/bot.html)"
18.142.117.180 - - [15/Mar/2025:08:24:37 +0700] "GET /wp-content/themes/ALFA_DATA/alfacgiapi/index.php?bx=0e215962017 HTTP/1.1" 301 0 "-" "Mozilla/5.0 (Linux; Android 11; Redmi Note 9 Pro Build/RKQ1.200826.002; wv) AppleWebKit/537.36 (KHTML, like Gecko) Version/4.0 Chrome/90.0.4430.210 Mobile Safari/537.36"
18.142.117.180 - - [15/Mar/2025:08:24:42 +0700] "GET /wp-content/themes/ALFA_DATA/alfacgiapi/?bx=0e215962017 HTTP/1.1" 404 3380 "-" "Mozilla/5.0 (Linux; Android 11; Redmi Note 9 Pro Build/RKQ1.200826.002; wv) AppleWebKit/537.36 (KHTML, like Gecko) Version/4.0 Chrome/90.0.4430.210 Mobile Safari/537.36"
180.235.151.3 - - [15/Mar/2025:08:24:50 +0700] "POST /wp-cron.php?doing_wp_cron=1742001890.9279129505157470703125 HTTP/1.1" 403 1242 "-" "WordPress/6.7.2; https://www.aturtoko.id"
18.142.117.180 - - [15/Mar/2025:08:24:46 +0700] "GET /wp-content/themes/ALFA_DATA/alfacgiapi/radio.php?bx=0e215962017 HTTP/1.1" 404 3380 "-" "Mozilla/5.0 (Linux; Android 11; Redmi Note 9 Pro Build/RKQ1.200826.002; wv) AppleWebKit/537.36 (KHTML, like Gecko) Version/4.0 Chrome/90.0.4430.210 Mobile Safari/537.36"
18.142.117.180 - - [15/Mar/2025:08:24:50 +0700] "GET /wp-content/themes/ALFA_DATA/alfacgiapi/404.php?bx=0e215962017 HTTP/1.1" 404 3380 "-" "Mozilla/5.0 (Linux; Android 11; Redmi Note 9 Pro Build/RKQ1.200826.002; wv) AppleWebKit/537.36 (KHTML, like Gecko) Version/4.0 Chrome/90.0.4430.210 Mobile Safari/537.36"
18.142.117.180 - - [15/Mar/2025:08:24:55 +0700] "POST /wp-content/upgrade/alfacgiapi/perl.alfa HTTP/1.1" 404 3380 "-" "Mozilla/5.0 (Linux; Android 11; Redmi Note 9 Pro Build/RKQ1.200826.002; wv) AppleWebKit/537.36 (KHTML, like Gecko) Version/4.0 Chrome/90.0.4430.210 Mobile Safari/537.36"
66.249.71.9 - - [15/Mar/2025:08:24:59 +0700] "GET /3226970570.shtm HTTP/1.1" 200 21069 "-" "Mozilla/5.0 (compatible; Googlebot/2.1; +http://www.google.com/bot.html)"
18.142.117.180 - - [15/Mar/2025:08:24:59 +0700] "POST /wp-content/upgrade/alfacgiapi/perl.alfa HTTP/1.1" 404 3380 "-" "Mozilla/5.0 (Linux; Android 11; Redmi Note 9 Pro Build/RKQ1.200826.002; wv) AppleWebKit/537.36 (KHTML, like Gecko) Version/4.0 Chrome/90.0.4430.210 Mobile Safari/537.36"
18.142.117.180 - - [15/Mar/2025:08:25:04 +0700] "POST /wp-content/upgrade/alfacgiapi/bash.alfa HTTP/1.1" 404 3380 "-" "Mozilla/5.0 (Linux; Android 11; Redmi Note 9 Pro Build/RKQ1.200826.002; wv) AppleWebKit/537.36 (KHTML, like Gecko) Version/4.0 Chrome/90.0.4430.210 Mobile Safari/537.36"
157.245.56.219 - - [15/Mar/2025:08:25:08 +0700] "GET / HTTP/1.1" 301 0 "-" "Mozilla/5.0 (Windows NT 10.0; Win64; x64) AppleWebKit/537.36 (KHTML, like Gecko) Chrome/88.0.4240.193 Safari/537.36"
66.249.75.228 - - [15/Mar/2025:08:25:10 +0700] "GET /westport/3226997910.shtm HTTP/1.1" 200 21419 "-" "Mozilla/5.0 (compatible; Googlebot/2.1; +http://www.google.com/bot.html)"
18.142.117.180 - - [15/Mar/2025:08:25:09 +0700] "POST /wp-content/upgrade/alfacgiapi/bash.alfa HTTP/1.1" 404 3380 "-" "Mozilla/5.0 (Linux; Android 11; Redmi Note 9 Pro Build/RKQ1.200826.002; wv) AppleWebKit/537.36 (KHTML, like Gecko) Version/4.0 Chrome/90.0.4430.210 Mobile Safari/537.36"
18.142.117.180 - - [15/Mar/2025:08:25:13 +0700] "POST /wp-content/upgrade/alfacgiapi/py.alfa HTTP/1.1" 404 3380 "-" "Mozilla/5.0 (Linux; Android 11; Redmi Note 9 Pro Build/RKQ1.200826.002; wv) AppleWebKit/537.36 (KHTML, like Gecko) Version/4.0 Chrome/90.0.4430.210 Mobile Safari/537.36"
18.142.117.180 - - [15/Mar/2025:08:25:17 +0700] "POST /wp-content/upgrade/alfacgiapi/py.alfa HTTP/1.1" 404 3380 "-" "Mozilla/5.0 (Linux; Android 11; Redmi Note 9 Pro Build/RKQ1.200826.002; wv) AppleWebKit/537.36 (KHTML, like Gecko) Version/4.0 Chrome/90.0.4430.210 Mobile Safari/537.36"
66.249.75.228 - - [15/Mar/2025:08:25:22 +0700] "GET /3226847540.shtm HTTP/1.1" 200 21437 "-" "Mozilla/5.0 (compatible; Googlebot/2.1; +http://www.google.com/bot.html)"
18.142.117.180 - - [15/Mar/2025:08:25:22 +0700] "GET /wp-content/upgrade/alfacgiapi/index.php?bx=0e215962017 HTTP/1.1" 301 0 "-" "Mozilla/5.0 (Linux; Android 11; Redmi Note 9 Pro Build/RKQ1.200826.002; wv) AppleWebKit/537.36 (KHTML, like Gecko) Version/4.0 Chrome/90.0.4430.210 Mobile Safari/537.36"
18.142.117.180 - - [15/Mar/2025:08:25:26 +0700] "GET /wp-content/upgrade/alfacgiapi/?bx=0e215962017 HTTP/1.1" 404 3380 "-" "Mozilla/5.0 (Linux; Android 11; Redmi Note 9 Pro Build/RKQ1.200826.002; wv) AppleWebKit/537.36 (KHTML, like Gecko) Version/4.0 Chrome/90.0.4430.210 Mobile Safari/537.36"
18.142.117.180 - - [15/Mar/2025:08:25:31 +0700] "GET /wp-content/upgrade/alfacgiapi/radio.php?bx=0e215962017 HTTP/1.1" 404 3380 "-" "Mozilla/5.0 (Linux; Android 11; Redmi Note 9 Pro Build/RKQ1.200826.002; wv) AppleWebKit/537.36 (KHTML, like Gecko) Version/4.0 Chrome/90.0.4430.210 Mobile Safari/537.36"
66.249.75.228 - - [15/Mar/2025:08:25:34 +0700] "POST /get-message-notify HTTP/1.1" 200 22058 "http://www.aturtoko.id/digestive/item/3226732462.shtm" "Mozilla/5.0 AppleWebKit/537.36 (KHTML, like Gecko; compatible; Googlebot/2.1; +http://www.google.com/bot.html) Chrome/133.0.6943.141 Safari/537.36"
18.142.117.180 - - [15/Mar/2025:08:25:35 +0700] "GET /wp-content/upgrade/alfacgiapi/404.php?bx=0e215962017 HTTP/1.1" 404 3380 "-" "Mozilla/5.0 (Linux; Android 11; Redmi Note 9 Pro Build/RKQ1.200826.002; wv) AppleWebKit/537.36 (KHTML, like Gecko) Version/4.0 Chrome/90.0.4430.210 Mobile Safari/537.36"
66.249.75.228 - - [15/Mar/2025:08:25:42 +0700] "GET /3225355420.shtm HTTP/1.1" 200 20469 "-" "Mozilla/5.0 (compatible; Googlebot/2.1; +http://www.google.com/bot.html)"
18.142.117.180 - - [15/Mar/2025:08:25:40 +0700] "POST /wp-content/upgrade/ALFA_DATA/alfacgiapi/perl.alfa HTTP/1.1" 404 3380 "-" "Mozilla/5.0 (Linux; Android 11; Redmi Note 9 Pro Build/RKQ1.200826.002; wv) AppleWebKit/537.36 (KHTML, like Gecko) Version/4.0 Chrome/90.0.4430.210 Mobile Safari/537.36"
18.142.117.180 - - [15/Mar/2025:08:25:45 +0700] "POST /wp-content/upgrade/ALFA_DATA/alfacgiapi/perl.alfa HTTP/1.1" 404 3380 "-" "Mozilla/5.0 (Linux; Android 11; Redmi Note 9 Pro Build/RKQ1.200826.002; wv) AppleWebKit/537.36 (KHTML, like Gecko) Version/4.0 Chrome/90.0.4430.210 Mobile Safari/537.36"
180.235.151.3 - - [15/Mar/2025:08:25:54 +0700] "POST /wp-cron.php?doing_wp_cron=1742001954.0213561058044433593750 HTTP/1.1" 403 1242 "-" "WordPress/6.7.2; https://www.aturtoko.id"
18.142.117.180 - - [15/Mar/2025:08:25:49 +0700] "POST /wp-content/upgrade/ALFA_DATA/alfacgiapi/bash.alfa HTTP/1.1" 404 3380 "-" "Mozilla/5.0 (Linux; Android 11; Redmi Note 9 Pro Build/RKQ1.200826.002; wv) AppleWebKit/537.36 (KHTML, like Gecko) Version/4.0 Chrome/90.0.4430.210 Mobile Safari/537.36"
18.142.117.180 - - [15/Mar/2025:08:25:54 +0700] "POST /wp-content/upgrade/ALFA_DATA/alfacgiapi/bash.alfa HTTP/1.1" 404 3380 "-" "Mozilla/5.0 (Linux; Android 11; Redmi Note 9 Pro Build/RKQ1.200826.002; wv) AppleWebKit/537.36 (KHTML, like Gecko) Version/4.0 Chrome/90.0.4430.210 Mobile Safari/537.36"
18.142.117.180 - - [15/Mar/2025:08:25:58 +0700] "POST /wp-content/upgrade/ALFA_DATA/alfacgiapi/py.alfa HTTP/1.1" 404 3380 "-" "Mozilla/5.0 (Linux; Android 11; Redmi Note 9 Pro Build/RKQ1.200826.002; wv) AppleWebKit/537.36 (KHTML, like Gecko) Version/4.0 Chrome/90.0.4430.210 Mobile Safari/537.36"
18.142.117.180 - - [15/Mar/2025:08:26:03 +0700] "POST /wp-content/upgrade/ALFA_DATA/alfacgiapi/py.alfa HTTP/1.1" 404 3380 "-" "Mozilla/5.0 (Linux; Android 11; Redmi Note 9 Pro Build/RKQ1.200826.002; wv) AppleWebKit/537.36 (KHTML, like Gecko) Version/4.0 Chrome/90.0.4430.210 Mobile Safari/537.36"
66.249.75.228 - - [15/Mar/2025:08:26:09 +0700] "GET /studies/good/3226779190.shtm HTTP/1.1" 200 19895 "-" "Mozilla/5.0 (compatible; Googlebot/2.1; +http://www.google.com/bot.html)"
18.142.117.180 - - [15/Mar/2025:08:26:08 +0700] "GET /wp-content/upgrade/ALFA_DATA/alfacgiapi/index.php?bx=0e215962017 HTTP/1.1" 301 0 "-" "Mozilla/5.0 (Linux; Android 11; Redmi Note 9 Pro Build/RKQ1.200826.002; wv) AppleWebKit/537.36 (KHTML, like Gecko) Version/4.0 Chrome/90.0.4430.210 Mobile Safari/537.36"
18.142.117.180 - - [15/Mar/2025:08:26:12 +0700] "GET /wp-content/upgrade/ALFA_DATA/alfacgiapi/?bx=0e215962017 HTTP/1.1" 404 3380 "-" "Mozilla/5.0 (Linux; Android 11; Redmi Note 9 Pro Build/RKQ1.200826.002; wv) AppleWebKit/537.36 (KHTML, like Gecko) Version/4.0 Chrome/90.0.4430.210 Mobile Safari/537.36"
18.142.117.180 - - [15/Mar/2025:08:26:17 +0700] "GET /wp-content/upgrade/ALFA_DATA/alfacgiapi/radio.php?bx=0e215962017 HTTP/1.1" 404 3380 "-" "Mozilla/5.0 (Linux; Android 11; Redmi Note 9 Pro Build/RKQ1.200826.002; wv) AppleWebKit/537.36 (KHTML, like Gecko) Version/4.0 Chrome/90.0.4430.210 Mobile Safari/537.36"
18.142.117.180 - - [15/Mar/2025:08:26:21 +0700] "GET /wp-content/upgrade/ALFA_DATA/alfacgiapi/404.php?bx=0e215962017 HTTP/1.1" 404 3380 "-" "Mozilla/5.0 (Linux; Android 11; Redmi Note 9 Pro Build/RKQ1.200826.002; wv) AppleWebKit/537.36 (KHTML, like Gecko) Version/4.0 Chrome/90.0.4430.210 Mobile Safari/537.36"
18.142.117.180 - - [15/Mar/2025:08:26:25 +0700] "POST /wp-content/updraft/alfacgiapi/perl.alfa HTTP/1.1" 404 3380 "-" "Mozilla/5.0 (Linux; Android 11; Redmi Note 9 Pro Build/RKQ1.200826.002; wv) AppleWebKit/537.36 (KHTML, like Gecko) Version/4.0 Chrome/90.0.4430.210 Mobile Safari/537.36"
66.249.75.228 - - [15/Mar/2025:08:26:31 +0700] "GET /beef/good/3225164040.shtm HTTP/1.1" 200 19519 "-" "Mozilla/5.0 (compatible; Googlebot/2.1; +http://www.google.com/bot.html)"
18.142.117.180 - - [15/Mar/2025:08:26:30 +0700] "POST /wp-content/updraft/alfacgiapi/perl.alfa HTTP/1.1" 404 3380 "-" "Mozilla/5.0 (Linux; Android 11; Redmi Note 9 Pro Build/RKQ1.200826.002; wv) AppleWebKit/537.36 (KHTML, like Gecko) Version/4.0 Chrome/90.0.4430.210 Mobile Safari/537.36"
18.142.117.180 - - [15/Mar/2025:08:26:34 +0700] "POST /wp-content/updraft/alfacgiapi/bash.alfa HTTP/1.1" 404 3380 "-" "Mozilla/5.0 (Linux; Android 11; Redmi Note 9 Pro Build/RKQ1.200826.002; wv) AppleWebKit/537.36 (KHTML, like Gecko) Version/4.0 Chrome/90.0.4430.210 Mobile Safari/537.36"
18.142.117.180 - - [15/Mar/2025:08:26:39 +0700] "POST /wp-content/updraft/alfacgiapi/bash.alfa HTTP/1.1" 404 3380 "-" "Mozilla/5.0 (Linux; Android 11; Redmi Note 9 Pro Build/RKQ1.200826.002; wv) AppleWebKit/537.36 (KHTML, like Gecko) Version/4.0 Chrome/90.0.4430.210 Mobile Safari/537.36"
66.249.75.228 - - [15/Mar/2025:08:26:44 +0700] "GET /branch/auction/32271240656.shtm HTTP/1.1" 200 19634 "-" "Mozilla/5.0 (compatible; Googlebot/2.1; +http://www.google.com/bot.html)"
18.142.117.180 - - [15/Mar/2025:08:26:43 +0700] "POST /wp-content/updraft/alfacgiapi/py.alfa HTTP/1.1" 404 3380 "-" "Mozilla/5.0 (Linux; Android 11; Redmi Note 9 Pro Build/RKQ1.200826.002; wv) AppleWebKit/537.36 (KHTML, like Gecko) Version/4.0 Chrome/90.0.4430.210 Mobile Safari/537.36"
18.142.117.180 - - [15/Mar/2025:08:26:48 +0700] "POST /wp-content/updraft/alfacgiapi/py.alfa HTTP/1.1" 404 3380 "-" "Mozilla/5.0 (Linux; Android 11; Redmi Note 9 Pro Build/RKQ1.200826.002; wv) AppleWebKit/537.36 (KHTML, like Gecko) Version/4.0 Chrome/90.0.4430.210 Mobile Safari/537.36"
180.235.151.3 - - [15/Mar/2025:08:26:57 +0700] "POST /wp-cron.php?doing_wp_cron=1742002017.5985379219055175781250 HTTP/1.1" 403 1242 "-" "WordPress/6.7.2; https://www.aturtoko.id"
18.142.117.180 - - [15/Mar/2025:08:26:52 +0700] "GET /wp-content/updraft/alfacgiapi/index.php?bx=0e215962017 HTTP/1.1" 301 0 "-" "Mozilla/5.0 (Linux; Android 11; Redmi Note 9 Pro Build/RKQ1.200826.002; wv) AppleWebKit/537.36 (KHTML, like Gecko) Version/4.0 Chrome/90.0.4430.210 Mobile Safari/537.36"
18.142.117.180 - - [15/Mar/2025:08:26:57 +0700] "GET /wp-content/updraft/alfacgiapi/?bx=0e215962017 HTTP/1.1" 404 3380 "-" "Mozilla/5.0 (Linux; Android 11; Redmi Note 9 Pro Build/RKQ1.200826.002; wv) AppleWebKit/537.36 (KHTML, like Gecko) Version/4.0 Chrome/90.0.4430.210 Mobile Safari/537.36"
49.205.145.178 - - [15/Mar/2025:08:27:00 +0700] "HEAD / HTTP/1.1" 301 0 "-" "python-requests/2.31.0"
66.249.71.1 - - [15/Mar/2025:08:27:01 +0700] "GET /desperately/good/3226574140.shtm HTTP/1.1" 200 20220 "-" "Mozilla/5.0 (compatible; Googlebot/2.1; +http://www.google.com/bot.html)"
18.142.117.180 - - [15/Mar/2025:08:27:02 +0700] "GET /wp-content/updraft/alfacgiapi/radio.php?bx=0e215962017 HTTP/1.1" 404 3380 "-" "Mozilla/5.0 (Linux; Android 11; Redmi Note 9 Pro Build/RKQ1.200826.002; wv) AppleWebKit/537.36 (KHTML, like Gecko) Version/4.0 Chrome/90.0.4430.210 Mobile Safari/537.36"
18.142.117.180 - - [15/Mar/2025:08:27:06 +0700] "GET /wp-content/updraft/alfacgiapi/404.php?bx=0e215962017 HTTP/1.1" 404 3380 "-" "Mozilla/5.0 (Linux; Android 11; Redmi Note 9 Pro Build/RKQ1.200826.002; wv) AppleWebKit/537.36 (KHTML, like Gecko) Version/4.0 Chrome/90.0.4430.210 Mobile Safari/537.36"
85.208.96.201 - - [15/Mar/2025:08:27:11 +0700] "GET /en/blog/kewirausahaan/business-opportunity/mengapa-studi-kelayakan-bisnis-perlu-begini-penjelasannya HTTP/1.1" 404 3380 "-" "Mozilla/5.0 (compatible; SemrushBot/7~bl; +http://www.semrush.com/bot.html)"
66.249.75.228 - - [15/Mar/2025:08:27:14 +0700] "GET /losses/good/3225123030.shtm HTTP/1.1" 200 19801 "-" "Mozilla/5.0 (compatible; Googlebot/2.1; +http://www.google.com/bot.html)"
18.142.117.180 - - [15/Mar/2025:08:27:11 +0700] "POST /wp-content/updraft/ALFA_DATA/alfacgiapi/perl.alfa HTTP/1.1" 404 3380 "-" "Mozilla/5.0 (Linux; Android 11; Redmi Note 9 Pro Build/RKQ1.200826.002; wv) AppleWebKit/537.36 (KHTML, like Gecko) Version/4.0 Chrome/90.0.4430.210 Mobile Safari/537.36"
18.142.117.180 - - [15/Mar/2025:08:27:15 +0700] "POST /wp-content/updraft/ALFA_DATA/alfacgiapi/perl.alfa HTTP/1.1" 404 3380 "-" "Mozilla/5.0 (Linux; Android 11; Redmi Note 9 Pro Build/RKQ1.200826.002; wv) AppleWebKit/537.36 (KHTML, like Gecko) Version/4.0 Chrome/90.0.4430.210 Mobile Safari/537.36"
18.142.117.180 - - [15/Mar/2025:08:27:20 +0700] "POST /wp-content/updraft/ALFA_DATA/alfacgiapi/bash.alfa HTTP/1.1" 404 3380 "-" "Mozilla/5.0 (Linux; Android 11; Redmi Note 9 Pro Build/RKQ1.200826.002; wv) AppleWebKit/537.36 (KHTML, like Gecko) Version/4.0 Chrome/90.0.4430.210 Mobile Safari/537.36"
66.249.75.228 - - [15/Mar/2025:08:27:27 +0700] "GET /encode/3226874880.shtm HTTP/1.1" 200 19963 "-" "Mozilla/5.0 (compatible; Googlebot/2.1; +http://www.google.com/bot.html)"
18.142.117.180 - - [15/Mar/2025:08:27:25 +0700] "POST /wp-content/updraft/ALFA_DATA/alfacgiapi/bash.alfa HTTP/1.1" 404 3380 "-" "Mozilla/5.0 (Linux; Android 11; Redmi Note 9 Pro Build/RKQ1.200826.002; wv) AppleWebKit/537.36 (KHTML, like Gecko) Version/4.0 Chrome/90.0.4430.210 Mobile Safari/537.36"
18.142.117.180 - - [15/Mar/2025:08:27:30 +0700] "POST /wp-content/updraft/ALFA_DATA/alfacgiapi/py.alfa HTTP/1.1" 404 3380 "-" "Mozilla/5.0 (Linux; Android 11; Redmi Note 9 Pro Build/RKQ1.200826.002; wv) AppleWebKit/537.36 (KHTML, like Gecko) Version/4.0 Chrome/90.0.4430.210 Mobile Safari/537.36"
18.142.117.180 - - [15/Mar/2025:08:27:34 +0700] "POST /wp-content/updraft/ALFA_DATA/alfacgiapi/py.alfa HTTP/1.1" 404 3373 "-" "Mozilla/5.0 (Linux; Android 11; Redmi Note 9 Pro Build/RKQ1.200826.002; wv) AppleWebKit/537.36 (KHTML, like Gecko) Version/4.0 Chrome/90.0.4430.210 Mobile Safari/537.36"
18.142.117.180 - - [15/Mar/2025:08:27:39 +0700] "GET /wp-content/updraft/ALFA_DATA/alfacgiapi/index.php?bx=0e215962017 HTTP/1.1" 301 0 "-" "Mozilla/5.0 (Linux; Android 11; Redmi Note 9 Pro Build/RKQ1.200826.002; wv) AppleWebKit/537.36 (KHTML, like Gecko) Version/4.0 Chrome/90.0.4430.210 Mobile Safari/537.36"
66.249.75.228 - - [15/Mar/2025:08:27:44 +0700] "GET /soaring/good/32271237560.shtm HTTP/1.1" 200 20834 "-" "Mozilla/5.0 (compatible; Googlebot/2.1; +http://www.google.com/bot.html)"
18.142.117.180 - - [15/Mar/2025:08:27:43 +0700] "GET /wp-content/updraft/ALFA_DATA/alfacgiapi/?bx=0e215962017 HTTP/1.1" 404 3380 "-" "Mozilla/5.0 (Linux; Android 11; Redmi Note 9 Pro Build/RKQ1.200826.002; wv) AppleWebKit/537.36 (KHTML, like Gecko) Version/4.0 Chrome/90.0.4430.210 Mobile Safari/537.36"
18.142.117.180 - - [15/Mar/2025:08:27:48 +0700] "GET /wp-content/updraft/ALFA_DATA/alfacgiapi/radio.php?bx=0e215962017 HTTP/1.1" 404 3380 "-" "Mozilla/5.0 (Linux; Android 11; Redmi Note 9 Pro Build/RKQ1.200826.002; wv) AppleWebKit/537.36 (KHTML, like Gecko) Version/4.0 Chrome/90.0.4430.210 Mobile Safari/537.36"
18.142.117.180 - - [15/Mar/2025:08:27:52 +0700] "GET /wp-content/updraft/ALFA_DATA/alfacgiapi/404.php?bx=0e215962017 HTTP/1.1" 404 3380 "-" "Mozilla/5.0 (Linux; Android 11; Redmi Note 9 Pro Build/RKQ1.200826.002; wv) AppleWebKit/537.36 (KHTML, like Gecko) Version/4.0 Chrome/90.0.4430.210 Mobile Safari/537.36"
66.249.75.228 - - [15/Mar/2025:08:27:56 +0700] "GET /mobiles/good/3225246060.shtm HTTP/1.1" 200 19335 "-" "Mozilla/5.0 (compatible; Googlebot/2.1; +http://www.google.com/bot.html)"
180.235.151.3 - - [15/Mar/2025:08:28:01 +0700] "POST /wp-cron.php?doing_wp_cron=1742002081.9465370178222656250000 HTTP/1.1" 403 1242 "-" "WordPress/6.7.2; https://www.aturtoko.id"
18.142.117.180 - - [15/Mar/2025:08:27:57 +0700] "POST /wp-content/plugins/library/alfacgiapi/perl.alfa HTTP/1.1" 404 3373 "-" "Mozilla/5.0 (Linux; Android 11; Redmi Note 9 Pro Build/RKQ1.200826.002; wv) AppleWebKit/537.36 (KHTML, like Gecko) Version/4.0 Chrome/90.0.4430.210 Mobile Safari/537.36"
18.142.117.180 - - [15/Mar/2025:08:28:01 +0700] "POST /wp-content/plugins/library/alfacgiapi/perl.alfa HTTP/1.1" 404 3380 "-" "Mozilla/5.0 (Linux; Android 11; Redmi Note 9 Pro Build/RKQ1.200826.002; wv) AppleWebKit/537.36 (KHTML, like Gecko) Version/4.0 Chrome/90.0.4430.210 Mobile Safari/537.36"
18.142.117.180 - - [15/Mar/2025:08:28:07 +0700] "POST /wp-content/plugins/library/alfacgiapi/bash.alfa HTTP/1.1" 404 3380 "-" "Mozilla/5.0 (Linux; Android 11; Redmi Note 9 Pro Build/RKQ1.200826.002; wv) AppleWebKit/537.36 (KHTML, like Gecko) Version/4.0 Chrome/90.0.4430.210 Mobile Safari/537.36"
66.249.75.228 - - [15/Mar/2025:08:28:14 +0700] "GET /echo/good/3226902220.shtm HTTP/1.1" 200 19612 "-" "Mozilla/5.0 (compatible; Googlebot/2.1; +http://www.google.com/bot.html)"
18.142.117.180 - - [15/Mar/2025:08:28:12 +0700] "POST /wp-content/plugins/library/alfacgiapi/bash.alfa HTTP/1.1" 404 3380 "-" "Mozilla/5.0 (Linux; Android 11; Redmi Note 9 Pro Build/RKQ1.200826.002; wv) AppleWebKit/537.36 (KHTML, like Gecko) Version/4.0 Chrome/90.0.4430.210 Mobile Safari/537.36"
18.142.117.180 - - [15/Mar/2025:08:28:17 +0700] "POST /wp-content/plugins/library/alfacgiapi/py.alfa HTTP/1.1" 404 3380 "-" "Mozilla/5.0 (Linux; Android 11; Redmi Note 9 Pro Build/RKQ1.200826.002; wv) AppleWebKit/537.36 (KHTML, like Gecko) Version/4.0 Chrome/90.0.4430.210 Mobile Safari/537.36"
18.142.117.180 - - [15/Mar/2025:08:28:22 +0700] "POST /wp-content/plugins/library/alfacgiapi/py.alfa HTTP/1.1" 404 3380 "-" "Mozilla/5.0 (Linux; Android 11; Redmi Note 9 Pro Build/RKQ1.200826.002; wv) AppleWebKit/537.36 (KHTML, like Gecko) Version/4.0 Chrome/90.0.4430.210 Mobile Safari/537.36"
18.142.117.180 - - [15/Mar/2025:08:28:26 +0700] "GET /wp-content/plugins/library/alfacgiapi/index.php?bx=0e215962017 HTTP/1.1" 301 0 "-" "Mozilla/5.0 (Linux; Android 11; Redmi Note 9 Pro Build/RKQ1.200826.002; wv) AppleWebKit/537.36 (KHTML, like Gecko) Version/4.0 Chrome/90.0.4430.210 Mobile Safari/537.36"
18.142.117.180 - - [15/Mar/2025:08:28:31 +0700] "GET /wp-content/plugins/library/alfacgiapi/?bx=0e215962017 HTTP/1.1" 404 3380 "-" "Mozilla/5.0 (Linux; Android 11; Redmi Note 9 Pro Build/RKQ1.200826.002; wv) AppleWebKit/537.36 (KHTML, like Gecko) Version/4.0 Chrome/90.0.4430.210 Mobile Safari/537.36"
66.249.75.228 - - [15/Mar/2025:08:28:34 +0700] "GET /surface/32271240109.shtm HTTP/1.1" 200 19642 "-" "Mozilla/5.0 (compatible; Googlebot/2.1; +http://www.google.com/bot.html)"
