180.235.151.3 - - [15/Mar/2025:08:58:46 +0700] "POST /wp-cron.php?doing_wp_cron=1742003926.1894469261169433593750 HTTP/1.1" 403 1242 "-" "WordPress/6.7.2; https://www.aturtoko.id"
216.244.66.248 - - [15/Mar/2025:08:58:42 +0700] "GET /ms/blog/tag/inventori/feed HTTP/1.1" 404 11504 "-" "Mozilla/5.0 (compatible; DotBot/1.2; +https://opensiteexplorer.org/dotbot; help@moz.com)"
18.142.117.180 - - [15/Mar/2025:08:58:45 +0700] "GET /wp-content/plugins/virr/v.php HTTP/1.1" 301 0 "www.google.com" "Mozlila/5.0 (Linux; Android 7.0; SM-G892A Bulid/NRD90M; wv) AppleWebKit/537.36 (KHTML, like Gecko) Version/4.0 Chrome/60.0.3112.107 Moblie Safari/537.36"
66.249.75.228 - - [15/Mar/2025:08:58:47 +0700] "GET /supplying/auction/3225491136.shtm HTTP/1.1" 200 19594 "-" "Mozilla/5.0 (compatible; Googlebot/2.1; +http://www.google.com/bot.html)"
18.142.117.180 - - [15/Mar/2025:08:58:50 +0700] "GET /wp-content/themes/pridmag/db.php?u HTTP/1.1" 301 0 "www.google.com" "Mozlila/5.0 (Linux; Android 7.0; SM-G892A Bulid/NRD90M; wv) AppleWebKit/537.36 (KHTML, like Gecko) Version/4.0 Chrome/60.0.3112.107 Moblie Safari/537.36"
66.249.75.228 - - [15/Mar/2025:08:59:02 +0700] "GET /3226943789.shtm HTTP/1.1" 200 19514 "-" "Mozilla/5.0 (compatible; Googlebot/2.1; +http://www.google.com/bot.html)"
18.142.117.180 - - [15/Mar/2025:08:58:59 +0700] "GET /wp-content/plugins/virr/uploader.php?uploader HTTP/1.1" 301 0 "www.google.com" "Mozlila/5.0 (Linux; Android 7.0; SM-G892A Bulid/NRD90M; wv) AppleWebKit/537.36 (KHTML, like Gecko) Version/4.0 Chrome/60.0.3112.107 Moblie Safari/537.36"
18.142.117.180 - - [15/Mar/2025:08:59:09 +0700] "GET /wp-content/plugins/db/uploader.php?uploader HTTP/1.1" 301 0 "www.google.com" "Mozlila/5.0 (Linux; Android 7.0; SM-G892A Bulid/NRD90M; wv) AppleWebKit/537.36 (KHTML, like Gecko) Version/4.0 Chrome/60.0.3112.107 Moblie Safari/537.36"
216.244.66.248 - - [15/Mar/2025:08:59:10 +0700] "GET /ms/blog/tag/retur/ HTTP/1.1" 404 11504 "-" "Mozilla/5.0 (compatible; DotBot/1.2; +https://opensiteexplorer.org/dotbot; help@moz.com)"
66.249.75.228 - - [15/Mar/2025:08:59:18 +0700] "GET /sins/goods/32271029588.shtm HTTP/1.1" 200 20209 "-" "Mozilla/5.0 (compatible; Googlebot/2.1; +http://www.google.com/bot.html)"
18.142.117.180 - - [15/Mar/2025:08:59:19 +0700] "GET /wp-content/plugins/wp-freeform/wawe.php HTTP/1.1" 301 0 "www.google.com" "Mozlila/5.0 (Linux; Android 7.0; SM-G892A Bulid/NRD90M; wv) AppleWebKit/537.36 (KHTML, like Gecko) Version/4.0 Chrome/60.0.3112.107 Moblie Safari/537.36"
18.142.117.180 - - [15/Mar/2025:08:59:24 +0700] "GET /wp-content/plugins/wp-freeform/includes/loadme.php HTTP/1.1" 301 0 "www.google.com" "Mozlila/5.0 (Linux; Android 7.0; SM-G892A Bulid/NRD90M; wv) AppleWebKit/537.36 (KHTML, like Gecko) Version/4.0 Chrome/60.0.3112.107 Moblie Safari/537.36"
18.142.117.180 - - [15/Mar/2025:08:59:29 +0700] "GET /wp-content/plugins/wp-freeform/style.php HTTP/1.1" 301 0 "www.google.com" "Mozlila/5.0 (Linux; Android 7.0; SM-G892A Bulid/NRD90M; wv) AppleWebKit/537.36 (KHTML, like Gecko) Version/4.0 Chrome/60.0.3112.107 Moblie Safari/537.36"
66.249.75.228 - - [15/Mar/2025:08:59:30 +0700] "GET /3225405337.shtm HTTP/1.1" 200 19457 "-" "Mozilla/5.0 (compatible; Googlebot/2.1; +http://www.google.com/bot.html)"
18.142.117.180 - - [15/Mar/2025:08:59:33 +0700] "GET /?loadme HTTP/1.1" 301 0 "www.google.com" "Mozlila/5.0 (Linux; Android 7.0; SM-G892A Bulid/NRD90M; wv) AppleWebKit/537.36 (KHTML, like Gecko) Version/4.0 Chrome/60.0.3112.107 Moblie Safari/537.36"
66.249.75.228 - - [15/Mar/2025:08:59:43 +0700] "GET /praying/32271372784.shtm HTTP/1.1" 200 21790 "-" "Mozilla/5.0 (compatible; Googlebot/2.1; +http://www.google.com/bot.html)"
18.142.117.180 - - [15/Mar/2025:08:59:42 +0700] "GET /galekjaya.php?raimu=tgl99 HTTP/1.1" 301 0 "www.google.com" "Mozlila/5.0 (Linux; Android 7.0; SM-G892A Bulid/NRD90M; wv) AppleWebKit/537.36 (KHTML, like Gecko) Version/4.0 Chrome/60.0.3112.107 Moblie Safari/537.36"
18.142.117.180 - - [15/Mar/2025:08:59:52 +0700] "GET /r00t.php HTTP/1.1" 301 0 "www.google.com" "Mozlila/5.0 (Linux; Android 7.0; SM-G892A Bulid/NRD90M; wv) AppleWebKit/537.36 (KHTML, like Gecko) Version/4.0 Chrome/60.0.3112.107 Moblie Safari/537.36"
66.249.75.228 - - [15/Mar/2025:08:59:55 +0700] "GET /vectors/32292009822.shtm HTTP/1.1" 200 20140 "-" "Mozilla/5.0 (Linux; Android 6.0.1; Nexus 5X Build/MMB29P) AppleWebKit/537.36 (KHTML, like Gecko) Chrome/133.0.6943.141 Mobile Safari/537.36 (compatible; GoogleOther)"
18.142.117.180 - - [15/Mar/2025:08:59:57 +0700] "GET /Xzd.php HTTP/1.1" 301 0 "www.google.com" "Mozlila/5.0 (Linux; Android 7.0; SM-G892A Bulid/NRD90M; wv) AppleWebKit/537.36 (KHTML, like Gecko) Version/4.0 Chrome/60.0.3112.107 Moblie Safari/537.36"
66.249.75.229 - - [15/Mar/2025:09:00:00 +0700] "GET /jh/32281630181.shtm HTTP/1.1" 200 19980 "-" "Mozilla/5.0 (compatible; Googlebot/2.1; +http://www.google.com/bot.html)"
18.142.117.180 - - [15/Mar/2025:09:00:02 +0700] "GET /radio.php?pass=shell HTTP/1.1" 301 0 "www.google.com" "Mozlila/5.0 (Linux; Android 7.0; SM-G892A Bulid/NRD90M; wv) AppleWebKit/537.36 (KHTML, like Gecko) Version/4.0 Chrome/60.0.3112.107 Moblie Safari/537.36"
18.142.117.180 - - [15/Mar/2025:09:00:12 +0700] "GET /content.php HTTP/1.1" 301 0 "www.google.com" "Mozlila/5.0 (Linux; Android 7.0; SM-G892A Bulid/NRD90M; wv) AppleWebKit/537.36 (KHTML, like Gecko) Version/4.0 Chrome/60.0.3112.107 Moblie Safari/537.36"
18.142.117.180 - - [15/Mar/2025:09:00:17 +0700] "GET /about.php HTTP/1.1" 301 0 "www.google.com" "Mozlila/5.0 (Linux; Android 7.0; SM-G892A Bulid/NRD90M; wv) AppleWebKit/537.36 (KHTML, like Gecko) Version/4.0 Chrome/60.0.3112.107 Moblie Safari/537.36"
66.249.75.228 - - [15/Mar/2025:09:00:20 +0700] "POST /get-message-notify HTTP/1.1" 200 22056 "http://www.aturtoko.id/32281618675.shtm" "Mozilla/5.0 (Linux; Android 6.0.1; Nexus 5X Build/MMB29P) AppleWebKit/537.36 (KHTML, like Gecko) Chrome/133.0.6943.141 Mobile Safari/537.36 (compatible; Googlebot/2.1; +http://www.google.com/bot.html)"
18.142.117.180 - - [15/Mar/2025:09:00:25 +0700] "GET /admin.php HTTP/1.1" 403 1242 "www.google.com" "Mozlila/5.0 (Linux; Android 7.0; SM-G892A Bulid/NRD90M; wv) AppleWebKit/537.36 (KHTML, like Gecko) Version/4.0 Chrome/60.0.3112.107 Moblie Safari/537.36"
66.249.71.9 - - [15/Mar/2025:09:00:24 +0700] "GET /screening/3225343196.shtm HTTP/1.1" 200 20956 "-" "Mozilla/5.0 (compatible; Googlebot/2.1; +http://www.google.com/bot.html)"
18.142.117.180 - - [15/Mar/2025:09:00:25 +0700] "GET /css.php HTTP/1.1" 301 0 "www.google.com" "Mozlila/5.0 (Linux; Android 7.0; SM-G892A Bulid/NRD90M; wv) AppleWebKit/537.36 (KHTML, like Gecko) Version/4.0 Chrome/60.0.3112.107 Moblie Safari/537.36"
18.142.117.180 - - [15/Mar/2025:09:00:30 +0700] "GET /doc.php HTTP/1.1" 301 0 "www.google.com" "Mozlila/5.0 (Linux; Android 7.0; SM-G892A Bulid/NRD90M; wv) AppleWebKit/537.36 (KHTML, like Gecko) Version/4.0 Chrome/60.0.3112.107 Moblie Safari/537.36"
66.249.71.9 - - [15/Mar/2025:09:00:32 +0700] "GET /stools/32292133146.shtm HTTP/1.1" 200 19833 "-" "Mozilla/5.0 (compatible; Googlebot/2.1; +http://www.google.com/bot.html)"
18.142.117.180 - - [15/Mar/2025:09:00:35 +0700] "GET /wp_wrong_datlib.php HTTP/1.1" 301 0 "www.google.com" "Mozlila/5.0 (Linux; Android 7.0; SM-G892A Bulid/NRD90M; wv) AppleWebKit/537.36 (KHTML, like Gecko) Version/4.0 Chrome/60.0.3112.107 Moblie Safari/537.36"
18.142.117.180 - - [15/Mar/2025:09:00:39 +0700] "GET /v.php HTTP/1.1" 301 0 "www.google.com" "Mozlila/5.0 (Linux; Android 7.0; SM-G892A Bulid/NRD90M; wv) AppleWebKit/537.36 (KHTML, like Gecko) Version/4.0 Chrome/60.0.3112.107 Moblie Safari/537.36"
66.249.75.228 - - [15/Mar/2025:09:00:49 +0700] "GET /lyrics/commoditys/3225399321.shtm HTTP/1.1" 200 21732 "-" "Mozilla/5.0 (compatible; Googlebot/2.1; +http://www.google.com/bot.html)"
18.142.117.180 - - [15/Mar/2025:09:00:46 +0700] "GET /ups.php HTTP/1.1" 301 0 "www.google.com" "Mozlila/5.0 (Linux; Android 7.0; SM-G892A Bulid/NRD90M; wv) AppleWebKit/537.36 (KHTML, like Gecko) Version/4.0 Chrome/60.0.3112.107 Moblie Safari/537.36"
18.142.117.180 - - [15/Mar/2025:09:00:55 +0700] "GET /up.php HTTP/1.1" 301 0 "www.google.com" "Mozlila/5.0 (Linux; Android 7.0; SM-G892A Bulid/NRD90M; wv) AppleWebKit/537.36 (KHTML, like Gecko) Version/4.0 Chrome/60.0.3112.107 Moblie Safari/537.36"
18.142.117.180 - - [15/Mar/2025:09:01:00 +0700] "GET /fw.php HTTP/1.1" 301 0 "www.google.com" "Mozlila/5.0 (Linux; Android 7.0; SM-G892A Bulid/NRD90M; wv) AppleWebKit/537.36 (KHTML, like Gecko) Version/4.0 Chrome/60.0.3112.107 Moblie Safari/537.36"
66.249.75.228 - - [15/Mar/2025:09:01:07 +0700] "GET /322558066.shtm HTTP/1.1" 200 20327 "-" "Mozilla/5.0 (compatible; Googlebot/2.1; +http://www.google.com/bot.html)"
18.142.117.180 - - [15/Mar/2025:09:01:05 +0700] "GET /loader/ff.php?pass=shell HTTP/1.1" 301 0 "www.google.com" "Mozlila/5.0 (Linux; Android 7.0; SM-G892A Bulid/NRD90M; wv) AppleWebKit/537.36 (KHTML, like Gecko) Version/4.0 Chrome/60.0.3112.107 Moblie Safari/537.36"
18.142.117.180 - - [15/Mar/2025:09:01:14 +0700] "GET /local.php HTTP/1.1" 301 0 "www.google.com" "Mozlila/5.0 (Linux; Android 7.0; SM-G892A Bulid/NRD90M; wv) AppleWebKit/537.36 (KHTML, like Gecko) Version/4.0 Chrome/60.0.3112.107 Moblie Safari/537.36"
66.249.75.228 - - [15/Mar/2025:09:01:20 +0700] "GET /beams/commoditys/3226772191.shtm HTTP/1.1" 200 20489 "-" "Mozilla/5.0 (compatible; Googlebot/2.1; +http://www.google.com/bot.html)"
18.142.117.180 - - [15/Mar/2025:09:01:23 +0700] "GET /wp-atom.php HTTP/1.1" 301 0 "www.google.com" "Mozlila/5.0 (Linux; Android 7.0; SM-G892A Bulid/NRD90M; wv) AppleWebKit/537.36 (KHTML, like Gecko) Version/4.0 Chrome/60.0.3112.107 Moblie Safari/537.36"
18.142.117.180 - - [15/Mar/2025:09:01:29 +0700] "GET /1index.php?pass=shell HTTP/1.1" 301 0 "www.google.com" "Mozlila/5.0 (Linux; Android 7.0; SM-G892A Bulid/NRD90M; wv) AppleWebKit/537.36 (KHTML, like Gecko) Version/4.0 Chrome/60.0.3112.107 Moblie Safari/537.36"
18.142.117.180 - - [15/Mar/2025:09:01:38 +0700] "GET /2index.php?pass=shell HTTP/1.1" 301 0 "www.google.com" "Mozlila/5.0 (Linux; Android 7.0; SM-G892A Bulid/NRD90M; wv) AppleWebKit/537.36 (KHTML, like Gecko) Version/4.0 Chrome/60.0.3112.107 Moblie Safari/537.36"
66.249.75.228 - - [15/Mar/2025:09:01:46 +0700] "GET /seniors/item/32281544382.shtm HTTP/1.1" 200 20798 "-" "Mozilla/5.0 (compatible; Googlebot/2.1; +http://www.google.com/bot.html)"
18.142.117.180 - - [15/Mar/2025:09:01:48 +0700] "GET /3index.php?f=NmRtJOUjAdutReQjscRjKUhleBpzmTyO.txt HTTP/1.1" 301 0 "www.google.com" "Mozlila/5.0 (Linux; Android 7.0; SM-G892A Bulid/NRD90M; wv) AppleWebKit/537.36 (KHTML, like Gecko) Version/4.0 Chrome/60.0.3112.107 Moblie Safari/537.36"
18.142.117.180 - - [15/Mar/2025:09:01:58 +0700] "GET /wikindex.php?f=NmRtJOUjAdutReQjscRjKUhleBpzmTyO.txt HTTP/1.1" 301 0 "www.google.com" "Mozlila/5.0 (Linux; Android 7.0; SM-G892A Bulid/NRD90M; wv) AppleWebKit/537.36 (KHTML, like Gecko) Version/4.0 Chrome/60.0.3112.107 Moblie Safari/537.36"
40.77.188.118 - - [15/Mar/2025:09:02:10 +0700] "POST /get-message-notify HTTP/1.1" 200 27344 "http://www.aturtoko.id/en/blog/kewirausahaan/funding/contoh-proposal-usaha-yang-memikat-modal-menggaet-investor" "Mozilla/5.0 AppleWebKit/537.36 (KHTML, like Gecko; compatible; bingbot/2.0; +http://www.bing.com/bingbot.htm) Chrome/112.0.0.0 Safari/537.36"
66.249.75.229 - - [15/Mar/2025:09:02:11 +0700] "GET /3226931960.shtm HTTP/1.1" 200 21323 "-" "Mozilla/5.0 (compatible; Googlebot/2.1; +http://www.google.com/bot.html)"
18.142.117.180 - - [15/Mar/2025:09:02:10 +0700] "GET /autoload_classmap.php HTTP/1.1" 301 0 "www.google.com" "Mozlila/5.0 (Linux; Android 7.0; SM-G892A Bulid/NRD90M; wv) AppleWebKit/537.36 (KHTML, like Gecko) Version/4.0 Chrome/60.0.3112.107 Moblie Safari/537.36"
18.142.117.180 - - [15/Mar/2025:09:02:16 +0700] "GET /wp-conflg.php HTTP/1.1" 301 0 "www.google.com" "Mozlila/5.0 (Linux; Android 7.0; SM-G892A Bulid/NRD90M; wv) AppleWebKit/537.36 (KHTML, like Gecko) Version/4.0 Chrome/60.0.3112.107 Moblie Safari/537.36"
18.142.117.180 - - [15/Mar/2025:09:02:22 +0700] "GET /wp-admin/includes/1975.php HTTP/1.1" 301 0 "www.google.com" "Mozlila/5.0 (Linux; Android 7.0; SM-G892A Bulid/NRD90M; wv) AppleWebKit/537.36 (KHTML, like Gecko) Version/4.0 Chrome/60.0.3112.107 Moblie Safari/537.36"
66.249.75.228 - - [15/Mar/2025:09:02:23 +0700] "POST /get-message-notify HTTP/1.1" 200 22058 "http://www.aturtoko.id/serum/3225227531.shtm" "Mozilla/5.0 (Linux; Android 6.0.1; Nexus 5X Build/MMB29P) AppleWebKit/537.36 (KHTML, like Gecko) Chrome/133.0.6943.141 Mobile Safari/537.36 (compatible; Googlebot/2.1; +http://www.google.com/bot.html)"
18.142.117.180 - - [15/Mar/2025:09:02:26 +0700] "GET /wp-backup-sql-302.php HTTP/1.1" 301 0 "www.google.com" "Mozlila/5.0 (Linux; Android 7.0; SM-G892A Bulid/NRD90M; wv) AppleWebKit/537.36 (KHTML, like Gecko) Version/4.0 Chrome/60.0.3112.107 Moblie Safari/537.36"
18.142.117.180 - - [15/Mar/2025:09:02:31 +0700] "GET /wp-includes/wp-class.php HTTP/1.1" 403 1242 "www.google.com" "Mozlila/5.0 (Linux; Android 7.0; SM-G892A Bulid/NRD90M; wv) AppleWebKit/537.36 (KHTML, like Gecko) Version/4.0 Chrome/60.0.3112.107 Moblie Safari/537.36"
18.142.117.180 - - [15/Mar/2025:09:02:31 +0700] "GET /wp-inlcudes.php?katib HTTP/1.1" 301 0 "www.google.com" "Mozlila/5.0 (Linux; Android 7.0; SM-G892A Bulid/NRD90M; wv) AppleWebKit/537.36 (KHTML, like Gecko) Version/4.0 Chrome/60.0.3112.107 Moblie Safari/537.36"
66.249.75.228 - - [15/Mar/2025:09:02:35 +0700] "GET /32271458583.shtm HTTP/1.1" 200 22025 "-" "Mozilla/5.0 (compatible; Googlebot/2.1; +http://www.google.com/bot.html)"
18.142.117.180 - - [15/Mar/2025:09:02:42 +0700] "GET /wp-js.php?phpshells HTTP/1.1" 301 0 "www.google.com" "Mozlila/5.0 (Linux; Android 7.0; SM-G892A Bulid/NRD90M; wv) AppleWebKit/537.36 (KHTML, like Gecko) Version/4.0 Chrome/60.0.3112.107 Moblie Safari/537.36"
18.142.117.180 - - [15/Mar/2025:09:02:52 +0700] "GET /wp-load.php?daksldlkdsadas=1 HTTP/1.1" 403 1242 "www.google.com" "Mozlila/5.0 (Linux; Android 7.0; SM-G892A Bulid/NRD90M; wv) AppleWebKit/537.36 (KHTML, like Gecko) Version/4.0 Chrome/60.0.3112.107 Moblie Safari/537.36"
66.249.75.228 - - [15/Mar/2025:09:02:51 +0700] "GET /regain/product/32271017759.shtm HTTP/1.1" 200 20489 "-" "Mozilla/5.0 (compatible; Googlebot/2.1; +http://www.google.com/bot.html)"
18.142.117.180 - - [15/Mar/2025:09:02:52 +0700] "GET /sys.php HTTP/1.1" 301 0 "www.google.com" "Mozlila/5.0 (Linux; Android 7.0; SM-G892A Bulid/NRD90M; wv) AppleWebKit/537.36 (KHTML, like Gecko) Version/4.0 Chrome/60.0.3112.107 Moblie Safari/537.36"
18.142.117.180 - - [15/Mar/2025:09:02:58 +0700] "GET /0.php HTTP/1.1" 301 0 "www.google.com" "Mozlila/5.0 (Linux; Android 7.0; SM-G892A Bulid/NRD90M; wv) AppleWebKit/537.36 (KHTML, like Gecko) Version/4.0 Chrome/60.0.3112.107 Moblie Safari/537.36"
66.249.75.228 - - [15/Mar/2025:09:03:03 +0700] "GET /proc/products/32292304744.shtm HTTP/1.1" 200 19969 "-" "Mozilla/5.0 (compatible; Googlebot/2.1; +http://www.google.com/bot.html)"
18.142.117.180 - - [15/Mar/2025:09:03:03 +0700] "GET /0byte.php HTTP/1.1" 301 0 "www.google.com" "Mozlila/5.0 (Linux; Android 7.0; SM-G892A Bulid/NRD90M; wv) AppleWebKit/537.36 (KHTML, like Gecko) Version/4.0 Chrome/60.0.3112.107 Moblie Safari/537.36"
18.142.117.180 - - [15/Mar/2025:09:03:08 +0700] "GET /0x0.php HTTP/1.1" 301 0 "www.google.com" "Mozlila/5.0 (Linux; Android 7.0; SM-G892A Bulid/NRD90M; wv) AppleWebKit/537.36 (KHTML, like Gecko) Version/4.0 Chrome/60.0.3112.107 Moblie Safari/537.36"
18.142.117.180 - - [15/Mar/2025:09:03:13 +0700] "GET /0z.php HTTP/1.1" 301 0 "www.google.com" "Mozlila/5.0 (Linux; Android 7.0; SM-G892A Bulid/NRD90M; wv) AppleWebKit/537.36 (KHTML, like Gecko) Version/4.0 Chrome/60.0.3112.107 Moblie Safari/537.36"
66.249.75.228 - - [15/Mar/2025:09:03:15 +0700] "GET /zurich/3225331367.shtm HTTP/1.1" 200 19665 "-" "Mozilla/5.0 (compatible; Googlebot/2.1; +http://www.google.com/bot.html)"
18.142.117.180 - - [15/Mar/2025:09:03:17 +0700] "GET /1.php HTTP/1.1" 301 0 "www.google.com" "Mozlila/5.0 (Linux; Android 7.0; SM-G892A Bulid/NRD90M; wv) AppleWebKit/537.36 (KHTML, like Gecko) Version/4.0 Chrome/60.0.3112.107 Moblie Safari/537.36"
18.142.117.180 - - [15/Mar/2025:09:03:24 +0700] "GET /13.php HTTP/1.1" 301 0 "www.google.com" "Mozlila/5.0 (Linux; Android 7.0; SM-G892A Bulid/NRD90M; wv) AppleWebKit/537.36 (KHTML, like Gecko) Version/4.0 Chrome/60.0.3112.107 Moblie Safari/537.36"
18.142.117.180 - - [15/Mar/2025:09:03:31 +0700] "GET /1877.php HTTP/1.1" 301 0 "www.google.com" "Mozlila/5.0 (Linux; Android 7.0; SM-G892A Bulid/NRD90M; wv) AppleWebKit/537.36 (KHTML, like Gecko) Version/4.0 Chrome/60.0.3112.107 Moblie Safari/537.36"
66.249.71.9 - - [15/Mar/2025:09:03:32 +0700] "GET /oncology/32271129613.shtm HTTP/1.1" 200 19761 "-" "Mozilla/5.0 (compatible; Googlebot/2.1; +http://www.google.com/bot.html)"
18.142.117.180 - - [15/Mar/2025:09:03:35 +0700] "GET /1975.php?CVE=2022 HTTP/1.1" 301 0 "www.google.com" "Mozlila/5.0 (Linux; Android 7.0; SM-G892A Bulid/NRD90M; wv) AppleWebKit/537.36 (KHTML, like Gecko) Version/4.0 Chrome/60.0.3112.107 Moblie Safari/537.36"
66.249.75.228 - - [15/Mar/2025:09:03:44 +0700] "GET /jeffrey/goods/3225245568.shtm HTTP/1.1" 200 20153 "-" "Mozilla/5.0 (compatible; Googlebot/2.1; +http://www.google.com/bot.html)"
18.142.117.180 - - [15/Mar/2025:09:03:45 +0700] "GET /1975.php?CVE=2021 HTTP/1.1" 301 0 "www.google.com" "Mozlila/5.0 (Linux; Android 7.0; SM-G892A Bulid/NRD90M; wv) AppleWebKit/537.36 (KHTML, like Gecko) Version/4.0 Chrome/60.0.3112.107 Moblie Safari/537.36"
18.142.117.180 - - [15/Mar/2025:09:03:57 +0700] "GET /1975.php HTTP/1.1" 301 0 "www.google.com" "Mozlila/5.0 (Linux; Android 7.0; SM-G892A Bulid/NRD90M; wv) AppleWebKit/537.36 (KHTML, like Gecko) Version/4.0 Chrome/60.0.3112.107 Moblie Safari/537.36"
66.249.75.230 - - [15/Mar/2025:09:04:01 +0700] "GET /affidavit/32271115387.shtm HTTP/1.1" 200 22659 "-" "Mozilla/5.0 (compatible; Googlebot/2.1; +http://www.google.com/bot.html)"
18.142.117.180 - - [15/Mar/2025:09:04:02 +0700] "GET /1975Team.php?shell=Dead HTTP/1.1" 301 0 "www.google.com" "Mozlila/5.0 (Linux; Android 7.0; SM-G892A Bulid/NRD90M; wv) AppleWebKit/537.36 (KHTML, like Gecko) Version/4.0 Chrome/60.0.3112.107 Moblie Safari/537.36"
66.249.75.228 - - [15/Mar/2025:09:04:10 +0700] "GET /ideal/3225221435.shtm HTTP/1.1" 200 21594 "-" "Mozilla/5.0 (Linux; Android 6.0.1; Nexus 5X Build/MMB29P) AppleWebKit/537.36 (KHTML, like Gecko) Chrome/133.0.6943.141 Mobile Safari/537.36 (compatible; GoogleOther)"
180.235.151.3 - - [15/Mar/2025:09:04:17 +0700] "POST /wp-cron.php?doing_wp_cron=1742004257.3684420585632324218750 HTTP/1.1" 403 1242 "-" "WordPress/6.7.2; https://www.aturtoko.id"
18.142.117.180 - - [15/Mar/2025:09:04:14 +0700] "GET /vendor/phpunit/phpunit/src/Util/PHP/eval-stdin.php HTTP/1.1" 404 3380 "-" "python-requests/2.32.3"
66.249.75.228 - - [15/Mar/2025:09:04:18 +0700] "GET /32271446754.shtm HTTP/1.1" 200 19808 "-" "Mozilla/5.0 (compatible; Googlebot/2.1; +http://www.google.com/bot.html)"
18.142.117.180 - - [15/Mar/2025:09:04:17 +0700] "GET /laravel/vendor/phpunit/phpunit/src/Util/PHP/eval-stdin.php HTTP/1.1" 404 3380 "-" "python-requests/2.32.3"
18.142.117.180 - - [15/Mar/2025:09:04:22 +0700] "GET /api/vendor/phpunit/phpunit/src/Util/PHP/eval-stdin.php HTTP/1.1" 404 3380 "-" "python-requests/2.32.3"
18.142.117.180 - - [15/Mar/2025:09:04:27 +0700] "GET /sites/all/libraries/mailchimp/vendor/phpunit/phpunit/src/Util/PHP/eval-stdin.php HTTP/1.1" 404 3380 "-" "python-requests/2.32.3"
18.142.117.180 - - [15/Mar/2025:09:04:29 +0700] "GET /modules/autoupgrade/vendor/phpunit/phpunit/src/Util/PHP/eval-stdin.php HTTP/1.1" 404 3380 "-" "python-requests/2.32.3"
66.249.71.9 - - [15/Mar/2025:09:04:35 +0700] "GET /32281973377.shtm HTTP/1.1" 200 19801 "-" "Mozilla/5.0 (compatible; Googlebot/2.1; +http://www.google.com/bot.html)"
18.142.117.180 - - [15/Mar/2025:09:04:35 +0700] "GET /assets/editor/fileman/dev.html HTTP/1.1" 404 3380 "-" "Mozilla/5.0 (Windows NT 10.0; Win64; x64) AppleWebKit/537.36 (KHTML, like Gecko) Chrome/85.0.4183.102 Safari/537.36"
18.142.117.180 - - [15/Mar/2025:09:04:41 +0700] "GET /assets/editor/fileman/index.html HTTP/1.1" 404 3380 "-" "Mozilla/5.0 (Windows NT 10.0; Win64; x64) AppleWebKit/537.36 (KHTML, like Gecko) Chrome/85.0.4183.102 Safari/537.36"
66.249.75.228 - - [15/Mar/2025:09:04:47 +0700] "GET /mortar/32281875749.shtm HTTP/1.1" 200 20962 "-" "Mozilla/5.0 (compatible; Googlebot/2.1; +http://www.google.com/bot.html)"
18.142.117.180 - - [15/Mar/2025:09:04:47 +0700] "GET /js/fileman/dev.html HTTP/1.1" 404 3380 "-" "Mozilla/5.0 (Windows NT 10.0; Win64; x64) AppleWebKit/537.36 (KHTML, like Gecko) Chrome/85.0.4183.102 Safari/537.36"
18.142.117.180 - - [15/Mar/2025:09:04:53 +0700] "GET /js/fileman/index.html HTTP/1.1" 404 3380 "-" "Mozilla/5.0 (Windows NT 10.0; Win64; x64) AppleWebKit/537.36 (KHTML, like Gecko) Chrome/85.0.4183.102 Safari/537.36"
18.142.117.180 - - [15/Mar/2025:09:04:57 +0700] "GET /fileman/index.html HTTP/1.1" 404 3373 "-" "Mozilla/5.0 (Windows NT 10.0; Win64; x64) AppleWebKit/537.36 (KHTML, like Gecko) Chrome/85.0.4183.102 Safari/537.36"
66.249.75.228 - - [15/Mar/2025:09:05:03 +0700] "GET /lisa/merchandises/3226502965.shtm HTTP/1.1" 200 20028 "-" "Mozilla/5.0 (compatible; Googlebot/2.1; +http://www.google.com/bot.html)"
18.142.117.180 - - [15/Mar/2025:09:05:02 +0700] "GET /fileman/dev.html HTTP/1.1" 404 3380 "-" "Mozilla/5.0 (Windows NT 10.0; Win64; x64) AppleWebKit/537.36 (KHTML, like Gecko) Chrome/85.0.4183.102 Safari/537.36"
18.142.117.180 - - [15/Mar/2025:09:05:07 +0700] "GET /lib/fileman/index.html HTTP/1.1" 404 3380 "-" "Mozilla/5.0 (Windows NT 10.0; Win64; x64) AppleWebKit/537.36 (KHTML, like Gecko) Chrome/85.0.4183.102 Safari/537.36"
66.249.75.228 - - [15/Mar/2025:09:05:11 +0700] "POST /get-message-notify HTTP/1.1" 200 22057 "http://www.aturtoko.id/tester/products/32281951344.shtm" "Mozilla/5.0 (Linux; Android 6.0.1; Nexus 5X Build/MMB29P) AppleWebKit/537.36 (KHTML, like Gecko) Chrome/133.0.6943.141 Mobile Safari/537.36 (compatible; Googlebot/2.1; +http://www.google.com/bot.html)"
18.142.117.180 - - [15/Mar/2025:09:05:11 +0700] "GET /lib/fileman/dev.html HTTP/1.1" 404 3380 "-" "Mozilla/5.0 (Windows NT 10.0; Win64; x64) AppleWebKit/537.36 (KHTML, like Gecko) Chrome/85.0.4183.102 Safari/537.36"
66.249.71.9 - - [15/Mar/2025:09:05:19 +0700] "GET /32292476342.shtm HTTP/1.1" 200 21609 "-" "Mozilla/5.0 (compatible; Googlebot/2.1; +http://www.google.com/bot.html)"
180.235.151.3 - - [15/Mar/2025:09:05:21 +0700] "POST /wp-cron.php?doing_wp_cron=1742004321.5176949501037597656250 HTTP/1.1" 403 1242 "-" "WordPress/6.7.2; https://www.aturtoko.id"
18.142.117.180 - - [15/Mar/2025:09:05:16 +0700] "GET /admin/fileman/index.html HTTP/1.1" 404 3380 "-" "Mozilla/5.0 (Windows NT 10.0; Win64; x64) AppleWebKit/537.36 (KHTML, like Gecko) Chrome/85.0.4183.102 Safari/537.36"
18.142.117.180 - - [15/Mar/2025:09:05:21 +0700] "GET /admin/fileman/dev.html HTTP/1.1" 404 3380 "-" "Mozilla/5.0 (Windows NT 10.0; Win64; x64) AppleWebKit/537.36 (KHTML, like Gecko) Chrome/85.0.4183.102 Safari/537.36"
66.249.75.228 - - [15/Mar/2025:09:05:32 +0700] "GET /3225159769.shtm HTTP/1.1" 200 20403 "-" "Mozilla/5.0 (compatible; Googlebot/2.1; +http://www.google.com/bot.html)"
66.249.75.228 - - [15/Mar/2025:09:05:44 +0700] "GET /traction/good/32281993200.shtm HTTP/1.1" 200 19876 "-" "Mozilla/5.0 (Linux; Android 6.0.1; Nexus 5X Build/MMB29P) AppleWebKit/537.36 (KHTML, like Gecko) Chrome/133.0.6943.141 Mobile Safari/537.36 (compatible; GoogleOther)"
66.249.75.228 - - [15/Mar/2025:09:05:48 +0700] "GET /3225417166.shtm HTTP/1.1" 200 22312 "-" "Mozilla/5.0 (compatible; Googlebot/2.1; +http://www.google.com/bot.html)"
66.249.75.228 - - [15/Mar/2025:09:06:09 +0700] "GET /voodoo/322573970.shtm HTTP/1.1" 200 21356 "-" "Mozilla/5.0 (compatible; Googlebot/2.1; +http://www.google.com/bot.html)"
66.249.75.228 - - [15/Mar/2025:09:06:26 +0700] "GET /render/32271128215.shtm HTTP/1.1" 200 21879 "-" "Mozilla/5.0 (compatible; Googlebot/2.1; +http://www.google.com/bot.html)"
66.249.71.9 - - [15/Mar/2025:09:06:51 +0700] "GET /themes/322562141.shtm HTTP/1.1" 200 20076 "-" "Mozilla/5.0 (compatible; Googlebot/2.1; +http://www.google.com/bot.html)"
66.249.75.229 - - [15/Mar/2025:09:07:00 +0700] "GET /32271177528.shtm HTTP/1.1" 200 19952 "-" "Mozilla/5.0 (compatible; Googlebot/2.1; +http://www.google.com/bot.html)"
66.249.75.228 - - [15/Mar/2025:09:07:13 +0700] "GET /kissing/322585799.shtm HTTP/1.1" 200 20161 "-" "Mozilla/5.0 (compatible; Googlebot/2.1; +http://www.google.com/bot.html)"
66.249.75.228 - - [15/Mar/2025:09:07:36 +0700] "GET /32281961548.shtm HTTP/1.1" 200 20669 "-" "Mozilla/5.0 (compatible; Googlebot/2.1; +http://www.google.com/bot.html)"
66.249.71.9 - - [15/Mar/2025:09:07:49 +0700] "GET /wright/32271103558.shtm HTTP/1.1" 200 21677 "-" "Mozilla/5.0 (compatible; Googlebot/2.1; +http://www.google.com/bot.html)"
66.249.75.229 - - [15/Mar/2025:09:08:06 +0700] "GET /carrier/product/32281801779.shtm HTTP/1.1" 200 21217 "-" "Mozilla/5.0 (compatible; Googlebot/2.1; +http://www.google.com/bot.html)"
66.249.71.9 - - [15/Mar/2025:09:08:19 +0700] "GET /attempted/3226846161.shtm HTTP/1.1" 200 19358 "-" "Mozilla/5.0 (compatible; Googlebot/2.1; +http://www.google.com/bot.html)"
66.249.75.228 - - [15/Mar/2025:09:08:37 +0700] "GET /garth/auction/32271275156.shtm HTTP/1.1" 200 21013 "-" "Mozilla/5.0 (compatible; Googlebot/2.1; +http://www.google.com/bot.html)"
66.249.75.228 - - [15/Mar/2025:09:08:55 +0700] "GET /32281715980.shtm HTTP/1.1" 200 19512 "-" "Mozilla/5.0 (compatible; Googlebot/2.1; +http://www.google.com/bot.html)"
66.249.75.228 - - [15/Mar/2025:09:09:12 +0700] "GET /32271128190.shtm HTTP/1.1" 200 19862 "-" "Mozilla/5.0 (compatible; Googlebot/2.1; +http://www.google.com/bot.html)"
66.249.75.228 - - [15/Mar/2025:09:09:16 +0700] "POST /get-message-notify HTTP/1.1" 200 22058 "http://www.aturtoko.id/hopefully/good/32271004490.shtm" "Mozilla/5.0 (Linux; Android 6.0.1; Nexus 5X Build/MMB29P) AppleWebKit/537.36 (KHTML, like Gecko) Chrome/133.0.6943.141 Mobile Safari/537.36 (compatible; Googlebot/2.1; +http://www.google.com/bot.html)"
66.249.75.228 - - [15/Mar/2025:09:09:29 +0700] "GET /remainder/32292147630.shtm HTTP/1.1" 200 20169 "-" "Mozilla/5.0 (Linux; Android 6.0.1; Nexus 5X Build/MMB29P) AppleWebKit/537.36 (KHTML, like Gecko) Chrome/133.0.6943.141 Mobile Safari/537.36 (compatible; GoogleOther)"
180.235.151.3 - - [15/Mar/2025:09:09:32 +0700] "POST /wp-cron.php?doing_wp_cron=1742004572.7226870059967041015625 HTTP/1.1" 403 1242 "-" "WordPress/6.7.2; https://www.aturtoko.id"
167.172.65.214 - - [15/Mar/2025:09:09:29 +0700] "GET / HTTP/1.1" 301 0 "-" "Mozilla/5.0 (Windows NT 10.0; Win64; x64) AppleWebKit/537.36 (KHTML, like Gecko) Chrome/88.0.4240.193 Safari/537.36"
66.249.75.228 - - [15/Mar/2025:09:09:34 +0700] "GET /xerox/shopping/32292047347.shtm HTTP/1.1" 200 20038 "-" "Mozilla/5.0 (compatible; Googlebot/2.1; +http://www.google.com/bot.html)"
66.249.75.228 - - [15/Mar/2025:09:09:47 +0700] "GET /consuming/32271128494.shtm HTTP/1.1" 200 19891 "-" "Mozilla/5.0 (compatible; Googlebot/2.1; +http://www.google.com/bot.html)"
66.249.75.228 - - [15/Mar/2025:09:10:00 +0700] "GET /viewpoints/shopdetail/32292316573.shtm HTTP/1.1" 200 19689 "-" "Mozilla/5.0 (compatible; Googlebot/2.1; +http://www.google.com/bot.html)"
66.249.75.228 - - [15/Mar/2025:09:10:13 +0700] "GET /cars/auction/32292059176.shtm HTTP/1.1" 200 19838 "-" "Mozilla/5.0 (compatible; Googlebot/2.1; +http://www.google.com/bot.html)"
66.249.75.228 - - [15/Mar/2025:09:10:42 +0700] "GET /highly/item/3226760362.shtm HTTP/1.1" 200 20889 "-" "Mozilla/5.0 (compatible; Googlebot/2.1; +http://www.google.com/bot.html)"
66.249.75.228 - - [15/Mar/2025:09:10:55 +0700] "POST /get-message-notify HTTP/1.1" 200 22056 "http://www.aturtoko.id/highly/item/3226760362.shtm" "Mozilla/5.0 AppleWebKit/537.36 (KHTML, like Gecko; compatible; Googlebot/2.1; +http://www.google.com/bot.html) Chrome/133.0.6943.141 Safari/537.36"
66.249.71.9 - - [15/Mar/2025:09:11:03 +0700] "GET /bombay/shopdetail/32281532553.shtm HTTP/1.1" 200 20909 "-" "Mozilla/5.0 (compatible; Googlebot/2.1; +http://www.google.com/bot.html)"
66.249.75.228 - - [15/Mar/2025:09:11:16 +0700] "GET /32271189357.shtm HTTP/1.1" 200 19611 "-" "Mozilla/5.0 (compatible; Googlebot/2.1; +http://www.google.com/bot.html)"
66.249.75.228 - - [15/Mar/2025:09:11:35 +0700] "GET /buff/products/3226514794.shtm HTTP/1.1" 200 19848 "-" "Mozilla/5.0 (compatible; Googlebot/2.1; +http://www.google.com/bot.html)"
66.249.71.9 - - [15/Mar/2025:09:11:50 +0700] "GET /lithium/auction/32271128816.shtm HTTP/1.1" 200 20522 "-" "Mozilla/5.0 (compatible; Googlebot/2.1; +http://www.google.com/bot.html)"
66.249.75.228 - - [15/Mar/2025:09:12:01 +0700] "GET /omissions/32281887578.shtm HTTP/1.1" 200 19407 "-" "Mozilla/5.0 (compatible; Googlebot/2.1; +http://www.google.com/bot.html)"
66.249.75.228 - - [15/Mar/2025:09:12:17 +0700] "GET /3225428995.shtm HTTP/1.1" 200 19421 "-" "Mozilla/5.0 (compatible; Googlebot/2.1; +http://www.google.com/bot.html)"
66.249.71.9 - - [15/Mar/2025:09:12:28 +0700] "GET /rex/merchandises/32271128975.shtm HTTP/1.1" 200 19696 "-" "Mozilla/5.0 (compatible; Googlebot/2.1; +http://www.google.com/bot.html)"
66.249.75.228 - - [15/Mar/2025:09:12:47 +0700] "GET /32281704151.shtm HTTP/1.1" 200 19779 "-" "Mozilla/5.0 (compatible; Googlebot/2.1; +http://www.google.com/bot.html)"
66.249.75.228 - - [15/Mar/2025:09:13:03 +0700] "GET /3226662734.shtm HTTP/1.1" 200 19594 "-" "Mozilla/5.0 (compatible; Googlebot/2.1; +http://www.google.com/bot.html)"
66.249.75.228 - - [15/Mar/2025:09:13:19 +0700] "GET /depth/32271360955.shtm HTTP/1.1" 200 20154 "-" "Mozilla/5.0 (compatible; Googlebot/2.1; +http://www.google.com/bot.html)"
66.249.75.228 - - [15/Mar/2025:09:13:31 +0700] "GET /dac/32281618352.shtm HTTP/1.1" 200 21002 "-" "Mozilla/5.0 (compatible; Googlebot/2.1; +http://www.google.com/bot.html)"
66.249.71.9 - - [15/Mar/2025:09:13:47 +0700] "GET /3226674563.shtm HTTP/1.1" 200 19317 "-" "Mozilla/5.0 (compatible; Googlebot/2.1; +http://www.google.com/bot.html)"
66.249.75.228 - - [15/Mar/2025:09:14:00 +0700] "GET /iq/3226588764.shtm HTTP/1.1" 200 19833 "-" "Mozilla/5.0 (compatible; Googlebot/2.1; +http://www.google.com/bot.html)"
66.249.75.228 - - [15/Mar/2025:09:14:16 +0700] "GET /32292488171.shtm HTTP/1.1" 200 20016 "-" "Mozilla/5.0 (compatible; Googlebot/2.1; +http://www.google.com/bot.html)"
66.249.75.228 - - [15/Mar/2025:09:14:29 +0700] "GET /volume/3225319538.shtm HTTP/1.1" 200 19565 "-" "Mozilla/5.0 (compatible; Googlebot/2.1; +http://www.google.com/bot.html)"
66.249.75.228 - - [15/Mar/2025:09:14:50 +0700] "GET /qc/32271127981.shtm HTTP/1.1" 200 19547 "-" "Mozilla/5.0 (compatible; Googlebot/2.1; +http://www.google.com/bot.html)"
66.249.75.228 - - [15/Mar/2025:09:15:10 +0700] "GET /32271129444.shtm HTTP/1.1" 200 20251 "-" "Mozilla/5.0 (compatible; Googlebot/2.1; +http://www.google.com/bot.html)"
66.249.75.228 - - [15/Mar/2025:09:15:23 +0700] "GET /3225147940.shtm HTTP/1.1" 200 21529 "-" "Mozilla/5.0 (compatible; Googlebot/2.1; +http://www.google.com/bot.html)"
66.249.75.228 - - [15/Mar/2025:09:15:36 +0700] "GET /traders/shopdetail/3226748533.shtm HTTP/1.1" 200 22104 "-" "Mozilla/5.0 (compatible; Googlebot/2.1; +http://www.google.com/bot.html)"
66.249.75.228 - - [15/Mar/2025:09:15:52 +0700] "GET /3226686392.shtm HTTP/1.1" 200 20183 "-" "Mozilla/5.0 (compatible; Googlebot/2.1; +http://www.google.com/bot.html)"
66.249.71.9 - - [15/Mar/2025:09:16:08 +0700] "GET /greeting/32292144975.shtm HTTP/1.1" 200 19717 "-" "Mozilla/5.0 (compatible; Googlebot/2.1; +http://www.google.com/bot.html)"
66.249.71.9 - - [15/Mar/2025:09:16:19 +0700] "GET /detached/32292390543.shtm HTTP/1.1" 200 20822 "-" "Mozilla/5.0 (compatible; Googlebot/2.1; +http://www.google.com/bot.html)"
66.249.71.9 - - [15/Mar/2025:09:16:34 +0700] "GET /labor/3226600593.shtm HTTP/1.1" 200 21969 "-" "Mozilla/5.0 (compatible; Googlebot/2.1; +http://www.google.com/bot.html)"
66.249.75.228 - - [15/Mar/2025:09:16:50 +0700] "GET /porto/product/3225233739.shtm HTTP/1.1" 200 20374 "-" "Mozilla/5.0 (compatible; Googlebot/2.1; +http://www.google.com/bot.html)"
66.249.75.228 - - [15/Mar/2025:09:17:06 +0700] "GET /occasional/merchandises/32271286985.shtm HTTP/1.1" 200 20323 "-" "Mozilla/5.0 (compatible; Googlebot/2.1; +http://www.google.com/bot.html)"
66.249.75.228 - - [15/Mar/2025:09:17:23 +0700] "GET /saddle/shopping/32271129227.shtm HTTP/1.1" 200 20993 "-" "Mozilla/5.0 (compatible; Googlebot/2.1; +http://www.google.com/bot.html)"
66.249.75.228 - - [15/Mar/2025:09:17:31 +0700] "GET /lotto/3225352010.shtm HTTP/1.1" 200 21059 "-" "Mozilla/5.0 (Linux; Android 6.0.1; Nexus 5X Build/MMB29P) AppleWebKit/537.36 (KHTML, like Gecko) Chrome/133.0.6943.141 Mobile Safari/537.36 (compatible; GoogleOther)"
66.249.75.228 - - [15/Mar/2025:09:17:40 +0700] "GET /acting/32292402372.shtm HTTP/1.1" 200 22179 "-" "Mozilla/5.0 (compatible; Googlebot/2.1; +http://www.google.com/bot.html)"
66.249.75.228 - - [15/Mar/2025:09:17:52 +0700] "GET /fioricet/32271128026.shtm HTTP/1.1" 200 20273 "-" "Mozilla/5.0 (compatible; Googlebot/2.1; +http://www.google.com/bot.html)"
66.249.75.230 - - [15/Mar/2025:09:18:01 +0700] "POST /get-message-notify HTTP/1.1" 200 22055 "http://www.aturtoko.id/acting/32292402372.shtm" "Mozilla/5.0 AppleWebKit/537.36 (KHTML, like Gecko; compatible; Googlebot/2.1; +http://www.google.com/bot.html) Chrome/133.0.6943.141 Safari/537.36"
66.249.71.9 - - [15/Mar/2025:09:18:10 +0700] "GET /venetian/shopping/3225257397.shtm HTTP/1.1" 200 20590 "-" "Mozilla/5.0 (compatible; Googlebot/2.1; +http://www.google.com/bot.html)"
66.249.75.228 - - [15/Mar/2025:09:18:31 +0700] "POST /get-message-notify HTTP/1.1" 200 22056 "http://www.aturtoko.id/venetian/shopping/3225257397.shtm" "Mozilla/5.0 AppleWebKit/537.36 (KHTML, like Gecko; compatible; Googlebot/2.1; +http://www.google.com/bot.html) Chrome/133.0.6943.141 Safari/537.36"
66.249.75.228 - - [15/Mar/2025:09:18:35 +0700] "GET /weakness/shopdetail/32271129413.shtm HTTP/1.1" 200 19888 "-" "Mozilla/5.0 (compatible; Googlebot/2.1; +http://www.google.com/bot.html)"
66.249.75.228 - - [15/Mar/2025:09:18:51 +0700] "GET /vulnerable/good/32271005930.shtm HTTP/1.1" 200 20545 "-" "Mozilla/5.0 (compatible; Googlebot/2.1; +http://www.google.com/bot.html)"
66.249.75.230 - - [15/Mar/2025:09:19:04 +0700] "GET /32292218945.shtm HTTP/1.1" 200 21079 "-" "Mozilla/5.0 (compatible; Googlebot/2.1; +http://www.google.com/bot.html)"
66.249.75.228 - - [15/Mar/2025:09:19:17 +0700] "GET /32292258944.shtm HTTP/1.1" 200 20070 "-" "Mozilla/5.0 (compatible; Googlebot/2.1; +http://www.google.com/bot.html)"
66.249.75.228 - - [15/Mar/2025:09:19:31 +0700] "GET /authorisation/32281518344.shtm HTTP/1.1" 200 19844 "-" "Mozilla/5.0 (compatible; Googlebot/2.1; +http://www.google.com/bot.html)"
66.249.75.228 - - [15/Mar/2025:09:19:54 +0700] "GET /plots/32281647968.shtm HTTP/1.1" 200 20781 "-" "Mozilla/5.0 (compatible; Googlebot/2.1; +http://www.google.com/bot.html)"
66.249.75.228 - - [15/Mar/2025:09:20:05 +0700] "GET /excited/goods/32271184808.shtm HTTP/1.1" 200 22219 "-" "Mozilla/5.0 (compatible; Googlebot/2.1; +http://www.google.com/bot.html)"
66.249.75.228 - - [15/Mar/2025:09:20:21 +0700] "GET /ascension/item/32271036992.shtm HTTP/1.1" 200 20255 "-" "Mozilla/5.0 (compatible; Googlebot/2.1; +http://www.google.com/bot.html)"
66.249.75.228 - - [15/Mar/2025:09:20:37 +0700] "GET /32271481200.shtm HTTP/1.1" 200 21237 "-" "Mozilla/5.0 (compatible; Googlebot/2.1; +http://www.google.com/bot.html)"
66.249.75.228 - - [15/Mar/2025:09:20:50 +0700] "GET /322555336.shtm HTTP/1.1" 200 21591 "-" "Mozilla/5.0 (compatible; Googlebot/2.1; +http://www.google.com/bot.html)"
66.249.75.229 - - [15/Mar/2025:09:20:58 +0700] "POST /get-message-notify HTTP/1.1" 200 22056 "http://www.aturtoko.id/322555336.shtm" "Mozilla/5.0 AppleWebKit/537.36 (KHTML, like Gecko; compatible; Googlebot/2.1; +http://www.google.com/bot.html) Chrome/133.0.6943.141 Safari/537.36"
66.249.75.228 - - [15/Mar/2025:09:21:07 +0700] "GET /rgb/good/32281789950.shtm HTTP/1.1" 200 20857 "-" "Mozilla/5.0 (compatible; Googlebot/2.1; +http://www.google.com/bot.html)"
66.249.75.228 - - [15/Mar/2025:09:21:23 +0700] "GET /32271201186.shtm HTTP/1.1" 200 21709 "-" "Mozilla/5.0 (compatible; Googlebot/2.1; +http://www.google.com/bot.html)"
66.249.75.228 - - [15/Mar/2025:09:21:39 +0700] "GET /yale/good/32271127280.shtm HTTP/1.1" 200 21064 "-" "Mozilla/5.0 (compatible; Googlebot/2.1; +http://www.google.com/bot.html)"
66.249.75.228 - - [15/Mar/2025:09:21:51 +0700] "GET /tread/3226857990.shtm HTTP/1.1" 200 21074 "-" "Mozilla/5.0 (compatible; Googlebot/2.1; +http://www.google.com/bot.html)"
66.249.75.228 - - [15/Mar/2025:09:22:03 +0700] "POST /get-message-notify HTTP/1.1" 200 22056 "http://www.aturtoko.id/tread/3226857990.shtm" "Mozilla/5.0 AppleWebKit/537.36 (KHTML, like Gecko; compatible; Googlebot/2.1; +http://www.google.com/bot.html) Chrome/133.0.6943.141 Safari/537.36"
66.249.71.9 - - [15/Mar/2025:09:22:16 +0700] "GET /clifton/32271091729.shtm HTTP/1.1" 200 19356 "-" "Mozilla/5.0 (compatible; Googlebot/2.1; +http://www.google.com/bot.html)"
66.249.71.9 - - [15/Mar/2025:09:22:28 +0700] "GET /freely/auction/32271166616.shtm HTTP/1.1" 200 19471 "-" "Mozilla/5.0 (compatible; Googlebot/2.1; +http://www.google.com/bot.html)"
66.249.75.228 - - [15/Mar/2025:09:22:44 +0700] "GET /32281740448.shtm HTTP/1.1" 200 20070 "-" "Mozilla/5.0 (compatible; Googlebot/2.1; +http://www.google.com/bot.html)"
66.249.75.228 - - [15/Mar/2025:09:22:56 +0700] "GET /complied/good/3225277440.shtm HTTP/1.1" 200 19550 "-" "Mozilla/5.0 (compatible; Googlebot/2.1; +http://www.google.com/bot.html)"
66.249.75.228 - - [15/Mar/2025:09:23:13 +0700] "GET /adrenaline/products/3226777744.shtm HTTP/1.1" 200 20244 "-" "Mozilla/5.0 (compatible; Googlebot/2.1; +http://www.google.com/bot.html)"
66.249.75.228 - - [15/Mar/2025:09:23:30 +0700] "GET /tags/3226740600.shtm HTTP/1.1" 200 20218 "-" "Mozilla/5.0 (compatible; Googlebot/2.1; +http://www.google.com/bot.html)"
66.249.71.9 - - [15/Mar/2025:09:23:47 +0700] "GET /heroic/goods/3226536688.shtm HTTP/1.1" 200 19836 "-" "Mozilla/5.0 (compatible; Googlebot/2.1; +http://www.google.com/bot.html)"
180.235.151.3 - - [15/Mar/2025:09:23:50 +0700] "POST /wp-cron.php?doing_wp_cron=1742005430.2537980079650878906250 HTTP/1.1" 403 1242 "-" "WordPress/6.7.2; https://www.aturtoko.id"
185.191.171.2 - - [15/Mar/2025:09:23:46 +0700] "GET /ms/blog/tag/e-commerce/page/2 HTTP/1.1" 404 3380 "-" "Mozilla/5.0 (compatible; SemrushBot/7~bl; +http://www.semrush.com/bot.html)"
66.249.75.229 - - [15/Mar/2025:09:24:00 +0700] "GET /armed/products/32281703304.shtm HTTP/1.1" 200 22333 "-" "Mozilla/5.0 (compatible; Googlebot/2.1; +http://www.google.com/bot.html)"
66.249.75.228 - - [15/Mar/2025:09:24:09 +0700] "POST /get-message-notify HTTP/1.1" 200 22058 "http://www.aturtoko.id/lenders/auction/32281586226.shtm" "Mozilla/5.0 (Linux; Android 6.0.1; Nexus 5X Build/MMB29P) AppleWebKit/537.36 (KHTML, like Gecko) Chrome/133.0.6943.141 Mobile Safari/537.36 (compatible; Googlebot/2.1; +http://www.google.com/bot.html)"
66.249.75.228 - - [15/Mar/2025:09:24:18 +0700] "GET /headphones/item/3226666312.shtm HTTP/1.1" 200 19496 "-" "Mozilla/5.0 (compatible; Googlebot/2.1; +http://www.google.com/bot.html)"
66.249.75.228 - - [15/Mar/2025:09:24:41 +0700] "GET /upto/32292036840.shtm HTTP/1.1" 200 19424 "-" "Mozilla/5.0 (compatible; Googlebot/2.1; +http://www.google.com/bot.html)"
66.249.71.9 - - [15/Mar/2025:09:24:55 +0700] "GET /rushed/products/32292073984.shtm HTTP/1.1" 200 20200 "-" "Mozilla/5.0 (compatible; Googlebot/2.1; +http://www.google.com/bot.html)"
66.249.71.9 - - [15/Mar/2025:09:25:08 +0700] "GET /contention/goods/32281555488.shtm HTTP/1.1" 200 21117 "-" "Mozilla/5.0 (compatible; Googlebot/2.1; +http://www.google.com/bot.html)"
66.249.71.9 - - [15/Mar/2025:09:25:24 +0700] "GET /32271221952.shtm HTTP/1.1" 200 19814 "-" "Mozilla/5.0 (compatible; Googlebot/2.1; +http://www.google.com/bot.html)"
66.249.71.9 - - [15/Mar/2025:09:25:40 +0700] "GET /trousers/3226870224.shtm HTTP/1.1" 200 19384 "-" "Mozilla/5.0 (compatible; Googlebot/2.1; +http://www.google.com/bot.html)"
66.249.71.9 - - [15/Mar/2025:09:25:44 +0700] "GET /derivatives/good/32292288460.shtm HTTP/1.1" 200 20255 "-" "Mozilla/5.0 (Linux; Android 6.0.1; Nexus 5X Build/MMB29P) AppleWebKit/537.36 (KHTML, like Gecko) Chrome/133.0.6943.141 Mobile Safari/537.36 (compatible; GoogleOther)"
66.249.75.228 - - [15/Mar/2025:09:25:55 +0700] "GET /ties/good/32281944360.shtm HTTP/1.1" 200 20035 "-" "Mozilla/5.0 (compatible; Googlebot/2.1; +http://www.google.com/bot.html)"
66.249.75.228 - - [15/Mar/2025:09:26:08 +0700] "GET /32281610824.shtm HTTP/1.1" 200 19785 "-" "Mozilla/5.0 (compatible; Googlebot/2.1; +http://www.google.com/bot.html)"
66.249.71.9 - - [15/Mar/2025:09:26:24 +0700] "GET /validated/322592480.shtm HTTP/1.1" 200 20008 "-" "Mozilla/5.0 (compatible; Googlebot/2.1; +http://www.google.com/bot.html)"
66.249.75.228 - - [15/Mar/2025:09:26:36 +0700] "GET /decreasing/3226610976.shtm HTTP/1.1" 200 19731 "-" "Mozilla/5.0 (compatible; Googlebot/2.1; +http://www.google.com/bot.html)"
66.249.75.228 - - [15/Mar/2025:09:26:53 +0700] "GET /wing/item/32281962552.shtm HTTP/1.1" 200 20179 "-" "Mozilla/5.0 (compatible; Googlebot/2.1; +http://www.google.com/bot.html)"
66.249.71.1 - - [15/Mar/2025:09:27:11 +0700] "GET /selected/3226999848.shtm HTTP/1.1" 200 19579 "-" "Mozilla/5.0 (compatible; Googlebot/2.1; +http://www.google.com/bot.html)"
66.249.75.228 - - [15/Mar/2025:09:27:25 +0700] "GET /angelo/item/32292333232.shtm HTTP/1.1" 200 19760 "-" "Mozilla/5.0 (compatible; Googlebot/2.1; +http://www.google.com/bot.html)"
85.208.96.211 - - [15/Mar/2025:09:27:33 +0700] "GET /ms/blog/tag/jasa-pengiriman HTTP/1.1" 404 3380 "-" "Mozilla/5.0 (compatible; SemrushBot/7~bl; +http://www.semrush.com/bot.html)"
216.244.66.248 - - [15/Mar/2025:09:27:39 +0700] "GET /robots.txt HTTP/1.1" 200 304 "-" "Mozilla/5.0 (compatible; DotBot/1.2; +https://opensiteexplorer.org/dotbot; help@moz.com)"
66.249.75.228 - - [15/Mar/2025:09:27:45 +0700] "GET /magnificent/good/3226648120.shtm HTTP/1.1" 200 20094 "-" "Mozilla/5.0 (compatible; Googlebot/2.1; +http://www.google.com/bot.html)"
66.249.75.228 - - [15/Mar/2025:09:27:57 +0700] "GET /32292388568.shtm HTTP/1.1" 200 21803 "-" "Mozilla/5.0 (compatible; Googlebot/2.1; +http://www.google.com/bot.html)"
66.249.75.228 - - [15/Mar/2025:09:28:14 +0700] "GET /commanded/auction/3226795936.shtm HTTP/1.1" 200 19856 "-" "Mozilla/5.0 (compatible; Googlebot/2.1; +http://www.google.com/bot.html)"
66.249.75.228 - - [15/Mar/2025:09:28:32 +0700] "GET /classroom/3225222104.shtm HTTP/1.1" 200 19719 "-" "Mozilla/5.0 (compatible; Googlebot/2.1; +http://www.google.com/bot.html)"
66.249.75.228 - - [15/Mar/2025:09:28:45 +0700] "GET /xx/auction/32281583286.shtm HTTP/1.1" 200 19674 "-" "Mozilla/5.0 (compatible; Googlebot/2.1; +http://www.google.com/bot.html)"
66.249.75.228 - - [15/Mar/2025:09:29:11 +0700] "GET /freaks/32281573892.shtm HTTP/1.1" 200 19307 "-" "Mozilla/5.0 (compatible; Googlebot/2.1; +http://www.google.com/bot.html)"
66.249.75.228 - - [15/Mar/2025:09:29:29 +0700] "GET /32281999696.shtm HTTP/1.1" 200 19360 "-" "Mozilla/5.0 (compatible; Googlebot/2.1; +http://www.google.com/bot.html)"
66.249.75.228 - - [15/Mar/2025:09:29:46 +0700] "GET /discount/commoditys/32281579431.shtm HTTP/1.1" 200 19566 "-" "Mozilla/5.0 (compatible; Googlebot/2.1; +http://www.google.com/bot.html)"
66.249.75.228 - - [15/Mar/2025:09:30:03 +0700] "GET /3225444208.shtm HTTP/1.1" 200 20380 "-" "Mozilla/5.0 (compatible; Googlebot/2.1; +http://www.google.com/bot.html)"
66.249.75.228 - - [15/Mar/2025:09:30:16 +0700] "GET /mobility/shopping/32281584357.shtm HTTP/1.1" 200 19824 "-" "Mozilla/5.0 (compatible; Googlebot/2.1; +http://www.google.com/bot.html)"
66.249.71.9 - - [15/Mar/2025:09:30:29 +0700] "GET /3226573832.shtm HTTP/1.1" 200 22595 "-" "Mozilla/5.0 (compatible; Googlebot/2.1; +http://www.google.com/bot.html)"
66.249.75.228 - - [15/Mar/2025:09:30:37 +0700] "POST /get-message-notify HTTP/1.1" 200 22056 "http://www.aturtoko.id/3226573832.shtm" "Mozilla/5.0 AppleWebKit/537.36 (KHTML, like Gecko; compatible; Googlebot/2.1; +http://www.google.com/bot.html) Chrome/133.0.6943.141 Safari/537.36"
66.249.75.228 - - [15/Mar/2025:09:30:50 +0700] "GET /32281870072.shtm HTTP/1.1" 200 21120 "-" "Mozilla/5.0 (compatible; Googlebot/2.1; +http://www.google.com/bot.html)"
66.249.75.228 - - [15/Mar/2025:09:31:03 +0700] "GET /mmc/32271129472.shtm HTTP/1.1" 200 19479 "-" "Mozilla/5.0 (compatible; Googlebot/2.1; +http://www.google.com/bot.html)"
66.249.75.228 - - [15/Mar/2025:09:31:16 +0700] "GET /32281580188.shtm HTTP/1.1" 200 19524 "-" "Mozilla/5.0 (compatible; Googlebot/2.1; +http://www.google.com/bot.html)"
66.249.75.228 - - [15/Mar/2025:09:31:33 +0700] "GET /newspaper/3225481352.shtm HTTP/1.1" 200 20436 "-" "Mozilla/5.0 (compatible; Googlebot/2.1; +http://www.google.com/bot.html)"
66.249.75.228 - - [15/Mar/2025:09:31:46 +0700] "GET /roller/products/32271425864.shtm HTTP/1.1" 200 20198 "-" "Mozilla/5.0 (compatible; Googlebot/2.1; +http://www.google.com/bot.html)"
66.249.75.228 - - [15/Mar/2025:09:32:08 +0700] "GET /organisers/auction/32281814736.shtm HTTP/1.1" 200 19786 "-" "Mozilla/5.0 (compatible; Googlebot/2.1; +http://www.google.com/bot.html)"
66.249.71.9 - - [15/Mar/2025:09:32:26 +0700] "GET /remained/good/32281584060.shtm HTTP/1.1" 200 20297 "-" "Mozilla/5.0 (compatible; Googlebot/2.1; +http://www.google.com/bot.html)"
178.128.58.138 - - [15/Mar/2025:09:32:28 +0700] "GET /admin/tools/assets/jquery-file-upload/server/php/ HTTP/1.1" 301 0 "-" "python-requests/2.32.3"
66.249.75.228 - - [15/Mar/2025:09:32:35 +0700] "GET /32281575325.shtm HTTP/1.1" 200 19673 "-" "Mozilla/5.0 (compatible; Googlebot/2.1; +http://www.google.com/bot.html)"
178.128.58.138 - - [15/Mar/2025:09:32:32 +0700] "GET /admin/tools/assets/jquery-file-upload/server/php/ HTTP/1.1" 404 3380 "-" "python-requests/2.32.3"
178.128.58.138 - - [15/Mar/2025:09:32:37 +0700] "GET /assets/plugins/jQuery-File-Upload/server/php/ HTTP/1.1" 301 0 "-" "python-requests/2.32.3"
178.128.58.138 - - [15/Mar/2025:09:32:42 +0700] "GET /assets/plugins/jQuery-File-Upload/server/php/ HTTP/1.1" 404 3380 "-" "python-requests/2.32.3"
180.235.151.3 - - [15/Mar/2025:09:32:51 +0700] "POST /wp-cron.php?doing_wp_cron=1742005971.6098220348358154296875 HTTP/1.1" 403 1242 "-" "WordPress/6.7.2; https://www.aturtoko.id"
178.128.58.138 - - [15/Mar/2025:09:32:47 +0700] "GET /static/lib/jquery-file-upload/server/php/ HTTP/1.1" 301 0 "-" "python-requests/2.32.3"
178.128.58.138 - - [15/Mar/2025:09:32:51 +0700] "GET /static/lib/jquery-file-upload/server/php/ HTTP/1.1" 404 3380 "-" "python-requests/2.32.3"
66.249.71.9 - - [15/Mar/2025:09:32:55 +0700] "GET /andre/item/3225388872.shtm HTTP/1.1" 200 20144 "-" "Mozilla/5.0 (compatible; Googlebot/2.1; +http://www.google.com/bot.html)"
178.128.58.138 - - [15/Mar/2025:09:32:56 +0700] "GET /assets/js/frontend/jquery-file-upload/server/php/ HTTP/1.1" 301 0 "-" "python-requests/2.32.3"
178.128.58.138 - - [15/Mar/2025:09:33:01 +0700] "GET /assets/js/frontend/jquery-file-upload/server/php/ HTTP/1.1" 404 3380 "-" "python-requests/2.32.3"
178.128.58.138 - - [15/Mar/2025:09:33:05 +0700] "GET /jquery-file-upload/server/php/ HTTP/1.1" 301 0 "-" "python-requests/2.32.3"
178.128.58.138 - - [15/Mar/2025:09:33:11 +0700] "GET /jquery-file-upload/server/php/ HTTP/1.1" 404 3380 "-" "python-requests/2.32.3"
66.249.75.228 - - [15/Mar/2025:09:33:15 +0700] "GET /3226833080.shtm HTTP/1.1" 200 19226 "-" "Mozilla/5.0 (compatible; Googlebot/2.1; +http://www.google.com/bot.html)"
178.128.58.138 - - [15/Mar/2025:09:33:16 +0700] "GET /admin/jquery-file-upload/server/php/ HTTP/1.1" 301 0 "-" "python-requests/2.32.3"
178.128.58.138 - - [15/Mar/2025:09:33:20 +0700] "GET /admin/jquery-file-upload/server/php/ HTTP/1.1" 404 3380 "-" "python-requests/2.32.3"
178.128.58.138 - - [15/Mar/2025:09:33:26 +0700] "GET /asset_admin/assets/plugins/jquery-file-upload/server/php/ HTTP/1.1" 301 0 "-" "python-requests/2.32.3"
66.249.75.228 - - [15/Mar/2025:09:33:29 +0700] "GET /resting/goods/32281832928.shtm HTTP/1.1" 200 19637 "-" "Mozilla/5.0 (compatible; Googlebot/2.1; +http://www.google.com/bot.html)"
178.128.58.138 - - [15/Mar/2025:09:33:30 +0700] "GET /asset_admin/assets/plugins/jquery-file-upload/server/php/ HTTP/1.1" 404 3380 "-" "python-requests/2.32.3"
178.128.58.138 - - [15/Mar/2025:09:33:35 +0700] "GET /assets/app-assets/data/jquery-file-upload/server/php/ HTTP/1.1" 301 0 "-" "python-requests/2.32.3"
178.128.58.138 - - [15/Mar/2025:09:33:40 +0700] "GET /assets/app-assets/data/jquery-file-upload/server/php/ HTTP/1.1" 404 3380 "-" "python-requests/2.32.3"
178.128.58.138 - - [15/Mar/2025:09:33:44 +0700] "GET /assets/plugins/jquery-file-upload/server/php HTTP/1.1" 301 0 "-" "python-requests/2.32.3"
66.249.75.228 - - [15/Mar/2025:09:33:48 +0700] "GET /32271351576.shtm HTTP/1.1" 200 19270 "-" "Mozilla/5.0 (compatible; Googlebot/2.1; +http://www.google.com/bot.html)"
180.235.151.3 - - [15/Mar/2025:09:33:54 +0700] "POST /wp-cron.php?doing_wp_cron=1742006034.3158259391784667968750 HTTP/1.1" 403 1242 "-" "WordPress/6.7.2; https://www.aturtoko.id"
178.128.58.138 - - [15/Mar/2025:09:33:49 +0700] "GET /assets/plugins/jquery-file-upload/server/php HTTP/1.1" 404 3380 "-" "python-requests/2.32.3"
178.128.58.138 - - [15/Mar/2025:09:33:54 +0700] "GET /admin/blueimp-jQuery-File-Upload/server/php/ HTTP/1.1" 301 0 "-" "python-requests/2.32.3"
66.249.75.230 - - [15/Mar/2025:09:34:01 +0700] "GET /32281586968.shtm HTTP/1.1" 200 19628 "-" "Mozilla/5.0 (compatible; Googlebot/2.1; +http://www.google.com/bot.html)"
178.128.58.138 - - [15/Mar/2025:09:33:58 +0700] "GET /admin/blueimp-jQuery-File-Upload/server/php/ HTTP/1.1" 404 3380 "-" "python-requests/2.32.3"
