185.191.171.9 - - [15/Mar/2025:03:48:41 +0700] "GET /en/blog/tag/siklus-hidup-produk HTTP/1.1" 404 3380 "-" "Mozilla/5.0 (compatible; SemrushBot/7~bl; +http://www.semrush.com/bot.html)"
66.249.75.228 - - [15/Mar/2025:03:50:22 +0700] "GET /landlords/good/3225195870.shtm HTTP/1.1" 200 19618 "-" "Mozilla/5.0 (Linux; Android 6.0.1; Nexus 5X Build/MMB29P) AppleWebKit/537.36 (KHTML, like Gecko) Chrome/133.0.6943.141 Mobile Safari/537.36 (compatible; GoogleOther)"
185.191.171.18 - - [15/Mar/2025:03:50:20 +0700] "GET /en/blog/category/management/page/7 HTTP/1.1" 404 3380 "-" "Mozilla/5.0 (compatible; SemrushBot/7~bl; +http://www.semrush.com/bot.html)"
216.244.66.248 - - [15/Mar/2025:03:50:25 +0700] "GET /en/blog/tag/usaha/page/8/ HTTP/1.1" 404 11504 "-" "Mozilla/5.0 (compatible; DotBot/1.2; +https://opensiteexplorer.org/dotbot; help@moz.com)"
66.249.75.228 - - [15/Mar/2025:03:51:23 +0700] "GET /?e=86175580453 HTTP/1.1" 200 19884 "-" "Mozilla/5.0 (Linux; Android 6.0.1; Nexus 5X Build/MMB29P) AppleWebKit/537.36 (KHTML, like Gecko) Chrome/133.0.6943.141 Mobile Safari/537.36 (compatible; GoogleOther)"
180.235.151.3 - - [15/Mar/2025:03:52:31 +0700] "POST /wp-cron.php?doing_wp_cron=1741985551.1796319484710693359375 HTTP/1.1" 403 1242 "-" "WordPress/6.7.2; https://www.aturtoko.id"
216.244.66.248 - - [15/Mar/2025:03:52:27 +0700] "GET /en/blog/tag/pinjaman/feed HTTP/1.1" 404 11504 "-" "Mozilla/5.0 (compatible; DotBot/1.2; +https://opensiteexplorer.org/dotbot; help@moz.com)"
216.244.66.248 - - [15/Mar/2025:03:52:47 +0700] "GET /ms/blog/tag/branding/ HTTP/1.1" 404 11504 "-" "Mozilla/5.0 (compatible; DotBot/1.2; +https://opensiteexplorer.org/dotbot; help@moz.com)"
66.249.75.228 - - [15/Mar/2025:03:52:55 +0700] "GET /majority/3226841247.shtm HTTP/1.1" 200 19817 "-" "Mozilla/5.0 (Linux; Android 6.0.1; Nexus 5X Build/MMB29P) AppleWebKit/537.36 (KHTML, like Gecko) Chrome/133.0.6943.141 Mobile Safari/537.36 (compatible; GoogleOther)"
66.249.75.228 - - [15/Mar/2025:03:53:52 +0700] "GET /3225410398.shtm HTTP/1.1" 200 20011 "-" "Mozilla/5.0 (Linux; Android 6.0.1; Nexus 5X Build/MMB29P) AppleWebKit/537.36 (KHTML, like Gecko) Chrome/133.0.6943.141 Mobile Safari/537.36 (compatible; GoogleOther)"
66.249.75.229 - - [15/Mar/2025:03:55:06 +0700] "GET /projectors/3225325847.shtm HTTP/1.1" 200 20743 "-" "Mozilla/5.0 (Linux; Android 6.0.1; Nexus 5X Build/MMB29P) AppleWebKit/537.36 (KHTML, like Gecko) Chrome/133.0.6943.141 Mobile Safari/537.36 (compatible; GoogleOther)"
216.244.66.248 - - [15/Mar/2025:03:55:11 +0700] "GET /en/blog/kewirausahaan/communication/apa-itu-ice-breaking-metode-dan-varian-untuk-mencairkan-suasana-kantor/feed HTTP/1.1" 404 11504 "-" "Mozilla/5.0 (compatible; DotBot/1.2; +https://opensiteexplorer.org/dotbot; help@moz.com)"
66.249.75.229 - - [15/Mar/2025:03:56:13 +0700] "GET /pearls/merchandises/322549995.shtm HTTP/1.1" 200 20000 "-" "Mozilla/5.0 (Linux; Android 6.0.1; Nexus 5X Build/MMB29P) AppleWebKit/537.36 (KHTML, like Gecko) Chrome/133.0.6943.141 Mobile Safari/537.36 (compatible; GoogleOther)"
66.249.75.228 - - [15/Mar/2025:03:57:43 +0700] "GET /322526290.shtm HTTP/1.1" 200 20198 "-" "Mozilla/5.0 (Linux; Android 6.0.1; Nexus 5X Build/MMB29P) AppleWebKit/537.36 (KHTML, like Gecko) Chrome/133.0.6943.141 Mobile Safari/537.36 (compatible; GoogleOther)"
66.249.75.229 - - [15/Mar/2025:03:59:05 +0700] "GET /attitude/products/32281643754.shtm HTTP/1.1" 200 22622 "-" "Mozilla/5.0 (Linux; Android 6.0.1; Nexus 5X Build/MMB29P) AppleWebKit/537.36 (KHTML, like Gecko) Chrome/133.0.6943.141 Mobile Safari/537.36 (compatible; GoogleOther)"
66.249.75.229 - - [15/Mar/2025:03:59:09 +0700] "POST /get-message-notify HTTP/1.1" 200 22057 "http://www.aturtoko.id/?e=86175580453" "Mozilla/5.0 (Linux; Android 6.0.1; Nexus 5X Build/MMB29P) AppleWebKit/537.36 (KHTML, like Gecko) Chrome/133.0.6943.141 Mobile Safari/537.36 (compatible; Googlebot/2.1; +http://www.google.com/bot.html)"
40.77.167.37 - - [15/Mar/2025:04:00:07 +0700] "GET /en/wp-json/wp/v2/posts/1197 HTTP/1.1" 200 20426 "-" "Mozilla/5.0 AppleWebKit/537.36 (KHTML, like Gecko; compatible; bingbot/2.0; +http://www.bing.com/bingbot.htm) Chrome/116.0.1938.76 Safari/537.36"
66.249.75.228 - - [15/Mar/2025:04:00:35 +0700] "GET /funds/products/3226659934.shtm HTTP/1.1" 200 22069 "-" "Mozilla/5.0 (Linux; Android 6.0.1; Nexus 5X Build/MMB29P) AppleWebKit/537.36 (KHTML, like Gecko) Chrome/133.0.6943.141 Mobile Safari/537.36 (compatible; GoogleOther)"
66.249.75.228 - - [15/Mar/2025:04:01:40 +0700] "GET /monmouth/32271477118.shtm HTTP/1.1" 200 21161 "-" "Mozilla/5.0 (Linux; Android 6.0.1; Nexus 5X Build/MMB29P) AppleWebKit/537.36 (KHTML, like Gecko) Chrome/133.0.6943.141 Mobile Safari/537.36 (compatible; GoogleOther)"
66.249.71.9 - - [15/Mar/2025:04:01:54 +0700] "GET /?e=48518553215 HTTP/1.1" 200 20105 "-" "Mozilla/5.0 (Linux; Android 6.0.1; Nexus 5X Build/MMB29P) AppleWebKit/537.36 (KHTML, like Gecko) Chrome/133.0.6943.141 Mobile Safari/537.36 (compatible; GoogleOther)"
66.249.75.228 - - [15/Mar/2025:04:02:39 +0700] "GET /cultured/322512665.shtm HTTP/1.1" 200 20305 "-" "Mozilla/5.0 (Linux; Android 6.0.1; Nexus 5X Build/MMB29P) AppleWebKit/537.36 (KHTML, like Gecko) Chrome/133.0.6943.141 Mobile Safari/537.36 (compatible; GoogleOther)"
66.249.75.228 - - [15/Mar/2025:04:07:05 +0700] "GET /?e=36952039625 HTTP/1.1" 200 22002 "-" "Mozilla/5.0 (Linux; Android 6.0.1; Nexus 5X Build/MMB29P) AppleWebKit/537.36 (KHTML, like Gecko) Chrome/133.0.6943.141 Mobile Safari/537.36 (compatible; Googlebot/2.1; +http://www.google.com/bot.html)"
164.90.171.162 - - [15/Mar/2025:04:08:16 +0700] "POST /xmlrpc.php HTTP/1.1" 403 1242 "-" "Mozilla/5.0 (X11; Fedora; Linux x86_64; rv:94.0) Gecko/20100101 Firefox/95.0"
23.137.105.191 - - [15/Mar/2025:04:09:23 +0700] "GET /style.php HTTP/1.1" 301 0 "-" "Mozilla/5.0 (Windows; U; Windows NT 6.1; en-US; rv:1.9.1.5) Gecko/20091102 Firefox/3.5.5 (.NET CLR 3.5.30729)"
180.235.151.3 - - [15/Mar/2025:04:09:29 +0700] "POST /wp-cron.php?doing_wp_cron=1741986569.4203560352325439453125 HTTP/1.1" 403 1242 "-" "WordPress/6.7.2; https://www.aturtoko.id"
23.137.105.191 - - [15/Mar/2025:04:09:27 +0700] "GET /style.php HTTP/1.1" 404 3380 "-" "Mozilla/5.0 (Windows; U; Windows NT 6.1; en-US; rv:1.9.1.5) Gecko/20091102 Firefox/3.5.5 (.NET CLR 3.5.30729)"
180.235.151.3 - - [15/Mar/2025:04:13:54 +0700] "GET /.well-known/acme-challenge/SRWQ5MDU5OKSLCESUWGGZHO-G-15JIYG HTTP/1.1" 200 64 "-" "Cpanel-HTTP-Client/1.0"
180.235.151.3 - - [15/Mar/2025:04:13:54 +0700] "GET /.well-known/acme-challenge/FURDT9PEHAUNZQM84GG3EO1BXMTAETD5 HTTP/1.1" 200 64 "-" "Cpanel-HTTP-Client/1.0"
180.235.151.3 - - [15/Mar/2025:04:13:54 +0700] "GET /.well-known/acme-challenge/9-4MCTGIQLC9F5EEY2D-L3YZUL3ZLEQ4 HTTP/1.1" 200 64 "-" "Cpanel-HTTP-Client/1.0"
180.235.151.3 - - [15/Mar/2025:04:13:54 +0700] "GET /.well-known/acme-challenge/-R4VTJ63CSVABHF3AS73U5XLHQGL5HUL HTTP/1.1" 200 64 "-" "Cpanel-HTTP-Client/1.0"
180.235.151.3 - - [15/Mar/2025:04:13:54 +0700] "GET /.well-known/acme-challenge/8_O3YICDPL3-TVW8ZWIINI1URKEXNYCC HTTP/1.1" 200 64 "-" "Cpanel-HTTP-Client/1.0"
180.235.151.3 - - [15/Mar/2025:04:13:54 +0700] "GET /.well-known/acme-challenge/C6_ULD53V90YR37AFPM3EINZSUT4X0QT HTTP/1.1" 200 64 "-" "Cpanel-HTTP-Client/1.0"
180.235.151.3 - - [15/Mar/2025:04:13:54 +0700] "GET /.well-known/acme-challenge/R-8GQIH9W2_9SZKPNB99RE6K5G0KA90I HTTP/1.1" 200 64 "-" "Cpanel-HTTP-Client/1.0"
180.235.151.3 - - [15/Mar/2025:04:13:54 +0700] "GET /.well-known/acme-challenge/DJS8T66R-0GZ57KLQTXJXE4FLMRUMLC1 HTTP/1.1" 200 64 "-" "Cpanel-HTTP-Client/1.0"
180.235.151.3 - - [15/Mar/2025:04:13:54 +0700] "GET /.well-known/acme-challenge/N3AC09W0VNEP8XUDQI0_DZVHIS7ZSH4A HTTP/1.1" 200 64 "-" "Cpanel-HTTP-Client/1.0"
128.251.43.193 - - [15/Mar/2025:04:14:38 +0700] "HEAD /wordpress HTTP/1.1" 301 0 "-" "Mozilla/5.0 (Windows NT 10.0; Win64; x64) AppleWebKit/537.36 (KHTML, like Gecko) Chrome/74.0.3729.169 Safari/537.36"
128.251.43.193 - - [15/Mar/2025:04:14:45 +0700] "HEAD /wordpress HTTP/1.1" 404 0 "http://aturtoko.id/wordpress" "Mozilla/5.0 (Windows NT 10.0; Win64; x64) AppleWebKit/537.36 (KHTML, like Gecko) Chrome/74.0.3729.169 Safari/537.36"
128.251.43.193 - - [15/Mar/2025:04:14:50 +0700] "HEAD / HTTP/1.1" 301 0 "-" "Mozilla/5.0 (Windows NT 10.0; Win64; x64) AppleWebKit/537.36 (KHTML, like Gecko) Chrome/74.0.3729.169 Safari/537.36"
180.235.151.3 - - [15/Mar/2025:04:15:00 +0700] "POST /wp-cron.php?doing_wp_cron=1741986900.6452820301055908203125 HTTP/1.1" 403 1242 "-" "WordPress/6.7.2; https://www.aturtoko.id"
128.251.43.193 - - [15/Mar/2025:04:14:56 +0700] "HEAD /wp HTTP/1.1" 301 0 "-" "Mozilla/5.0 (Windows NT 10.0; Win64; x64) AppleWebKit/537.36 (KHTML, like Gecko) Chrome/74.0.3729.169 Safari/537.36"
128.251.43.193 - - [15/Mar/2025:04:15:00 +0700] "HEAD /wp HTTP/1.1" 404 0 "http://aturtoko.id/wp" "Mozilla/5.0 (Windows NT 10.0; Win64; x64) AppleWebKit/537.36 (KHTML, like Gecko) Chrome/74.0.3729.169 Safari/537.36"
128.251.43.193 - - [15/Mar/2025:04:15:05 +0700] "HEAD /bc HTTP/1.1" 301 0 "-" "Mozilla/5.0 (Windows NT 10.0; Win64; x64) AppleWebKit/537.36 (KHTML, like Gecko) Chrome/74.0.3729.169 Safari/537.36"
128.251.43.193 - - [15/Mar/2025:04:15:10 +0700] "HEAD /bc HTTP/1.1" 404 0 "http://aturtoko.id/bc" "Mozilla/5.0 (Windows NT 10.0; Win64; x64) AppleWebKit/537.36 (KHTML, like Gecko) Chrome/74.0.3729.169 Safari/537.36"
128.251.43.193 - - [15/Mar/2025:04:15:15 +0700] "HEAD /bk HTTP/1.1" 301 0 "-" "Mozilla/5.0 (Windows NT 10.0; Win64; x64) AppleWebKit/537.36 (KHTML, like Gecko) Chrome/74.0.3729.169 Safari/537.36"
128.251.43.193 - - [15/Mar/2025:04:15:20 +0700] "HEAD /bk HTTP/1.1" 404 0 "http://aturtoko.id/bk" "Mozilla/5.0 (Windows NT 10.0; Win64; x64) AppleWebKit/537.36 (KHTML, like Gecko) Chrome/74.0.3729.169 Safari/537.36"
128.251.43.193 - - [15/Mar/2025:04:15:24 +0700] "HEAD /backup HTTP/1.1" 301 0 "-" "Mozilla/5.0 (Windows NT 10.0; Win64; x64) AppleWebKit/537.36 (KHTML, like Gecko) Chrome/74.0.3729.169 Safari/537.36"
128.251.43.193 - - [15/Mar/2025:04:15:29 +0700] "HEAD /backup HTTP/1.1" 404 0 "http://aturtoko.id/backup" "Mozilla/5.0 (Windows NT 10.0; Win64; x64) AppleWebKit/537.36 (KHTML, like Gecko) Chrome/74.0.3729.169 Safari/537.36"
128.251.43.193 - - [15/Mar/2025:04:15:34 +0700] "HEAD /old HTTP/1.1" 301 0 "-" "Mozilla/5.0 (Windows NT 10.0; Win64; x64) AppleWebKit/537.36 (KHTML, like Gecko) Chrome/74.0.3729.169 Safari/537.36"
128.251.43.193 - - [15/Mar/2025:04:15:39 +0700] "HEAD /old HTTP/1.1" 404 0 "http://aturtoko.id/old" "Mozilla/5.0 (Windows NT 10.0; Win64; x64) AppleWebKit/537.36 (KHTML, like Gecko) Chrome/74.0.3729.169 Safari/537.36"
128.251.43.193 - - [15/Mar/2025:04:15:44 +0700] "HEAD /new HTTP/1.1" 301 0 "-" "Mozilla/5.0 (Windows NT 10.0; Win64; x64) AppleWebKit/537.36 (KHTML, like Gecko) Chrome/74.0.3729.169 Safari/537.36"
128.251.43.193 - - [15/Mar/2025:04:15:49 +0700] "HEAD /new HTTP/1.1" 404 0 "http://aturtoko.id/new" "Mozilla/5.0 (Windows NT 10.0; Win64; x64) AppleWebKit/537.36 (KHTML, like Gecko) Chrome/74.0.3729.169 Safari/537.36"
128.251.43.193 - - [15/Mar/2025:04:15:53 +0700] "HEAD /main HTTP/1.1" 301 0 "-" "Mozilla/5.0 (Windows NT 10.0; Win64; x64) AppleWebKit/537.36 (KHTML, like Gecko) Chrome/74.0.3729.169 Safari/537.36"
180.235.151.3 - - [15/Mar/2025:04:16:02 +0700] "POST /wp-cron.php?doing_wp_cron=1741986962.5699999332427978515625 HTTP/1.1" 403 1242 "-" "WordPress/6.7.2; https://www.aturtoko.id"
128.251.43.193 - - [15/Mar/2025:04:15:58 +0700] "HEAD /main HTTP/1.1" 404 0 "http://aturtoko.id/main" "Mozilla/5.0 (Windows NT 10.0; Win64; x64) AppleWebKit/537.36 (KHTML, like Gecko) Chrome/74.0.3729.169 Safari/537.36"
128.251.43.193 - - [15/Mar/2025:04:16:02 +0700] "HEAD /home HTTP/1.1" 301 0 "-" "Mozilla/5.0 (Windows NT 10.0; Win64; x64) AppleWebKit/537.36 (KHTML, like Gecko) Chrome/74.0.3729.169 Safari/537.36"
66.249.75.228 - - [15/Mar/2025:04:16:33 +0700] "GET /?e=54482753957 HTTP/1.1" 200 20615 "-" "Mozilla/5.0 (Linux; Android 6.0.1; Nexus 5X Build/MMB29P) AppleWebKit/537.36 (KHTML, like Gecko) Chrome/133.0.6943.141 Mobile Safari/537.36 (compatible; GoogleOther)"
216.244.66.248 - - [15/Mar/2025:04:18:57 +0700] "GET /robots.txt HTTP/1.1" 200 304 "-" "Mozilla/5.0 (compatible; DotBot/1.2; +https://opensiteexplorer.org/dotbot; help@moz.com)"
193.70.37.1 - - [15/Mar/2025:04:23:36 +0700] "GET / HTTP/1.1" 301 0 "-" "Mozilla/5.0 (Windows NT 10.0; Win64; x64) AppleWebKit/537.36 (KHTML, like Gecko) Chrome/88.0.4240.193 Safari/537.36"
180.235.151.3 - - [15/Mar/2025:04:24:20 +0700] "POST /wp-cron.php?doing_wp_cron=1741987460.3494250774383544921875 HTTP/1.1" 403 1242 "-" "WordPress/6.7.2; https://www.aturtoko.id"
185.191.171.17 - - [15/Mar/2025:04:24:16 +0700] "GET /ms/blog/tag/kwitansi HTTP/1.1" 404 3380 "-" "Mozilla/5.0 (compatible; SemrushBot/7~bl; +http://www.semrush.com/bot.html)"
66.249.75.228 - - [15/Mar/2025:04:27:22 +0700] "GET / HTTP/1.1" 200 91761 "-" "Mozilla/5.0 (Linux; Android 6.0.1; Nexus 5X Build/MMB29P) AppleWebKit/537.36 (KHTML, like Gecko) Chrome/133.0.6943.141 Mobile Safari/537.36 (compatible; Googlebot/2.1; +http://www.google.com/bot.html)"
66.249.71.9 - - [15/Mar/2025:04:27:45 +0700] "GET /?e=43146771875 HTTP/1.1" 200 19757 "-" "Mozilla/5.0 (Linux; Android 6.0.1; Nexus 5X Build/MMB29P) AppleWebKit/537.36 (KHTML, like Gecko) Chrome/133.0.6943.141 Mobile Safari/537.36 (compatible; GoogleOther)"
66.249.71.9 - - [15/Mar/2025:04:30:37 +0700] "GET /?e=32446835046 HTTP/1.1" 200 21031 "-" "Mozilla/5.0 (Linux; Android 6.0.1; Nexus 5X Build/MMB29P) AppleWebKit/537.36 (KHTML, like Gecko) Chrome/133.0.6943.141 Mobile Safari/537.36 (compatible; GoogleOther)"
180.235.151.3 - - [15/Mar/2025:04:31:36 +0700] "POST /wp-cron.php?doing_wp_cron=1741987896.1205129623413085937500 HTTP/1.1" 403 1242 "-" "WordPress/6.7.2; https://www.aturtoko.id"
216.244.66.248 - - [15/Mar/2025:04:31:32 +0700] "GET /en/blog/tag/ulasan-negatif HTTP/1.1" 404 11504 "-" "Mozilla/5.0 (compatible; DotBot/1.2; +https://opensiteexplorer.org/dotbot; help@moz.com)"
157.55.39.201 - - [15/Mar/2025:04:32:35 +0700] "GET /?s= HTTP/1.1" 200 19495 "-" "Mozilla/5.0 AppleWebKit/537.36 (KHTML, like Gecko; compatible; bingbot/2.0; +http://www.bing.com/bingbot.htm) Chrome/116.0.1938.76 Safari/537.36"
66.249.71.9 - - [15/Mar/2025:04:33:09 +0700] "GET /?e=68929097040 HTTP/1.1" 200 19564 "-" "Mozilla/5.0 (Linux; Android 6.0.1; Nexus 5X Build/MMB29P) AppleWebKit/537.36 (KHTML, like Gecko) Chrome/133.0.6943.141 Mobile Safari/537.36 (compatible; GoogleOther)"
66.249.71.9 - - [15/Mar/2025:04:33:24 +0700] "GET /sbjct/32281887866.shtm HTTP/1.1" 200 20452 "-" "Mozilla/5.0 (Linux; Android 6.0.1; Nexus 5X Build/MMB29P) AppleWebKit/537.36 (KHTML, like Gecko) Chrome/133.0.6943.141 Mobile Safari/537.36 (compatible; GoogleOther)"
66.249.71.9 - - [15/Mar/2025:04:34:05 +0700] "GET /?e=78197072144 HTTP/1.1" 200 21982 "-" "Mozilla/5.0 (Linux; Android 6.0.1; Nexus 5X Build/MMB29P) AppleWebKit/537.36 (KHTML, like Gecko) Chrome/133.0.6943.141 Mobile Safari/537.36 (compatible; GoogleOther)"
40.77.167.73 - - [15/Mar/2025:04:34:24 +0700] "GET /?3226991000.shtm HTTP/1.1" 200 19611 "-" "Mozilla/5.0 AppleWebKit/537.36 (KHTML, like Gecko; compatible; bingbot/2.0; +http://www.bing.com/bingbot.htm) Chrome/116.0.1938.76 Safari/537.36"
52.167.144.206 - - [15/Mar/2025:04:34:25 +0700] "GET /?32253886.shtm HTTP/1.1" 200 20038 "-" "Mozilla/5.0 AppleWebKit/537.36 (KHTML, like Gecko; compatible; bingbot/2.0; +http://www.bing.com/bingbot.htm) Chrome/116.0.1938.76 Safari/537.36"
157.55.39.201 - - [15/Mar/2025:04:34:28 +0700] "GET /?322592350.shtm HTTP/1.1" 200 19625 "-" "Mozilla/5.0 AppleWebKit/537.36 (KHTML, like Gecko; compatible; bingbot/2.0; +http://www.bing.com/bingbot.htm) Chrome/116.0.1938.76 Safari/537.36"
157.55.39.201 - - [15/Mar/2025:04:34:30 +0700] "GET /?32271290550.shtm HTTP/1.1" 200 19526 "-" "Mozilla/5.0 AppleWebKit/537.36 (KHTML, like Gecko; compatible; bingbot/2.0; +http://www.bing.com/bingbot.htm) Chrome/116.0.1938.76 Safari/537.36"
198.235.24.174 - - [15/Mar/2025:04:35:26 +0700] "GET / HTTP/1.1" 301 0 "-" "-"
66.249.75.228 - - [15/Mar/2025:04:39:48 +0700] "GET /?e=53983069468 HTTP/1.1" 200 19749 "-" "Mozilla/5.0 (Linux; Android 6.0.1; Nexus 5X Build/MMB29P) AppleWebKit/537.36 (KHTML, like Gecko) Chrome/133.0.6943.141 Mobile Safari/537.36 (compatible; Googlebot/2.1; +http://www.google.com/bot.html)"
66.249.75.228 - - [15/Mar/2025:04:40:57 +0700] "GET /?e=49139640756 HTTP/1.1" 200 19564 "-" "Mozilla/5.0 (Linux; Android 6.0.1; Nexus 5X Build/MMB29P) AppleWebKit/537.36 (KHTML, like Gecko) Chrome/133.0.6943.141 Mobile Safari/537.36 (compatible; GoogleOther)"
180.235.151.3 - - [15/Mar/2025:04:41:45 +0700] "POST /wp-cron.php?doing_wp_cron=1741988505.8394908905029296875000 HTTP/1.1" 403 1242 "-" "WordPress/6.7.2; https://www.aturtoko.id"
216.244.66.248 - - [15/Mar/2025:04:41:41 +0700] "GET /en/blog/tag/promosi/page/6/ HTTP/1.1" 404 11504 "-" "Mozilla/5.0 (compatible; DotBot/1.2; +https://opensiteexplorer.org/dotbot; help@moz.com)"
66.249.75.228 - - [15/Mar/2025:04:44:48 +0700] "GET /?e=37615736609 HTTP/1.1" 200 19757 "-" "Mozilla/5.0 (Linux; Android 6.0.1; Nexus 5X Build/MMB29P) AppleWebKit/537.36 (KHTML, like Gecko) Chrome/133.0.6943.141 Mobile Safari/537.36 (compatible; GoogleOther)"
66.249.75.228 - - [15/Mar/2025:04:47:32 +0700] "GET /?e=77146940894 HTTP/1.1" 200 20601 "-" "Mozilla/5.0 (Linux; Android 6.0.1; Nexus 5X Build/MMB29P) AppleWebKit/537.36 (KHTML, like Gecko) Chrome/133.0.6943.141 Mobile Safari/537.36 (compatible; GoogleOther)"
66.249.71.9 - - [15/Mar/2025:04:50:14 +0700] "GET /?e=52191902041 HTTP/1.1" 200 20034 "-" "Mozilla/5.0 (Linux; Android 6.0.1; Nexus 5X Build/MMB29P) AppleWebKit/537.36 (KHTML, like Gecko) Chrome/133.0.6943.141 Mobile Safari/537.36 (compatible; GoogleOther)"
180.235.151.3 - - [15/Mar/2025:04:51:48 +0700] "POST /wp-cron.php?doing_wp_cron=1741989108.9153740406036376953125 HTTP/1.1" 403 1242 "-" "WordPress/6.7.2; https://www.aturtoko.id"
161.35.123.14 - - [15/Mar/2025:04:51:46 +0700] "GET /wp-content/plugins/hellopress/wp_filemanager.php HTTP/1.1" 301 0 "-" "-"
172.93.104.226 - - [15/Mar/2025:04:53:16 +0700] "POST /xmlrpc.php HTTP/1.1" 403 1242 "-" "Mozilla/5.0 (X11; Gentoo; Linux x86_64; rv:91.0) Gecko/20100101 Firefox/91.0"
66.249.75.228 - - [15/Mar/2025:05:01:05 +0700] "GET /32281714000.shtm HTTP/1.1" 200 19744 "-" "Mozilla/5.0 (Linux; Android 6.0.1; Nexus 5X Build/MMB29P) AppleWebKit/537.36 (KHTML, like Gecko) Chrome/133.0.6943.141 Mobile Safari/537.36 (compatible; GoogleOther)"
66.249.75.228 - - [15/Mar/2025:05:03:47 +0700] "GET /32292346493.shtm HTTP/1.1" 200 20275 "-" "Mozilla/5.0 (Linux; Android 6.0.1; Nexus 5X Build/MMB29P) AppleWebKit/537.36 (KHTML, like Gecko) Chrome/133.0.6943.141 Mobile Safari/537.36 (compatible; GoogleOther)"
66.249.75.228 - - [15/Mar/2025:05:05:04 +0700] "GET /ativan/good/3226935100.shtm HTTP/1.1" 200 20331 "-" "Mozilla/5.0 (Linux; Android 6.0.1; Nexus 5X Build/MMB29P) AppleWebKit/537.36 (KHTML, like Gecko) Chrome/133.0.6943.141 Mobile Safari/537.36 (compatible; GoogleOther)"
66.249.75.228 - - [15/Mar/2025:05:06:13 +0700] "GET /sensations/32281798301.shtm HTTP/1.1" 200 19993 "-" "Mozilla/5.0 (Linux; Android 6.0.1; Nexus 5X Build/MMB29P) AppleWebKit/537.36 (KHTML, like Gecko) Chrome/133.0.6943.141 Mobile Safari/537.36 (compatible; GoogleOther)"
66.249.75.228 - - [15/Mar/2025:05:10:18 +0700] "GET /?e=69785549504 HTTP/1.1" 200 19201 "-" "Mozilla/5.0 (Linux; Android 6.0.1; Nexus 5X Build/MMB29P) AppleWebKit/537.36 (KHTML, like Gecko) Chrome/133.0.6943.141 Mobile Safari/537.36 (compatible; GoogleOther)"
66.249.75.228 - - [15/Mar/2025:05:10:43 +0700] "GET /?e=58663909301 HTTP/1.1" 200 22010 "-" "Mozilla/5.0 (Linux; Android 6.0.1; Nexus 5X Build/MMB29P) AppleWebKit/537.36 (KHTML, like Gecko) Chrome/133.0.6943.141 Mobile Safari/537.36 (compatible; GoogleOther)"
216.244.66.248 - - [15/Mar/2025:05:16:19 +0700] "GET /robots.txt HTTP/1.1" 200 304 "-" "Mozilla/5.0 (compatible; DotBot/1.2; +https://opensiteexplorer.org/dotbot; help@moz.com)"
66.249.75.228 - - [15/Mar/2025:05:17:27 +0700] "GET /?e=45352218303 HTTP/1.1" 200 22511 "-" "Mozilla/5.0 (Linux; Android 6.0.1; Nexus 5X Build/MMB29P) AppleWebKit/537.36 (KHTML, like Gecko) Chrome/133.0.6943.141 Mobile Safari/537.36 (compatible; GoogleOther)"
66.249.75.228 - - [15/Mar/2025:05:23:30 +0700] "GET /?e=76359953371 HTTP/1.1" 200 21192 "-" "Mozilla/5.0 (Linux; Android 6.0.1; Nexus 5X Build/MMB29P) AppleWebKit/537.36 (KHTML, like Gecko) Chrome/133.0.6943.141 Mobile Safari/537.36 (compatible; GoogleOther)"
180.235.151.3 - - [15/Mar/2025:05:26:56 +0700] "POST /wp-cron.php?doing_wp_cron=1741991216.5276029109954833984375 HTTP/1.1" 403 1242 "-" "WordPress/6.7.2; https://www.aturtoko.id"
216.244.66.248 - - [15/Mar/2025:05:26:52 +0700] "GET /en/blog/kewirausahaan/business-opportunity/mengapa-studi-kelayakan-bisnis-perlu-begini-penjelasannya/ HTTP/1.1" 404 11504 "-" "Mozilla/5.0 (compatible; DotBot/1.2; +https://opensiteexplorer.org/dotbot; help@moz.com)"
216.244.66.248 - - [15/Mar/2025:05:28:10 +0700] "GET /en/blog/tag/stok-barang HTTP/1.1" 404 11504 "-" "Mozilla/5.0 (compatible; DotBot/1.2; +https://opensiteexplorer.org/dotbot; help@moz.com)"
180.235.151.3 - - [15/Mar/2025:05:32:54 +0700] "POST /wp-cron.php?doing_wp_cron=1741991574.6581668853759765625000 HTTP/1.1" 403 1242 "-" "WordPress/6.7.2; https://www.aturtoko.id"
185.191.171.2 - - [15/Mar/2025:05:32:50 +0700] "GET /ms/blog/tag/online-retail HTTP/1.1" 404 3380 "-" "Mozilla/5.0 (compatible; SemrushBot/7~bl; +http://www.semrush.com/bot.html)"
180.235.151.3 - - [15/Mar/2025:05:35:54 +0700] "POST /wp-cron.php?doing_wp_cron=1741991754.8161919116973876953125 HTTP/1.1" 403 1242 "-" "WordPress/6.7.2; https://www.aturtoko.id"
216.244.66.248 - - [15/Mar/2025:05:35:51 +0700] "GET /en/blog/tag/menyusun-strategi/feed HTTP/1.1" 404 11504 "-" "Mozilla/5.0 (compatible; DotBot/1.2; +https://opensiteexplorer.org/dotbot; help@moz.com)"
216.244.66.248 - - [15/Mar/2025:05:36:48 +0700] "GET /ms/blog/tag/surat-izin-usaha-perdagangan/ HTTP/1.1" 404 11504 "-" "Mozilla/5.0 (compatible; DotBot/1.2; +https://opensiteexplorer.org/dotbot; help@moz.com)"
180.235.151.3 - - [15/Mar/2025:05:37:47 +0700] "POST /wp-cron.php?doing_wp_cron=1741991867.1583840847015380859375 HTTP/1.1" 403 1242 "-" "WordPress/6.7.2; https://www.aturtoko.id"
185.191.171.19 - - [15/Mar/2025:05:37:43 +0700] "GET /ms/blog/kewirausahaan/business-opportunity/perbedaan-reseller-dan-dropship-manakah-yang-lebih-menguntungkan/ HTTP/1.1" 404 3380 "-" "Mozilla/5.0 (compatible; SemrushBot/7~bl; +http://www.semrush.com/bot.html)"
51.89.153.66 - - [15/Mar/2025:05:41:29 +0700] "POST /xmlrpc.php HTTP/1.1" 403 1242 "-" "Mozilla/5.0 (X11; Fedora; Linux x86_64; rv:94.0) Gecko/20100101 Firefox/95.0"
66.249.75.228 - - [15/Mar/2025:05:58:02 +0700] "GET /?e=61745645609 HTTP/1.1" 200 19757 "-" "Mozilla/5.0 (Linux; Android 6.0.1; Nexus 5X Build/MMB29P) AppleWebKit/537.36 (KHTML, like Gecko) Chrome/133.0.6943.141 Mobile Safari/537.36 (compatible; GoogleOther)"
185.191.171.3 - - [15/Mar/2025:06:01:09 +0700] "GET /robots.txt HTTP/1.1" 200 101 "-" "Mozilla/5.0 (compatible; SemrushBot/7~bl; +http://www.semrush.com/bot.html)"
180.235.151.3 - - [15/Mar/2025:06:01:16 +0700] "POST /wp-cron.php?doing_wp_cron=1741993276.6111989021301269531250 HTTP/1.1" 403 1242 "-" "WordPress/6.7.2; https://www.aturtoko.id"
85.208.96.210 - - [15/Mar/2025:06:01:12 +0700] "GET /ms/blog/lainnya/membuat-website-anda-untuk-kesuksesan-bisnis-online HTTP/1.1" 404 3380 "-" "Mozilla/5.0 (compatible; SemrushBot/7~bl; +http://www.semrush.com/bot.html)"
66.249.75.228 - - [15/Mar/2025:06:03:55 +0700] "GET /?e=36252411072 HTTP/1.1" 200 20191 "-" "Mozilla/5.0 (Linux; Android 6.0.1; Nexus 5X Build/MMB29P) AppleWebKit/537.36 (KHTML, like Gecko) Chrome/133.0.6943.141 Mobile Safari/537.36 (compatible; GoogleOther)"
216.244.66.248 - - [15/Mar/2025:06:04:44 +0700] "GET /robots.txt HTTP/1.1" 200 298 "-" "Mozilla/5.0 (compatible; DotBot/1.2; +https://opensiteexplorer.org/dotbot; help@moz.com)"
185.191.171.5 - - [15/Mar/2025:06:12:54 +0700] "GET /en/blog/teknologi/yuk-ketahui-apa-itu-qris-manfaat-dan-cara-penggunaannya-sebagai-sarana-pembayaran HTTP/1.1" 404 3380 "-" "Mozilla/5.0 (compatible; SemrushBot/7~bl; +http://www.semrush.com/bot.html)"
197.57.140.65 - - [15/Mar/2025:06:13:21 +0700] "GET / HTTP/1.1" 301 0 "-" "Mozilla/5.0 (Macintosh; Intel Mac OS X 10_15_7) AppleWebKit/537.36 (KHTML, like Gecko) Chrome/103.0.0.0 Safari/537.36"
197.57.140.65 - - [15/Mar/2025:06:13:21 +0700] "GET /registrasi.html HTTP/1.1" 301 0 "-" "Mozilla/5.0 (Macintosh; Intel Mac OS X 10_15_7) AppleWebKit/537.36 (KHTML, like Gecko) Chrome/122.0.0.0 Safari/537.36"
66.249.75.228 - - [15/Mar/2025:06:13:31 +0700] "GET /?e=89439168968 HTTP/1.1" 200 19921 "-" "Mozilla/5.0 (Linux; Android 6.0.1; Nexus 5X Build/MMB29P) AppleWebKit/537.36 (KHTML, like Gecko) Chrome/133.0.6943.141 Mobile Safari/537.36 (compatible; GoogleOther)"
66.249.75.228 - - [15/Mar/2025:06:13:43 +0700] "GET /wp-sitemap.xml HTTP/1.1" 200 5186 "-" "Mozilla/5.0 (compatible; Googlebot/2.1; +http://www.google.com/bot.html)"
66.249.75.228 - - [15/Mar/2025:06:13:52 +0700] "GET /timely/goods/32281864818.shtm HTTP/1.1" 200 20085 "-" "Mozilla/5.0 (compatible; Googlebot/2.1; +http://www.google.com/bot.html)"
66.249.75.228 - - [15/Mar/2025:06:14:01 +0700] "GET /3226770791.shtm HTTP/1.1" 200 20278 "-" "Mozilla/5.0 (compatible; Googlebot/2.1; +http://www.google.com/bot.html)"
66.249.75.228 - - [15/Mar/2025:06:14:27 +0700] "GET /3225403870.shtm HTTP/1.1" 200 21333 "-" "Mozilla/5.0 (compatible; Googlebot/2.1; +http://www.google.com/bot.html)"
66.249.75.228 - - [15/Mar/2025:06:14:40 +0700] "GET /32271229767.shtm HTTP/1.1" 200 19308 "-" "Mozilla/5.0 (compatible; Googlebot/2.1; +http://www.google.com/bot.html)"
66.249.71.9 - - [15/Mar/2025:06:14:57 +0700] "GET /32271125967.shtm HTTP/1.1" 200 19914 "-" "Mozilla/5.0 (compatible; Googlebot/2.1; +http://www.google.com/bot.html)"
66.249.75.228 - - [15/Mar/2025:06:15:10 +0700] "GET /3226770791.shtm HTTP/1.1" 200 20279 "-" "Mozilla/5.0 (compatible; Googlebot/2.1; +http://www.google.com/bot.html)"
66.249.75.228 - - [15/Mar/2025:06:15:23 +0700] "GET /3225403870.shtm HTTP/1.1" 200 21333 "-" "Mozilla/5.0 (compatible; Googlebot/2.1; +http://www.google.com/bot.html)"
66.249.75.228 - - [15/Mar/2025:06:15:41 +0700] "GET /3225403870.shtm HTTP/1.1" 200 21333 "-" "Mozilla/5.0 (compatible; Googlebot/2.1; +http://www.google.com/bot.html)"
66.249.71.9 - - [15/Mar/2025:06:15:54 +0700] "GET /3226770791.shtm HTTP/1.1" 200 20278 "-" "Mozilla/5.0 (compatible; Googlebot/2.1; +http://www.google.com/bot.html)"
66.249.71.9 - - [15/Mar/2025:06:16:11 +0700] "GET /unsolicited/32281875068.shtm HTTP/1.1" 200 22069 "-" "Mozilla/5.0 (compatible; Googlebot/2.1; +http://www.google.com/bot.html)"
66.249.71.9 - - [15/Mar/2025:06:16:23 +0700] "GET /3225403870.shtm HTTP/1.1" 200 21333 "-" "Mozilla/5.0 (compatible; Googlebot/2.1; +http://www.google.com/bot.html)"
66.249.75.228 - - [15/Mar/2025:06:16:38 +0700] "GET /32281550206.shtm HTTP/1.1" 200 20077 "-" "Mozilla/5.0 (compatible; Googlebot/2.1; +http://www.google.com/bot.html)"
66.249.75.228 - - [15/Mar/2025:06:17:01 +0700] "GET /32271125967.shtm HTTP/1.1" 200 19915 "-" "Mozilla/5.0 (compatible; Googlebot/2.1; +http://www.google.com/bot.html)"
66.249.71.9 - - [15/Mar/2025:06:17:13 +0700] "GET /32271125967.shtm HTTP/1.1" 200 19914 "-" "Mozilla/5.0 (compatible; Googlebot/2.1; +http://www.google.com/bot.html)"
66.249.75.228 - - [15/Mar/2025:06:17:25 +0700] "GET /32271332472.shtm HTTP/1.1" 200 19416 "-" "Mozilla/5.0 (compatible; Googlebot/2.1; +http://www.google.com/bot.html)"
66.249.75.228 - - [15/Mar/2025:06:17:48 +0700] "GET /32271229767.shtm HTTP/1.1" 200 19311 "-" "Mozilla/5.0 (compatible; Googlebot/2.1; +http://www.google.com/bot.html)"
216.244.66.248 - - [15/Mar/2025:06:17:56 +0700] "GET /en/blog/category/digital-marketing/page/6/ HTTP/1.1" 404 11504 "-" "Mozilla/5.0 (compatible; DotBot/1.2; +https://opensiteexplorer.org/dotbot; help@moz.com)"
66.249.75.230 - - [15/Mar/2025:06:18:00 +0700] "GET /recruit HTTP/1.1" 200 20440 "-" "Mozilla/5.0 (compatible; Googlebot/2.1; +http://www.google.com/bot.html)"
180.235.151.3 - - [15/Mar/2025:06:18:19 +0700] "POST /wp-cron.php?doing_wp_cron=1741994299.8038539886474609375000 HTTP/1.1" 403 1242 "-" "WordPress/6.7.2; https://www.aturtoko.id"
43.135.135.57 - - [15/Mar/2025:06:18:17 +0700] "GET / HTTP/1.1" 301 0 "-" "Mozilla/5.0 (iPhone; CPU iPhone OS 13_2_3 like Mac OS X) AppleWebKit/605.1.15 (KHTML, like Gecko) Version/13.0.3 Mobile/15E148 Safari/604.1"
66.249.75.228 - - [15/Mar/2025:06:18:20 +0700] "GET /32271125967.shtm HTTP/1.1" 200 19915 "-" "Mozilla/5.0 (compatible; Googlebot/2.1; +http://www.google.com/bot.html)"
66.249.75.228 - - [15/Mar/2025:06:18:35 +0700] "GET /32281550206.shtm HTTP/1.1" 200 20077 "-" "Mozilla/5.0 (compatible; Googlebot/2.1; +http://www.google.com/bot.html)"
66.249.75.228 - - [15/Mar/2025:06:18:47 +0700] "GET /32271332472.shtm HTTP/1.1" 200 19416 "-" "Mozilla/5.0 (compatible; Googlebot/2.1; +http://www.google.com/bot.html)"
66.249.75.228 - - [15/Mar/2025:06:19:03 +0700] "GET /32271229767.shtm HTTP/1.1" 200 19308 "-" "Mozilla/5.0 (compatible; Googlebot/2.1; +http://www.google.com/bot.html)"
66.249.75.228 - - [15/Mar/2025:06:19:15 +0700] "GET /32271229767.shtm HTTP/1.1" 200 19308 "-" "Mozilla/5.0 (compatible; Googlebot/2.1; +http://www.google.com/bot.html)"
66.249.75.228 - - [15/Mar/2025:06:19:36 +0700] "GET /32281550206.shtm HTTP/1.1" 200 20077 "-" "Mozilla/5.0 (compatible; Googlebot/2.1; +http://www.google.com/bot.html)"
66.249.75.228 - - [15/Mar/2025:06:19:49 +0700] "GET /32271229767.shtm HTTP/1.1" 200 19311 "-" "Mozilla/5.0 (compatible; Googlebot/2.1; +http://www.google.com/bot.html)"
66.249.71.9 - - [15/Mar/2025:06:20:07 +0700] "GET /32271332472.shtm HTTP/1.1" 200 19416 "-" "Mozilla/5.0 (compatible; Googlebot/2.1; +http://www.google.com/bot.html)"
66.249.75.228 - - [15/Mar/2025:06:20:11 +0700] "GET /?e=78426435832 HTTP/1.1" 200 19884 "-" "Mozilla/5.0 (Linux; Android 6.0.1; Nexus 5X Build/MMB29P) AppleWebKit/537.36 (KHTML, like Gecko) Chrome/133.0.6943.141 Mobile Safari/537.36 (compatible; GoogleOther)"
66.249.75.228 - - [15/Mar/2025:06:20:27 +0700] "GET /uploading/32281872800.shtm HTTP/1.1" 200 22448 "-" "Mozilla/5.0 (compatible; Googlebot/2.1; +http://www.google.com/bot.html)"
66.249.75.228 - - [15/Mar/2025:06:20:42 +0700] "GET /32281550206.shtm HTTP/1.1" 200 20077 "-" "Mozilla/5.0 (compatible; Googlebot/2.1; +http://www.google.com/bot.html)"
180.235.151.3 - - [15/Mar/2025:06:20:55 +0700] "POST /wp-cron.php?doing_wp_cron=1741994455.6478049755096435546875 HTTP/1.1" 403 1242 "-" "WordPress/6.7.2; https://www.aturtoko.id"
216.244.66.248 - - [15/Mar/2025:06:20:51 +0700] "GET /en/blog/tag/jasa-pengiriman/feed HTTP/1.1" 404 11504 "-" "Mozilla/5.0 (compatible; DotBot/1.2; +https://opensiteexplorer.org/dotbot; help@moz.com)"
66.249.75.228 - - [15/Mar/2025:06:20:58 +0700] "GET /32271125967.shtm HTTP/1.1" 200 19914 "-" "Mozilla/5.0 (compatible; Googlebot/2.1; +http://www.google.com/bot.html)"
66.249.75.228 - - [15/Mar/2025:06:21:11 +0700] "GET /32271125967.shtm HTTP/1.1" 200 19915 "-" "Mozilla/5.0 (compatible; Googlebot/2.1; +http://www.google.com/bot.html)"
66.249.75.228 - - [15/Mar/2025:06:21:24 +0700] "GET /32271229767.shtm HTTP/1.1" 200 19311 "-" "Mozilla/5.0 (compatible; Googlebot/2.1; +http://www.google.com/bot.html)"
66.249.71.9 - - [15/Mar/2025:06:21:37 +0700] "GET /32281550206.shtm HTTP/1.1" 200 20077 "-" "Mozilla/5.0 (compatible; Googlebot/2.1; +http://www.google.com/bot.html)"
66.249.75.228 - - [15/Mar/2025:06:21:53 +0700] "GET /mae/32281548059.shtm HTTP/1.1" 200 19831 "-" "Mozilla/5.0 (compatible; Googlebot/2.1; +http://www.google.com/bot.html)"
66.249.75.228 - - [15/Mar/2025:06:22:08 +0700] "GET /dvds/3226620324.shtm HTTP/1.1" 200 20386 "-" "Mozilla/5.0 (compatible; Googlebot/2.1; +http://www.google.com/bot.html)"
66.249.75.228 - - [15/Mar/2025:06:22:24 +0700] "GET /dvds/3226620324.shtm HTTP/1.1" 200 20385 "-" "Mozilla/5.0 (compatible; Googlebot/2.1; +http://www.google.com/bot.html)"
66.249.75.228 - - [15/Mar/2025:06:22:44 +0700] "GET /mae/32281548059.shtm HTTP/1.1" 200 19828 "-" "Mozilla/5.0 (compatible; Googlebot/2.1; +http://www.google.com/bot.html)"
66.249.75.228 - - [15/Mar/2025:06:23:03 +0700] "GET /dvds/3226620324.shtm HTTP/1.1" 200 20386 "-" "Mozilla/5.0 (compatible; Googlebot/2.1; +http://www.google.com/bot.html)"
66.249.75.228 - - [15/Mar/2025:06:23:20 +0700] "GET /prophecy/good/32281872390.shtm HTTP/1.1" 200 20912 "-" "Mozilla/5.0 (compatible; Googlebot/2.1; +http://www.google.com/bot.html)"
66.249.75.228 - - [15/Mar/2025:06:23:33 +0700] "GET /mae/32281548059.shtm HTTP/1.1" 200 19829 "-" "Mozilla/5.0 (compatible; Googlebot/2.1; +http://www.google.com/bot.html)"
66.249.75.228 - - [15/Mar/2025:06:23:51 +0700] "GET /dvds/3226620324.shtm HTTP/1.1" 200 20386 "-" "Mozilla/5.0 (compatible; Googlebot/2.1; +http://www.google.com/bot.html)"
66.249.75.228 - - [15/Mar/2025:06:24:09 +0700] "GET /dvds/3226620324.shtm HTTP/1.1" 200 20386 "-" "Mozilla/5.0 (compatible; Googlebot/2.1; +http://www.google.com/bot.html)"
66.249.71.9 - - [15/Mar/2025:06:24:22 +0700] "GET /miniature/32271386866.shtm HTTP/1.1" 200 20366 "-" "Mozilla/5.0 (compatible; Googlebot/2.1; +http://www.google.com/bot.html)"
66.249.75.228 - - [15/Mar/2025:06:24:39 +0700] "GET /miniature/32271386866.shtm HTTP/1.1" 200 20365 "-" "Mozilla/5.0 (compatible; Googlebot/2.1; +http://www.google.com/bot.html)"
66.249.71.9 - - [15/Mar/2025:06:24:51 +0700] "GET /feature/shoplist-friendly/index.html HTTP/1.1" 200 22150 "-" "Mozilla/5.0 (compatible; Googlebot/2.1; +http://www.google.com/bot.html)"
66.249.71.1 - - [15/Mar/2025:06:25:04 +0700] "GET /miniature/32271386866.shtm HTTP/1.1" 200 20365 "-" "Mozilla/5.0 (compatible; Googlebot/2.1; +http://www.google.com/bot.html)"
66.249.75.228 - - [15/Mar/2025:06:25:17 +0700] "GET /miniature/32271386866.shtm HTTP/1.1" 200 20366 "-" "Mozilla/5.0 (compatible; Googlebot/2.1; +http://www.google.com/bot.html)"
66.249.75.228 - - [15/Mar/2025:06:25:33 +0700] "GET /timely/goods/32281864818.shtm HTTP/1.1" 200 20084 "-" "Mozilla/5.0 (compatible; Googlebot/2.1; +http://www.google.com/bot.html)"
66.249.75.228 - - [15/Mar/2025:06:25:54 +0700] "GET /timely/goods/32281864818.shtm HTTP/1.1" 200 20081 "-" "Mozilla/5.0 (compatible; Googlebot/2.1; +http://www.google.com/bot.html)"
66.249.75.228 - - [15/Mar/2025:06:26:05 +0700] "GET /costly/product/3226528459.shtm HTTP/1.1" 200 21551 "-" "Mozilla/5.0 (compatible; Googlebot/2.1; +http://www.google.com/bot.html)"
66.249.75.228 - - [15/Mar/2025:06:26:25 +0700] "GET /digestive/item/3226732462.shtm HTTP/1.1" 200 19553 "-" "Mozilla/5.0 (compatible; Googlebot/2.1; +http://www.google.com/bot.html)"
66.249.75.228 - - [15/Mar/2025:06:26:38 +0700] "GET /metric/3225146450.shtm HTTP/1.1" 200 20063 "-" "Mozilla/5.0 (compatible; Googlebot/2.1; +http://www.google.com/bot.html)"
66.249.75.228 - - [15/Mar/2025:06:26:52 +0700] "GET /costly/product/3226528459.shtm HTTP/1.1" 200 21524 "-" "Mozilla/5.0 (compatible; Googlebot/2.1; +http://www.google.com/bot.html)"
66.249.75.229 - - [15/Mar/2025:06:27:09 +0700] "GET /digestive/item/3226732462.shtm HTTP/1.1" 200 19553 "-" "Mozilla/5.0 (compatible; Googlebot/2.1; +http://www.google.com/bot.html)"
196.251.80.243 - - [15/Mar/2025:06:27:25 +0700] "GET /wp-content/plugins/fix/up.php HTTP/1.1" 403 1242 "-" "Mozilla/5.0 (Windows NT 10.0; Win64; x64) AppleWebKit/537.36 (KHTML, like Gecko) Chrome/85.0.4183.102 Safari/537.36"
180.235.151.3 - - [15/Mar/2025:06:27:27 +0700] "POST /wp-cron.php?doing_wp_cron=1741994847.7744259834289550781250 HTTP/1.1" 403 1242 "-" "WordPress/6.7.2; https://www.aturtoko.id"
196.251.80.243 - - [15/Mar/2025:06:27:25 +0700] "GET / HTTP/1.1" 301 0 "-" "Mozlila/5.0 (Linux; Android 7.0; SM-G892A Bulid/NRD90M; wv) AppleWebKit/537.36 (KHTML, like Gecko) Version/4.0 Chrome/60.0.3112.107 Moblie Safari/537.36"
196.251.80.243 - - [15/Mar/2025:06:27:25 +0700] "POST /wp-plain.php HTTP/1.1" 301 0 "www.google.com" "Mozilla/5.0 (Linux; Android 7.0; SM-G892A Bulid/NRD90M; wv) AppleWebKit/537.36 (KHTML, like Gecko) Version/4.0 Chrome/60.0.3112.107 Moblie Safari/537.36"
196.251.80.243 - - [15/Mar/2025:06:27:25 +0700] "GET /wp-content/themes/seotheme/db.php?u HTTP/1.1" 301 0 "www.google.com" "Mozlila/5.0 (Linux; Android 7.0; SM-G892A Bulid/NRD90M; wv) AppleWebKit/537.36 (KHTML, like Gecko) Version/4.0 Chrome/60.0.3112.107 Moblie Safari/537.36"
196.251.80.243 - - [15/Mar/2025:06:27:25 +0700] "POST /ALFA_DATA/alfacgiapi/perl.alfa HTTP/1.1" 301 0 "www.google.com" "Mozlila/5.0 (Linux; Android 7.0; SM-G892A Bulid/NRD90M; wv) AppleWebKit/537.36 (KHTML, like Gecko) Version/4.0 Chrome/60.0.3112.107 Moblie Safari/537.36"
66.249.75.228 - - [15/Mar/2025:06:27:33 +0700] "GET /digestive/item/3226732462.shtm HTTP/1.1" 200 19554 "-" "Mozilla/5.0 (compatible; Googlebot/2.1; +http://www.google.com/bot.html)"
196.251.80.243 - - [15/Mar/2025:06:27:30 +0700] "POST /alfacgiapi/perl.alfa HTTP/1.1" 301 0 "www.google.com" "Mozlila/5.0 (Linux; Android 7.0; SM-G892A Bulid/NRD90M; wv) AppleWebKit/537.36 (KHTML, like Gecko) Version/4.0 Chrome/60.0.3112.107 Moblie Safari/537.36"
66.249.75.228 - - [15/Mar/2025:06:27:46 +0700] "GET /costly/product/3226528459.shtm HTTP/1.1" 200 21495 "-" "Mozilla/5.0 (compatible; Googlebot/2.1; +http://www.google.com/bot.html)"
66.249.75.228 - - [15/Mar/2025:06:28:07 +0700] "GET /costly/product/3226528459.shtm HTTP/1.1" 200 21469 "-" "Mozilla/5.0 (compatible; Googlebot/2.1; +http://www.google.com/bot.html)"
66.249.75.228 - - [15/Mar/2025:06:28:25 +0700] "GET /digestive/item/3226732462.shtm HTTP/1.1" 200 19554 "-" "Mozilla/5.0 (compatible; Googlebot/2.1; +http://www.google.com/bot.html)"
66.249.75.228 - - [15/Mar/2025:06:28:38 +0700] "GET /digestive/item/3226732462.shtm HTTP/1.1" 200 19553 "-" "Mozilla/5.0 (compatible; Googlebot/2.1; +http://www.google.com/bot.html)"
66.249.75.228 - - [15/Mar/2025:06:29:01 +0700] "GET /costly/product/3226528459.shtm HTTP/1.1" 200 21506 "-" "Mozilla/5.0 (compatible; Googlebot/2.1; +http://www.google.com/bot.html)"
157.90.91.229 - - [15/Mar/2025:06:29:06 +0700] "GET /robots.txt HTTP/1.1" 200 104 "-" "Mozilla/5.0 (compatible; BLEXBot/1.0; +https://help.seranking.com/en/blex-crawler)"
157.90.91.229 - - [15/Mar/2025:06:29:07 +0700] "GET /sitemap-1.xml HTTP/1.1" 200 22827 "-" "Mozilla/5.0 (compatible; BLEXBot/1.0; +https://help.seranking.com/en/blex-crawler)"
66.249.75.228 - - [15/Mar/2025:06:29:19 +0700] "GET /costly/product/3226528459.shtm HTTP/1.1" 200 21496 "-" "Mozilla/5.0 (compatible; Googlebot/2.1; +http://www.google.com/bot.html)"
157.90.91.229 - - [15/Mar/2025:06:29:26 +0700] "GET /sitemap-2.xml HTTP/1.1" 200 22795 "-" "Mozilla/5.0 (compatible; BLEXBot/1.0; +https://help.seranking.com/en/blex-crawler)"
66.249.71.9 - - [15/Mar/2025:06:29:32 +0700] "GET /digestive/item/3226732462.shtm HTTP/1.1" 200 19553 "-" "Mozilla/5.0 (compatible; Googlebot/2.1; +http://www.google.com/bot.html)"
66.249.75.228 - - [15/Mar/2025:06:29:44 +0700] "GET /man/kaitori/kaitoritop.html HTTP/1.1" 200 20315 "-" "Mozilla/5.0 (compatible; Googlebot/2.1; +http://www.google.com/bot.html)"
157.90.91.229 - - [15/Mar/2025:06:29:51 +0700] "GET /sitemap-3.xml HTTP/1.1" 200 22847 "-" "Mozilla/5.0 (compatible; BLEXBot/1.0; +https://help.seranking.com/en/blex-crawler)"
66.249.75.228 - - [15/Mar/2025:06:30:01 +0700] "GET /realise/products/3225111204.shtm HTTP/1.1" 200 21672 "-" "Mozilla/5.0 (compatible; Googlebot/2.1; +http://www.google.com/bot.html)"
66.249.71.9 - - [15/Mar/2025:06:30:13 +0700] "GET /realise/products/3225111204.shtm HTTP/1.1" 200 21672 "-" "Mozilla/5.0 (compatible; Googlebot/2.1; +http://www.google.com/bot.html)"
157.90.91.229 - - [15/Mar/2025:06:30:13 +0700] "GET /sitemap-4.xml HTTP/1.1" 200 22822 "-" "Mozilla/5.0 (compatible; BLEXBot/1.0; +https://help.seranking.com/en/blex-crawler)"
66.249.71.9 - - [15/Mar/2025:06:30:31 +0700] "GET /peculiar/commoditys/3226653871.shtm HTTP/1.1" 200 21862 "-" "Mozilla/5.0 (compatible; Googlebot/2.1; +http://www.google.com/bot.html)"
66.249.75.228 - - [15/Mar/2025:06:30:44 +0700] "GET /peculiar/commoditys/3226653871.shtm HTTP/1.1" 200 21865 "-" "Mozilla/5.0 (compatible; Googlebot/2.1; +http://www.google.com/bot.html)"
157.90.91.229 - - [15/Mar/2025:06:31:06 +0700] "GET /sitemap-5.xml HTTP/1.1" 200 22831 "-" "Mozilla/5.0 (compatible; BLEXBot/1.0; +https://help.seranking.com/en/blex-crawler)"
66.249.71.1 - - [15/Mar/2025:06:31:09 +0700] "GET /3226711550.shtm HTTP/1.1" 200 19820 "-" "Mozilla/5.0 (compatible; Googlebot/2.1; +http://www.google.com/bot.html)"
66.249.75.228 - - [15/Mar/2025:06:31:20 +0700] "GET /peculiar/commoditys/3226653871.shtm HTTP/1.1" 200 21862 "-" "Mozilla/5.0 (compatible; Googlebot/2.1; +http://www.google.com/bot.html)"
66.249.71.9 - - [15/Mar/2025:06:31:35 +0700] "GET /peculiar/commoditys/3226653871.shtm HTTP/1.1" 200 21839 "-" "Mozilla/5.0 (compatible; Googlebot/2.1; +http://www.google.com/bot.html)"
157.90.91.229 - - [15/Mar/2025:06:31:41 +0700] "GET /sitemap.xml HTTP/1.1" 200 3217 "-" "Mozilla/5.0 (compatible; BLEXBot/1.0; +https://help.seranking.com/en/blex-crawler)"
66.249.75.228 - - [15/Mar/2025:06:31:42 +0700] "POST /get-message-notify HTTP/1.1" 200 22058 "http://www.aturtoko.id/peculiar/commoditys/3226653871.shtm" "Mozilla/5.0 AppleWebKit/537.36 (KHTML, like Gecko; compatible; Googlebot/2.1; +http://www.google.com/bot.html) Chrome/133.0.6943.141 Safari/537.36"
66.249.75.228 - - [15/Mar/2025:06:31:55 +0700] "GET /32271050808.shtm HTTP/1.1" 200 19778 "-" "Mozilla/5.0 (Linux; Android 6.0.1; Nexus 5X Build/MMB29P) AppleWebKit/537.36 (KHTML, like Gecko) Chrome/133.0.6943.141 Mobile Safari/537.36 (compatible; Googlebot/2.1; +http://www.google.com/bot.html)"
66.249.75.228 - - [15/Mar/2025:06:32:08 +0700] "GET /colored/3225404543.shtm HTTP/1.1" 200 20197 "-" "Mozilla/5.0 (Linux; Android 6.0.1; Nexus 5X Build/MMB29P) AppleWebKit/537.36 (KHTML, like Gecko) Chrome/133.0.6943.141 Mobile Safari/537.36 (compatible; Googlebot/2.1; +http://www.google.com/bot.html)"
66.249.75.228 - - [15/Mar/2025:06:32:25 +0700] "GET /man/customer_guide HTTP/1.1" 200 19696 "-" "Mozilla/5.0 (compatible; Googlebot/2.1; +http://www.google.com/bot.html)"
66.249.75.228 - - [15/Mar/2025:06:32:38 +0700] "GET /affiliate HTTP/1.1" 200 19550 "-" "Mozilla/5.0 (compatible; Googlebot/2.1; +http://www.google.com/bot.html)"
66.249.75.229 - - [15/Mar/2025:06:33:00 +0700] "GET /3226721900.shtm HTTP/1.1" 200 20825 "-" "Mozilla/5.0 (compatible; Googlebot/2.1; +http://www.google.com/bot.html)"
66.249.75.228 - - [15/Mar/2025:06:33:18 +0700] "GET /brick/good/32292165700.shtm HTTP/1.1" 200 19426 "-" "Mozilla/5.0 (compatible; Googlebot/2.1; +http://www.google.com/bot.html)"
66.249.75.228 - - [15/Mar/2025:06:33:35 +0700] "GET /saws/3225235850.shtm HTTP/1.1" 200 19694 "-" "Mozilla/5.0 (Linux; Android 6.0.1; Nexus 5X Build/MMB29P) AppleWebKit/537.36 (KHTML, like Gecko) Chrome/133.0.6943.141 Mobile Safari/537.36 (compatible; Googlebot/2.1; +http://www.google.com/bot.html)"
172.93.104.226 - - [15/Mar/2025:06:33:40 +0700] "POST /xmlrpc.php HTTP/1.1" 403 1242 "-" "Mozilla/5.0 (X11; Gentoo; Linux x86_64; rv:91.0) Gecko/20100101 Firefox/91.0"
66.249.75.228 - - [15/Mar/2025:06:33:55 +0700] "GET /venus/32281829042.shtm HTTP/1.1" 200 21806 "-" "Mozilla/5.0 (Linux; Android 6.0.1; Nexus 5X Build/MMB29P) AppleWebKit/537.36 (KHTML, like Gecko) Chrome/133.0.6943.141 Mobile Safari/537.36 (compatible; Googlebot/2.1; +http://www.google.com/bot.html)"
66.249.75.228 - - [15/Mar/2025:06:34:04 +0700] "GET /feature/sapporo/index.html HTTP/1.1" 200 20625 "-" "Mozilla/5.0 (compatible; Googlebot/2.1; +http://www.google.com/bot.html)"
66.249.75.228 - - [15/Mar/2025:06:34:30 +0700] "GET /dispatched/3226543956.shtm HTTP/1.1" 200 20391 "-" "Mozilla/5.0 (Linux; Android 6.0.1; Nexus 5X Build/MMB29P) AppleWebKit/537.36 (KHTML, like Gecko) Chrome/133.0.6943.141 Mobile Safari/537.36 (compatible; Googlebot/2.1; +http://www.google.com/bot.html)"
66.249.75.228 - - [15/Mar/2025:06:34:47 +0700] "GET /debugger/32292116721.shtm HTTP/1.1" 200 20768 "-" "Mozilla/5.0 (Linux; Android 6.0.1; Nexus 5X Build/MMB29P) AppleWebKit/537.36 (KHTML, like Gecko) Chrome/133.0.6943.141 Mobile Safari/537.36 (compatible; Googlebot/2.1; +http://www.google.com/bot.html)"
66.249.71.9 - - [15/Mar/2025:06:35:02 +0700] "GET /pcmypage HTTP/1.1" 200 20542 "-" "Mozilla/5.0 (compatible; Googlebot/2.1; +http://www.google.com/bot.html)"
66.249.75.228 - - [15/Mar/2025:06:35:18 +0700] "GET /russ/3226590738.shtm HTTP/1.1" 200 22163 "-" "Mozilla/5.0 (Linux; Android 6.0.1; Nexus 5X Build/MMB29P) AppleWebKit/537.36 (KHTML, like Gecko) Chrome/133.0.6943.141 Mobile Safari/537.36 (compatible; Googlebot/2.1; +http://www.google.com/bot.html)"
66.249.75.228 - - [15/Mar/2025:06:35:34 +0700] "GET /immortal/32292274671.shtm HTTP/1.1" 200 20597 "-" "Mozilla/5.0 (Linux; Android 6.0.1; Nexus 5X Build/MMB29P) AppleWebKit/537.36 (KHTML, like Gecko) Chrome/133.0.6943.141 Mobile Safari/537.36 (compatible; Googlebot/2.1; +http://www.google.com/bot.html)"
66.249.75.228 - - [15/Mar/2025:06:35:47 +0700] "GET /utilizing/good/3225429000.shtm HTTP/1.1" 200 21369 "-" "Mozilla/5.0 (compatible; Googlebot/2.1; +http://www.google.com/bot.html)"
66.249.75.228 - - [15/Mar/2025:06:36:03 +0700] "GET /3225456391.shtm HTTP/1.1" 200 20107 "-" "Mozilla/5.0 (Linux; Android 6.0.1; Nexus 5X Build/MMB29P) AppleWebKit/537.36 (KHTML, like Gecko) Chrome/133.0.6943.141 Mobile Safari/537.36 (compatible; Googlebot/2.1; +http://www.google.com/bot.html)"
66.249.71.9 - - [15/Mar/2025:06:36:18 +0700] "GET /32271267813.shtm HTTP/1.1" 200 22096 "-" "Mozilla/5.0 (Linux; Android 6.0.1; Nexus 5X Build/MMB29P) AppleWebKit/537.36 (KHTML, like Gecko) Chrome/133.0.6943.141 Mobile Safari/537.36 (compatible; Googlebot/2.1; +http://www.google.com/bot.html)"
66.249.75.228 - - [15/Mar/2025:06:36:22 +0700] "GET /en/blog/tag/era-digital HTTP/1.1" 200 21862 "-" "Mozilla/5.0 (Linux; Android 6.0.1; Nexus 5X Build/MMB29P) AppleWebKit/537.36 (KHTML, like Gecko) Chrome/133.0.6943.141 Mobile Safari/537.36 (compatible; Googlebot/2.1; +http://www.google.com/bot.html)"
66.249.75.228 - - [15/Mar/2025:06:36:33 +0700] "GET /pcmypage?callback=product/review/32320999 HTTP/1.1" 200 19678 "-" "Mozilla/5.0 (compatible; Googlebot/2.1; +http://www.google.com/bot.html)"
66.249.75.228 - - [15/Mar/2025:06:36:49 +0700] "GET /eastern/3225480554.shtm HTTP/1.1" 200 20671 "-" "Mozilla/5.0 (Linux; Android 6.0.1; Nexus 5X Build/MMB29P) AppleWebKit/537.36 (KHTML, like Gecko) Chrome/133.0.6943.141 Mobile Safari/537.36 (compatible; Googlebot/2.1; +http://www.google.com/bot.html)"
66.249.75.230 - - [15/Mar/2025:06:37:04 +0700] "GET /32271081669.shtm HTTP/1.1" 200 20967 "-" "Mozilla/5.0 (Linux; Android 6.0.1; Nexus 5X Build/MMB29P) AppleWebKit/537.36 (KHTML, like Gecko) Chrome/133.0.6943.141 Mobile Safari/537.36 (compatible; Googlebot/2.1; +http://www.google.com/bot.html)"
66.249.75.228 - - [15/Mar/2025:06:37:12 +0700] "GET /amarillo/good/32281736700.shtm HTTP/1.1" 200 20303 "-" "Mozilla/5.0 (compatible; Googlebot/2.1; +http://www.google.com/bot.html)"
66.249.75.228 - - [15/Mar/2025:06:37:28 +0700] "GET /rafael/32271413302.shtm HTTP/1.1" 200 22322 "-" "Mozilla/5.0 (Linux; Android 6.0.1; Nexus 5X Build/MMB29P) AppleWebKit/537.36 (KHTML, like Gecko) Chrome/133.0.6943.141 Mobile Safari/537.36 (compatible; Googlebot/2.1; +http://www.google.com/bot.html)"
66.249.75.228 - - [15/Mar/2025:06:37:45 +0700] "GET /weed/322547327.shtm HTTP/1.1" 200 22297 "-" "Mozilla/5.0 (Linux; Android 6.0.1; Nexus 5X Build/MMB29P) AppleWebKit/537.36 (KHTML, like Gecko) Chrome/133.0.6943.141 Mobile Safari/537.36 (compatible; Googlebot/2.1; +http://www.google.com/bot.html)"
66.249.75.228 - - [15/Mar/2025:06:37:58 +0700] "GET /car/good/3226878700.shtm HTTP/1.1" 200 20491 "-" "Mozilla/5.0 (compatible; Googlebot/2.1; +http://www.google.com/bot.html)"
66.249.71.9 - - [15/Mar/2025:06:38:23 +0700] "GET /3226830689.shtm HTTP/1.1" 200 21290 "-" "Mozilla/5.0 (Linux; Android 6.0.1; Nexus 5X Build/MMB29P) AppleWebKit/537.36 (KHTML, like Gecko) Chrome/133.0.6943.141 Mobile Safari/537.36 (compatible; Googlebot/2.1; +http://www.google.com/bot.html)"
66.249.75.228 - - [15/Mar/2025:06:38:31 +0700] "GET /python/products/32271302504.shtm HTTP/1.1" 200 19550 "-" "Mozilla/5.0 (Linux; Android 6.0.1; Nexus 5X Build/MMB29P) AppleWebKit/537.36 (KHTML, like Gecko) Chrome/133.0.6943.141 Mobile Safari/537.36 (compatible; GoogleOther)"
66.249.75.228 - - [15/Mar/2025:06:38:36 +0700] "GET /convey/32292131433.shtm HTTP/1.1" 200 21529 "-" "Mozilla/5.0 (Linux; Android 6.0.1; Nexus 5X Build/MMB29P) AppleWebKit/537.36 (KHTML, like Gecko) Chrome/133.0.6943.141 Mobile Safari/537.36 (compatible; Googlebot/2.1; +http://www.google.com/bot.html)"
66.249.71.9 - - [15/Mar/2025:06:38:53 +0700] "GET /32281579900.shtm HTTP/1.1" 200 19886 "-" "Mozilla/5.0 (compatible; Googlebot/2.1; +http://www.google.com/bot.html)"
66.249.75.228 - - [15/Mar/2025:06:39:05 +0700] "GET /placed/3226840731.shtm HTTP/1.1" 200 19568 "-" "Mozilla/5.0 (Linux; Android 6.0.1; Nexus 5X Build/MMB29P) AppleWebKit/537.36 (KHTML, like Gecko) Chrome/133.0.6943.141 Mobile Safari/537.36 (compatible; Googlebot/2.1; +http://www.google.com/bot.html)"
66.249.75.228 - - [15/Mar/2025:06:39:22 +0700] "GET /mutants/3225115400.shtm HTTP/1.1" 200 19833 "-" "Mozilla/5.0 (compatible; Googlebot/2.1; +http://www.google.com/bot.html)"
66.249.75.228 - - [15/Mar/2025:06:39:27 +0700] "GET /rss.xml HTTP/1.1" 200 24602 "-" "Mozilla/5.0 (Linux; Android 6.0.1; Nexus 5X Build/MMB29P) AppleWebKit/537.36 (KHTML, like Gecko) Chrome/133.0.6943.141 Mobile Safari/537.36 (compatible; GoogleOther)"
66.249.75.228 - - [15/Mar/2025:06:39:40 +0700] "GET /3225336607.shtm HTTP/1.1" 200 19696 "-" "Mozilla/5.0 (Linux; Android 6.0.1; Nexus 5X Build/MMB29P) AppleWebKit/537.36 (KHTML, like Gecko) Chrome/133.0.6943.141 Mobile Safari/537.36 (compatible; Googlebot/2.1; +http://www.google.com/bot.html)"
