180.235.151.3 - - [14/Mar/2025:20:11:20 +0700] "POST /wp-cron.php?doing_wp_cron=1741957880.8885309696197509765625 HTTP/1.1" 403 1242 "-" "WordPress/6.7.2; https://www.aturtoko.id"
57.141.3.15 - - [14/Mar/2025:20:11:16 +0700] "GET /en/cara-jualan-di-lazada/wajib-tahu-begini-cara-jualan-di-lazada-agar-cepat-laku HTTP/1.1" 404 11504 "-" "meta-externalagent/1.1 (+https://developers.facebook.com/docs/sharing/webmasters/crawler)"
180.235.151.3 - - [14/Mar/2025:20:11:21 +0700] "POST /wp-cron.php?doing_wp_cron=1741957881.0927469730377197265625 HTTP/1.1" 403 1242 "-" "WordPress/6.7.2; https://www.aturtoko.id"
57.141.3.8 - - [14/Mar/2025:20:11:17 +0700] "GET /en/blog/digital-marketing/giveaway-strategi-marketing-yang-tingkatkan-peluang-penjualan HTTP/1.1" 404 11504 "-" "meta-externalagent/1.1 (+https://developers.facebook.com/docs/sharing/webmasters/crawler)"
146.190.99.254 - - [14/Mar/2025:20:11:22 +0700] "GET /alfa123.php HTTP/1.1" 301 0 "www.google.com" "Mozlila/5.0 (Linux; Android 7.0; SM-G892A Bulid/NRD90M; wv) AppleWebKit/537.36 (KHTML, like Gecko) Version/4.0 Chrome/60.0.3112.107 Moblie Safari/537.36"
146.190.99.254 - - [14/Mar/2025:20:11:27 +0700] "GET /vendor/phpunit/phpunit/src/Util/PHP/eval-stdin.php HTTP/1.1" 301 0 "-" "python-requests/2.32.3"
57.141.3.23 - - [14/Mar/2025:20:11:29 +0700] "GET /en/blog/lainnya/jenis-promo-bikin-laris-manis/ HTTP/1.1" 404 11504 "-" "meta-externalagent/1.1 (+https://developers.facebook.com/docs/sharing/webmasters/crawler)"
146.190.99.254 - - [14/Mar/2025:20:11:31 +0700] "GET /vendor/phpunit/phpunit/src/Util/PHP/eval-stdin.php HTTP/1.1" 404 3380 "-" "python-requests/2.32.3"
146.190.99.254 - - [14/Mar/2025:20:11:33 +0700] "GET /laravel/vendor/phpunit/phpunit/src/Util/PHP/eval-stdin.php HTTP/1.1" 301 0 "-" "python-requests/2.32.3"
146.190.99.254 - - [14/Mar/2025:20:11:35 +0700] "GET /laravel/vendor/phpunit/phpunit/src/Util/PHP/eval-stdin.php HTTP/1.1" 404 3380 "-" "python-requests/2.32.3"
57.141.3.18 - - [14/Mar/2025:20:11:35 +0700] "GET /en/blog/management/strategi/kenali-apa-itu-forecasting-pengertian-tujuan-jenis-serta-contohnya/ HTTP/1.1" 404 11504 "-" "meta-externalagent/1.1 (+https://developers.facebook.com/docs/sharing/webmasters/crawler)"
146.190.99.254 - - [14/Mar/2025:20:11:37 +0700] "GET /api/vendor/phpunit/phpunit/src/Util/PHP/eval-stdin.php HTTP/1.1" 301 0 "-" "python-requests/2.32.3"
146.190.99.254 - - [14/Mar/2025:20:11:40 +0700] "GET /api/vendor/phpunit/phpunit/src/Util/PHP/eval-stdin.php HTTP/1.1" 404 3373 "-" "python-requests/2.32.3"
146.190.99.254 - - [14/Mar/2025:20:11:42 +0700] "GET /sites/all/libraries/mailchimp/vendor/phpunit/phpunit/src/Util/PHP/eval-stdin.php HTTP/1.1" 301 0 "-" "python-requests/2.32.3"
146.190.99.254 - - [14/Mar/2025:20:11:44 +0700] "GET /sites/all/libraries/mailchimp/vendor/phpunit/phpunit/src/Util/PHP/eval-stdin.php HTTP/1.1" 404 3380 "-" "python-requests/2.32.3"
57.141.3.9 - - [14/Mar/2025:20:11:42 +0700] "GET /en/blog/manajemen-bisnis/dampak-marketplace-terhadap-ekonomi-digital/ HTTP/1.1" 404 11504 "-" "meta-externalagent/1.1 (+https://developers.facebook.com/docs/sharing/webmasters/crawler)"
57.141.3.12 - - [14/Mar/2025:20:11:44 +0700] "GET /cara-jualan-di-tokopedia HTTP/1.1" 200 37762 "-" "meta-externalagent/1.1 (+https://developers.facebook.com/docs/sharing/webmasters/crawler)"
146.190.99.254 - - [14/Mar/2025:20:11:46 +0700] "GET /modules/autoupgrade/vendor/phpunit/phpunit/src/Util/PHP/eval-stdin.php HTTP/1.1" 301 0 "-" "python-requests/2.32.3"
57.141.3.17 - - [14/Mar/2025:20:11:46 +0700] "GET /ms/blog/digital-marketing/meningkatkan-potensi-bisnis-dengan-digitalisasi-dan-teknologi-terbaru HTTP/1.1" 404 11504 "-" "meta-externalagent/1.1 (+https://developers.facebook.com/docs/sharing/webmasters/crawler)"
146.190.99.254 - - [14/Mar/2025:20:11:49 +0700] "GET /modules/autoupgrade/vendor/phpunit/phpunit/src/Util/PHP/eval-stdin.php HTTP/1.1" 404 3373 "-" "python-requests/2.32.3"
66.249.75.228 - - [14/Mar/2025:20:11:53 +0700] "GET /32281821034.shtm HTTP/1.1" 200 19979 "-" "Mozilla/5.0 (Linux; Android 6.0.1; Nexus 5X Build/MMB29P) AppleWebKit/537.36 (KHTML, like Gecko) Chrome/133.0.6943.141 Mobile Safari/537.36 (compatible; GoogleOther)"
57.141.3.9 - - [14/Mar/2025:20:11:52 +0700] "GET /en/blog/digital-marketing/pentingnya-membuat-website-untuk-meningkatkan-visibilitas-dan-penjualan-produk-anda/ HTTP/1.1" 404 11504 "-" "meta-externalagent/1.1 (+https://developers.facebook.com/docs/sharing/webmasters/crawler)"
146.190.99.254 - - [14/Mar/2025:20:11:51 +0700] "GET /assets/editor/fileman/dev.html HTTP/1.1" 301 0 "-" "Mozilla/5.0 (Windows NT 10.0; Win64; x64) AppleWebKit/537.36 (KHTML, like Gecko) Chrome/85.0.4183.102 Safari/537.36"
146.190.99.254 - - [14/Mar/2025:20:11:56 +0700] "GET /assets/editor/fileman/dev.html HTTP/1.1" 404 3380 "-" "Mozilla/5.0 (Windows NT 10.0; Win64; x64) AppleWebKit/537.36 (KHTML, like Gecko) Chrome/85.0.4183.102 Safari/537.36"
57.141.3.8 - - [14/Mar/2025:20:12:01 +0700] "GET /ms/blog/digital-marketing/efisien-ini-tips-bisnis-dengan-strategi-omnichannel-untuk-pemula HTTP/1.1" 404 11504 "-" "meta-externalagent/1.1 (+https://developers.facebook.com/docs/sharing/webmasters/crawler)"
146.190.99.254 - - [14/Mar/2025:20:12:00 +0700] "GET /assets/editor/fileman/index.html HTTP/1.1" 301 0 "-" "Mozilla/5.0 (Windows NT 10.0; Win64; x64) AppleWebKit/537.36 (KHTML, like Gecko) Chrome/85.0.4183.102 Safari/537.36"
57.141.3.13 - - [14/Mar/2025:20:12:04 +0700] "GET /ms/blog/management/legal/cara-membuat-surat-izin-usaha-perdagangan-siup-syarat-contohnya/ HTTP/1.1" 404 11504 "-" "meta-externalagent/1.1 (+https://developers.facebook.com/docs/sharing/webmasters/crawler)"
146.190.99.254 - - [14/Mar/2025:20:12:07 +0700] "GET /assets/editor/fileman/index.html HTTP/1.1" 404 3373 "-" "Mozilla/5.0 (Windows NT 10.0; Win64; x64) AppleWebKit/537.36 (KHTML, like Gecko) Chrome/85.0.4183.102 Safari/537.36"
57.141.3.22 - - [14/Mar/2025:20:12:09 +0700] "GET /ms/blog/kewirausahaan/business-opportunity/mengembangkan-bisnis-digital/ HTTP/1.1" 404 11504 "-" "meta-externalagent/1.1 (+https://developers.facebook.com/docs/sharing/webmasters/crawler)"
57.141.3.8 - - [14/Mar/2025:20:12:12 +0700] "GET /ms/blog/tag/iklan-advertorial/ HTTP/1.1" 404 11504 "-" "meta-externalagent/1.1 (+https://developers.facebook.com/docs/sharing/webmasters/crawler)"
146.190.99.254 - - [14/Mar/2025:20:12:12 +0700] "GET /js/fileman/dev.html HTTP/1.1" 301 0 "-" "Mozilla/5.0 (Windows NT 10.0; Win64; x64) AppleWebKit/537.36 (KHTML, like Gecko) Chrome/85.0.4183.102 Safari/537.36"
57.141.3.26 - - [14/Mar/2025:20:12:15 +0700] "GET /ms/blog/management/strategi/memanfaatkan-mobile-apps-sebagai-alat-pemasaran-dan-penjualan-bisnis/ HTTP/1.1" 404 11504 "-" "meta-externalagent/1.1 (+https://developers.facebook.com/docs/sharing/webmasters/crawler)"
146.190.99.254 - - [14/Mar/2025:20:12:17 +0700] "GET /js/fileman/dev.html HTTP/1.1" 404 3373 "-" "Mozilla/5.0 (Windows NT 10.0; Win64; x64) AppleWebKit/537.36 (KHTML, like Gecko) Chrome/85.0.4183.102 Safari/537.36"
180.235.151.3 - - [14/Mar/2025:20:12:24 +0700] "POST /wp-cron.php?doing_wp_cron=1741957944.6853280067443847656250 HTTP/1.1" 403 1242 "-" "WordPress/6.7.2; https://www.aturtoko.id"
57.141.3.9 - - [14/Mar/2025:20:12:19 +0700] "GET /ms/blog/aturtoko-update/pemanfaatan-teknologi-cloud-dalam-manajemen-operasi-bisnis HTTP/1.1" 404 11504 "-" "meta-externalagent/1.1 (+https://developers.facebook.com/docs/sharing/webmasters/crawler)"
180.235.151.3 - - [14/Mar/2025:20:12:28 +0700] "POST /wp-cron.php?doing_wp_cron=1741957948.4675850868225097656250 HTTP/1.1" 403 1242 "-" "WordPress/6.7.2; https://www.aturtoko.id"
146.190.99.254 - - [14/Mar/2025:20:12:22 +0700] "GET /js/fileman/index.html HTTP/1.1" 301 0 "-" "Mozilla/5.0 (Windows NT 10.0; Win64; x64) AppleWebKit/537.36 (KHTML, like Gecko) Chrome/85.0.4183.102 Safari/537.36"
57.141.3.10 - - [14/Mar/2025:20:12:26 +0700] "GET /ms/blog/management/strategi/penjual-wajib-tahu-apa-itu-bnib-dan-perbedaannya-dengan-bnwt-bnob/feed HTTP/1.1" 404 11504 "-" "meta-externalagent/1.1 (+https://developers.facebook.com/docs/sharing/webmasters/crawler)"
146.190.99.254 - - [14/Mar/2025:20:12:28 +0700] "GET /js/fileman/index.html HTTP/1.1" 404 3380 "-" "Mozilla/5.0 (Windows NT 10.0; Win64; x64) AppleWebKit/537.36 (KHTML, like Gecko) Chrome/85.0.4183.102 Safari/537.36"
146.190.99.254 - - [14/Mar/2025:20:12:34 +0700] "GET /fileman/index.html HTTP/1.1" 301 0 "-" "Mozilla/5.0 (Windows NT 10.0; Win64; x64) AppleWebKit/537.36 (KHTML, like Gecko) Chrome/85.0.4183.102 Safari/537.36"
57.141.3.26 - - [14/Mar/2025:20:12:38 +0700] "GET /ms/blog/kewirausahaan/business-opportunity/apa-yang-dimaksud-dengan-ekspor-impor-pahami-seluk-beluknya-di-sini/feed HTTP/1.1" 404 11504 "-" "meta-externalagent/1.1 (+https://developers.facebook.com/docs/sharing/webmasters/crawler)"
57.141.3.2 - - [14/Mar/2025:20:12:39 +0700] "GET /en/blog/lainnya/dos-and-donts-dalam-berbisnis HTTP/1.1" 404 11504 "-" "meta-externalagent/1.1 (+https://developers.facebook.com/docs/sharing/webmasters/crawler)"
146.190.99.254 - - [14/Mar/2025:20:12:39 +0700] "GET /fileman/index.html HTTP/1.1" 404 3380 "-" "Mozilla/5.0 (Windows NT 10.0; Win64; x64) AppleWebKit/537.36 (KHTML, like Gecko) Chrome/85.0.4183.102 Safari/537.36"
146.190.99.254 - - [14/Mar/2025:20:12:45 +0700] "GET /fileman/dev.html HTTP/1.1" 301 0 "-" "Mozilla/5.0 (Windows NT 10.0; Win64; x64) AppleWebKit/537.36 (KHTML, like Gecko) Chrome/85.0.4183.102 Safari/537.36"
57.141.3.8 - - [14/Mar/2025:20:12:48 +0700] "GET /ms/blog/management/accounting-finance/apa-itu-biaya-produksi-jenis-contoh-rumus-penghitungannya HTTP/1.1" 404 11504 "-" "meta-externalagent/1.1 (+https://developers.facebook.com/docs/sharing/webmasters/crawler)"
146.190.99.254 - - [14/Mar/2025:20:12:50 +0700] "GET /fileman/dev.html HTTP/1.1" 404 3380 "-" "Mozilla/5.0 (Windows NT 10.0; Win64; x64) AppleWebKit/537.36 (KHTML, like Gecko) Chrome/85.0.4183.102 Safari/537.36"
57.141.3.6 - - [14/Mar/2025:20:12:50 +0700] "GET /ms/blog/management/accounting-finance/cek-dan-bilyet-giro-apakah-sama-atau-beda-jawabannya-ada-di-sini/ HTTP/1.1" 404 11504 "-" "meta-externalagent/1.1 (+https://developers.facebook.com/docs/sharing/webmasters/crawler)"
57.141.3.27 - - [14/Mar/2025:20:12:52 +0700] "GET /en/blog/tag/iklan-advertorial/ HTTP/1.1" 404 11504 "-" "meta-externalagent/1.1 (+https://developers.facebook.com/docs/sharing/webmasters/crawler)"
146.190.99.254 - - [14/Mar/2025:20:12:54 +0700] "GET /lib/fileman/index.html HTTP/1.1" 301 0 "-" "Mozilla/5.0 (Windows NT 10.0; Win64; x64) AppleWebKit/537.36 (KHTML, like Gecko) Chrome/85.0.4183.102 Safari/537.36"
146.190.99.254 - - [14/Mar/2025:20:12:59 +0700] "GET /lib/fileman/index.html HTTP/1.1" 404 3380 "-" "Mozilla/5.0 (Windows NT 10.0; Win64; x64) AppleWebKit/537.36 (KHTML, like Gecko) Chrome/85.0.4183.102 Safari/537.36"
57.141.3.8 - - [14/Mar/2025:20:13:02 +0700] "GET /en/blog/management/apa-itu-promosi-bisnis-pengertian-tujuan-jenis-contoh-dan-manfaatnya/ HTTP/1.1" 404 11504 "-" "meta-externalagent/1.1 (+https://developers.facebook.com/docs/sharing/webmasters/crawler)"
146.190.99.254 - - [14/Mar/2025:20:13:04 +0700] "GET /lib/fileman/dev.html HTTP/1.1" 301 0 "-" "Mozilla/5.0 (Windows NT 10.0; Win64; x64) AppleWebKit/537.36 (KHTML, like Gecko) Chrome/85.0.4183.102 Safari/537.36"
57.141.3.22 - - [14/Mar/2025:20:13:05 +0700] "GET /en/blog/management/distribusi/stock-opname-pengertian-fungsi-manfaat-dan-cara-melakukannya HTTP/1.1" 404 11504 "-" "meta-externalagent/1.1 (+https://developers.facebook.com/docs/sharing/webmasters/crawler)"
146.190.99.254 - - [14/Mar/2025:20:13:08 +0700] "GET /lib/fileman/dev.html HTTP/1.1" 404 3380 "-" "Mozilla/5.0 (Windows NT 10.0; Win64; x64) AppleWebKit/537.36 (KHTML, like Gecko) Chrome/85.0.4183.102 Safari/537.36"
146.190.99.254 - - [14/Mar/2025:20:13:13 +0700] "GET /admin/fileman/index.html HTTP/1.1" 301 0 "-" "Mozilla/5.0 (Windows NT 10.0; Win64; x64) AppleWebKit/537.36 (KHTML, like Gecko) Chrome/85.0.4183.102 Safari/537.36"
146.190.99.254 - - [14/Mar/2025:20:13:18 +0700] "GET /admin/fileman/index.html HTTP/1.1" 404 3373 "-" "Mozilla/5.0 (Windows NT 10.0; Win64; x64) AppleWebKit/537.36 (KHTML, like Gecko) Chrome/85.0.4183.102 Safari/537.36"
57.141.3.17 - - [14/Mar/2025:20:13:18 +0700] "GET /ms/blog/management/strategi/mengenal-analisis-swot-dalam-bisnis-sebagai-alat-menyusun-strategi/ HTTP/1.1" 404 11504 "-" "meta-externalagent/1.1 (+https://developers.facebook.com/docs/sharing/webmasters/crawler)"
146.190.99.254 - - [14/Mar/2025:20:13:22 +0700] "GET /admin/fileman/dev.html HTTP/1.1" 301 0 "-" "Mozilla/5.0 (Windows NT 10.0; Win64; x64) AppleWebKit/537.36 (KHTML, like Gecko) Chrome/85.0.4183.102 Safari/537.36"
180.235.151.3 - - [14/Mar/2025:20:13:32 +0700] "POST /wp-cron.php?doing_wp_cron=1741958012.4277889728546142578125 HTTP/1.1" 403 1242 "-" "WordPress/6.7.2; https://www.aturtoko.id"
146.190.99.254 - - [14/Mar/2025:20:13:27 +0700] "GET /admin/fileman/dev.html HTTP/1.1" 404 3380 "-" "Mozilla/5.0 (Windows NT 10.0; Win64; x64) AppleWebKit/537.36 (KHTML, like Gecko) Chrome/85.0.4183.102 Safari/537.36"
57.141.3.7 - - [14/Mar/2025:20:13:29 +0700] "GET /ms/blog/management/legal/arti-izin-komersial-atau-operasional-apa-beda-dengan-izin-usaha/ HTTP/1.1" 404 11504 "-" "meta-externalagent/1.1 (+https://developers.facebook.com/docs/sharing/webmasters/crawler)"
57.141.3.2 - - [14/Mar/2025:20:13:34 +0700] "GET /ms/blog/tag/meningkatkan-order-toko-online HTTP/1.1" 404 11504 "-" "meta-externalagent/1.1 (+https://developers.facebook.com/docs/sharing/webmasters/crawler)"
57.141.3.6 - - [14/Mar/2025:20:13:41 +0700] "GET /en/blog/lainnya/tingkatkan-penjualan-ini-strategi-mengoptimalkan-toko-fisik/ HTTP/1.1" 404 11504 "-" "meta-externalagent/1.1 (+https://developers.facebook.com/docs/sharing/webmasters/crawler)"
57.141.3.13 - - [14/Mar/2025:20:13:42 +0700] "GET /en/blog/tag/surat-izin-usaha-perdagangan HTTP/1.1" 404 11504 "-" "meta-externalagent/1.1 (+https://developers.facebook.com/docs/sharing/webmasters/crawler)"
57.141.3.2 - - [14/Mar/2025:20:13:49 +0700] "GET /ms/blog/lainnya/jenis-promo-bikin-laris-manis HTTP/1.1" 404 11504 "-" "meta-externalagent/1.1 (+https://developers.facebook.com/docs/sharing/webmasters/crawler)"
57.141.3.25 - - [14/Mar/2025:20:13:55 +0700] "GET /ms/blog/aturtoko-update/tips-jualan-online HTTP/1.1" 404 11504 "-" "meta-externalagent/1.1 (+https://developers.facebook.com/docs/sharing/webmasters/crawler)"
57.141.3.8 - - [14/Mar/2025:20:13:57 +0700] "GET /ms/blog/aturtoko-update/sulit-mengelola-toko-online-di-beberapa-marketplace-aturtoko-solusinya/ HTTP/1.1" 404 11504 "-" "meta-externalagent/1.1 (+https://developers.facebook.com/docs/sharing/webmasters/crawler)"
57.141.3.6 - - [14/Mar/2025:20:13:59 +0700] "GET /ms/blog/management/marketing/branding-dalam-bisnis-pengertian-manfaat-unsur-dan-strateginya HTTP/1.1" 404 11504 "-" "meta-externalagent/1.1 (+https://developers.facebook.com/docs/sharing/webmasters/crawler)"
57.141.3.9 - - [14/Mar/2025:20:14:08 +0700] "GET /ms/?p=757 HTTP/1.1" 301 0 "-" "meta-externalagent/1.1 (+https://developers.facebook.com/docs/sharing/webmasters/crawler)"
57.141.3.5 - - [14/Mar/2025:20:14:11 +0700] "GET /ms/blog/management/marketing/target-pasar-definisi-manfaat-dan-cara-menentukannya-untuk-kemajuan-bisnis-anda/ HTTP/1.1" 404 11504 "-" "meta-externalagent/1.1 (+https://developers.facebook.com/docs/sharing/webmasters/crawler)"
66.249.75.230 - - [14/Mar/2025:20:14:16 +0700] "GET /lest/item/32271036422.shtm HTTP/1.1" 200 21256 "-" "Mozilla/5.0 (Linux; Android 6.0.1; Nexus 5X Build/MMB29P) AppleWebKit/537.36 (KHTML, like Gecko) Chrome/133.0.6943.141 Mobile Safari/537.36 (compatible; GoogleOther)"
57.141.3.15 - - [14/Mar/2025:20:14:15 +0700] "GET /ms/blog/kewirausahaan/funding/pengertian-initial-public-offering-ipo-proses-syarat-tujuannya HTTP/1.1" 404 11504 "-" "meta-externalagent/1.1 (+https://developers.facebook.com/docs/sharing/webmasters/crawler)"
180.235.151.3 - - [14/Mar/2025:20:14:36 +0700] "POST /wp-cron.php?doing_wp_cron=1741958076.3902869224548339843750 HTTP/1.1" 403 1242 "-" "WordPress/6.7.2; https://www.aturtoko.id"
57.141.3.22 - - [14/Mar/2025:20:14:32 +0700] "GET /tentang HTTP/1.1" 200 44124 "-" "meta-externalagent/1.1 (+https://developers.facebook.com/docs/sharing/webmasters/crawler)"
180.235.151.3 - - [14/Mar/2025:20:14:37 +0700] "POST /wp-cron.php?doing_wp_cron=1741958077.4516510963439941406250 HTTP/1.1" 403 1242 "-" "WordPress/6.7.2; https://www.aturtoko.id"
57.141.3.7 - - [14/Mar/2025:20:14:33 +0700] "GET /en/blog/tag/kode/ HTTP/1.1" 404 11504 "-" "meta-externalagent/1.1 (+https://developers.facebook.com/docs/sharing/webmasters/crawler)"
57.141.3.30 - - [14/Mar/2025:20:14:40 +0700] "GET /en/ HTTP/1.1" 404 11504 "-" "meta-externalagent/1.1 (+https://developers.facebook.com/docs/sharing/webmasters/crawler)"
57.141.3.1 - - [14/Mar/2025:20:14:46 +0700] "GET /en/blog/manajemen-bisnis/memanfaatkan-mobile-apps-sebagai-alat-pemasaran-dan-penjualan-bisnis/ HTTP/1.1" 404 11504 "-" "meta-externalagent/1.1 (+https://developers.facebook.com/docs/sharing/webmasters/crawler)"
57.141.3.26 - - [14/Mar/2025:20:14:52 +0700] "GET /ms/blog/tag/company-profile HTTP/1.1" 404 11504 "-" "meta-externalagent/1.1 (+https://developers.facebook.com/docs/sharing/webmasters/crawler)"
57.141.3.14 - - [14/Mar/2025:20:14:59 +0700] "GET /en/blog/tag/persaingan-global/ HTTP/1.1" 404 11504 "-" "meta-externalagent/1.1 (+https://developers.facebook.com/docs/sharing/webmasters/crawler)"
57.141.3.14 - - [14/Mar/2025:20:15:02 +0700] "GET /ms/blog/category/digital-marketing/ HTTP/1.1" 404 11504 "-" "meta-externalagent/1.1 (+https://developers.facebook.com/docs/sharing/webmasters/crawler)"
57.141.3.12 - - [14/Mar/2025:20:15:05 +0700] "GET /en/blog/tag/pembelian/ HTTP/1.1" 404 11504 "-" "meta-externalagent/1.1 (+https://developers.facebook.com/docs/sharing/webmasters/crawler)"
57.141.3.26 - - [14/Mar/2025:20:15:12 +0700] "GET /ms/blog/kewirausahaan/business-opportunity/yuk-pahami-apa-itu-jastip-bisnis-menguntungkan-yang-bisa-dimulai-tanpa-modal HTTP/1.1" 404 11504 "-" "meta-externalagent/1.1 (+https://developers.facebook.com/docs/sharing/webmasters/crawler)"
57.141.3.5 - - [14/Mar/2025:20:15:17 +0700] "GET /en/blog/manajemen-bisnis/pentingnya-memiliki-website-bagi-umkm-di-era-digitalisasi HTTP/1.1" 404 11504 "-" "meta-externalagent/1.1 (+https://developers.facebook.com/docs/sharing/webmasters/crawler)"
57.141.3.17 - - [14/Mar/2025:20:15:19 +0700] "GET /en/blog/manajemen-bisnis/analisis-keuntungan-dan-kerugian-penggunaan-e-commerce-untuk-usaha-mikro-dan-kecil/ HTTP/1.1" 404 11504 "-" "meta-externalagent/1.1 (+https://developers.facebook.com/docs/sharing/webmasters/crawler)"
57.141.3.17 - - [14/Mar/2025:20:15:20 +0700] "GET /ms/blog/aturtoko-update/pentingnya-kehadiran-online-untuk-kesuksesan-bisnis-anda HTTP/1.1" 404 11504 "-" "meta-externalagent/1.1 (+https://developers.facebook.com/docs/sharing/webmasters/crawler)"
57.141.3.20 - - [14/Mar/2025:20:15:24 +0700] "GET /en/blog/manajemen-bisnis/meningkatkan-keuntungan-bisnis-dengan-memanfaatkan-bisnis-opportunity-pada-website-penjualan-online/ HTTP/1.1" 404 11504 "-" "meta-externalagent/1.1 (+https://developers.facebook.com/docs/sharing/webmasters/crawler)"
57.141.3.21 - - [14/Mar/2025:20:15:25 +0700] "GET /ms/blog/tag/branding HTTP/1.1" 404 11504 "-" "meta-externalagent/1.1 (+https://developers.facebook.com/docs/sharing/webmasters/crawler)"
66.249.71.9 - - [14/Mar/2025:20:15:53 +0700] "GET /illustrates/32259989.shtm HTTP/1.1" 200 19974 "-" "Mozilla/5.0 (Linux; Android 6.0.1; Nexus 5X Build/MMB29P) AppleWebKit/537.36 (KHTML, like Gecko) Chrome/133.0.6943.141 Mobile Safari/537.36 (compatible; Googlebot/2.1; +http://www.google.com/bot.html)"
57.141.3.19 - - [14/Mar/2025:20:15:53 +0700] "GET /ms/blog/digital-marketing/apa-itu-endorse-bagaimana-cara-kerjanya-sebagai-strategi-pemasaran/ HTTP/1.1" 404 11504 "-" "meta-externalagent/1.1 (+https://developers.facebook.com/docs/sharing/webmasters/crawler)"
57.141.3.22 - - [14/Mar/2025:20:15:55 +0700] "GET /ms/blog/tag/siklus-hidup-produk/ HTTP/1.1" 404 11504 "-" "meta-externalagent/1.1 (+https://developers.facebook.com/docs/sharing/webmasters/crawler)"
57.141.3.17 - - [14/Mar/2025:20:15:56 +0700] "GET /en/blog/aturtoko-update/perbedaan-wirausahawan-dulu-dan-sekarang/feed HTTP/1.1" 404 11504 "-" "meta-externalagent/1.1 (+https://developers.facebook.com/docs/sharing/webmasters/crawler)"
57.141.3.11 - - [14/Mar/2025:20:15:58 +0700] "GET /ms/blog/tag/strategy/ HTTP/1.1" 404 11504 "-" "meta-externalagent/1.1 (+https://developers.facebook.com/docs/sharing/webmasters/crawler)"
66.249.75.230 - - [14/Mar/2025:20:16:02 +0700] "GET /configurations/merchandises/322588455.shtm HTTP/1.1" 200 20477 "-" "Mozilla/5.0 (Linux; Android 6.0.1; Nexus 5X Build/MMB29P) AppleWebKit/537.36 (KHTML, like Gecko) Chrome/133.0.6943.141 Mobile Safari/537.36 (compatible; GoogleOther)"
57.141.3.6 - - [14/Mar/2025:20:16:07 +0700] "GET /ms/cara-jualan-di-blibli/mengenal-blibli-mitra-sarana-usaha-mikro-berbisnis-melalui-teknologi-digital/ HTTP/1.1" 404 11504 "-" "meta-externalagent/1.1 (+https://developers.facebook.com/docs/sharing/webmasters/crawler)"
57.141.3.5 - - [14/Mar/2025:20:16:18 +0700] "GET /ms/blog/tag/blibli HTTP/1.1" 404 11504 "-" "meta-externalagent/1.1 (+https://developers.facebook.com/docs/sharing/webmasters/crawler)"
57.141.3.10 - - [14/Mar/2025:20:16:20 +0700] "GET /en/blog/management/accounting-finance/berapa-keuntungan-bisnis-anda-ini-cara-menghitung-laba-yang-akurat HTTP/1.1" 404 11504 "-" "meta-externalagent/1.1 (+https://developers.facebook.com/docs/sharing/webmasters/crawler)"
66.249.71.9 - - [14/Mar/2025:20:18:20 +0700] "GET /linens/shopping/32281811757.shtm HTTP/1.1" 200 19757 "-" "Mozilla/5.0 (Linux; Android 6.0.1; Nexus 5X Build/MMB29P) AppleWebKit/537.36 (KHTML, like Gecko) Chrome/133.0.6943.141 Mobile Safari/537.36 (compatible; GoogleOther)"
66.249.75.230 - - [14/Mar/2025:20:19:08 +0700] "GET /repeated/32271224626.shtm HTTP/1.1" 200 20200 "-" "Mozilla/5.0 (Linux; Android 6.0.1; Nexus 5X Build/MMB29P) AppleWebKit/537.36 (KHTML, like Gecko) Chrome/133.0.6943.141 Mobile Safari/537.36 (compatible; GoogleOther)"
66.249.71.9 - - [14/Mar/2025:20:20:14 +0700] "GET /resort/good/3226700320.shtm HTTP/1.1" 200 20048 "-" "Mozilla/5.0 (Linux; Android 6.0.1; Nexus 5X Build/MMB29P) AppleWebKit/537.36 (KHTML, like Gecko) Chrome/133.0.6943.141 Mobile Safari/537.36 (compatible; GoogleOther)"
66.249.75.229 - - [14/Mar/2025:20:21:12 +0700] "GET /sequential/32281671545.shtm HTTP/1.1" 200 20052 "-" "Mozilla/5.0 (Linux; Android 6.0.1; Nexus 5X Build/MMB29P) AppleWebKit/537.36 (KHTML, like Gecko) Chrome/133.0.6943.141 Mobile Safari/537.36 (compatible; GoogleOther)"
66.249.71.1 - - [14/Mar/2025:20:22:39 +0700] "GET /3225298747.shtm HTTP/1.1" 200 19737 "-" "Mozilla/5.0 (Linux; Android 6.0.1; Nexus 5X Build/MMB29P) AppleWebKit/537.36 (KHTML, like Gecko) Chrome/133.0.6943.141 Mobile Safari/537.36 (compatible; GoogleOther)"
66.249.75.228 - - [14/Mar/2025:20:23:40 +0700] "GET /reformed/32271216418.shtm HTTP/1.1" 200 20698 "-" "Mozilla/5.0 (Linux; Android 6.0.1; Nexus 5X Build/MMB29P) AppleWebKit/537.36 (KHTML, like Gecko) Chrome/133.0.6943.141 Mobile Safari/537.36 (compatible; GoogleOther)"
66.249.71.9 - - [14/Mar/2025:20:25:57 +0700] "GET /algebra/shopping/32281886607.shtm HTTP/1.1" 200 20205 "-" "Mozilla/5.0 (Linux; Android 6.0.1; Nexus 5X Build/MMB29P) AppleWebKit/537.36 (KHTML, like Gecko) Chrome/133.0.6943.141 Mobile Safari/537.36 (compatible; GoogleOther)"
66.249.75.228 - - [14/Mar/2025:20:26:58 +0700] "GET /anderson/32271361621.shtm HTTP/1.1" 200 19523 "-" "Mozilla/5.0 (Linux; Android 6.0.1; Nexus 5X Build/MMB29P) AppleWebKit/537.36 (KHTML, like Gecko) Chrome/133.0.6943.141 Mobile Safari/537.36 (compatible; GoogleOther)"
66.249.75.228 - - [14/Mar/2025:20:28:00 +0700] "POST /get-message-notify HTTP/1.1" 200 22052 "http://www.aturtoko.id/anderson/32271361621.shtm" "Mozilla/5.0 (Linux; Android 6.0.1; Nexus 5X Build/MMB29P) AppleWebKit/537.36 (KHTML, like Gecko) Chrome/133.0.6943.141 Mobile Safari/537.36 (compatible; Googlebot/2.1; +http://www.google.com/bot.html)"
66.249.71.9 - - [14/Mar/2025:20:28:08 +0700] "GET /32281600945.shtm HTTP/1.1" 200 20741 "-" "Mozilla/5.0 (Linux; Android 6.0.1; Nexus 5X Build/MMB29P) AppleWebKit/537.36 (KHTML, like Gecko) Chrome/133.0.6943.141 Mobile Safari/537.36 (compatible; GoogleOther)"
85.208.96.205 - - [14/Mar/2025:20:28:39 +0700] "GET /en/blog/tag/data HTTP/1.1" 404 3380 "-" "Mozilla/5.0 (compatible; SemrushBot/7~bl; +http://www.semrush.com/bot.html)"
66.249.75.228 - - [14/Mar/2025:20:29:32 +0700] "GET /en/blog/management/strategi/cara-melakukan-riset-produk-yang-tepat-untuk-bisnis-online-anda/ HTTP/1.1" 200 20090 "-" "Mozilla/5.0 (Linux; Android 6.0.1; Nexus 5X Build/MMB29P) AppleWebKit/537.36 (KHTML, like Gecko) Chrome/133.0.6943.141 Mobile Safari/537.36 (compatible; Googlebot/2.1; +http://www.google.com/bot.html)"
66.249.71.9 - - [14/Mar/2025:20:29:36 +0700] "GET /mobility/32281664357.shtm HTTP/1.1" 200 20311 "-" "Mozilla/5.0 (Linux; Android 6.0.1; Nexus 5X Build/MMB29P) AppleWebKit/537.36 (KHTML, like Gecko) Chrome/133.0.6943.141 Mobile Safari/537.36 (compatible; GoogleOther)"
66.249.75.228 - - [14/Mar/2025:20:30:38 +0700] "GET /creditor/322516178.shtm HTTP/1.1" 200 19889 "-" "Mozilla/5.0 (Linux; Android 6.0.1; Nexus 5X Build/MMB29P) AppleWebKit/537.36 (KHTML, like Gecko) Chrome/133.0.6943.141 Mobile Safari/537.36 (compatible; GoogleOther)"
66.249.75.230 - - [14/Mar/2025:20:31:07 +0700] "GET /jargon/32281757123.shtm HTTP/1.1" 200 20555 "-" "Mozilla/5.0 (Linux; Android 6.0.1; Nexus 5X Build/MMB29P) AppleWebKit/537.36 (KHTML, like Gecko) Chrome/133.0.6943.141 Mobile Safari/537.36 (compatible; GoogleOther)"
85.208.96.194 - - [14/Mar/2025:20:31:23 +0700] "GET /en/blog/tag/keuangan HTTP/1.1" 404 3380 "-" "Mozilla/5.0 (compatible; SemrushBot/7~bl; +http://www.semrush.com/bot.html)"
124.222.113.25 - - [14/Mar/2025:20:31:43 +0700] "POST /xmlrpc.php HTTP/1.1" 403 1242 "http://aturtoko.id" "Mozilla/5.0 (Macintosh; Intel Mac OS X 10_15_7; rv:128.0) Gecko/20100101 Firefox/128.0"
66.249.71.1 - - [14/Mar/2025:20:31:43 +0700] "GET /pensacola/3225453767.shtm HTTP/1.1" 200 19955 "-" "Mozilla/5.0 (Linux; Android 6.0.1; Nexus 5X Build/MMB29P) AppleWebKit/537.36 (KHTML, like Gecko) Chrome/133.0.6943.141 Mobile Safari/537.36 (compatible; GoogleOther)"
124.222.113.25 - - [14/Mar/2025:20:31:44 +0700] "POST /wp-login.php HTTP/1.1" 302 0 "http://aturtoko.id" "Mozilla/5.0 (Windows NT 10.0; Win64; x64) AppleWebKit/537.36 (KHTML, like Gecko) Chrome/115.0.5790.171 Safari/537.36 Edg/115.0.1901.203"
66.249.75.228 - - [14/Mar/2025:20:31:48 +0700] "GET /en/blog/management/strategi/mengenal-analisis-swot-dalam-bisnis-sebagai-alat-menyusun-strategi/ HTTP/1.1" 200 19946 "-" "Mozilla/5.0 (Linux; Android 6.0.1; Nexus 5X Build/MMB29P) AppleWebKit/537.36 (KHTML, like Gecko) Chrome/133.0.6943.141 Mobile Safari/537.36 (compatible; Googlebot/2.1; +http://www.google.com/bot.html)"
66.249.75.228 - - [14/Mar/2025:20:31:58 +0700] "GET /defensive/32292348000.shtm HTTP/1.1" 200 19885 "-" "Mozilla/5.0 (Linux; Android 6.0.1; Nexus 5X Build/MMB29P) AppleWebKit/537.36 (KHTML, like Gecko) Chrome/133.0.6943.141 Mobile Safari/537.36 (compatible; GoogleOther)"
66.249.75.228 - - [14/Mar/2025:20:32:15 +0700] "GET /warehouse/goods/32292343138.shtm HTTP/1.1" 200 20308 "-" "Mozilla/5.0 (Linux; Android 6.0.1; Nexus 5X Build/MMB29P) AppleWebKit/537.36 (KHTML, like Gecko) Chrome/133.0.6943.141 Mobile Safari/537.36 (compatible; GoogleOther)"
66.249.75.228 - - [14/Mar/2025:20:32:33 +0700] "GET /vox/3226816728.shtm HTTP/1.1" 200 19680 "-" "Mozilla/5.0 (Linux; Android 6.0.1; Nexus 5X Build/MMB29P) AppleWebKit/537.36 (KHTML, like Gecko) Chrome/133.0.6943.141 Mobile Safari/537.36 (compatible; GoogleOther)"
66.249.75.230 - - [14/Mar/2025:20:33:05 +0700] "GET /32292427367.shtm HTTP/1.1" 200 19521 "-" "Mozilla/5.0 (Linux; Android 6.0.1; Nexus 5X Build/MMB29P) AppleWebKit/537.36 (KHTML, like Gecko) Chrome/133.0.6943.141 Mobile Safari/537.36 (compatible; GoogleOther)"
66.249.75.229 - - [14/Mar/2025:20:33:16 +0700] "POST /get-message-notify HTTP/1.1" 200 22054 "http://www.aturtoko.id/32292427367.shtm" "Mozilla/5.0 (Linux; Android 6.0.1; Nexus 5X Build/MMB29P) AppleWebKit/537.36 (KHTML, like Gecko) Chrome/133.0.6943.141 Mobile Safari/537.36 (compatible; Googlebot/2.1; +http://www.google.com/bot.html)"
66.249.75.228 - - [14/Mar/2025:20:33:53 +0700] "GET /3226542731.shtm HTTP/1.1" 200 20351 "-" "Mozilla/5.0 (Linux; Android 6.0.1; Nexus 5X Build/MMB29P) AppleWebKit/537.36 (KHTML, like Gecko) Chrome/133.0.6943.141 Mobile Safari/537.36 (compatible; GoogleOther)"
66.249.75.228 - - [14/Mar/2025:20:34:39 +0700] "GET /3226888778.shtm HTTP/1.1" 200 20596 "-" "Mozilla/5.0 (Linux; Android 6.0.1; Nexus 5X Build/MMB29P) AppleWebKit/537.36 (KHTML, like Gecko) Chrome/133.0.6943.141 Mobile Safari/537.36 (compatible; GoogleOther)"
66.249.75.228 - - [14/Mar/2025:20:35:03 +0700] "GET /script/product/32271060899.shtm HTTP/1.1" 200 19762 "-" "Mozilla/5.0 (Linux; Android 6.0.1; Nexus 5X Build/MMB29P) AppleWebKit/537.36 (KHTML, like Gecko) Chrome/133.0.6943.141 Mobile Safari/537.36 (compatible; GoogleOther)"
66.249.75.229 - - [14/Mar/2025:20:35:26 +0700] "GET /trustees/good/32292046150.shtm HTTP/1.1" 200 19471 "-" "Mozilla/5.0 (Linux; Android 6.0.1; Nexus 5X Build/MMB29P) AppleWebKit/537.36 (KHTML, like Gecko) Chrome/133.0.6943.141 Mobile Safari/537.36 (compatible; GoogleOther)"
66.249.71.9 - - [14/Mar/2025:20:35:49 +0700] "GET /32281646800.shtm HTTP/1.1" 200 20978 "-" "Mozilla/5.0 (Linux; Android 6.0.1; Nexus 5X Build/MMB29P) AppleWebKit/537.36 (KHTML, like Gecko) Chrome/133.0.6943.141 Mobile Safari/537.36 (compatible; GoogleOther)"
66.249.75.229 - - [14/Mar/2025:20:36:13 +0700] "GET /32281813795.shtm HTTP/1.1" 200 19903 "-" "Mozilla/5.0 (Linux; Android 6.0.1; Nexus 5X Build/MMB29P) AppleWebKit/537.36 (KHTML, like Gecko) Chrome/133.0.6943.141 Mobile Safari/537.36 (compatible; GoogleOther)"
66.249.75.229 - - [14/Mar/2025:20:37:09 +0700] "GET /web/3225238529.shtm HTTP/1.1" 200 19723 "-" "Mozilla/5.0 (Linux; Android 6.0.1; Nexus 5X Build/MMB29P) AppleWebKit/537.36 (KHTML, like Gecko) Chrome/133.0.6943.141 Mobile Safari/537.36 (compatible; GoogleOther)"
66.249.71.9 - - [14/Mar/2025:20:37:30 +0700] "GET /32292367145.shtm HTTP/1.1" 200 22271 "-" "Mozilla/5.0 (Linux; Android 6.0.1; Nexus 5X Build/MMB29P) AppleWebKit/537.36 (KHTML, like Gecko) Chrome/133.0.6943.141 Mobile Safari/537.36 (compatible; GoogleOther)"
66.249.75.228 - - [14/Mar/2025:20:37:53 +0700] "GET /32271187518.shtm HTTP/1.1" 200 19378 "-" "Mozilla/5.0 (Linux; Android 6.0.1; Nexus 5X Build/MMB29P) AppleWebKit/537.36 (KHTML, like Gecko) Chrome/133.0.6943.141 Mobile Safari/537.36 (compatible; GoogleOther)"
66.249.75.228 - - [14/Mar/2025:20:38:15 +0700] "GET /separator/commoditys/32271156221.shtm HTTP/1.1" 200 20965 "-" "Mozilla/5.0 (Linux; Android 6.0.1; Nexus 5X Build/MMB29P) AppleWebKit/537.36 (KHTML, like Gecko) Chrome/133.0.6943.141 Mobile Safari/537.36 (compatible; GoogleOther)"
66.249.75.229 - - [14/Mar/2025:20:38:37 +0700] "GET /tyson/32271316474.shtm HTTP/1.1" 200 20459 "-" "Mozilla/5.0 (Linux; Android 6.0.1; Nexus 5X Build/MMB29P) AppleWebKit/537.36 (KHTML, like Gecko) Chrome/133.0.6943.141 Mobile Safari/537.36 (compatible; GoogleOther)"
66.249.75.228 - - [14/Mar/2025:20:40:00 +0700] "GET /32292263495.shtm HTTP/1.1" 200 20314 "-" "Mozilla/5.0 (Linux; Android 6.0.1; Nexus 5X Build/MMB29P) AppleWebKit/537.36 (KHTML, like Gecko) Chrome/133.0.6943.141 Mobile Safari/537.36 (compatible; GoogleOther)"
66.249.75.228 - - [14/Mar/2025:20:40:25 +0700] "GET /32292338942.shtm HTTP/1.1" 200 19441 "-" "Mozilla/5.0 (Linux; Android 6.0.1; Nexus 5X Build/MMB29P) AppleWebKit/537.36 (KHTML, like Gecko) Chrome/133.0.6943.141 Mobile Safari/537.36 (compatible; GoogleOther)"
66.249.75.228 - - [14/Mar/2025:20:40:59 +0700] "GET /enabled/goods/32251848.shtm HTTP/1.1" 200 19299 "-" "Mozilla/5.0 (Linux; Android 6.0.1; Nexus 5X Build/MMB29P) AppleWebKit/537.36 (KHTML, like Gecko) Chrome/133.0.6943.141 Mobile Safari/537.36 (compatible; Googlebot/2.1; +http://www.google.com/bot.html)"
66.249.75.228 - - [14/Mar/2025:20:42:00 +0700] "POST /get-message-notify HTTP/1.1" 200 22054 "http://www.aturtoko.id/32292263495.shtm" "Mozilla/5.0 (Linux; Android 6.0.1; Nexus 5X Build/MMB29P) AppleWebKit/537.36 (KHTML, like Gecko) Chrome/133.0.6943.141 Mobile Safari/537.36 (compatible; Googlebot/2.1; +http://www.google.com/bot.html)"
185.191.171.2 - - [14/Mar/2025:20:42:04 +0700] "GET /robots.txt HTTP/1.1" 200 104 "-" "Mozilla/5.0 (compatible; SemrushBot/7~bl; +http://www.semrush.com/bot.html)"
85.208.96.201 - - [14/Mar/2025:20:42:05 +0700] "GET /ms/blog/tag/bisnis-online/page/2 HTTP/1.1" 404 3373 "-" "Mozilla/5.0 (compatible; SemrushBot/7~bl; +http://www.semrush.com/bot.html)"
66.249.71.9 - - [14/Mar/2025:20:42:23 +0700] "GET /sparrow/32292216819.shtm HTTP/1.1" 200 22248 "-" "Mozilla/5.0 (Linux; Android 6.0.1; Nexus 5X Build/MMB29P) AppleWebKit/537.36 (KHTML, like Gecko) Chrome/133.0.6943.141 Mobile Safari/537.36 (compatible; GoogleOther)"
66.249.71.1 - - [14/Mar/2025:20:44:32 +0700] "GET /bank/3225379331.shtm HTTP/1.1" 200 22146 "-" "Mozilla/5.0 (Linux; Android 6.0.1; Nexus 5X Build/MMB29P) AppleWebKit/537.36 (KHTML, like Gecko) Chrome/133.0.6943.141 Mobile Safari/537.36 (compatible; GoogleOther)"
40.77.167.144 - - [14/Mar/2025:20:44:35 +0700] "GET /?s=2024 HTTP/1.1" 200 20400 "-" "Mozilla/5.0 AppleWebKit/537.36 (KHTML, like Gecko; compatible; bingbot/2.0; +http://www.bing.com/bingbot.htm) Chrome/116.0.1938.76 Safari/537.36"
66.249.75.228 - - [14/Mar/2025:20:46:04 +0700] "GET /referee/32292012432.shtm HTTP/1.1" 200 19628 "-" "Mozilla/5.0 (Linux; Android 6.0.1; Nexus 5X Build/MMB29P) AppleWebKit/537.36 (KHTML, like Gecko) Chrome/133.0.6943.141 Mobile Safari/537.36 (compatible; GoogleOther)"
216.244.66.248 - - [14/Mar/2025:20:46:50 +0700] "GET /robots.txt HTTP/1.1" 200 304 "-" "Mozilla/5.0 (compatible; DotBot/1.2; +https://opensiteexplorer.org/dotbot; help@moz.com)"
52.167.144.167 - - [14/Mar/2025:20:46:54 +0700] "GET /man/kaitori/kantan.html HTTP/1.1" 200 20345 "-" "Mozilla/5.0 AppleWebKit/537.36 (KHTML, like Gecko; compatible; bingbot/2.0; +http://www.bing.com/bingbot.htm) Chrome/116.0.1938.76 Safari/537.36"
52.167.144.167 - - [14/Mar/2025:20:46:56 +0700] "GET /feature/yokohama_maruicity/index.html HTTP/1.1" 200 20116 "-" "Mozilla/5.0 AppleWebKit/537.36 (KHTML, like Gecko; compatible; bingbot/2.0; +http://www.bing.com/bingbot.htm) Chrome/116.0.1938.76 Safari/537.36"
52.167.144.167 - - [14/Mar/2025:20:46:58 +0700] "GET /oreka/plamodel_menu.html HTTP/1.1" 200 21104 "-" "Mozilla/5.0 AppleWebKit/537.36 (KHTML, like Gecko; compatible; bingbot/2.0; +http://www.bing.com/bingbot.htm) Chrome/116.0.1938.76 Safari/537.36"
52.167.144.167 - - [14/Mar/2025:20:47:00 +0700] "GET /pcmypage?callback=product%2Fdetail%2F32320999 HTTP/1.1" 200 20837 "-" "Mozilla/5.0 AppleWebKit/537.36 (KHTML, like Gecko; compatible; bingbot/2.0; +http://www.bing.com/bingbot.htm) Chrome/116.0.1938.76 Safari/537.36"
52.167.144.167 - - [14/Mar/2025:20:47:02 +0700] "GET /man/customer_guide HTTP/1.1" 200 19695 "-" "Mozilla/5.0 AppleWebKit/537.36 (KHTML, like Gecko; compatible; bingbot/2.0; +http://www.bing.com/bingbot.htm) Chrome/116.0.1938.76 Safari/537.36"
40.77.167.28 - - [14/Mar/2025:20:47:03 +0700] "GET /pcsp.html HTTP/1.1" 200 20978 "-" "Mozilla/5.0 AppleWebKit/537.36 (KHTML, like Gecko; compatible; bingbot/2.0; +http://www.bing.com/bingbot.htm) Chrome/116.0.1938.76 Safari/537.36"
52.167.144.167 - - [14/Mar/2025:20:47:05 +0700] "GET /feature/sapporo/index.html HTTP/1.1" 200 20628 "-" "Mozilla/5.0 AppleWebKit/537.36 (KHTML, like Gecko; compatible; bingbot/2.0; +http://www.bing.com/bingbot.htm) Chrome/116.0.1938.76 Safari/537.36"
40.77.167.28 - - [14/Mar/2025:20:47:05 +0700] "GET /text/terms HTTP/1.1" 200 20670 "-" "Mozilla/5.0 AppleWebKit/537.36 (KHTML, like Gecko; compatible; bingbot/2.0; +http://www.bing.com/bingbot.htm) Chrome/116.0.1938.76 Safari/537.36"
52.167.144.167 - - [14/Mar/2025:20:47:07 +0700] "GET /man/kaitori/kaitoritop.html HTTP/1.1" 200 20314 "-" "Mozilla/5.0 AppleWebKit/537.36 (KHTML, like Gecko; compatible; bingbot/2.0; +http://www.bing.com/bingbot.htm) Chrome/116.0.1938.76 Safari/537.36"
40.77.167.28 - - [14/Mar/2025:20:47:09 +0700] "GET /feature/akihabara_main/index.html HTTP/1.1" 200 20353 "-" "Mozilla/5.0 AppleWebKit/537.36 (KHTML, like Gecko; compatible; bingbot/2.0; +http://www.bing.com/bingbot.htm) Chrome/116.0.1938.76 Safari/537.36"
52.167.144.167 - - [14/Mar/2025:20:47:09 +0700] "GET /avsoft.html HTTP/1.1" 200 19755 "-" "Mozilla/5.0 AppleWebKit/537.36 (KHTML, like Gecko; compatible; bingbot/2.0; +http://www.bing.com/bingbot.htm) Chrome/116.0.1938.76 Safari/537.36"
40.77.167.28 - - [14/Mar/2025:20:47:11 +0700] "GET /toreka/toreka_menu.html HTTP/1.1" 200 19655 "-" "Mozilla/5.0 AppleWebKit/537.36 (KHTML, like Gecko; compatible; bingbot/2.0; +http://www.bing.com/bingbot.htm) Chrome/116.0.1938.76 Safari/537.36"
52.167.144.167 - - [14/Mar/2025:20:47:12 +0700] "GET /toiawase HTTP/1.1" 200 19793 "-" "Mozilla/5.0 AppleWebKit/537.36 (KHTML, like Gecko; compatible; bingbot/2.0; +http://www.bing.com/bingbot.htm) Chrome/116.0.1938.76 Safari/537.36"
40.77.167.28 - - [14/Mar/2025:20:47:13 +0700] "GET /stretch/32254028.shtm HTTP/1.1" 200 21078 "-" "Mozilla/5.0 AppleWebKit/537.36 (KHTML, like Gecko; compatible; bingbot/2.0; +http://www.bing.com/bingbot.htm) Chrome/116.0.1938.76 Safari/537.36"
52.167.144.167 - - [14/Mar/2025:20:47:14 +0700] "GET /feature/idol/gradol.html HTTP/1.1" 200 22217 "-" "Mozilla/5.0 AppleWebKit/537.36 (KHTML, like Gecko; compatible; bingbot/2.0; +http://www.bing.com/bingbot.htm) Chrome/116.0.1938.76 Safari/537.36"
40.77.167.28 - - [14/Mar/2025:20:47:15 +0700] "GET /cargo/detail HTTP/1.1" 200 19800 "-" "Mozilla/5.0 AppleWebKit/537.36 (KHTML, like Gecko; compatible; bingbot/2.0; +http://www.bing.com/bingbot.htm) Chrome/116.0.1938.76 Safari/537.36"
40.77.167.28 - - [14/Mar/2025:20:47:17 +0700] "GET /hobby.html HTTP/1.1" 200 19968 "-" "Mozilla/5.0 AppleWebKit/537.36 (KHTML, like Gecko; compatible; bingbot/2.0; +http://www.bing.com/bingbot.htm) Chrome/116.0.1938.76 Safari/537.36"
40.77.167.42 - - [14/Mar/2025:20:47:18 +0700] "GET /feature/eposcard/index.html HTTP/1.1" 200 19667 "-" "Mozilla/5.0 AppleWebKit/537.36 (KHTML, like Gecko; compatible; bingbot/2.0; +http://www.bing.com/bingbot.htm) Chrome/116.0.1938.76 Safari/537.36"
40.77.167.28 - - [14/Mar/2025:20:47:20 +0700] "GET /game.html HTTP/1.1" 200 19547 "-" "Mozilla/5.0 AppleWebKit/537.36 (KHTML, like Gecko; compatible; bingbot/2.0; +http://www.bing.com/bingbot.htm) Chrome/116.0.1938.76 Safari/537.36"
40.77.167.42 - - [14/Mar/2025:20:47:20 +0700] "GET /vintagegame.html HTTP/1.1" 200 20543 "-" "Mozilla/5.0 AppleWebKit/537.36 (KHTML, like Gecko; compatible; bingbot/2.0; +http://www.bing.com/bingbot.htm) Chrome/116.0.1938.76 Safari/537.36"
40.77.167.28 - - [14/Mar/2025:20:47:22 +0700] "GET /makers/auction/32253456.shtm HTTP/1.1" 200 19610 "-" "Mozilla/5.0 AppleWebKit/537.36 (KHTML, like Gecko; compatible; bingbot/2.0; +http://www.bing.com/bingbot.htm) Chrome/116.0.1938.76 Safari/537.36"
40.77.167.42 - - [14/Mar/2025:20:47:22 +0700] "GET /uv/32254883.shtm HTTP/1.1" 200 20448 "-" "Mozilla/5.0 AppleWebKit/537.36 (KHTML, like Gecko; compatible; bingbot/2.0; +http://www.bing.com/bingbot.htm) Chrome/116.0.1938.76 Safari/537.36"
40.77.167.28 - - [14/Mar/2025:20:47:24 +0700] "GET /automobile/32254223.shtm HTTP/1.1" 200 20829 "-" "Mozilla/5.0 AppleWebKit/537.36 (KHTML, like Gecko; compatible; bingbot/2.0; +http://www.bing.com/bingbot.htm) Chrome/116.0.1938.76 Safari/537.36"
40.77.167.42 - - [14/Mar/2025:20:47:25 +0700] "GET /disorders/commoditys/32252511.shtm HTTP/1.1" 200 21074 "-" "Mozilla/5.0 AppleWebKit/537.36 (KHTML, like Gecko; compatible; bingbot/2.0; +http://www.bing.com/bingbot.htm) Chrome/116.0.1938.76 Safari/537.36"
40.77.167.28 - - [14/Mar/2025:20:47:27 +0700] "GET /allocation/32253944.shtm HTTP/1.1" 200 19709 "-" "Mozilla/5.0 AppleWebKit/537.36 (KHTML, like Gecko; compatible; bingbot/2.0; +http://www.bing.com/bingbot.htm) Chrome/116.0.1938.76 Safari/537.36"
40.77.167.42 - - [14/Mar/2025:20:47:27 +0700] "GET /hobby/nuigurumi/nuigurumi.html HTTP/1.1" 200 20646 "-" "Mozilla/5.0 AppleWebKit/537.36 (KHTML, like Gecko; compatible; bingbot/2.0; +http://www.bing.com/bingbot.htm) Chrome/116.0.1938.76 Safari/537.36"
40.77.167.28 - - [14/Mar/2025:20:47:29 +0700] "GET /cultures/item/32254332.shtm HTTP/1.1" 200 20275 "-" "Mozilla/5.0 AppleWebKit/537.36 (KHTML, like Gecko; compatible; bingbot/2.0; +http://www.bing.com/bingbot.htm) Chrome/116.0.1938.76 Safari/537.36"
40.77.167.42 - - [14/Mar/2025:20:47:29 +0700] "GET /feature/shoplist/index.html HTTP/1.1" 200 20214 "-" "Mozilla/5.0 AppleWebKit/537.36 (KHTML, like Gecko; compatible; bingbot/2.0; +http://www.bing.com/bingbot.htm) Chrome/116.0.1938.76 Safari/537.36"
40.77.167.28 - - [14/Mar/2025:20:47:31 +0700] "GET /32252788.shtm HTTP/1.1" 200 19896 "-" "Mozilla/5.0 AppleWebKit/537.36 (KHTML, like Gecko; compatible; bingbot/2.0; +http://www.bing.com/bingbot.htm) Chrome/116.0.1938.76 Safari/537.36"
40.77.167.42 - - [14/Mar/2025:20:47:31 +0700] "GET /feature/campaign/index.html HTTP/1.1" 200 21531 "-" "Mozilla/5.0 AppleWebKit/537.36 (KHTML, like Gecko; compatible; bingbot/2.0; +http://www.bing.com/bingbot.htm) Chrome/116.0.1938.76 Safari/537.36"
52.167.144.167 - - [14/Mar/2025:20:47:32 +0700] "GET /finland/32252645.shtm HTTP/1.1" 200 20434 "-" "Mozilla/5.0 AppleWebKit/537.36 (KHTML, like Gecko; compatible; bingbot/2.0; +http://www.bing.com/bingbot.htm) Chrome/116.0.1938.76 Safari/537.36"
40.77.167.42 - - [14/Mar/2025:20:47:34 +0700] "GET /recruit HTTP/1.1" 200 20441 "-" "Mozilla/5.0 AppleWebKit/537.36 (KHTML, like Gecko; compatible; bingbot/2.0; +http://www.bing.com/bingbot.htm) Chrome/116.0.1938.76 Safari/537.36"
40.77.189.234 - - [14/Mar/2025:20:47:34 +0700] "POST /get-message-notify HTTP/1.1" 200 136750 "-" "Mozilla/5.0 AppleWebKit/537.36 (KHTML, like Gecko; compatible; bingbot/2.0; +http://www.bing.com/bingbot.htm) Chrome/100.0.4896.127 Safari/537.36"
52.167.144.167 - - [14/Mar/2025:20:47:35 +0700] "GET /carrying/32252732.shtm HTTP/1.1" 200 19901 "-" "Mozilla/5.0 AppleWebKit/537.36 (KHTML, like Gecko; compatible; bingbot/2.0; +http://www.bing.com/bingbot.htm) Chrome/116.0.1938.76 Safari/537.36"
40.77.167.42 - - [14/Mar/2025:20:47:36 +0700] "GET /pcmypage/ HTTP/1.1" 200 20807 "-" "Mozilla/5.0 AppleWebKit/537.36 (KHTML, like Gecko; compatible; bingbot/2.0; +http://www.bing.com/bingbot.htm) Chrome/116.0.1938.76 Safari/537.36"
40.77.167.28 - - [14/Mar/2025:20:47:37 +0700] "GET /toreka/figure_menu.html HTTP/1.1" 200 22236 "-" "Mozilla/5.0 AppleWebKit/537.36 (KHTML, like Gecko; compatible; bingbot/2.0; +http://www.bing.com/bingbot.htm) Chrome/116.0.1938.76 Safari/537.36"
52.167.144.167 - - [14/Mar/2025:20:47:37 +0700] "GET /feature/honten/index.html HTTP/1.1" 200 20194 "-" "Mozilla/5.0 AppleWebKit/537.36 (KHTML, like Gecko; compatible; bingbot/2.0; +http://www.bing.com/bingbot.htm) Chrome/116.0.1938.76 Safari/537.36"
40.77.167.42 - - [14/Mar/2025:20:47:38 +0700] "GET /32252605.shtm HTTP/1.1" 200 20034 "-" "Mozilla/5.0 AppleWebKit/537.36 (KHTML, like Gecko; compatible; bingbot/2.0; +http://www.bing.com/bingbot.htm) Chrome/116.0.1938.76 Safari/537.36"
40.77.167.28 - - [14/Mar/2025:20:47:39 +0700] "GET /hungary/32253233.shtm HTTP/1.1" 200 20455 "-" "Mozilla/5.0 AppleWebKit/537.36 (KHTML, like Gecko; compatible; bingbot/2.0; +http://www.bing.com/bingbot.htm) Chrome/116.0.1938.76 Safari/537.36"
40.77.167.28 - - [14/Mar/2025:20:47:41 +0700] "GET /32254300.shtm HTTP/1.1" 200 19694 "-" "Mozilla/5.0 AppleWebKit/537.36 (KHTML, like Gecko; compatible; bingbot/2.0; +http://www.bing.com/bingbot.htm) Chrome/116.0.1938.76 Safari/537.36"
40.77.167.42 - - [14/Mar/2025:20:47:40 +0700] "GET /driven/32252483.shtm HTTP/1.1" 200 19518 "-" "Mozilla/5.0 AppleWebKit/537.36 (KHTML, like Gecko; compatible; bingbot/2.0; +http://www.bing.com/bingbot.htm) Chrome/116.0.1938.76 Safari/537.36"
40.77.167.28 - - [14/Mar/2025:20:47:43 +0700] "GET /affiliate HTTP/1.1" 200 19553 "-" "Mozilla/5.0 AppleWebKit/537.36 (KHTML, like Gecko; compatible; bingbot/2.0; +http://www.bing.com/bingbot.htm) Chrome/116.0.1938.76 Safari/537.36"
40.77.167.42 - - [14/Mar/2025:20:47:44 +0700] "GET /32254693.shtm HTTP/1.1" 200 20754 "-" "Mozilla/5.0 AppleWebKit/537.36 (KHTML, like Gecko; compatible; bingbot/2.0; +http://www.bing.com/bingbot.htm) Chrome/116.0.1938.76 Safari/537.36"
40.77.167.28 - - [14/Mar/2025:20:47:45 +0700] "GET /feature/omiya_marui/index.html HTTP/1.1" 200 19918 "-" "Mozilla/5.0 AppleWebKit/537.36 (KHTML, like Gecko; compatible; bingbot/2.0; +http://www.bing.com/bingbot.htm) Chrome/116.0.1938.76 Safari/537.36"
40.77.167.42 - - [14/Mar/2025:20:47:46 +0700] "GET /events/ HTTP/1.1" 200 20770 "-" "Mozilla/5.0 AppleWebKit/537.36 (KHTML, like Gecko; compatible; bingbot/2.0; +http://www.bing.com/bingbot.htm) Chrome/116.0.1938.76 Safari/537.36"
40.77.167.28 - - [14/Mar/2025:20:47:47 +0700] "GET /encoding/32254337.shtm HTTP/1.1" 200 20122 "-" "Mozilla/5.0 AppleWebKit/537.36 (KHTML, like Gecko; compatible; bingbot/2.0; +http://www.bing.com/bingbot.htm) Chrome/116.0.1938.76 Safari/537.36"
40.77.167.42 - - [14/Mar/2025:20:47:48 +0700] "GET /hobby/boardgame/index.html HTTP/1.1" 200 19657 "-" "Mozilla/5.0 AppleWebKit/537.36 (KHTML, like Gecko; compatible; bingbot/2.0; +http://www.bing.com/bingbot.htm) Chrome/116.0.1938.76 Safari/537.36"
40.77.167.42 - - [14/Mar/2025:20:47:52 +0700] "GET /product_archives HTTP/1.1" 200 21645 "-" "Mozilla/5.0 AppleWebKit/537.36 (KHTML, like Gecko; compatible; bingbot/2.0; +http://www.bing.com/bingbot.htm) Chrome/116.0.1938.76 Safari/537.36"
40.77.167.42 - - [14/Mar/2025:20:47:54 +0700] "GET /32252356.shtm HTTP/1.1" 200 20541 "-" "Mozilla/5.0 AppleWebKit/537.36 (KHTML, like Gecko; compatible; bingbot/2.0; +http://www.bing.com/bingbot.htm) Chrome/116.0.1938.76 Safari/537.36"
40.77.167.42 - - [14/Mar/2025:20:47:56 +0700] "GET /32253940.shtm HTTP/1.1" 200 22195 "-" "Mozilla/5.0 AppleWebKit/537.36 (KHTML, like Gecko; compatible; bingbot/2.0; +http://www.bing.com/bingbot.htm) Chrome/116.0.1938.76 Safari/537.36"
40.77.167.28 - - [14/Mar/2025:20:47:57 +0700] "GET /32252491.shtm HTTP/1.1" 200 20822 "-" "Mozilla/5.0 AppleWebKit/537.36 (KHTML, like Gecko; compatible; bingbot/2.0; +http://www.bing.com/bingbot.htm) Chrome/116.0.1938.76 Safari/537.36"
40.77.167.42 - - [14/Mar/2025:20:47:58 +0700] "GET /outer/32254103.shtm HTTP/1.1" 200 20377 "-" "Mozilla/5.0 AppleWebKit/537.36 (KHTML, like Gecko; compatible; bingbot/2.0; +http://www.bing.com/bingbot.htm) Chrome/116.0.1938.76 Safari/537.36"
40.77.167.28 - - [14/Mar/2025:20:48:00 +0700] "GET /feature/index.html HTTP/1.1" 200 20392 "-" "Mozilla/5.0 AppleWebKit/537.36 (KHTML, like Gecko; compatible; bingbot/2.0; +http://www.bing.com/bingbot.htm) Chrome/116.0.1938.76 Safari/537.36"
40.77.167.28 - - [14/Mar/2025:20:48:02 +0700] "GET /upload/goods/32252298.shtm HTTP/1.1" 200 20704 "-" "Mozilla/5.0 AppleWebKit/537.36 (KHTML, like Gecko; compatible; bingbot/2.0; +http://www.bing.com/bingbot.htm) Chrome/116.0.1938.76 Safari/537.36"
40.77.167.42 - - [14/Mar/2025:20:48:03 +0700] "GET /entity/shopdetail/32252523.shtm HTTP/1.1" 200 19430 "-" "Mozilla/5.0 AppleWebKit/537.36 (KHTML, like Gecko; compatible; bingbot/2.0; +http://www.bing.com/bingbot.htm) Chrome/116.0.1938.76 Safari/537.36"
40.77.167.28 - - [14/Mar/2025:20:48:04 +0700] "GET /feature/shoplist-friendly/index.html HTTP/1.1" 200 22149 "-" "Mozilla/5.0 AppleWebKit/537.36 (KHTML, like Gecko; compatible; bingbot/2.0; +http://www.bing.com/bingbot.htm) Chrome/116.0.1938.76 Safari/537.36"
40.77.167.42 - - [14/Mar/2025:20:48:06 +0700] "GET /kaden.html HTTP/1.1" 200 19752 "-" "Mozilla/5.0 AppleWebKit/537.36 (KHTML, like Gecko; compatible; bingbot/2.0; +http://www.bing.com/bingbot.htm) Chrome/116.0.1938.76 Safari/537.36"
40.77.167.28 - - [14/Mar/2025:20:48:08 +0700] "GET /cd.html HTTP/1.1" 200 19425 "-" "Mozilla/5.0 AppleWebKit/537.36 (KHTML, like Gecko; compatible; bingbot/2.0; +http://www.bing.com/bingbot.htm) Chrome/116.0.1938.76 Safari/537.36"
40.77.167.28 - - [14/Mar/2025:20:48:10 +0700] "GET /dozin.html HTTP/1.1" 200 19662 "-" "Mozilla/5.0 AppleWebKit/537.36 (KHTML, like Gecko; compatible; bingbot/2.0; +http://www.bing.com/bingbot.htm) Chrome/116.0.1938.76 Safari/537.36"
40.77.167.28 - - [14/Mar/2025:20:48:12 +0700] "GET /pcmypage?callback=/product%2Fdetail%2F32320999 HTTP/1.1" 200 19946 "-" "Mozilla/5.0 AppleWebKit/537.36 (KHTML, like Gecko; compatible; bingbot/2.0; +http://www.bing.com/bingbot.htm) Chrome/116.0.1938.76 Safari/537.36"
40.77.167.42 - - [14/Mar/2025:20:48:13 +0700] "GET /feature/utsunomiya/index.html HTTP/1.1" 200 20321 "-" "Mozilla/5.0 AppleWebKit/537.36 (KHTML, like Gecko; compatible; bingbot/2.0; +http://www.bing.com/bingbot.htm) Chrome/116.0.1938.76 Safari/537.36"
66.249.75.228 - - [14/Mar/2025:20:48:14 +0700] "GET /quantitative/32281926584.shtm HTTP/1.1" 200 19652 "-" "Mozilla/5.0 (Linux; Android 6.0.1; Nexus 5X Build/MMB29P) AppleWebKit/537.36 (KHTML, like Gecko) Chrome/133.0.6943.141 Mobile Safari/537.36 (compatible; GoogleOther)"
40.77.167.28 - - [14/Mar/2025:20:48:14 +0700] "GET /boyslove.html HTTP/1.1" 200 19834 "-" "Mozilla/5.0 AppleWebKit/537.36 (KHTML, like Gecko; compatible; bingbot/2.0; +http://www.bing.com/bingbot.htm) Chrome/116.0.1938.76 Safari/537.36"
40.77.167.42 - - [14/Mar/2025:20:48:16 +0700] "GET /books.html HTTP/1.1" 200 19790 "-" "Mozilla/5.0 AppleWebKit/537.36 (KHTML, like Gecko; compatible; bingbot/2.0; +http://www.bing.com/bingbot.htm) Chrome/116.0.1938.76 Safari/537.36"
40.77.167.42 - - [14/Mar/2025:20:48:18 +0700] "GET /churches/32253404.shtm HTTP/1.1" 200 20421 "-" "Mozilla/5.0 AppleWebKit/537.36 (KHTML, like Gecko; compatible; bingbot/2.0; +http://www.bing.com/bingbot.htm) Chrome/116.0.1938.76 Safari/537.36"
