52.167.144.145 - - [14/Mar/2025:23:45:05 +0700] "GET /en/?s=2023 HTTP/1.1" 200 21561 "-" "Mozilla/5.0 AppleWebKit/537.36 (KHTML, like Gecko; compatible; bingbot/2.0; +http://www.bing.com/bingbot.htm) Chrome/116.0.1938.76 Safari/537.36"
66.249.75.230 - - [14/Mar/2025:23:46:04 +0700] "GET /inventory/shopping/32271021827.shtm HTTP/1.1" 200 20697 "-" "Mozilla/5.0 (Linux; Android 6.0.1; Nexus 5X Build/MMB29P) AppleWebKit/537.36 (KHTML, like Gecko) Chrome/133.0.6943.141 Mobile Safari/537.36 (compatible; GoogleOther)"
66.249.75.228 - - [14/Mar/2025:23:47:23 +0700] "GET /passes/products/32292064024.shtm HTTP/1.1" 200 19503 "-" "Mozilla/5.0 (Linux; Android 6.0.1; Nexus 5X Build/MMB29P) AppleWebKit/537.36 (KHTML, like Gecko) Chrome/133.0.6943.141 Mobile Safari/537.36 (compatible; GoogleOther)"
66.249.75.228 - - [14/Mar/2025:23:48:08 +0700] "GET /sicily/3225257360.shtm HTTP/1.1" 200 20748 "-" "Mozilla/5.0 (Linux; Android 6.0.1; Nexus 5X Build/MMB29P) AppleWebKit/537.36 (KHTML, like Gecko) Chrome/133.0.6943.141 Mobile Safari/537.36 (compatible; GoogleOther)"
66.249.75.229 - - [14/Mar/2025:23:48:31 +0700] "GET /outdoor/32271479998.shtm HTTP/1.1" 200 19449 "-" "Mozilla/5.0 (Linux; Android 6.0.1; Nexus 5X Build/MMB29P) AppleWebKit/537.36 (KHTML, like Gecko) Chrome/133.0.6943.141 Mobile Safari/537.36 (compatible; GoogleOther)"
66.249.71.2 - - [14/Mar/2025:23:49:14 +0700] "GET /jargon/32281757123.shtm HTTP/1.1" 200 20556 "-" "Mozilla/5.0 (Linux; Android 6.0.1; Nexus 5X Build/MMB29P) AppleWebKit/537.36 (KHTML, like Gecko) Chrome/133.0.6943.141 Mobile Safari/537.36 (compatible; GoogleOther)"
66.249.75.228 - - [14/Mar/2025:23:49:58 +0700] "GET /teh/32271057877.shtm HTTP/1.1" 200 19748 "-" "Mozilla/5.0 (Linux; Android 6.0.1; Nexus 5X Build/MMB29P) AppleWebKit/537.36 (KHTML, like Gecko) Chrome/133.0.6943.141 Mobile Safari/537.36 (compatible; GoogleOther)"
66.249.75.230 - - [14/Mar/2025:23:51:16 +0700] "GET /leicestershire/shopdetail/322575663.shtm HTTP/1.1" 200 19521 "-" "Mozilla/5.0 (Linux; Android 6.0.1; Nexus 5X Build/MMB29P) AppleWebKit/537.36 (KHTML, like Gecko) Chrome/133.0.6943.141 Mobile Safari/537.36 (compatible; GoogleOther)"
66.249.75.229 - - [14/Mar/2025:23:52:07 +0700] "GET /depicted/3225153332.shtm HTTP/1.1" 200 19787 "-" "Mozilla/5.0 (Linux; Android 6.0.1; Nexus 5X Build/MMB29P) AppleWebKit/537.36 (KHTML, like Gecko) Chrome/133.0.6943.141 Mobile Safari/537.36 (compatible; GoogleOther)"
66.249.75.228 - - [14/Mar/2025:23:52:43 +0700] "GET /ottawa/merchandises/3225283845.shtm HTTP/1.1" 200 19867 "-" "Mozilla/5.0 (Linux; Android 6.0.1; Nexus 5X Build/MMB29P) AppleWebKit/537.36 (KHTML, like Gecko) Chrome/133.0.6943.141 Mobile Safari/537.36 (compatible; GoogleOther)"
66.249.75.228 - - [14/Mar/2025:23:53:20 +0700] "GET /burner/32271206524.shtm HTTP/1.1" 200 20725 "-" "Mozilla/5.0 (Linux; Android 6.0.1; Nexus 5X Build/MMB29P) AppleWebKit/537.36 (KHTML, like Gecko) Chrome/133.0.6943.141 Mobile Safari/537.36 (compatible; GoogleOther)"
66.249.71.9 - - [14/Mar/2025:23:53:59 +0700] "GET /diving/3225383867.shtm HTTP/1.1" 200 19715 "-" "Mozilla/5.0 (Linux; Android 6.0.1; Nexus 5X Build/MMB29P) AppleWebKit/537.36 (KHTML, like Gecko) Chrome/133.0.6943.141 Mobile Safari/537.36 (compatible; GoogleOther)"
66.249.75.228 - - [14/Mar/2025:23:54:18 +0700] "GET /jl/3226528632.shtm HTTP/1.1" 200 21451 "-" "Mozilla/5.0 (Linux; Android 6.0.1; Nexus 5X Build/MMB29P) AppleWebKit/537.36 (KHTML, like Gecko) Chrome/133.0.6943.141 Mobile Safari/537.36 (compatible; GoogleOther)"
66.249.75.228 - - [14/Mar/2025:23:55:14 +0700] "GET /travelers/products/32281645524.shtm HTTP/1.1" 200 19800 "-" "Mozilla/5.0 (Linux; Android 6.0.1; Nexus 5X Build/MMB29P) AppleWebKit/537.36 (KHTML, like Gecko) Chrome/133.0.6943.141 Mobile Safari/537.36 (compatible; GoogleOther)"
66.249.75.229 - - [14/Mar/2025:23:56:04 +0700] "GET /3225289450.shtm HTTP/1.1" 200 20083 "-" "Mozilla/5.0 (Linux; Android 6.0.1; Nexus 5X Build/MMB29P) AppleWebKit/537.36 (KHTML, like Gecko) Chrome/133.0.6943.141 Mobile Safari/537.36 (compatible; GoogleOther)"
66.249.75.229 - - [14/Mar/2025:23:57:00 +0700] "GET /sic/item/32292348082.shtm HTTP/1.1" 200 20431 "-" "Mozilla/5.0 (Linux; Android 6.0.1; Nexus 5X Build/MMB29P) AppleWebKit/537.36 (KHTML, like Gecko) Chrome/133.0.6943.141 Mobile Safari/537.36 (compatible; GoogleOther)"
66.249.75.228 - - [14/Mar/2025:23:57:53 +0700] "GET /abstracts/shopdetail/32271266363.shtm HTTP/1.1" 200 19466 "-" "Mozilla/5.0 (Linux; Android 6.0.1; Nexus 5X Build/MMB29P) AppleWebKit/537.36 (KHTML, like Gecko) Chrome/133.0.6943.141 Mobile Safari/537.36 (compatible; GoogleOther)"
66.249.71.1 - - [14/Mar/2025:23:58:49 +0700] "GET /rancho/32292111390.shtm HTTP/1.1" 200 19619 "-" "Mozilla/5.0 (Linux; Android 6.0.1; Nexus 5X Build/MMB29P) AppleWebKit/537.36 (KHTML, like Gecko) Chrome/133.0.6943.141 Mobile Safari/537.36 (compatible; GoogleOther)"
66.249.75.228 - - [14/Mar/2025:23:59:05 +0700] "GET /?e=24781888469 HTTP/1.1" 200 19608 "-" "Mozilla/5.0 (Linux; Android 6.0.1; Nexus 5X Build/MMB29P) AppleWebKit/537.36 (KHTML, like Gecko) Chrome/133.0.6943.141 Mobile Safari/537.36 (compatible; GoogleOther)"
139.59.147.218 - - [15/Mar/2025:00:00:19 +0700] "POST /xmlrpc.php HTTP/1.1" 403 1242 "-" "Mozilla/5.0 (X11; Fedora; Linux x86_64; rv:94.0) Gecko/20100101 Firefox/95.0"
185.191.171.15 - - [15/Mar/2025:00:03:44 +0700] "GET /robots.txt HTTP/1.1" 200 104 "-" "Mozilla/5.0 (compatible; SemrushBot/7~bl; +http://www.semrush.com/bot.html)"
85.208.96.212 - - [15/Mar/2025:00:03:45 +0700] "GET /ms/cara-jualan-di-shopee/mudah-dan-cepat-begini-cara-daftar-shopee-affiliate HTTP/1.1" 404 3380 "-" "Mozilla/5.0 (compatible; SemrushBot/7~bl; +http://www.semrush.com/bot.html)"
66.249.75.228 - - [15/Mar/2025:00:03:48 +0700] "GET /32281670404.shtm HTTP/1.1" 200 22279 "-" "Mozilla/5.0 (Linux; Android 6.0.1; Nexus 5X Build/MMB29P) AppleWebKit/537.36 (KHTML, like Gecko) Chrome/133.0.6943.141 Mobile Safari/537.36 (compatible; GoogleOther)"
68.219.107.83 - - [15/Mar/2025:00:03:57 +0700] "HEAD /wordpress HTTP/1.1" 404 0 "-" "Mozilla/5.0 (Windows NT 10.0; Win64; x64) AppleWebKit/537.36 (KHTML, like Gecko) Chrome/74.0.3729.169 Safari/537.36"
68.219.107.83 - - [15/Mar/2025:00:04:02 +0700] "HEAD / HTTP/1.1" 301 0 "-" "Mozilla/5.0 (Windows NT 10.0; Win64; x64) AppleWebKit/537.36 (KHTML, like Gecko) Chrome/74.0.3729.169 Safari/537.36"
68.219.107.83 - - [15/Mar/2025:00:04:16 +0700] "HEAD /wp HTTP/1.1" 404 0 "-" "Mozilla/5.0 (Windows NT 10.0; Win64; x64) AppleWebKit/537.36 (KHTML, like Gecko) Chrome/74.0.3729.169 Safari/537.36"
185.191.171.16 - - [15/Mar/2025:00:04:17 +0700] "GET /ms/blog/tag/investasi HTTP/1.1" 404 3380 "-" "Mozilla/5.0 (compatible; SemrushBot/7~bl; +http://www.semrush.com/bot.html)"
68.219.107.83 - - [15/Mar/2025:00:04:22 +0700] "HEAD /bc HTTP/1.1" 404 0 "-" "Mozilla/5.0 (Windows NT 10.0; Win64; x64) AppleWebKit/537.36 (KHTML, like Gecko) Chrome/74.0.3729.169 Safari/537.36"
68.219.107.83 - - [15/Mar/2025:00:04:27 +0700] "HEAD /bk HTTP/1.1" 404 0 "-" "Mozilla/5.0 (Windows NT 10.0; Win64; x64) AppleWebKit/537.36 (KHTML, like Gecko) Chrome/74.0.3729.169 Safari/537.36"
68.219.107.83 - - [15/Mar/2025:00:04:32 +0700] "HEAD /backup HTTP/1.1" 404 0 "-" "Mozilla/5.0 (Windows NT 10.0; Win64; x64) AppleWebKit/537.36 (KHTML, like Gecko) Chrome/74.0.3729.169 Safari/537.36"
68.219.107.83 - - [15/Mar/2025:00:04:37 +0700] "HEAD /old HTTP/1.1" 404 0 "-" "Mozilla/5.0 (Windows NT 10.0; Win64; x64) AppleWebKit/537.36 (KHTML, like Gecko) Chrome/74.0.3729.169 Safari/537.36"
68.219.107.83 - - [15/Mar/2025:00:04:42 +0700] "HEAD /new HTTP/1.1" 404 0 "-" "Mozilla/5.0 (Windows NT 10.0; Win64; x64) AppleWebKit/537.36 (KHTML, like Gecko) Chrome/74.0.3729.169 Safari/537.36"
68.219.107.83 - - [15/Mar/2025:00:04:50 +0700] "HEAD /main HTTP/1.1" 404 0 "-" "Mozilla/5.0 (Windows NT 10.0; Win64; x64) AppleWebKit/537.36 (KHTML, like Gecko) Chrome/74.0.3729.169 Safari/537.36"
68.219.107.83 - - [15/Mar/2025:00:04:55 +0700] "HEAD /home HTTP/1.1" 200 0 "-" "Mozilla/5.0 (Windows NT 10.0; Win64; x64) AppleWebKit/537.36 (KHTML, like Gecko) Chrome/74.0.3729.169 Safari/537.36"
66.249.75.229 - - [15/Mar/2025:00:06:16 +0700] "GET /32292093092.shtm HTTP/1.1" 200 20585 "-" "Mozilla/5.0 (Linux; Android 6.0.1; Nexus 5X Build/MMB29P) AppleWebKit/537.36 (KHTML, like Gecko) Chrome/133.0.6943.141 Mobile Safari/537.36 (compatible; GoogleOther)"
66.249.75.228 - - [15/Mar/2025:00:06:41 +0700] "GET /drained/3225295316.shtm HTTP/1.1" 200 19290 "-" "Mozilla/5.0 (Linux; Android 6.0.1; Nexus 5X Build/MMB29P) AppleWebKit/537.36 (KHTML, like Gecko) Chrome/133.0.6943.141 Mobile Safari/537.36 (compatible; GoogleOther)"
66.249.75.228 - - [15/Mar/2025:00:06:52 +0700] "POST /get-message-notify HTTP/1.1" 200 22058 "http://www.aturtoko.id/drained/3225295316.shtm" "Mozilla/5.0 (Linux; Android 6.0.1; Nexus 5X Build/MMB29P) AppleWebKit/537.36 (KHTML, like Gecko) Chrome/133.0.6943.141 Mobile Safari/537.36 (compatible; Googlebot/2.1; +http://www.google.com/bot.html)"
66.249.75.228 - - [15/Mar/2025:00:07:54 +0700] "GET /expression/32271301009.shtm HTTP/1.1" 200 20077 "-" "Mozilla/5.0 (Linux; Android 6.0.1; Nexus 5X Build/MMB29P) AppleWebKit/537.36 (KHTML, like Gecko) Chrome/133.0.6943.141 Mobile Safari/537.36 (compatible; GoogleOther)"
66.249.71.9 - - [15/Mar/2025:00:08:16 +0700] "GET /syndrome/product/3225383259.shtm HTTP/1.1" 200 19850 "-" "Mozilla/5.0 (Linux; Android 6.0.1; Nexus 5X Build/MMB29P) AppleWebKit/537.36 (KHTML, like Gecko) Chrome/133.0.6943.141 Mobile Safari/537.36 (compatible; GoogleOther)"
66.249.75.228 - - [15/Mar/2025:00:09:45 +0700] "GET /mlb/products/3226644304.shtm HTTP/1.1" 200 21915 "-" "Mozilla/5.0 (Linux; Android 6.0.1; Nexus 5X Build/MMB29P) AppleWebKit/537.36 (KHTML, like Gecko) Chrome/133.0.6943.141 Mobile Safari/537.36 (compatible; GoogleOther)"
66.249.75.228 - - [15/Mar/2025:00:11:15 +0700] "GET /3226910141.shtm HTTP/1.1" 200 19672 "-" "Mozilla/5.0 (Linux; Android 6.0.1; Nexus 5X Build/MMB29P) AppleWebKit/537.36 (KHTML, like Gecko) Chrome/133.0.6943.141 Mobile Safari/537.36 (compatible; GoogleOther)"
66.249.75.228 - - [15/Mar/2025:00:11:54 +0700] "GET /sdram/good/32292369130.shtm HTTP/1.1" 200 19628 "-" "Mozilla/5.0 (Linux; Android 6.0.1; Nexus 5X Build/MMB29P) AppleWebKit/537.36 (KHTML, like Gecko) Chrome/133.0.6943.141 Mobile Safari/537.36 (compatible; GoogleOther)"
66.249.71.1 - - [15/Mar/2025:00:12:13 +0700] "GET /32271271578.shtm HTTP/1.1" 200 19972 "-" "Mozilla/5.0 (Linux; Android 6.0.1; Nexus 5X Build/MMB29P) AppleWebKit/537.36 (KHTML, like Gecko) Chrome/133.0.6943.141 Mobile Safari/537.36 (compatible; GoogleOther)"
45.134.225.130 - - [15/Mar/2025:00:12:58 +0700] "GET /wp-content/uploads/ HTTP/1.1" 200 1211 "-" "Mozlila/5.0 (Linux; Android 7.0; SM-G892A Bulid/NRD90M; wv) AppleWebKit/537.36 (KHTML, like Gecko) Version/4.0 Chrome/60.0.3112.107 Moblie Safari/537.36"
45.134.225.130 - - [15/Mar/2025:00:13:00 +0700] "GET /wp-content/uploads//wp-content/uploads/2022/ HTTP/1.1" 301 0 "-" "Mozlila/5.0 (Linux; Android 7.0; SM-G892A Bulid/NRD90M; wv) AppleWebKit/537.36 (KHTML, like Gecko) Version/4.0 Chrome/60.0.3112.107 Moblie Safari/537.36"
180.235.151.3 - - [15/Mar/2025:00:13:15 +0700] "POST /wp-cron.php?doing_wp_cron=1741972395.1216049194335937500000 HTTP/1.1" 403 1242 "-" "WordPress/6.7.2; https://www.aturtoko.id"
45.134.225.130 - - [15/Mar/2025:00:13:09 +0700] "GET /wp-content/uploads//wp-content/uploads/2023/ HTTP/1.1" 301 0 "-" "Mozlila/5.0 (Linux; Android 7.0; SM-G892A Bulid/NRD90M; wv) AppleWebKit/537.36 (KHTML, like Gecko) Version/4.0 Chrome/60.0.3112.107 Moblie Safari/537.36"
45.134.225.130 - - [15/Mar/2025:00:13:18 +0700] "GET /wp-content/uploads//wp-content/uploads/2024/ HTTP/1.1" 301 0 "-" "Mozlila/5.0 (Linux; Android 7.0; SM-G892A Bulid/NRD90M; wv) AppleWebKit/537.36 (KHTML, like Gecko) Version/4.0 Chrome/60.0.3112.107 Moblie Safari/537.36"
66.249.75.229 - - [15/Mar/2025:00:13:27 +0700] "GET /esta/3226711419.shtm HTTP/1.1" 200 20051 "-" "Mozilla/5.0 (Linux; Android 6.0.1; Nexus 5X Build/MMB29P) AppleWebKit/537.36 (KHTML, like Gecko) Chrome/133.0.6943.141 Mobile Safari/537.36 (compatible; GoogleOther)"
45.134.225.130 - - [15/Mar/2025:00:13:24 +0700] "GET /wp-content/uploads//wp-content/uploads/2025/ HTTP/1.1" 301 0 "-" "Mozlila/5.0 (Linux; Android 7.0; SM-G892A Bulid/NRD90M; wv) AppleWebKit/537.36 (KHTML, like Gecko) Version/4.0 Chrome/60.0.3112.107 Moblie Safari/537.36"
45.134.225.130 - - [15/Mar/2025:00:13:30 +0700] "GET /wp-content/uploads//wp-content/uploads/wp-file-manager-pro/ HTTP/1.1" 301 0 "-" "Mozlila/5.0 (Linux; Android 7.0; SM-G892A Bulid/NRD90M; wv) AppleWebKit/537.36 (KHTML, like Gecko) Version/4.0 Chrome/60.0.3112.107 Moblie Safari/537.36"
45.134.225.130 - - [15/Mar/2025:00:13:40 +0700] "GET /wp-content/uploads//wp-content/uploads/wpcode/ HTTP/1.1" 301 0 "-" "Mozlila/5.0 (Linux; Android 7.0; SM-G892A Bulid/NRD90M; wv) AppleWebKit/537.36 (KHTML, like Gecko) Version/4.0 Chrome/60.0.3112.107 Moblie Safari/537.36"
45.134.225.130 - - [15/Mar/2025:00:13:48 +0700] "GET /wp-includes/ HTTP/1.1" 200 9000 "-" "Mozlila/5.0 (Linux; Android 7.0; SM-G892A Bulid/NRD90M; wv) AppleWebKit/537.36 (KHTML, like Gecko) Version/4.0 Chrome/60.0.3112.107 Moblie Safari/537.36"
45.134.225.130 - - [15/Mar/2025:00:13:53 +0700] "GET /wp-includes//wp-includes/assets/ HTTP/1.1" 403 1242 "-" "Mozlila/5.0 (Linux; Android 7.0; SM-G892A Bulid/NRD90M; wv) AppleWebKit/537.36 (KHTML, like Gecko) Version/4.0 Chrome/60.0.3112.107 Moblie Safari/537.36"
66.249.75.228 - - [15/Mar/2025:00:13:53 +0700] "GET /ht/good/3226846030.shtm HTTP/1.1" 200 19392 "-" "Mozilla/5.0 (Linux; Android 6.0.1; Nexus 5X Build/MMB29P) AppleWebKit/537.36 (KHTML, like Gecko) Chrome/133.0.6943.141 Mobile Safari/537.36 (compatible; GoogleOther)"
45.134.225.130 - - [15/Mar/2025:00:13:56 +0700] "GET /wp-includes//wp-includes/block-bindings/ HTTP/1.1" 403 1242 "-" "Mozlila/5.0 (Linux; Android 7.0; SM-G892A Bulid/NRD90M; wv) AppleWebKit/537.36 (KHTML, like Gecko) Version/4.0 Chrome/60.0.3112.107 Moblie Safari/537.36"
45.134.225.130 - - [15/Mar/2025:00:14:00 +0700] "GET /wp-includes//wp-includes/block-patterns/ HTTP/1.1" 403 1242 "-" "Mozlila/5.0 (Linux; Android 7.0; SM-G892A Bulid/NRD90M; wv) AppleWebKit/537.36 (KHTML, like Gecko) Version/4.0 Chrome/60.0.3112.107 Moblie Safari/537.36"
45.134.225.130 - - [15/Mar/2025:00:14:04 +0700] "GET /wp-includes//wp-includes/block-supports/ HTTP/1.1" 403 1242 "-" "Mozlila/5.0 (Linux; Android 7.0; SM-G892A Bulid/NRD90M; wv) AppleWebKit/537.36 (KHTML, like Gecko) Version/4.0 Chrome/60.0.3112.107 Moblie Safari/537.36"
45.134.225.130 - - [15/Mar/2025:00:14:07 +0700] "GET /wp-includes//wp-includes/blocks/ HTTP/1.1" 403 1242 "-" "Mozlila/5.0 (Linux; Android 7.0; SM-G892A Bulid/NRD90M; wv) AppleWebKit/537.36 (KHTML, like Gecko) Version/4.0 Chrome/60.0.3112.107 Moblie Safari/537.36"
45.134.225.130 - - [15/Mar/2025:00:14:10 +0700] "GET /wp-includes//wp-includes/certificates/ HTTP/1.1" 403 1242 "-" "Mozlila/5.0 (Linux; Android 7.0; SM-G892A Bulid/NRD90M; wv) AppleWebKit/537.36 (KHTML, like Gecko) Version/4.0 Chrome/60.0.3112.107 Moblie Safari/537.36"
45.134.225.130 - - [15/Mar/2025:00:14:13 +0700] "GET /wp-includes//wp-includes/css/ HTTP/1.1" 403 1242 "-" "Mozlila/5.0 (Linux; Android 7.0; SM-G892A Bulid/NRD90M; wv) AppleWebKit/537.36 (KHTML, like Gecko) Version/4.0 Chrome/60.0.3112.107 Moblie Safari/537.36"
45.134.225.130 - - [15/Mar/2025:00:14:16 +0700] "GET /wp-includes//wp-includes/customize/ HTTP/1.1" 403 1242 "-" "Mozlila/5.0 (Linux; Android 7.0; SM-G892A Bulid/NRD90M; wv) AppleWebKit/537.36 (KHTML, like Gecko) Version/4.0 Chrome/60.0.3112.107 Moblie Safari/537.36"
45.134.225.130 - - [15/Mar/2025:00:14:20 +0700] "GET /wp-includes//wp-includes/fonts/ HTTP/1.1" 403 1242 "-" "Mozlila/5.0 (Linux; Android 7.0; SM-G892A Bulid/NRD90M; wv) AppleWebKit/537.36 (KHTML, like Gecko) Version/4.0 Chrome/60.0.3112.107 Moblie Safari/537.36"
66.249.75.229 - - [15/Mar/2025:00:14:19 +0700] "GET /?e=76524608244 HTTP/1.1" 200 20955 "-" "Mozilla/5.0 (Linux; Android 6.0.1; Nexus 5X Build/MMB29P) AppleWebKit/537.36 (KHTML, like Gecko) Chrome/133.0.6943.141 Mobile Safari/537.36 (compatible; GoogleOther)"
45.134.225.130 - - [15/Mar/2025:00:14:23 +0700] "GET /wp-includes//wp-includes/html-api/ HTTP/1.1" 403 1242 "-" "Mozlila/5.0 (Linux; Android 7.0; SM-G892A Bulid/NRD90M; wv) AppleWebKit/537.36 (KHTML, like Gecko) Version/4.0 Chrome/60.0.3112.107 Moblie Safari/537.36"
45.134.225.130 - - [15/Mar/2025:00:14:27 +0700] "GET /wp-includes//wp-includes/ID3/ HTTP/1.1" 403 1242 "-" "Mozlila/5.0 (Linux; Android 7.0; SM-G892A Bulid/NRD90M; wv) AppleWebKit/537.36 (KHTML, like Gecko) Version/4.0 Chrome/60.0.3112.107 Moblie Safari/537.36"
45.134.225.130 - - [15/Mar/2025:00:14:30 +0700] "GET /wp-includes//wp-includes/images/ HTTP/1.1" 403 1242 "-" "Mozlila/5.0 (Linux; Android 7.0; SM-G892A Bulid/NRD90M; wv) AppleWebKit/537.36 (KHTML, like Gecko) Version/4.0 Chrome/60.0.3112.107 Moblie Safari/537.36"
45.134.225.130 - - [15/Mar/2025:00:14:34 +0700] "GET /wp-includes//wp-includes/interactivity-api/ HTTP/1.1" 403 1242 "-" "Mozlila/5.0 (Linux; Android 7.0; SM-G892A Bulid/NRD90M; wv) AppleWebKit/537.36 (KHTML, like Gecko) Version/4.0 Chrome/60.0.3112.107 Moblie Safari/537.36"
45.134.225.130 - - [15/Mar/2025:00:14:38 +0700] "GET /wp-includes//wp-includes/IXR/ HTTP/1.1" 403 1242 "-" "Mozlila/5.0 (Linux; Android 7.0; SM-G892A Bulid/NRD90M; wv) AppleWebKit/537.36 (KHTML, like Gecko) Version/4.0 Chrome/60.0.3112.107 Moblie Safari/537.36"
45.134.225.130 - - [15/Mar/2025:00:14:41 +0700] "GET /wp-includes//wp-includes/js/ HTTP/1.1" 403 1242 "-" "Mozlila/5.0 (Linux; Android 7.0; SM-G892A Bulid/NRD90M; wv) AppleWebKit/537.36 (KHTML, like Gecko) Version/4.0 Chrome/60.0.3112.107 Moblie Safari/537.36"
45.134.225.130 - - [15/Mar/2025:00:14:45 +0700] "GET /wp-includes//wp-includes/l10n/ HTTP/1.1" 403 1242 "-" "Mozlila/5.0 (Linux; Android 7.0; SM-G892A Bulid/NRD90M; wv) AppleWebKit/537.36 (KHTML, like Gecko) Version/4.0 Chrome/60.0.3112.107 Moblie Safari/537.36"
45.134.225.130 - - [15/Mar/2025:00:14:48 +0700] "GET /wp-includes//wp-includes/php-compat/ HTTP/1.1" 403 1242 "-" "Mozlila/5.0 (Linux; Android 7.0; SM-G892A Bulid/NRD90M; wv) AppleWebKit/537.36 (KHTML, like Gecko) Version/4.0 Chrome/60.0.3112.107 Moblie Safari/537.36"
45.134.225.130 - - [15/Mar/2025:00:14:53 +0700] "GET /wp-includes//wp-includes/PHPMailer/ HTTP/1.1" 403 1242 "-" "Mozlila/5.0 (Linux; Android 7.0; SM-G892A Bulid/NRD90M; wv) AppleWebKit/537.36 (KHTML, like Gecko) Version/4.0 Chrome/60.0.3112.107 Moblie Safari/537.36"
45.134.225.130 - - [15/Mar/2025:00:14:56 +0700] "GET /wp-includes//wp-includes/pomo/ HTTP/1.1" 403 1242 "-" "Mozlila/5.0 (Linux; Android 7.0; SM-G892A Bulid/NRD90M; wv) AppleWebKit/537.36 (KHTML, like Gecko) Version/4.0 Chrome/60.0.3112.107 Moblie Safari/537.36"
45.134.225.130 - - [15/Mar/2025:00:15:01 +0700] "GET /wp-includes//wp-includes/Requests/ HTTP/1.1" 403 1242 "-" "Mozlila/5.0 (Linux; Android 7.0; SM-G892A Bulid/NRD90M; wv) AppleWebKit/537.36 (KHTML, like Gecko) Version/4.0 Chrome/60.0.3112.107 Moblie Safari/537.36"
45.134.225.130 - - [15/Mar/2025:00:15:04 +0700] "GET /wp-includes//wp-includes/rest-api/ HTTP/1.1" 403 1242 "-" "Mozlila/5.0 (Linux; Android 7.0; SM-G892A Bulid/NRD90M; wv) AppleWebKit/537.36 (KHTML, like Gecko) Version/4.0 Chrome/60.0.3112.107 Moblie Safari/537.36"
45.134.225.130 - - [15/Mar/2025:00:15:08 +0700] "GET /wp-includes//wp-includes/SimplePie/ HTTP/1.1" 403 1242 "-" "Mozlila/5.0 (Linux; Android 7.0; SM-G892A Bulid/NRD90M; wv) AppleWebKit/537.36 (KHTML, like Gecko) Version/4.0 Chrome/60.0.3112.107 Moblie Safari/537.36"
45.134.225.130 - - [15/Mar/2025:00:15:12 +0700] "GET /wp-includes//wp-includes/sitemaps/ HTTP/1.1" 403 1242 "-" "Mozlila/5.0 (Linux; Android 7.0; SM-G892A Bulid/NRD90M; wv) AppleWebKit/537.36 (KHTML, like Gecko) Version/4.0 Chrome/60.0.3112.107 Moblie Safari/537.36"
45.134.225.130 - - [15/Mar/2025:00:15:15 +0700] "GET /wp-includes//wp-includes/sodium_compat/ HTTP/1.1" 403 1242 "-" "Mozlila/5.0 (Linux; Android 7.0; SM-G892A Bulid/NRD90M; wv) AppleWebKit/537.36 (KHTML, like Gecko) Version/4.0 Chrome/60.0.3112.107 Moblie Safari/537.36"
66.249.75.229 - - [15/Mar/2025:00:15:17 +0700] "GET /3226778534.shtm HTTP/1.1" 200 21314 "-" "Mozilla/5.0 (Linux; Android 6.0.1; Nexus 5X Build/MMB29P) AppleWebKit/537.36 (KHTML, like Gecko) Chrome/133.0.6943.141 Mobile Safari/537.36 (compatible; GoogleOther)"
45.134.225.130 - - [15/Mar/2025:00:15:19 +0700] "GET /wp-includes//wp-includes/style-engine/ HTTP/1.1" 403 1242 "-" "Mozlila/5.0 (Linux; Android 7.0; SM-G892A Bulid/NRD90M; wv) AppleWebKit/537.36 (KHTML, like Gecko) Version/4.0 Chrome/60.0.3112.107 Moblie Safari/537.36"
45.134.225.130 - - [15/Mar/2025:00:15:23 +0700] "GET /wp-includes//wp-includes/Text/ HTTP/1.1" 403 1242 "-" "Mozlila/5.0 (Linux; Android 7.0; SM-G892A Bulid/NRD90M; wv) AppleWebKit/537.36 (KHTML, like Gecko) Version/4.0 Chrome/60.0.3112.107 Moblie Safari/537.36"
45.134.225.130 - - [15/Mar/2025:00:15:27 +0700] "GET /wp-includes//wp-includes/theme-compat/ HTTP/1.1" 403 1242 "-" "Mozlila/5.0 (Linux; Android 7.0; SM-G892A Bulid/NRD90M; wv) AppleWebKit/537.36 (KHTML, like Gecko) Version/4.0 Chrome/60.0.3112.107 Moblie Safari/537.36"
45.134.225.130 - - [15/Mar/2025:00:15:31 +0700] "GET /wp-includes//wp-includes/widgets/ HTTP/1.1" 403 1242 "-" "Mozlila/5.0 (Linux; Android 7.0; SM-G892A Bulid/NRD90M; wv) AppleWebKit/537.36 (KHTML, like Gecko) Version/4.0 Chrome/60.0.3112.107 Moblie Safari/537.36"
45.134.225.130 - - [15/Mar/2025:00:15:35 +0700] "GET /wp-includes//wp-includes/admin-bar.php HTTP/1.1" 403 1242 "-" "Mozlila/5.0 (Linux; Android 7.0; SM-G892A Bulid/NRD90M; wv) AppleWebKit/537.36 (KHTML, like Gecko) Version/4.0 Chrome/60.0.3112.107 Moblie Safari/537.36"
45.134.225.130 - - [15/Mar/2025:00:15:38 +0700] "GET /wp-includes//wp-includes/atomlib.php HTTP/1.1" 403 1242 "-" "Mozlila/5.0 (Linux; Android 7.0; SM-G892A Bulid/NRD90M; wv) AppleWebKit/537.36 (KHTML, like Gecko) Version/4.0 Chrome/60.0.3112.107 Moblie Safari/537.36"
45.134.225.130 - - [15/Mar/2025:00:15:42 +0700] "GET /wp-includes//wp-includes/author-template.php HTTP/1.1" 403 1242 "-" "Mozlila/5.0 (Linux; Android 7.0; SM-G892A Bulid/NRD90M; wv) AppleWebKit/537.36 (KHTML, like Gecko) Version/4.0 Chrome/60.0.3112.107 Moblie Safari/537.36"
66.249.75.228 - - [15/Mar/2025:00:15:41 +0700] "GET /standby/shopdetail/32292212383.shtm HTTP/1.1" 200 19661 "-" "Mozilla/5.0 (Linux; Android 6.0.1; Nexus 5X Build/MMB29P) AppleWebKit/537.36 (KHTML, like Gecko) Chrome/133.0.6943.141 Mobile Safari/537.36 (compatible; GoogleOther)"
45.134.225.130 - - [15/Mar/2025:00:15:47 +0700] "GET /wp-includes//wp-includes/block-bindings.php HTTP/1.1" 403 1242 "-" "Mozlila/5.0 (Linux; Android 7.0; SM-G892A Bulid/NRD90M; wv) AppleWebKit/537.36 (KHTML, like Gecko) Version/4.0 Chrome/60.0.3112.107 Moblie Safari/537.36"
45.134.225.130 - - [15/Mar/2025:00:15:52 +0700] "GET /wp-includes//wp-includes/block-editor.php HTTP/1.1" 403 1242 "-" "Mozlila/5.0 (Linux; Android 7.0; SM-G892A Bulid/NRD90M; wv) AppleWebKit/537.36 (KHTML, like Gecko) Version/4.0 Chrome/60.0.3112.107 Moblie Safari/537.36"
45.134.225.130 - - [15/Mar/2025:00:15:56 +0700] "GET /wp-includes//wp-includes/block-patterns.php HTTP/1.1" 403 1242 "-" "Mozlila/5.0 (Linux; Android 7.0; SM-G892A Bulid/NRD90M; wv) AppleWebKit/537.36 (KHTML, like Gecko) Version/4.0 Chrome/60.0.3112.107 Moblie Safari/537.36"
45.134.225.130 - - [15/Mar/2025:00:16:01 +0700] "GET /wp-includes//wp-includes/block-template-utils.php HTTP/1.1" 403 1242 "-" "Mozlila/5.0 (Linux; Android 7.0; SM-G892A Bulid/NRD90M; wv) AppleWebKit/537.36 (KHTML, like Gecko) Version/4.0 Chrome/60.0.3112.107 Moblie Safari/537.36"
45.134.225.130 - - [15/Mar/2025:00:16:05 +0700] "GET /wp-includes//wp-includes/block-template.php HTTP/1.1" 403 1242 "-" "Mozlila/5.0 (Linux; Android 7.0; SM-G892A Bulid/NRD90M; wv) AppleWebKit/537.36 (KHTML, like Gecko) Version/4.0 Chrome/60.0.3112.107 Moblie Safari/537.36"
45.134.225.130 - - [15/Mar/2025:00:16:09 +0700] "GET /wp-includes//wp-includes/blocks.php HTTP/1.1" 403 1242 "-" "Mozlila/5.0 (Linux; Android 7.0; SM-G892A Bulid/NRD90M; wv) AppleWebKit/537.36 (KHTML, like Gecko) Version/4.0 Chrome/60.0.3112.107 Moblie Safari/537.36"
45.134.225.130 - - [15/Mar/2025:00:16:13 +0700] "GET /wp-includes//wp-includes/bookmark-template.php HTTP/1.1" 403 1242 "-" "Mozlila/5.0 (Linux; Android 7.0; SM-G892A Bulid/NRD90M; wv) AppleWebKit/537.36 (KHTML, like Gecko) Version/4.0 Chrome/60.0.3112.107 Moblie Safari/537.36"
45.134.225.130 - - [15/Mar/2025:00:16:16 +0700] "GET /wp-includes//wp-includes/bookmark.php HTTP/1.1" 403 1242 "-" "Mozlila/5.0 (Linux; Android 7.0; SM-G892A Bulid/NRD90M; wv) AppleWebKit/537.36 (KHTML, like Gecko) Version/4.0 Chrome/60.0.3112.107 Moblie Safari/537.36"
45.134.225.130 - - [15/Mar/2025:00:16:23 +0700] "GET /wp-includes//wp-includes/cache-compat.php HTTP/1.1" 403 1242 "-" "Mozlila/5.0 (Linux; Android 7.0; SM-G892A Bulid/NRD90M; wv) AppleWebKit/537.36 (KHTML, like Gecko) Version/4.0 Chrome/60.0.3112.107 Moblie Safari/537.36"
45.134.225.130 - - [15/Mar/2025:00:16:27 +0700] "GET /wp-includes//wp-includes/cache.php HTTP/1.1" 403 1242 "-" "Mozlila/5.0 (Linux; Android 7.0; SM-G892A Bulid/NRD90M; wv) AppleWebKit/537.36 (KHTML, like Gecko) Version/4.0 Chrome/60.0.3112.107 Moblie Safari/537.36"
45.134.225.130 - - [15/Mar/2025:00:16:31 +0700] "GET /wp-includes//wp-includes/canonical.php HTTP/1.1" 403 1242 "-" "Mozlila/5.0 (Linux; Android 7.0; SM-G892A Bulid/NRD90M; wv) AppleWebKit/537.36 (KHTML, like Gecko) Version/4.0 Chrome/60.0.3112.107 Moblie Safari/537.36"
45.134.225.130 - - [15/Mar/2025:00:16:35 +0700] "GET /wp-includes//wp-includes/capabilities.php HTTP/1.1" 403 1242 "-" "Mozlila/5.0 (Linux; Android 7.0; SM-G892A Bulid/NRD90M; wv) AppleWebKit/537.36 (KHTML, like Gecko) Version/4.0 Chrome/60.0.3112.107 Moblie Safari/537.36"
45.134.225.130 - - [15/Mar/2025:00:16:39 +0700] "GET /wp-includes//wp-includes/category-template.php HTTP/1.1" 403 1242 "-" "Mozlila/5.0 (Linux; Android 7.0; SM-G892A Bulid/NRD90M; wv) AppleWebKit/537.36 (KHTML, like Gecko) Version/4.0 Chrome/60.0.3112.107 Moblie Safari/537.36"
45.134.225.130 - - [15/Mar/2025:00:16:43 +0700] "GET /wp-includes//wp-includes/category.php HTTP/1.1" 403 1242 "-" "Mozlila/5.0 (Linux; Android 7.0; SM-G892A Bulid/NRD90M; wv) AppleWebKit/537.36 (KHTML, like Gecko) Version/4.0 Chrome/60.0.3112.107 Moblie Safari/537.36"
45.134.225.130 - - [15/Mar/2025:00:16:46 +0700] "GET /wp-includes//wp-includes/class-avif-info.php HTTP/1.1" 403 1242 "-" "Mozlila/5.0 (Linux; Android 7.0; SM-G892A Bulid/NRD90M; wv) AppleWebKit/537.36 (KHTML, like Gecko) Version/4.0 Chrome/60.0.3112.107 Moblie Safari/537.36"
45.134.225.130 - - [15/Mar/2025:00:16:50 +0700] "GET /wp-includes//wp-includes/class-feed.php HTTP/1.1" 403 1242 "-" "Mozlila/5.0 (Linux; Android 7.0; SM-G892A Bulid/NRD90M; wv) AppleWebKit/537.36 (KHTML, like Gecko) Version/4.0 Chrome/60.0.3112.107 Moblie Safari/537.36"
45.134.225.130 - - [15/Mar/2025:00:16:54 +0700] "GET /wp-includes//wp-includes/class-http.php HTTP/1.1" 403 1242 "-" "Mozlila/5.0 (Linux; Android 7.0; SM-G892A Bulid/NRD90M; wv) AppleWebKit/537.36 (KHTML, like Gecko) Version/4.0 Chrome/60.0.3112.107 Moblie Safari/537.36"
45.134.225.130 - - [15/Mar/2025:00:16:57 +0700] "GET /wp-includes//wp-includes/class-IXR.php HTTP/1.1" 403 1242 "-" "Mozlila/5.0 (Linux; Android 7.0; SM-G892A Bulid/NRD90M; wv) AppleWebKit/537.36 (KHTML, like Gecko) Version/4.0 Chrome/60.0.3112.107 Moblie Safari/537.36"
45.134.225.130 - - [15/Mar/2025:00:17:05 +0700] "GET /wp-includes//wp-includes/class-json.php HTTP/1.1" 403 1242 "-" "Mozlila/5.0 (Linux; Android 7.0; SM-G892A Bulid/NRD90M; wv) AppleWebKit/537.36 (KHTML, like Gecko) Version/4.0 Chrome/60.0.3112.107 Moblie Safari/537.36"
45.134.225.130 - - [15/Mar/2025:00:17:09 +0700] "GET /wp-includes//wp-includes/class-oembed.php HTTP/1.1" 403 1242 "-" "Mozlila/5.0 (Linux; Android 7.0; SM-G892A Bulid/NRD90M; wv) AppleWebKit/537.36 (KHTML, like Gecko) Version/4.0 Chrome/60.0.3112.107 Moblie Safari/537.36"
45.134.225.130 - - [15/Mar/2025:00:17:13 +0700] "GET /wp-includes//wp-includes/class-phpass.php HTTP/1.1" 403 1242 "-" "Mozlila/5.0 (Linux; Android 7.0; SM-G892A Bulid/NRD90M; wv) AppleWebKit/537.36 (KHTML, like Gecko) Version/4.0 Chrome/60.0.3112.107 Moblie Safari/537.36"
45.134.225.130 - - [15/Mar/2025:00:17:18 +0700] "GET /wp-includes//wp-includes/class-phpmailer.php HTTP/1.1" 403 1242 "-" "Mozlila/5.0 (Linux; Android 7.0; SM-G892A Bulid/NRD90M; wv) AppleWebKit/537.36 (KHTML, like Gecko) Version/4.0 Chrome/60.0.3112.107 Moblie Safari/537.36"
45.134.225.130 - - [15/Mar/2025:00:17:22 +0700] "GET /wp-includes//wp-includes/class-pop3.php HTTP/1.1" 403 1242 "-" "Mozlila/5.0 (Linux; Android 7.0; SM-G892A Bulid/NRD90M; wv) AppleWebKit/537.36 (KHTML, like Gecko) Version/4.0 Chrome/60.0.3112.107 Moblie Safari/537.36"
66.249.71.9 - - [15/Mar/2025:00:17:22 +0700] "GET /portable/shopping/3225120807.shtm HTTP/1.1" 200 19734 "-" "Mozilla/5.0 (Linux; Android 6.0.1; Nexus 5X Build/MMB29P) AppleWebKit/537.36 (KHTML, like Gecko) Chrome/133.0.6943.141 Mobile Safari/537.36 (compatible; GoogleOther)"
45.134.225.130 - - [15/Mar/2025:00:17:27 +0700] "GET /wp-includes//wp-includes/class-requests.php HTTP/1.1" 403 1242 "-" "Mozlila/5.0 (Linux; Android 7.0; SM-G892A Bulid/NRD90M; wv) AppleWebKit/537.36 (KHTML, like Gecko) Version/4.0 Chrome/60.0.3112.107 Moblie Safari/537.36"
45.134.225.130 - - [15/Mar/2025:00:17:32 +0700] "GET /wp-includes//wp-includes/class-simplepie.php HTTP/1.1" 403 1242 "-" "Mozlila/5.0 (Linux; Android 7.0; SM-G892A Bulid/NRD90M; wv) AppleWebKit/537.36 (KHTML, like Gecko) Version/4.0 Chrome/60.0.3112.107 Moblie Safari/537.36"
45.134.225.130 - - [15/Mar/2025:00:17:36 +0700] "GET /wp-includes//wp-includes/class-smtp.php HTTP/1.1" 403 1242 "-" "Mozlila/5.0 (Linux; Android 7.0; SM-G892A Bulid/NRD90M; wv) AppleWebKit/537.36 (KHTML, like Gecko) Version/4.0 Chrome/60.0.3112.107 Moblie Safari/537.36"
45.134.225.130 - - [15/Mar/2025:00:17:40 +0700] "GET /wp-includes//wp-includes/class-snoopy.php HTTP/1.1" 403 1242 "-" "Mozlila/5.0 (Linux; Android 7.0; SM-G892A Bulid/NRD90M; wv) AppleWebKit/537.36 (KHTML, like Gecko) Version/4.0 Chrome/60.0.3112.107 Moblie Safari/537.36"
45.134.225.130 - - [15/Mar/2025:00:17:44 +0700] "GET /wp-includes//wp-includes/class-walker-category-dropdown.php HTTP/1.1" 403 1242 "-" "Mozlila/5.0 (Linux; Android 7.0; SM-G892A Bulid/NRD90M; wv) AppleWebKit/537.36 (KHTML, like Gecko) Version/4.0 Chrome/60.0.3112.107 Moblie Safari/537.36"
45.134.225.130 - - [15/Mar/2025:00:17:49 +0700] "GET /wp-includes//wp-includes/class-walker-category.php HTTP/1.1" 403 1242 "-" "Mozlila/5.0 (Linux; Android 7.0; SM-G892A Bulid/NRD90M; wv) AppleWebKit/537.36 (KHTML, like Gecko) Version/4.0 Chrome/60.0.3112.107 Moblie Safari/537.36"
45.134.225.130 - - [15/Mar/2025:00:17:54 +0700] "GET /wp-includes//wp-includes/class-walker-comment.php HTTP/1.1" 403 1242 "-" "Mozlila/5.0 (Linux; Android 7.0; SM-G892A Bulid/NRD90M; wv) AppleWebKit/537.36 (KHTML, like Gecko) Version/4.0 Chrome/60.0.3112.107 Moblie Safari/537.36"
45.134.225.130 - - [15/Mar/2025:00:17:58 +0700] "GET /wp-includes//wp-includes/class-walker-nav-menu.php HTTP/1.1" 403 1242 "-" "Mozlila/5.0 (Linux; Android 7.0; SM-G892A Bulid/NRD90M; wv) AppleWebKit/537.36 (KHTML, like Gecko) Version/4.0 Chrome/60.0.3112.107 Moblie Safari/537.36"
45.134.225.130 - - [15/Mar/2025:00:18:03 +0700] "GET /wp-includes//wp-includes/class-walker-page-dropdown.php HTTP/1.1" 403 1242 "-" "Mozlila/5.0 (Linux; Android 7.0; SM-G892A Bulid/NRD90M; wv) AppleWebKit/537.36 (KHTML, like Gecko) Version/4.0 Chrome/60.0.3112.107 Moblie Safari/537.36"
45.134.225.130 - - [15/Mar/2025:00:18:08 +0700] "GET /wp-includes//wp-includes/class-walker-page.php HTTP/1.1" 403 1242 "-" "Mozlila/5.0 (Linux; Android 7.0; SM-G892A Bulid/NRD90M; wv) AppleWebKit/537.36 (KHTML, like Gecko) Version/4.0 Chrome/60.0.3112.107 Moblie Safari/537.36"
45.134.225.130 - - [15/Mar/2025:00:18:14 +0700] "GET /wp-includes//wp-includes/class-wp-admin-bar.php HTTP/1.1" 403 1242 "-" "Mozlila/5.0 (Linux; Android 7.0; SM-G892A Bulid/NRD90M; wv) AppleWebKit/537.36 (KHTML, like Gecko) Version/4.0 Chrome/60.0.3112.107 Moblie Safari/537.36"
45.134.225.130 - - [15/Mar/2025:00:18:18 +0700] "GET /wp-includes//wp-includes/class-wp-ajax-response.php HTTP/1.1" 403 1242 "-" "Mozlila/5.0 (Linux; Android 7.0; SM-G892A Bulid/NRD90M; wv) AppleWebKit/537.36 (KHTML, like Gecko) Version/4.0 Chrome/60.0.3112.107 Moblie Safari/537.36"
45.134.225.130 - - [15/Mar/2025:00:18:21 +0700] "GET /wp-includes//wp-includes/class-wp-application-passwords.php HTTP/1.1" 403 1242 "-" "Mozlila/5.0 (Linux; Android 7.0; SM-G892A Bulid/NRD90M; wv) AppleWebKit/537.36 (KHTML, like Gecko) Version/4.0 Chrome/60.0.3112.107 Moblie Safari/537.36"
45.134.225.130 - - [15/Mar/2025:00:18:25 +0700] "GET /wp-includes//wp-includes/class-wp-block-bindings-registry.php HTTP/1.1" 403 1242 "-" "Mozlila/5.0 (Linux; Android 7.0; SM-G892A Bulid/NRD90M; wv) AppleWebKit/537.36 (KHTML, like Gecko) Version/4.0 Chrome/60.0.3112.107 Moblie Safari/537.36"
45.134.225.130 - - [15/Mar/2025:00:18:30 +0700] "GET /wp-includes//wp-includes/class-wp-block-bindings-source.php HTTP/1.1" 403 1242 "-" "Mozlila/5.0 (Linux; Android 7.0; SM-G892A Bulid/NRD90M; wv) AppleWebKit/537.36 (KHTML, like Gecko) Version/4.0 Chrome/60.0.3112.107 Moblie Safari/537.36"
45.134.225.130 - - [15/Mar/2025:00:18:34 +0700] "GET /wp-includes//wp-includes/class-wp-block-editor-context.php HTTP/1.1" 403 1242 "-" "Mozlila/5.0 (Linux; Android 7.0; SM-G892A Bulid/NRD90M; wv) AppleWebKit/537.36 (KHTML, like Gecko) Version/4.0 Chrome/60.0.3112.107 Moblie Safari/537.36"
45.134.225.130 - - [15/Mar/2025:00:18:37 +0700] "GET /wp-includes//wp-includes/class-wp-block-list.php HTTP/1.1" 403 1242 "-" "Mozlila/5.0 (Linux; Android 7.0; SM-G892A Bulid/NRD90M; wv) AppleWebKit/537.36 (KHTML, like Gecko) Version/4.0 Chrome/60.0.3112.107 Moblie Safari/537.36"
45.134.225.130 - - [15/Mar/2025:00:18:42 +0700] "GET /wp-includes//wp-includes/class-wp-block-metadata-registry.php HTTP/1.1" 403 1242 "-" "Mozlila/5.0 (Linux; Android 7.0; SM-G892A Bulid/NRD90M; wv) AppleWebKit/537.36 (KHTML, like Gecko) Version/4.0 Chrome/60.0.3112.107 Moblie Safari/537.36"
45.134.225.130 - - [15/Mar/2025:00:18:46 +0700] "GET /wp-includes//wp-includes/class-wp-block-parser-block.php HTTP/1.1" 403 1242 "-" "Mozlila/5.0 (Linux; Android 7.0; SM-G892A Bulid/NRD90M; wv) AppleWebKit/537.36 (KHTML, like Gecko) Version/4.0 Chrome/60.0.3112.107 Moblie Safari/537.36"
45.134.225.130 - - [15/Mar/2025:00:18:50 +0700] "GET /wp-includes//wp-includes/class-wp-block-parser-frame.php HTTP/1.1" 403 1242 "-" "Mozlila/5.0 (Linux; Android 7.0; SM-G892A Bulid/NRD90M; wv) AppleWebKit/537.36 (KHTML, like Gecko) Version/4.0 Chrome/60.0.3112.107 Moblie Safari/537.36"
45.134.225.130 - - [15/Mar/2025:00:18:54 +0700] "GET /wp-includes//wp-includes/class-wp-block-parser.php HTTP/1.1" 403 1242 "-" "Mozlila/5.0 (Linux; Android 7.0; SM-G892A Bulid/NRD90M; wv) AppleWebKit/537.36 (KHTML, like Gecko) Version/4.0 Chrome/60.0.3112.107 Moblie Safari/537.36"
45.134.225.130 - - [15/Mar/2025:00:18:58 +0700] "GET /wp-includes//wp-includes/class-wp-block-pattern-categories-registry.php HTTP/1.1" 403 1242 "-" "Mozlila/5.0 (Linux; Android 7.0; SM-G892A Bulid/NRD90M; wv) AppleWebKit/537.36 (KHTML, like Gecko) Version/4.0 Chrome/60.0.3112.107 Moblie Safari/537.36"
45.134.225.130 - - [15/Mar/2025:00:19:03 +0700] "GET /wp-includes//wp-includes/class-wp-block-patterns-registry.php HTTP/1.1" 403 1242 "-" "Mozlila/5.0 (Linux; Android 7.0; SM-G892A Bulid/NRD90M; wv) AppleWebKit/537.36 (KHTML, like Gecko) Version/4.0 Chrome/60.0.3112.107 Moblie Safari/537.36"
66.249.75.229 - - [15/Mar/2025:00:19:02 +0700] "GET /kaden.html HTTP/1.1" 200 19751 "-" "Mozilla/5.0 (Linux; Android 6.0.1; Nexus 5X Build/MMB29P) AppleWebKit/537.36 (KHTML, like Gecko) Chrome/133.0.6943.141 Mobile Safari/537.36 (compatible; GoogleOther)"
45.134.225.130 - - [15/Mar/2025:00:19:07 +0700] "GET /wp-includes//wp-includes/class-wp-block-styles-registry.php HTTP/1.1" 403 1242 "-" "Mozlila/5.0 (Linux; Android 7.0; SM-G892A Bulid/NRD90M; wv) AppleWebKit/537.36 (KHTML, like Gecko) Version/4.0 Chrome/60.0.3112.107 Moblie Safari/537.36"
45.134.225.130 - - [15/Mar/2025:00:19:10 +0700] "GET /wp-includes//wp-includes/class-wp-block-supports.php HTTP/1.1" 403 1242 "-" "Mozlila/5.0 (Linux; Android 7.0; SM-G892A Bulid/NRD90M; wv) AppleWebKit/537.36 (KHTML, like Gecko) Version/4.0 Chrome/60.0.3112.107 Moblie Safari/537.36"
45.134.225.130 - - [15/Mar/2025:00:19:14 +0700] "GET /wp-includes//wp-includes/class-wp-block-template.php HTTP/1.1" 403 1242 "-" "Mozlila/5.0 (Linux; Android 7.0; SM-G892A Bulid/NRD90M; wv) AppleWebKit/537.36 (KHTML, like Gecko) Version/4.0 Chrome/60.0.3112.107 Moblie Safari/537.36"
45.134.225.130 - - [15/Mar/2025:00:19:22 +0700] "GET /wp-includes//wp-includes/class-wp-block-templates-registry.php HTTP/1.1" 403 1242 "-" "Mozlila/5.0 (Linux; Android 7.0; SM-G892A Bulid/NRD90M; wv) AppleWebKit/537.36 (KHTML, like Gecko) Version/4.0 Chrome/60.0.3112.107 Moblie Safari/537.36"
45.134.225.130 - - [15/Mar/2025:00:19:24 +0700] "GET /wp-includes//wp-includes/class-wp-block-type-registry.php HTTP/1.1" 403 1242 "-" "Mozlila/5.0 (Linux; Android 7.0; SM-G892A Bulid/NRD90M; wv) AppleWebKit/537.36 (KHTML, like Gecko) Version/4.0 Chrome/60.0.3112.107 Moblie Safari/537.36"
66.249.71.9 - - [15/Mar/2025:00:19:25 +0700] "GET /rival/3225429536.shtm HTTP/1.1" 200 20170 "-" "Mozilla/5.0 (Linux; Android 6.0.1; Nexus 5X Build/MMB29P) AppleWebKit/537.36 (KHTML, like Gecko) Chrome/133.0.6943.141 Mobile Safari/537.36 (compatible; GoogleOther)"
45.134.225.130 - - [15/Mar/2025:00:19:27 +0700] "GET /wp-includes//wp-includes/class-wp-block-type.php HTTP/1.1" 403 1242 "-" "Mozlila/5.0 (Linux; Android 7.0; SM-G892A Bulid/NRD90M; wv) AppleWebKit/537.36 (KHTML, like Gecko) Version/4.0 Chrome/60.0.3112.107 Moblie Safari/537.36"
45.134.225.130 - - [15/Mar/2025:00:19:31 +0700] "GET /wp-includes//wp-includes/class-wp-block.php HTTP/1.1" 403 1242 "-" "Mozlila/5.0 (Linux; Android 7.0; SM-G892A Bulid/NRD90M; wv) AppleWebKit/537.36 (KHTML, like Gecko) Version/4.0 Chrome/60.0.3112.107 Moblie Safari/537.36"
45.134.225.130 - - [15/Mar/2025:00:19:36 +0700] "GET /wp-includes//wp-includes/class-wp-classic-to-block-menu-converter.php HTTP/1.1" 403 1242 "-" "Mozlila/5.0 (Linux; Android 7.0; SM-G892A Bulid/NRD90M; wv) AppleWebKit/537.36 (KHTML, like Gecko) Version/4.0 Chrome/60.0.3112.107 Moblie Safari/537.36"
45.134.225.130 - - [15/Mar/2025:00:19:39 +0700] "GET /wp-includes//wp-includes/class-wp-comment-query.php HTTP/1.1" 403 1242 "-" "Mozlila/5.0 (Linux; Android 7.0; SM-G892A Bulid/NRD90M; wv) AppleWebKit/537.36 (KHTML, like Gecko) Version/4.0 Chrome/60.0.3112.107 Moblie Safari/537.36"
45.134.225.130 - - [15/Mar/2025:00:19:41 +0700] "GET /wp-includes//wp-includes/class-wp-comment.php HTTP/1.1" 403 1242 "-" "Mozlila/5.0 (Linux; Android 7.0; SM-G892A Bulid/NRD90M; wv) AppleWebKit/537.36 (KHTML, like Gecko) Version/4.0 Chrome/60.0.3112.107 Moblie Safari/537.36"
45.134.225.130 - - [15/Mar/2025:00:19:44 +0700] "GET /wp-includes//wp-includes/class-wp-customize-control.php HTTP/1.1" 403 1242 "-" "Mozlila/5.0 (Linux; Android 7.0; SM-G892A Bulid/NRD90M; wv) AppleWebKit/537.36 (KHTML, like Gecko) Version/4.0 Chrome/60.0.3112.107 Moblie Safari/537.36"
45.134.225.130 - - [15/Mar/2025:00:19:51 +0700] "GET /wp-includes//wp-includes/class-wp-customize-manager.php HTTP/1.1" 403 1242 "-" "Mozlila/5.0 (Linux; Android 7.0; SM-G892A Bulid/NRD90M; wv) AppleWebKit/537.36 (KHTML, like Gecko) Version/4.0 Chrome/60.0.3112.107 Moblie Safari/537.36"
45.134.225.130 - - [15/Mar/2025:00:19:56 +0700] "GET /wp-includes//wp-includes/class-wp-customize-nav-menus.php HTTP/1.1" 403 1242 "-" "Mozlila/5.0 (Linux; Android 7.0; SM-G892A Bulid/NRD90M; wv) AppleWebKit/537.36 (KHTML, like Gecko) Version/4.0 Chrome/60.0.3112.107 Moblie Safari/537.36"
45.134.225.130 - - [15/Mar/2025:00:20:00 +0700] "GET /wp-includes//wp-includes/class-wp-customize-panel.php HTTP/1.1" 403 1242 "-" "Mozlila/5.0 (Linux; Android 7.0; SM-G892A Bulid/NRD90M; wv) AppleWebKit/537.36 (KHTML, like Gecko) Version/4.0 Chrome/60.0.3112.107 Moblie Safari/537.36"
45.134.225.130 - - [15/Mar/2025:00:20:03 +0700] "GET /wp-includes//wp-includes/class-wp-customize-section.php HTTP/1.1" 403 1242 "-" "Mozlila/5.0 (Linux; Android 7.0; SM-G892A Bulid/NRD90M; wv) AppleWebKit/537.36 (KHTML, like Gecko) Version/4.0 Chrome/60.0.3112.107 Moblie Safari/537.36"
45.134.225.130 - - [15/Mar/2025:00:20:07 +0700] "GET /wp-includes//wp-includes/class-wp-customize-setting.php HTTP/1.1" 403 1242 "-" "Mozlila/5.0 (Linux; Android 7.0; SM-G892A Bulid/NRD90M; wv) AppleWebKit/537.36 (KHTML, like Gecko) Version/4.0 Chrome/60.0.3112.107 Moblie Safari/537.36"
45.134.225.130 - - [15/Mar/2025:00:20:11 +0700] "GET /wp-includes//wp-includes/class-wp-customize-widgets.php HTTP/1.1" 403 1242 "-" "Mozlila/5.0 (Linux; Android 7.0; SM-G892A Bulid/NRD90M; wv) AppleWebKit/537.36 (KHTML, like Gecko) Version/4.0 Chrome/60.0.3112.107 Moblie Safari/537.36"
45.134.225.130 - - [15/Mar/2025:00:20:15 +0700] "GET /wp-includes//wp-includes/class-wp-date-query.php HTTP/1.1" 403 1242 "-" "Mozlila/5.0 (Linux; Android 7.0; SM-G892A Bulid/NRD90M; wv) AppleWebKit/537.36 (KHTML, like Gecko) Version/4.0 Chrome/60.0.3112.107 Moblie Safari/537.36"
66.249.71.2 - - [15/Mar/2025:00:20:14 +0700] "GET /unabridged/32292196362.shtm HTTP/1.1" 200 20591 "-" "Mozilla/5.0 (Linux; Android 6.0.1; Nexus 5X Build/MMB29P) AppleWebKit/537.36 (KHTML, like Gecko) Chrome/133.0.6943.141 Mobile Safari/537.36 (compatible; GoogleOther)"
45.134.225.130 - - [15/Mar/2025:00:20:19 +0700] "GET /wp-includes//wp-includes/class-wp-dependencies.php HTTP/1.1" 403 1242 "-" "Mozlila/5.0 (Linux; Android 7.0; SM-G892A Bulid/NRD90M; wv) AppleWebKit/537.36 (KHTML, like Gecko) Version/4.0 Chrome/60.0.3112.107 Moblie Safari/537.36"
45.134.225.130 - - [15/Mar/2025:00:20:23 +0700] "GET /wp-includes//wp-includes/class-wp-dependency.php HTTP/1.1" 403 1242 "-" "Mozlila/5.0 (Linux; Android 7.0; SM-G892A Bulid/NRD90M; wv) AppleWebKit/537.36 (KHTML, like Gecko) Version/4.0 Chrome/60.0.3112.107 Moblie Safari/537.36"
45.134.225.130 - - [15/Mar/2025:00:20:27 +0700] "GET /wp-includes//wp-includes/class-wp-duotone.php HTTP/1.1" 403 1242 "-" "Mozlila/5.0 (Linux; Android 7.0; SM-G892A Bulid/NRD90M; wv) AppleWebKit/537.36 (KHTML, like Gecko) Version/4.0 Chrome/60.0.3112.107 Moblie Safari/537.36"
45.134.225.130 - - [15/Mar/2025:00:20:31 +0700] "GET /wp-includes//wp-includes/class-wp-editor.php HTTP/1.1" 403 1242 "-" "Mozlila/5.0 (Linux; Android 7.0; SM-G892A Bulid/NRD90M; wv) AppleWebKit/537.36 (KHTML, like Gecko) Version/4.0 Chrome/60.0.3112.107 Moblie Safari/537.36"
17.241.219.216 - - [15/Mar/2025:00:20:36 +0700] "GET /ms/blog/management/strategi/meningkatkan-omset-bisnis-dengan-membangun-website-penjualan-yang-responsif HTTP/1.1" 404 3380 "-" "Mozilla/5.0 (Macintosh; Intel Mac OS X 10_15_7) AppleWebKit/605.1.15 (KHTML, like Gecko) Version/17.4 Safari/605.1.15 (Applebot/0.1; +http://www.apple.com/go/applebot)"
45.134.225.130 - - [15/Mar/2025:00:20:44 +0700] "GET /wp-includes//wp-includes/class-wp-embed.php HTTP/1.1" 403 1242 "-" "Mozlila/5.0 (Linux; Android 7.0; SM-G892A Bulid/NRD90M; wv) AppleWebKit/537.36 (KHTML, like Gecko) Version/4.0 Chrome/60.0.3112.107 Moblie Safari/537.36"
45.134.225.130 - - [15/Mar/2025:00:20:49 +0700] "GET /wp-includes//wp-includes/class-wp-error.php HTTP/1.1" 403 1242 "-" "Mozlila/5.0 (Linux; Android 7.0; SM-G892A Bulid/NRD90M; wv) AppleWebKit/537.36 (KHTML, like Gecko) Version/4.0 Chrome/60.0.3112.107 Moblie Safari/537.36"
45.134.225.130 - - [15/Mar/2025:00:20:53 +0700] "GET /wp-includes//wp-includes/class-wp-exception.php HTTP/1.1" 403 1242 "-" "Mozlila/5.0 (Linux; Android 7.0; SM-G892A Bulid/NRD90M; wv) AppleWebKit/537.36 (KHTML, like Gecko) Version/4.0 Chrome/60.0.3112.107 Moblie Safari/537.36"
45.134.225.130 - - [15/Mar/2025:00:20:58 +0700] "GET /wp-includes//wp-includes/class-wp-fatal-error-handler.php HTTP/1.1" 403 1242 "-" "Mozlila/5.0 (Linux; Android 7.0; SM-G892A Bulid/NRD90M; wv) AppleWebKit/537.36 (KHTML, like Gecko) Version/4.0 Chrome/60.0.3112.107 Moblie Safari/537.36"
45.134.225.130 - - [15/Mar/2025:00:21:02 +0700] "GET /wp-includes//wp-includes/class-wp-feed-cache-transient.php HTTP/1.1" 403 1242 "-" "Mozlila/5.0 (Linux; Android 7.0; SM-G892A Bulid/NRD90M; wv) AppleWebKit/537.36 (KHTML, like Gecko) Version/4.0 Chrome/60.0.3112.107 Moblie Safari/537.36"
45.134.225.130 - - [15/Mar/2025:00:21:07 +0700] "GET /wp-includes//wp-includes/class-wp-feed-cache.php HTTP/1.1" 403 1242 "-" "Mozlila/5.0 (Linux; Android 7.0; SM-G892A Bulid/NRD90M; wv) AppleWebKit/537.36 (KHTML, like Gecko) Version/4.0 Chrome/60.0.3112.107 Moblie Safari/537.36"
45.134.225.130 - - [15/Mar/2025:00:21:12 +0700] "GET /wp-includes//wp-includes/class-wp-hook.php HTTP/1.1" 403 1242 "-" "Mozlila/5.0 (Linux; Android 7.0; SM-G892A Bulid/NRD90M; wv) AppleWebKit/537.36 (KHTML, like Gecko) Version/4.0 Chrome/60.0.3112.107 Moblie Safari/537.36"
45.134.225.130 - - [15/Mar/2025:00:21:20 +0700] "GET /wp-includes//wp-includes/class-wp-http-cookie.php HTTP/1.1" 403 1242 "-" "Mozlila/5.0 (Linux; Android 7.0; SM-G892A Bulid/NRD90M; wv) AppleWebKit/537.36 (KHTML, like Gecko) Version/4.0 Chrome/60.0.3112.107 Moblie Safari/537.36"
45.134.225.130 - - [15/Mar/2025:00:21:24 +0700] "GET /wp-includes//wp-includes/class-wp-http-curl.php HTTP/1.1" 403 1242 "-" "Mozlila/5.0 (Linux; Android 7.0; SM-G892A Bulid/NRD90M; wv) AppleWebKit/537.36 (KHTML, like Gecko) Version/4.0 Chrome/60.0.3112.107 Moblie Safari/537.36"
34.90.50.133 - - [15/Mar/2025:00:21:23 +0700] "GET / HTTP/1.1" 301 0 "-" "Mozilla/5.0 (Macintosh; Intel Mac OS X 15_3_1) AppleWebKit/537.36 (KHTML, like Gecko) Chrome/133.0.6943.128 Safari/537.36"
45.134.225.130 - - [15/Mar/2025:00:21:28 +0700] "GET /wp-includes//wp-includes/class-wp-http-encoding.php HTTP/1.1" 403 1242 "-" "Mozlila/5.0 (Linux; Android 7.0; SM-G892A Bulid/NRD90M; wv) AppleWebKit/537.36 (KHTML, like Gecko) Version/4.0 Chrome/60.0.3112.107 Moblie Safari/537.36"
45.134.225.130 - - [15/Mar/2025:00:21:32 +0700] "GET /wp-includes//wp-includes/class-wp-http-ixr-client.php HTTP/1.1" 403 1242 "-" "Mozlila/5.0 (Linux; Android 7.0; SM-G892A Bulid/NRD90M; wv) AppleWebKit/537.36 (KHTML, like Gecko) Version/4.0 Chrome/60.0.3112.107 Moblie Safari/537.36"
45.134.225.130 - - [15/Mar/2025:00:21:36 +0700] "GET /wp-includes//wp-includes/class-wp-http-proxy.php HTTP/1.1" 403 1242 "-" "Mozlila/5.0 (Linux; Android 7.0; SM-G892A Bulid/NRD90M; wv) AppleWebKit/537.36 (KHTML, like Gecko) Version/4.0 Chrome/60.0.3112.107 Moblie Safari/537.36"
45.134.225.130 - - [15/Mar/2025:00:21:39 +0700] "GET /wp-includes//wp-includes/class-wp-http-requests-hooks.php HTTP/1.1" 403 1242 "-" "Mozlila/5.0 (Linux; Android 7.0; SM-G892A Bulid/NRD90M; wv) AppleWebKit/537.36 (KHTML, like Gecko) Version/4.0 Chrome/60.0.3112.107 Moblie Safari/537.36"
45.134.225.130 - - [15/Mar/2025:00:21:43 +0700] "GET /wp-includes//wp-includes/class-wp-http-requests-response.php HTTP/1.1" 403 1242 "-" "Mozlila/5.0 (Linux; Android 7.0; SM-G892A Bulid/NRD90M; wv) AppleWebKit/537.36 (KHTML, like Gecko) Version/4.0 Chrome/60.0.3112.107 Moblie Safari/537.36"
45.134.225.130 - - [15/Mar/2025:00:21:48 +0700] "GET /wp-includes//wp-includes/class-wp-http-response.php HTTP/1.1" 403 1242 "-" "Mozlila/5.0 (Linux; Android 7.0; SM-G892A Bulid/NRD90M; wv) AppleWebKit/537.36 (KHTML, like Gecko) Version/4.0 Chrome/60.0.3112.107 Moblie Safari/537.36"
45.134.225.130 - - [15/Mar/2025:00:21:52 +0700] "GET /wp-includes//wp-includes/class-wp-http-streams.php HTTP/1.1" 403 1242 "-" "Mozlila/5.0 (Linux; Android 7.0; SM-G892A Bulid/NRD90M; wv) AppleWebKit/537.36 (KHTML, like Gecko) Version/4.0 Chrome/60.0.3112.107 Moblie Safari/537.36"
45.134.225.130 - - [15/Mar/2025:00:21:56 +0700] "GET /wp-includes//wp-includes/class-wp-http.php HTTP/1.1" 403 1242 "-" "Mozlila/5.0 (Linux; Android 7.0; SM-G892A Bulid/NRD90M; wv) AppleWebKit/537.36 (KHTML, like Gecko) Version/4.0 Chrome/60.0.3112.107 Moblie Safari/537.36"
45.134.225.130 - - [15/Mar/2025:00:22:00 +0700] "GET /wp-includes//wp-includes/class-wp-image-editor-gd.php HTTP/1.1" 403 1242 "-" "Mozlila/5.0 (Linux; Android 7.0; SM-G892A Bulid/NRD90M; wv) AppleWebKit/537.36 (KHTML, like Gecko) Version/4.0 Chrome/60.0.3112.107 Moblie Safari/537.36"
45.134.225.130 - - [15/Mar/2025:00:22:04 +0700] "GET /wp-includes//wp-includes/class-wp-image-editor-imagick.php HTTP/1.1" 403 1242 "-" "Mozlila/5.0 (Linux; Android 7.0; SM-G892A Bulid/NRD90M; wv) AppleWebKit/537.36 (KHTML, like Gecko) Version/4.0 Chrome/60.0.3112.107 Moblie Safari/537.36"
45.134.225.130 - - [15/Mar/2025:00:22:07 +0700] "GET /wp-includes//wp-includes/class-wp-image-editor.php HTTP/1.1" 403 1242 "-" "Mozlila/5.0 (Linux; Android 7.0; SM-G892A Bulid/NRD90M; wv) AppleWebKit/537.36 (KHTML, like Gecko) Version/4.0 Chrome/60.0.3112.107 Moblie Safari/537.36"
45.134.225.130 - - [15/Mar/2025:00:22:11 +0700] "GET /wp-includes//wp-includes/class-wp-list-util.php HTTP/1.1" 403 1242 "-" "Mozlila/5.0 (Linux; Android 7.0; SM-G892A Bulid/NRD90M; wv) AppleWebKit/537.36 (KHTML, like Gecko) Version/4.0 Chrome/60.0.3112.107 Moblie Safari/537.36"
45.134.225.130 - - [15/Mar/2025:00:22:14 +0700] "GET /wp-includes//wp-includes/class-wp-locale-switcher.php HTTP/1.1" 403 1242 "-" "Mozlila/5.0 (Linux; Android 7.0; SM-G892A Bulid/NRD90M; wv) AppleWebKit/537.36 (KHTML, like Gecko) Version/4.0 Chrome/60.0.3112.107 Moblie Safari/537.36"
45.134.225.130 - - [15/Mar/2025:00:22:16 +0700] "GET /wp-includes//wp-includes/class-wp-locale.php HTTP/1.1" 403 1242 "-" "Mozlila/5.0 (Linux; Android 7.0; SM-G892A Bulid/NRD90M; wv) AppleWebKit/537.36 (KHTML, like Gecko) Version/4.0 Chrome/60.0.3112.107 Moblie Safari/537.36"
