57.141.3.7 - - [14/Mar/2025:20:03:38 +0700] "GET /ms/blog/introduction-to-digital/membuat-website-e-commerce-yang-menguntungkan/ HTTP/1.1" 404 11504 "-" "meta-externalagent/1.1 (+https://developers.facebook.com/docs/sharing/webmasters/crawler)"
146.190.99.254 - - [14/Mar/2025:20:03:37 +0700] "GET /utchiha.phP HTTP/1.1" 301 0 "www.google.com" "Mozlila/5.0 (Linux; Android 7.0; SM-G892A Bulid/NRD90M; wv) AppleWebKit/537.36 (KHTML, like Gecko) Version/4.0 Chrome/60.0.3112.107 Moblie Safari/537.36"
57.141.3.8 - - [14/Mar/2025:20:03:45 +0700] "GET /ms/blog/category/kewirausahaan HTTP/1.1" 404 11504 "-" "meta-externalagent/1.1 (+https://developers.facebook.com/docs/sharing/webmasters/crawler)"
146.190.99.254 - - [14/Mar/2025:20:03:48 +0700] "GET /v3.php HTTP/1.1" 301 0 "www.google.com" "Mozlila/5.0 (Linux; Android 7.0; SM-G892A Bulid/NRD90M; wv) AppleWebKit/537.36 (KHTML, like Gecko) Version/4.0 Chrome/60.0.3112.107 Moblie Safari/537.36"
57.141.3.3 - - [14/Mar/2025:20:03:48 +0700] "GET /ms/blog/category/management HTTP/1.1" 404 11504 "-" "meta-externalagent/1.1 (+https://developers.facebook.com/docs/sharing/webmasters/crawler)"
146.190.99.254 - - [14/Mar/2025:20:03:52 +0700] "GET /v4.php HTTP/1.1" 301 0 "www.google.com" "Mozlila/5.0 (Linux; Android 7.0; SM-G892A Bulid/NRD90M; wv) AppleWebKit/537.36 (KHTML, like Gecko) Version/4.0 Chrome/60.0.3112.107 Moblie Safari/537.36"
180.235.151.3 - - [14/Mar/2025:20:04:00 +0700] "POST /wp-cron.php?doing_wp_cron=1741957440.4474720954895019531250 HTTP/1.1" 403 1242 "-" "WordPress/6.7.2; https://www.aturtoko.id"
57.141.3.10 - - [14/Mar/2025:20:03:55 +0700] "GET /en/blog/tag/strategi-marketing/ HTTP/1.1" 404 11504 "-" "meta-externalagent/1.1 (+https://developers.facebook.com/docs/sharing/webmasters/crawler)"
146.190.99.254 - - [14/Mar/2025:20:03:56 +0700] "GET /vuln.php HTTP/1.1" 301 0 "www.google.com" "Mozlila/5.0 (Linux; Android 7.0; SM-G892A Bulid/NRD90M; wv) AppleWebKit/537.36 (KHTML, like Gecko) Version/4.0 Chrome/60.0.3112.107 Moblie Safari/537.36"
57.141.3.5 - - [14/Mar/2025:20:03:59 +0700] "GET /en/blog/kewirausahaan/business-opportunity/5-ide-bisnis-online-menjanjikan-di-tahun-2022 HTTP/1.1" 404 11504 "-" "meta-externalagent/1.1 (+https://developers.facebook.com/docs/sharing/webmasters/crawler)"
216.244.66.248 - - [14/Mar/2025:20:04:00 +0700] "GET /ms/blog/tag/barcode/feed HTTP/1.1" 404 11504 "-" "Mozilla/5.0 (compatible; DotBot/1.2; +https://opensiteexplorer.org/dotbot; help@moz.com)"
57.141.3.6 - - [14/Mar/2025:20:04:08 +0700] "GET /en/cara-jualan-di-shopee/shopee-express-jenis-layanan-ketentuan-durasi-pengiriman-dan-cashback HTTP/1.1" 404 11504 "-" "meta-externalagent/1.1 (+https://developers.facebook.com/docs/sharing/webmasters/crawler)"
146.190.99.254 - - [14/Mar/2025:20:04:05 +0700] "GET /w3llstore.php HTTP/1.1" 301 0 "www.google.com" "Mozlila/5.0 (Linux; Android 7.0; SM-G892A Bulid/NRD90M; wv) AppleWebKit/537.36 (KHTML, like Gecko) Version/4.0 Chrome/60.0.3112.107 Moblie Safari/537.36"
146.190.99.254 - - [14/Mar/2025:20:04:14 +0700] "GET /wp-2019.php HTTP/1.1" 301 0 "www.google.com" "Mozlila/5.0 (Linux; Android 7.0; SM-G892A Bulid/NRD90M; wv) AppleWebKit/537.36 (KHTML, like Gecko) Version/4.0 Chrome/60.0.3112.107 Moblie Safari/537.36"
66.249.71.9 - - [14/Mar/2025:20:04:16 +0700] "GET /mathematical/product/32292224209.shtm HTTP/1.1" 200 19497 "-" "Mozilla/5.0 (Linux; Android 6.0.1; Nexus 5X Build/MMB29P) AppleWebKit/537.36 (KHTML, like Gecko) Chrome/133.0.6943.141 Mobile Safari/537.36 (compatible; GoogleOther)"
57.141.3.10 - - [14/Mar/2025:20:04:17 +0700] "GET /en/blog/tag/manfaat-website HTTP/1.1" 404 11504 "-" "meta-externalagent/1.1 (+https://developers.facebook.com/docs/sharing/webmasters/crawler)"
146.190.99.254 - - [14/Mar/2025:20:04:19 +0700] "GET /wp-admin.php HTTP/1.1" 301 0 "www.google.com" "Mozlila/5.0 (Linux; Android 7.0; SM-G892A Bulid/NRD90M; wv) AppleWebKit/537.36 (KHTML, like Gecko) Version/4.0 Chrome/60.0.3112.107 Moblie Safari/537.36"
57.141.3.12 - - [14/Mar/2025:20:04:20 +0700] "GET /ms/blog/tag/hak-cipta/ HTTP/1.1" 404 11504 "-" "meta-externalagent/1.1 (+https://developers.facebook.com/docs/sharing/webmasters/crawler)"
146.190.99.254 - - [14/Mar/2025:20:04:24 +0700] "GET /wp-content/mu-plugins-old/index.php HTTP/1.1" 301 0 "www.google.com" "Mozlila/5.0 (Linux; Android 7.0; SM-G892A Bulid/NRD90M; wv) AppleWebKit/537.36 (KHTML, like Gecko) Version/4.0 Chrome/60.0.3112.107 Moblie Safari/537.36"
57.141.3.17 - - [14/Mar/2025:20:04:26 +0700] "GET /en/blog/management/marketing/branding-dalam-bisnis-pengertian-manfaat-unsur-dan-strateginya/feed HTTP/1.1" 404 11504 "-" "meta-externalagent/1.1 (+https://developers.facebook.com/docs/sharing/webmasters/crawler)"
57.141.3.14 - - [14/Mar/2025:20:04:27 +0700] "GET /en/blog/tag/entrepreneurship/ HTTP/1.1" 404 11504 "-" "meta-externalagent/1.1 (+https://developers.facebook.com/docs/sharing/webmasters/crawler)"
146.190.99.254 - - [14/Mar/2025:20:04:29 +0700] "GET /wp-content/themes/twentytwentytwo/index.php HTTP/1.1" 301 0 "www.google.com" "Mozlila/5.0 (Linux; Android 7.0; SM-G892A Bulid/NRD90M; wv) AppleWebKit/537.36 (KHTML, like Gecko) Version/4.0 Chrome/60.0.3112.107 Moblie Safari/537.36"
66.249.71.9 - - [14/Mar/2025:20:04:36 +0700] "GET /concerto/3225453485.shtm HTTP/1.1" 200 20587 "-" "Mozilla/5.0 (Linux; Android 6.0.1; Nexus 5X Build/MMB29P) AppleWebKit/537.36 (KHTML, like Gecko) Chrome/133.0.6943.141 Mobile Safari/537.36 (compatible; GoogleOther)"
57.141.3.2 - - [14/Mar/2025:20:04:33 +0700] "GET /en/blog/digital-marketing/apa-itu-affiliate-marketing-jenis-jenis-tips-sukses-menjalankannya/feed HTTP/1.1" 404 11504 "-" "meta-externalagent/1.1 (+https://developers.facebook.com/docs/sharing/webmasters/crawler)"
57.141.3.16 - - [14/Mar/2025:20:04:35 +0700] "GET /ms/blog/tag/peluang-usaha/ HTTP/1.1" 404 11504 "-" "meta-externalagent/1.1 (+https://developers.facebook.com/docs/sharing/webmasters/crawler)"
146.190.99.254 - - [14/Mar/2025:20:04:39 +0700] "GET /wp-defaul.php HTTP/1.1" 301 0 "www.google.com" "Mozlila/5.0 (Linux; Android 7.0; SM-G892A Bulid/NRD90M; wv) AppleWebKit/537.36 (KHTML, like Gecko) Version/4.0 Chrome/60.0.3112.107 Moblie Safari/537.36"
146.190.99.254 - - [14/Mar/2025:20:04:45 +0700] "GET /wp-includes/fonts/dev.php HTTP/1.1" 404 1251 "www.google.com" "Mozlila/5.0 (Linux; Android 7.0; SM-G892A Bulid/NRD90M; wv) AppleWebKit/537.36 (KHTML, like Gecko) Version/4.0 Chrome/60.0.3112.107 Moblie Safari/537.36"
146.190.99.254 - - [14/Mar/2025:20:04:45 +0700] "GET /wp-includes/fonts/iq.php HTTP/1.1" 404 1251 "www.google.com" "Mozlila/5.0 (Linux; Android 7.0; SM-G892A Bulid/NRD90M; wv) AppleWebKit/537.36 (KHTML, like Gecko) Version/4.0 Chrome/60.0.3112.107 Moblie Safari/537.36"
146.190.99.254 - - [14/Mar/2025:20:04:45 +0700] "GET /wp-includes/fonts/iqb.php HTTP/1.1" 404 1251 "www.google.com" "Mozlila/5.0 (Linux; Android 7.0; SM-G892A Bulid/NRD90M; wv) AppleWebKit/537.36 (KHTML, like Gecko) Version/4.0 Chrome/60.0.3112.107 Moblie Safari/537.36"
146.190.99.254 - - [14/Mar/2025:20:04:45 +0700] "GET /wp-info.php HTTP/1.1" 301 0 "www.google.com" "Mozlila/5.0 (Linux; Android 7.0; SM-G892A Bulid/NRD90M; wv) AppleWebKit/537.36 (KHTML, like Gecko) Version/4.0 Chrome/60.0.3112.107 Moblie Safari/537.36"
146.190.99.254 - - [14/Mar/2025:20:04:50 +0700] "GET /wp-mails.php HTTP/1.1" 301 0 "www.google.com" "Mozlila/5.0 (Linux; Android 7.0; SM-G892A Bulid/NRD90M; wv) AppleWebKit/537.36 (KHTML, like Gecko) Version/4.0 Chrome/60.0.3112.107 Moblie Safari/537.36"
57.141.3.16 - - [14/Mar/2025:20:04:48 +0700] "GET /ms/blog/management/legal/cara-check-bi-checking-atau-slik-online-simak-langkah-langkahnya HTTP/1.1" 404 11504 "-" "meta-externalagent/1.1 (+https://developers.facebook.com/docs/sharing/webmasters/crawler)"
57.141.3.19 - - [14/Mar/2025:20:04:54 +0700] "GET /en/blog/lainnya/contoh-omnichannel-strategi-marketing-terbaik-di-era-digital HTTP/1.1" 404 11504 "-" "meta-externalagent/1.1 (+https://developers.facebook.com/docs/sharing/webmasters/crawler)"
146.190.99.254 - - [14/Mar/2025:20:04:55 +0700] "GET /wp-one.php HTTP/1.1" 301 0 "www.google.com" "Mozlila/5.0 (Linux; Android 7.0; SM-G892A Bulid/NRD90M; wv) AppleWebKit/537.36 (KHTML, like Gecko) Version/4.0 Chrome/60.0.3112.107 Moblie Safari/537.36"
146.190.99.254 - - [14/Mar/2025:20:05:00 +0700] "GET /wp-pluging.php HTTP/1.1" 301 0 "www.google.com" "Mozlila/5.0 (Linux; Android 7.0; SM-G892A Bulid/NRD90M; wv) AppleWebKit/537.36 (KHTML, like Gecko) Version/4.0 Chrome/60.0.3112.107 Moblie Safari/537.36"
57.141.3.9 - - [14/Mar/2025:20:05:02 +0700] "GET /en/blog/management/hrd/mengenal-analisis-jabatan-dalam-perusahaan-tips-proses-rekrutmen/feed HTTP/1.1" 404 11504 "-" "meta-externalagent/1.1 (+https://developers.facebook.com/docs/sharing/webmasters/crawler)"
146.190.99.254 - - [14/Mar/2025:20:05:06 +0700] "GET /wp-plugins.php HTTP/1.1" 301 0 "www.google.com" "Mozlila/5.0 (Linux; Android 7.0; SM-G892A Bulid/NRD90M; wv) AppleWebKit/537.36 (KHTML, like Gecko) Version/4.0 Chrome/60.0.3112.107 Moblie Safari/537.36"
57.141.3.17 - - [14/Mar/2025:20:05:06 +0700] "GET /en/blog/aturtoko-update/cara-membangun-brand-awarness HTTP/1.1" 404 11504 "-" "meta-externalagent/1.1 (+https://developers.facebook.com/docs/sharing/webmasters/crawler)"
57.141.3.18 - - [14/Mar/2025:20:05:08 +0700] "GET /ms/blog/tag/nomor-induk-berusaha/ HTTP/1.1" 404 11504 "-" "meta-externalagent/1.1 (+https://developers.facebook.com/docs/sharing/webmasters/crawler)"
146.190.99.254 - - [14/Mar/2025:20:05:10 +0700] "GET /wp-rss.php HTTP/1.1" 301 0 "www.google.com" "Mozlila/5.0 (Linux; Android 7.0; SM-G892A Bulid/NRD90M; wv) AppleWebKit/537.36 (KHTML, like Gecko) Version/4.0 Chrome/60.0.3112.107 Moblie Safari/537.36"
146.190.99.254 - - [14/Mar/2025:20:05:16 +0700] "GET /wp-singupp.php HTTP/1.1" 301 0 "www.google.com" "Mozlila/5.0 (Linux; Android 7.0; SM-G892A Bulid/NRD90M; wv) AppleWebKit/537.36 (KHTML, like Gecko) Version/4.0 Chrome/60.0.3112.107 Moblie Safari/537.36"
57.141.3.16 - - [14/Mar/2025:20:05:18 +0700] "GET /en/blog/management/legal/mengenal-unsur-unsur-pajak-yang-ada-di-indonesia-fungsi-dan-tarifnya HTTP/1.1" 404 11504 "-" "meta-externalagent/1.1 (+https://developers.facebook.com/docs/sharing/webmasters/crawler)"
146.190.99.254 - - [14/Mar/2025:20:05:20 +0700] "GET /wp-site.php HTTP/1.1" 301 0 "www.google.com" "Mozlila/5.0 (Linux; Android 7.0; SM-G892A Bulid/NRD90M; wv) AppleWebKit/537.36 (KHTML, like Gecko) Version/4.0 Chrome/60.0.3112.107 Moblie Safari/537.36"
57.141.3.27 - - [14/Mar/2025:20:05:20 +0700] "GET /en/blog/management/hrd/standar-operasional-prosedur-sop-arti-manfaat-dan-cara-membuatnya HTTP/1.1" 404 11504 "-" "meta-externalagent/1.1 (+https://developers.facebook.com/docs/sharing/webmasters/crawler)"
146.190.99.254 - - [14/Mar/2025:20:05:25 +0700] "GET /wp-system.php HTTP/1.1" 301 0 "www.google.com" "Mozlila/5.0 (Linux; Android 7.0; SM-G892A Bulid/NRD90M; wv) AppleWebKit/537.36 (KHTML, like Gecko) Version/4.0 Chrome/60.0.3112.107 Moblie Safari/537.36"
57.141.3.5 - - [14/Mar/2025:20:05:25 +0700] "GET /ms/blog/aturtoko-update/program-shopee-bantu-umkm HTTP/1.1" 404 11504 "-" "meta-externalagent/1.1 (+https://developers.facebook.com/docs/sharing/webmasters/crawler)"
146.190.99.254 - - [14/Mar/2025:20:05:29 +0700] "GET /wp-title.php HTTP/1.1" 301 0 "www.google.com" "Mozlila/5.0 (Linux; Android 7.0; SM-G892A Bulid/NRD90M; wv) AppleWebKit/537.36 (KHTML, like Gecko) Version/4.0 Chrome/60.0.3112.107 Moblie Safari/537.36"
146.190.99.254 - - [14/Mar/2025:20:05:34 +0700] "GET /wp-we.php HTTP/1.1" 301 0 "www.google.com" "Mozlila/5.0 (Linux; Android 7.0; SM-G892A Bulid/NRD90M; wv) AppleWebKit/537.36 (KHTML, like Gecko) Version/4.0 Chrome/60.0.3112.107 Moblie Safari/537.36"
146.190.99.254 - - [14/Mar/2025:20:05:40 +0700] "GET /wp.php HTTP/1.1" 301 0 "www.google.com" "Mozlila/5.0 (Linux; Android 7.0; SM-G892A Bulid/NRD90M; wv) AppleWebKit/537.36 (KHTML, like Gecko) Version/4.0 Chrome/60.0.3112.107 Moblie Safari/537.36"
146.190.99.254 - - [14/Mar/2025:20:05:45 +0700] "GET /wp/wp-includes/fonts/dev.php HTTP/1.1" 301 0 "www.google.com" "Mozlila/5.0 (Linux; Android 7.0; SM-G892A Bulid/NRD90M; wv) AppleWebKit/537.36 (KHTML, like Gecko) Version/4.0 Chrome/60.0.3112.107 Moblie Safari/537.36"
66.249.75.228 - - [14/Mar/2025:20:05:48 +0700] "GET /xt/products/32281609164.shtm HTTP/1.1" 200 19713 "-" "Mozilla/5.0 (Linux; Android 6.0.1; Nexus 5X Build/MMB29P) AppleWebKit/537.36 (KHTML, like Gecko) Chrome/133.0.6943.141 Mobile Safari/537.36 (compatible; GoogleOther)"
57.141.3.19 - - [14/Mar/2025:20:05:48 +0700] "GET /ms/blog/lainnya/dos-and-donts-dalam-berbisnis HTTP/1.1" 404 11504 "-" "meta-externalagent/1.1 (+https://developers.facebook.com/docs/sharing/webmasters/crawler)"
146.190.99.254 - - [14/Mar/2025:20:05:50 +0700] "GET /wp/wp-includes/fonts/iqb.php HTTP/1.1" 301 0 "www.google.com" "Mozlila/5.0 (Linux; Android 7.0; SM-G892A Bulid/NRD90M; wv) AppleWebKit/537.36 (KHTML, like Gecko) Version/4.0 Chrome/60.0.3112.107 Moblie Safari/537.36"
57.141.3.12 - - [14/Mar/2025:20:05:49 +0700] "GET /en/blog/tag/jurnalistik/ HTTP/1.1" 404 11504 "-" "meta-externalagent/1.1 (+https://developers.facebook.com/docs/sharing/webmasters/crawler)"
146.190.99.254 - - [14/Mar/2025:20:05:55 +0700] "GET /wpindex.php HTTP/1.1" 301 0 "www.google.com" "Mozlila/5.0 (Linux; Android 7.0; SM-G892A Bulid/NRD90M; wv) AppleWebKit/537.36 (KHTML, like Gecko) Version/4.0 Chrome/60.0.3112.107 Moblie Safari/537.36"
57.141.3.7 - - [14/Mar/2025:20:05:56 +0700] "GET /ms/blog/management/distribusi/apa-itu-supplier-arti-tugas-jenis-dan-bagaimana-cara-kerjanya HTTP/1.1" 404 11504 "-" "meta-externalagent/1.1 (+https://developers.facebook.com/docs/sharing/webmasters/crawler)"
146.190.99.254 - - [14/Mar/2025:20:05:59 +0700] "GET /ws.php HTTP/1.1" 301 0 "www.google.com" "Mozlila/5.0 (Linux; Android 7.0; SM-G892A Bulid/NRD90M; wv) AppleWebKit/537.36 (KHTML, like Gecko) Version/4.0 Chrome/60.0.3112.107 Moblie Safari/537.36"
57.141.3.6 - - [14/Mar/2025:20:05:57 +0700] "GET /en/blog/management/strategi/penjual-wajib-tahu-apa-itu-bnib-dan-perbedaannya-dengan-bnwt-bnob/feed HTTP/1.1" 404 11504 "-" "meta-externalagent/1.1 (+https://developers.facebook.com/docs/sharing/webmasters/crawler)"
57.141.3.20 - - [14/Mar/2025:20:05:59 +0700] "GET /en/blog/category/teknologi/page/2 HTTP/1.1" 404 11504 "-" "meta-externalagent/1.1 (+https://developers.facebook.com/docs/sharing/webmasters/crawler)"
146.190.99.254 - - [14/Mar/2025:20:06:05 +0700] "GET /wsanon.php HTTP/1.1" 301 0 "www.google.com" "Mozlila/5.0 (Linux; Android 7.0; SM-G892A Bulid/NRD90M; wv) AppleWebKit/537.36 (KHTML, like Gecko) Version/4.0 Chrome/60.0.3112.107 Moblie Safari/537.36"
57.141.3.17 - - [14/Mar/2025:20:06:04 +0700] "GET /en/blog/management/marketing/apa-yang-dimaksud-dengan-kemasan-fungsi-tujuan-dan-jenisnya/ HTTP/1.1" 404 11504 "-" "meta-externalagent/1.1 (+https://developers.facebook.com/docs/sharing/webmasters/crawler)"
57.141.3.10 - - [14/Mar/2025:20:06:08 +0700] "GET /ms/blog/digital-marketing/membangun-branding-bisnis-dengan-website HTTP/1.1" 404 11504 "-" "meta-externalagent/1.1 (+https://developers.facebook.com/docs/sharing/webmasters/crawler)"
146.190.99.254 - - [14/Mar/2025:20:06:10 +0700] "GET /WSO.php HTTP/1.1" 301 0 "www.google.com" "Mozlila/5.0 (Linux; Android 7.0; SM-G892A Bulid/NRD90M; wv) AppleWebKit/537.36 (KHTML, like Gecko) Version/4.0 Chrome/60.0.3112.107 Moblie Safari/537.36"
57.141.3.23 - - [14/Mar/2025:20:06:10 +0700] "GET /ms/blog/manajemen-bisnis/mengenal-tren-dalam-e-commerce HTTP/1.1" 404 11504 "-" "meta-externalagent/1.1 (+https://developers.facebook.com/docs/sharing/webmasters/crawler)"
57.141.3.1 - - [14/Mar/2025:20:06:14 +0700] "GET /ms/blog/aturtoko-update/meningkatkan-keamanan-bisnis-dengan-website-yang-aman-dan-terpercaya/feed HTTP/1.1" 404 11504 "-" "meta-externalagent/1.1 (+https://developers.facebook.com/docs/sharing/webmasters/crawler)"
146.190.99.254 - - [14/Mar/2025:20:06:16 +0700] "GET /wso.php HTTP/1.1" 301 0 "www.google.com" "Mozlila/5.0 (Linux; Android 7.0; SM-G892A Bulid/NRD90M; wv) AppleWebKit/537.36 (KHTML, like Gecko) Version/4.0 Chrome/60.0.3112.107 Moblie Safari/537.36"
57.141.3.28 - - [14/Mar/2025:20:06:18 +0700] "GET /ms/blog/management/strategi/optimalkan-website-anda-untuk-meningkatkan-visibilitas-di-marketplace HTTP/1.1" 404 11504 "-" "meta-externalagent/1.1 (+https://developers.facebook.com/docs/sharing/webmasters/crawler)"
146.190.99.254 - - [14/Mar/2025:20:06:21 +0700] "GET /wso1.php HTTP/1.1" 301 0 "www.google.com" "Mozlila/5.0 (Linux; Android 7.0; SM-G892A Bulid/NRD90M; wv) AppleWebKit/537.36 (KHTML, like Gecko) Version/4.0 Chrome/60.0.3112.107 Moblie Safari/537.36"
57.141.3.26 - - [14/Mar/2025:20:06:20 +0700] "GET /ms/blog/teknologi/yuk-ketahui-apa-itu-qris-manfaat-dan-cara-penggunaannya-sebagai-sarana-pembayaran/ HTTP/1.1" 404 11504 "-" "meta-externalagent/1.1 (+https://developers.facebook.com/docs/sharing/webmasters/crawler)"
57.141.3.27 - - [14/Mar/2025:20:06:23 +0700] "GET /en/cara-jualan-di-shopee/selain-jualan-begini-cara-dapat-uang-dari-shopee-affiliate HTTP/1.1" 404 11504 "-" "meta-externalagent/1.1 (+https://developers.facebook.com/docs/sharing/webmasters/crawler)"
57.141.3.27 - - [14/Mar/2025:20:06:24 +0700] "GET /ms/blog/kewirausahaan/communication/apa-itu-ice-breaking-metode-dan-varian-untuk-mencairkan-suasana-kantor/ HTTP/1.1" 404 11504 "-" "meta-externalagent/1.1 (+https://developers.facebook.com/docs/sharing/webmasters/crawler)"
146.190.99.254 - - [14/Mar/2025:20:06:27 +0700] "GET /wso1337.php HTTP/1.1" 301 0 "www.google.com" "Mozlila/5.0 (Linux; Android 7.0; SM-G892A Bulid/NRD90M; wv) AppleWebKit/537.36 (KHTML, like Gecko) Version/4.0 Chrome/60.0.3112.107 Moblie Safari/537.36"
57.141.3.27 - - [14/Mar/2025:20:06:26 +0700] "GET /en/blog/kewirausahaan/business-opportunity/yuk-pahami-apa-itu-jastip-bisnis-menguntungkan-yang-bisa-dimulai-tanpa-modal/feed HTTP/1.1" 404 11504 "-" "meta-externalagent/1.1 (+https://developers.facebook.com/docs/sharing/webmasters/crawler)"
57.141.3.8 - - [14/Mar/2025:20:06:28 +0700] "GET /ms/blog/category/kewirausahaan/ HTTP/1.1" 404 11504 "-" "meta-externalagent/1.1 (+https://developers.facebook.com/docs/sharing/webmasters/crawler)"
146.190.99.254 - - [14/Mar/2025:20:06:32 +0700] "GET /wso2.php HTTP/1.1" 301 0 "www.google.com" "Mozlila/5.0 (Linux; Android 7.0; SM-G892A Bulid/NRD90M; wv) AppleWebKit/537.36 (KHTML, like Gecko) Version/4.0 Chrome/60.0.3112.107 Moblie Safari/537.36"
57.141.3.15 - - [14/Mar/2025:20:06:31 +0700] "GET /ms/blog/manajemen-bisnis/keuntungan-membuat-website-penjualan-yang-terintegrasi-dengan-sistem-manajemen-inventaris HTTP/1.1" 404 11504 "-" "meta-externalagent/1.1 (+https://developers.facebook.com/docs/sharing/webmasters/crawler)"
57.141.3.18 - - [14/Mar/2025:20:06:35 +0700] "GET /en/blog/manajemen-bisnis/keuntungan-membuat-website-penjualan-yang-terintegrasi-dengan-sistem-manajemen-inventaris HTTP/1.1" 404 11504 "-" "meta-externalagent/1.1 (+https://developers.facebook.com/docs/sharing/webmasters/crawler)"
146.190.99.254 - - [14/Mar/2025:20:06:37 +0700] "GET /xcv.php HTTP/1.1" 301 0 "www.google.com" "Mozlila/5.0 (Linux; Android 7.0; SM-G892A Bulid/NRD90M; wv) AppleWebKit/537.36 (KHTML, like Gecko) Version/4.0 Chrome/60.0.3112.107 Moblie Safari/537.36"
57.141.3.10 - - [14/Mar/2025:20:06:37 +0700] "GET /ms/blog/manajemen-bisnis/meningkatkan-keuntungan-bisnis-dengan-memanfaatkan-bisnis-opportunity-pada-website-penjualan-online/feed HTTP/1.1" 404 11504 "-" "meta-externalagent/1.1 (+https://developers.facebook.com/docs/sharing/webmasters/crawler)"
57.141.3.5 - - [14/Mar/2025:20:06:39 +0700] "GET /en/blog/management/legal/apa-saja-persyaratan-dan-cara-membuat-paspor-bagi-wni HTTP/1.1" 404 11504 "-" "meta-externalagent/1.1 (+https://developers.facebook.com/docs/sharing/webmasters/crawler)"
146.190.99.254 - - [14/Mar/2025:20:06:42 +0700] "GET /xidcm.php HTTP/1.1" 301 0 "www.google.com" "Mozlila/5.0 (Linux; Android 7.0; SM-G892A Bulid/NRD90M; wv) AppleWebKit/537.36 (KHTML, like Gecko) Version/4.0 Chrome/60.0.3112.107 Moblie Safari/537.36"
57.141.3.22 - - [14/Mar/2025:20:06:43 +0700] "GET /en/blog/lainnya/ini-5-hal-yang-perlu-kita-tahu-tentang-template-toko-online/feed HTTP/1.1" 404 11504 "-" "meta-externalagent/1.1 (+https://developers.facebook.com/docs/sharing/webmasters/crawler)"
146.190.99.254 - - [14/Mar/2025:20:06:46 +0700] "GET /xindex.php HTTP/1.1" 301 0 "www.google.com" "Mozlila/5.0 (Linux; Android 7.0; SM-G892A Bulid/NRD90M; wv) AppleWebKit/537.36 (KHTML, like Gecko) Version/4.0 Chrome/60.0.3112.107 Moblie Safari/537.36"
146.190.99.254 - - [14/Mar/2025:20:06:51 +0700] "GET /xleet.php HTTP/1.1" 301 0 "www.google.com" "Mozlila/5.0 (Linux; Android 7.0; SM-G892A Bulid/NRD90M; wv) AppleWebKit/537.36 (KHTML, like Gecko) Version/4.0 Chrome/60.0.3112.107 Moblie Safari/537.36"
57.141.3.18 - - [14/Mar/2025:20:06:52 +0700] "GET /en/blog/category/management/distribusi HTTP/1.1" 404 11504 "-" "meta-externalagent/1.1 (+https://developers.facebook.com/docs/sharing/webmasters/crawler)"
146.190.99.254 - - [14/Mar/2025:20:06:56 +0700] "GET /xm.php HTTP/1.1" 301 0 "www.google.com" "Mozlila/5.0 (Linux; Android 7.0; SM-G892A Bulid/NRD90M; wv) AppleWebKit/537.36 (KHTML, like Gecko) Version/4.0 Chrome/60.0.3112.107 Moblie Safari/537.36"
146.190.99.254 - - [14/Mar/2025:20:07:00 +0700] "GET /xx.php HTTP/1.1" 301 0 "www.google.com" "Mozlila/5.0 (Linux; Android 7.0; SM-G892A Bulid/NRD90M; wv) AppleWebKit/537.36 (KHTML, like Gecko) Version/4.0 Chrome/60.0.3112.107 Moblie Safari/537.36"
57.141.3.22 - - [14/Mar/2025:20:07:03 +0700] "GET /en/blog/introduction-to-digital/manfaat-website-e-commerce-untuk-bisnis-online-di-era-digital/feed HTTP/1.1" 404 11504 "-" "meta-externalagent/1.1 (+https://developers.facebook.com/docs/sharing/webmasters/crawler)"
146.190.99.254 - - [14/Mar/2025:20:07:05 +0700] "GET /XxX.php HTTP/1.1" 301 0 "www.google.com" "Mozlila/5.0 (Linux; Android 7.0; SM-G892A Bulid/NRD90M; wv) AppleWebKit/537.36 (KHTML, like Gecko) Version/4.0 Chrome/60.0.3112.107 Moblie Safari/537.36"
180.235.151.3 - - [14/Mar/2025:20:07:08 +0700] "POST /wp-cron.php?doing_wp_cron=1741957628.3149769306182861328125 HTTP/1.1" 403 1242 "-" "WordPress/6.7.2; https://www.aturtoko.id"
57.141.3.23 - - [14/Mar/2025:20:07:04 +0700] "GET /ms/blog/aturtoko-update/meningkatkan-penjualan-dengan-memperluas-pasar-digital/ HTTP/1.1" 404 11504 "-" "meta-externalagent/1.1 (+https://developers.facebook.com/docs/sharing/webmasters/crawler)"
57.141.3.7 - - [14/Mar/2025:20:07:08 +0700] "GET /en/blog/aturtoko-update/strategi-jualan-sukses-dengan-iklan-di-marketplace/feed HTTP/1.1" 404 11504 "-" "meta-externalagent/1.1 (+https://developers.facebook.com/docs/sharing/webmasters/crawler)"
146.190.99.254 - - [14/Mar/2025:20:07:10 +0700] "GET /xxx.php HTTP/1.1" 301 0 "www.google.com" "Mozlila/5.0 (Linux; Android 7.0; SM-G892A Bulid/NRD90M; wv) AppleWebKit/537.36 (KHTML, like Gecko) Version/4.0 Chrome/60.0.3112.107 Moblie Safari/537.36"
57.141.3.29 - - [14/Mar/2025:20:07:10 +0700] "GET /ms/blog/digital-marketing/strategi-pemasaran-efektif-untuk-meningkatkan-penjualan-di-marketplace/ HTTP/1.1" 404 11504 "-" "meta-externalagent/1.1 (+https://developers.facebook.com/docs/sharing/webmasters/crawler)"
57.141.3.15 - - [14/Mar/2025:20:07:11 +0700] "GET /en/blog/aturtoko-update/peraturan-menjual-produk-tembakau-di-marketplace HTTP/1.1" 404 11504 "-" "meta-externalagent/1.1 (+https://developers.facebook.com/docs/sharing/webmasters/crawler)"
146.190.99.254 - - [14/Mar/2025:20:07:14 +0700] "GET /y.php HTTP/1.1" 301 0 "www.google.com" "Mozlila/5.0 (Linux; Android 7.0; SM-G892A Bulid/NRD90M; wv) AppleWebKit/537.36 (KHTML, like Gecko) Version/4.0 Chrome/60.0.3112.107 Moblie Safari/537.36"
57.141.3.26 - - [14/Mar/2025:20:07:13 +0700] "GET /ms/blog/management/strategi/penjual-wajib-tahu-apa-itu-bnib-dan-perbedaannya-dengan-bnwt-bnob/ HTTP/1.1" 404 11504 "-" "meta-externalagent/1.1 (+https://developers.facebook.com/docs/sharing/webmasters/crawler)"
57.141.3.16 - - [14/Mar/2025:20:07:16 +0700] "GET /en/blog/tag/hukum HTTP/1.1" 404 11504 "-" "meta-externalagent/1.1 (+https://developers.facebook.com/docs/sharing/webmasters/crawler)"
146.190.99.254 - - [14/Mar/2025:20:07:19 +0700] "GET /z.php HTTP/1.1" 301 0 "www.google.com" "Mozlila/5.0 (Linux; Android 7.0; SM-G892A Bulid/NRD90M; wv) AppleWebKit/537.36 (KHTML, like Gecko) Version/4.0 Chrome/60.0.3112.107 Moblie Safari/537.36"
57.141.3.29 - - [14/Mar/2025:20:07:21 +0700] "GET /en/blog/lainnya/langkah-merancang-strategi-omnichannel-yang-efektif-untuk-perusahaan/ HTTP/1.1" 404 11504 "-" "meta-externalagent/1.1 (+https://developers.facebook.com/docs/sharing/webmasters/crawler)"
146.190.99.254 - - [14/Mar/2025:20:07:24 +0700] "GET /zk.php HTTP/1.1" 301 0 "www.google.com" "Mozlila/5.0 (Linux; Android 7.0; SM-G892A Bulid/NRD90M; wv) AppleWebKit/537.36 (KHTML, like Gecko) Version/4.0 Chrome/60.0.3112.107 Moblie Safari/537.36"
146.190.99.254 - - [14/Mar/2025:20:07:28 +0700] "GET /zone.php?phpshell HTTP/1.1" 301 0 "www.google.com" "Mozlila/5.0 (Linux; Android 7.0; SM-G892A Bulid/NRD90M; wv) AppleWebKit/537.36 (KHTML, like Gecko) Version/4.0 Chrome/60.0.3112.107 Moblie Safari/537.36"
66.249.71.9 - - [14/Mar/2025:20:07:36 +0700] "GET /richards/32281828208.shtm HTTP/1.1" 200 21149 "-" "Mozilla/5.0 (Linux; Android 6.0.1; Nexus 5X Build/MMB29P) AppleWebKit/537.36 (KHTML, like Gecko) Chrome/133.0.6943.141 Mobile Safari/537.36 (compatible; GoogleOther)"
146.190.99.254 - - [14/Mar/2025:20:07:37 +0700] "GET /zx.php HTTP/1.1" 301 0 "www.google.com" "Mozlila/5.0 (Linux; Android 7.0; SM-G892A Bulid/NRD90M; wv) AppleWebKit/537.36 (KHTML, like Gecko) Version/4.0 Chrome/60.0.3112.107 Moblie Safari/537.36"
146.190.99.254 - - [14/Mar/2025:20:07:42 +0700] "GET /symlink.php HTTP/1.1" 301 0 "www.google.com" "Mozlila/5.0 (Linux; Android 7.0; SM-G892A Bulid/NRD90M; wv) AppleWebKit/537.36 (KHTML, like Gecko) Version/4.0 Chrome/60.0.3112.107 Moblie Safari/537.36"
57.141.3.17 - - [14/Mar/2025:20:07:41 +0700] "GET /ms/blog/management/strategi/kenali-apa-itu-forecasting-pengertian-tujuan-jenis-serta-contohnya/feed HTTP/1.1" 404 11504 "-" "meta-externalagent/1.1 (+https://developers.facebook.com/docs/sharing/webmasters/crawler)"
57.141.3.2 - - [14/Mar/2025:20:07:43 +0700] "GET /en/blog/tag/penghasilan HTTP/1.1" 404 11504 "-" "meta-externalagent/1.1 (+https://developers.facebook.com/docs/sharing/webmasters/crawler)"
146.190.99.254 - - [14/Mar/2025:20:07:47 +0700] "GET /c99.php HTTP/1.1" 301 0 "www.google.com" "Mozlila/5.0 (Linux; Android 7.0; SM-G892A Bulid/NRD90M; wv) AppleWebKit/537.36 (KHTML, like Gecko) Version/4.0 Chrome/60.0.3112.107 Moblie Safari/537.36"
57.141.3.11 - - [14/Mar/2025:20:07:47 +0700] "GET /en/blog/management/hrd/standar-operasional-prosedur-sop-arti-manfaat-dan-cara-membuatnya/ HTTP/1.1" 404 11504 "-" "meta-externalagent/1.1 (+https://developers.facebook.com/docs/sharing/webmasters/crawler)"
146.190.99.254 - - [14/Mar/2025:20:07:51 +0700] "GET /ok.php HTTP/1.1" 301 0 "www.google.com" "Mozlila/5.0 (Linux; Android 7.0; SM-G892A Bulid/NRD90M; wv) AppleWebKit/537.36 (KHTML, like Gecko) Version/4.0 Chrome/60.0.3112.107 Moblie Safari/537.36"
57.141.3.8 - - [14/Mar/2025:20:07:50 +0700] "GET /ms/blog/management/marketing/segmenting-targeting-positioning-atau-stp-adalah-apa-itu-dan-cara-penerapannya/ HTTP/1.1" 404 11504 "-" "meta-externalagent/1.1 (+https://developers.facebook.com/docs/sharing/webmasters/crawler)"
57.141.3.16 - - [14/Mar/2025:20:07:52 +0700] "GET /ms/blog/kewirausahaan/business-opportunity/menghemat-biaya-iklan-dan-promosi-dengan-website-company HTTP/1.1" 404 11504 "-" "meta-externalagent/1.1 (+https://developers.facebook.com/docs/sharing/webmasters/crawler)"
146.190.99.254 - - [14/Mar/2025:20:07:56 +0700] "GET /2.php HTTP/1.1" 301 0 "www.google.com" "Mozlila/5.0 (Linux; Android 7.0; SM-G892A Bulid/NRD90M; wv) AppleWebKit/537.36 (KHTML, like Gecko) Version/4.0 Chrome/60.0.3112.107 Moblie Safari/537.36"
57.141.3.13 - - [14/Mar/2025:20:07:55 +0700] "GET /en/blog/management/marketing/apa-itu-bundling-tipe-dan-strategi-untuk-meningkatkan-penjualan/feed HTTP/1.1" 404 11504 "-" "meta-externalagent/1.1 (+https://developers.facebook.com/docs/sharing/webmasters/crawler)"
57.141.3.25 - - [14/Mar/2025:20:07:57 +0700] "GET /ms/blog/tag/jualan-online HTTP/1.1" 404 11504 "-" "meta-externalagent/1.1 (+https://developers.facebook.com/docs/sharing/webmasters/crawler)"
57.141.3.9 - - [14/Mar/2025:20:07:58 +0700] "GET /ms/blog/management/hrd/pengertian-produktivitas-tujuan-dan-faktor-faktor-yang-mempengaruhi/feed HTTP/1.1" 404 11504 "-" "meta-externalagent/1.1 (+https://developers.facebook.com/docs/sharing/webmasters/crawler)"
146.190.99.254 - - [14/Mar/2025:20:08:01 +0700] "GET /3.php HTTP/1.1" 301 0 "www.google.com" "Mozlila/5.0 (Linux; Android 7.0; SM-G892A Bulid/NRD90M; wv) AppleWebKit/537.36 (KHTML, like Gecko) Version/4.0 Chrome/60.0.3112.107 Moblie Safari/537.36"
57.141.3.20 - - [14/Mar/2025:20:08:03 +0700] "GET /ms/blog/category/kewirausahaan/leadership HTTP/1.1" 404 11504 "-" "meta-externalagent/1.1 (+https://developers.facebook.com/docs/sharing/webmasters/crawler)"
146.190.99.254 - - [14/Mar/2025:20:08:05 +0700] "GET /4.php HTTP/1.1" 301 0 "www.google.com" "Mozlila/5.0 (Linux; Android 7.0; SM-G892A Bulid/NRD90M; wv) AppleWebKit/537.36 (KHTML, like Gecko) Version/4.0 Chrome/60.0.3112.107 Moblie Safari/537.36"
146.190.99.254 - - [14/Mar/2025:20:08:10 +0700] "GET /6.php HTTP/1.1" 301 0 "www.google.com" "Mozlila/5.0 (Linux; Android 7.0; SM-G892A Bulid/NRD90M; wv) AppleWebKit/537.36 (KHTML, like Gecko) Version/4.0 Chrome/60.0.3112.107 Moblie Safari/537.36"
146.190.99.254 - - [14/Mar/2025:20:08:14 +0700] "GET /7.php HTTP/1.1" 301 0 "www.google.com" "Mozlila/5.0 (Linux; Android 7.0; SM-G892A Bulid/NRD90M; wv) AppleWebKit/537.36 (KHTML, like Gecko) Version/4.0 Chrome/60.0.3112.107 Moblie Safari/537.36"
146.190.99.254 - - [14/Mar/2025:20:08:19 +0700] "GET /8.php HTTP/1.1" 301 0 "www.google.com" "Mozlila/5.0 (Linux; Android 7.0; SM-G892A Bulid/NRD90M; wv) AppleWebKit/537.36 (KHTML, like Gecko) Version/4.0 Chrome/60.0.3112.107 Moblie Safari/537.36"
57.141.3.21 - - [14/Mar/2025:20:08:20 +0700] "GET /ms/blog/lainnya/cara-menarik-konsumen/ HTTP/1.1" 404 11504 "-" "meta-externalagent/1.1 (+https://developers.facebook.com/docs/sharing/webmasters/crawler)"
57.141.3.5 - - [14/Mar/2025:20:08:21 +0700] "GET /en/blog/kewirausahaan/business-opportunity/diimpikan-banyak-orang-ini-7-keuntungan-jadi-pengusaha HTTP/1.1" 404 11504 "-" "meta-externalagent/1.1 (+https://developers.facebook.com/docs/sharing/webmasters/crawler)"
146.190.99.254 - - [14/Mar/2025:20:08:24 +0700] "GET /9.php HTTP/1.1" 301 0 "www.google.com" "Mozlila/5.0 (Linux; Android 7.0; SM-G892A Bulid/NRD90M; wv) AppleWebKit/537.36 (KHTML, like Gecko) Version/4.0 Chrome/60.0.3112.107 Moblie Safari/537.36"
57.141.3.10 - - [14/Mar/2025:20:08:25 +0700] "GET /en/blog/management/marketing/iklan-advertorial-pengertian-fungsi-jenis-contoh-dan-kelebihannya/feed HTTP/1.1" 404 11504 "-" "meta-externalagent/1.1 (+https://developers.facebook.com/docs/sharing/webmasters/crawler)"
146.190.99.254 - - [14/Mar/2025:20:08:29 +0700] "GET /10.php HTTP/1.1" 301 0 "www.google.com" "Mozlila/5.0 (Linux; Android 7.0; SM-G892A Bulid/NRD90M; wv) AppleWebKit/537.36 (KHTML, like Gecko) Version/4.0 Chrome/60.0.3112.107 Moblie Safari/537.36"
146.190.99.254 - - [14/Mar/2025:20:08:34 +0700] "GET /p.php HTTP/1.1" 301 0 "www.google.com" "Mozlila/5.0 (Linux; Android 7.0; SM-G892A Bulid/NRD90M; wv) AppleWebKit/537.36 (KHTML, like Gecko) Version/4.0 Chrome/60.0.3112.107 Moblie Safari/537.36"
57.141.3.14 - - [14/Mar/2025:20:08:34 +0700] "GET /ms/blog/kewirausahaan/communication/pengertian-feedback-umpan-balik-untuk-karyawan-jenis-dan-contohnya HTTP/1.1" 404 11504 "-" "meta-externalagent/1.1 (+https://developers.facebook.com/docs/sharing/webmasters/crawler)"
146.190.99.254 - - [14/Mar/2025:20:08:38 +0700] "GET /q.php HTTP/1.1" 301 0 "www.google.com" "Mozlila/5.0 (Linux; Android 7.0; SM-G892A Bulid/NRD90M; wv) AppleWebKit/537.36 (KHTML, like Gecko) Version/4.0 Chrome/60.0.3112.107 Moblie Safari/537.36"
57.141.3.26 - - [14/Mar/2025:20:08:40 +0700] "GET /en/blog/digital-marketing/apa-itu-e-commerce-enabler-yuk-cari-tahu-lebih-jauh-di-sini HTTP/1.1" 404 11504 "-" "meta-externalagent/1.1 (+https://developers.facebook.com/docs/sharing/webmasters/crawler)"
146.190.99.254 - - [14/Mar/2025:20:08:43 +0700] "GET /d.php HTTP/1.1" 301 0 "www.google.com" "Mozlila/5.0 (Linux; Android 7.0; SM-G892A Bulid/NRD90M; wv) AppleWebKit/537.36 (KHTML, like Gecko) Version/4.0 Chrome/60.0.3112.107 Moblie Safari/537.36"
57.141.3.17 - - [14/Mar/2025:20:08:44 +0700] "GET /en/blog/teknologi/mengenal-serial-number-sebuah-produk-cara-mengatur-dan-mengapa-itu-penting HTTP/1.1" 404 11504 "-" "meta-externalagent/1.1 (+https://developers.facebook.com/docs/sharing/webmasters/crawler)"
57.141.3.29 - - [14/Mar/2025:20:08:45 +0700] "GET /en/blog/tag/pajak HTTP/1.1" 404 11504 "-" "meta-externalagent/1.1 (+https://developers.facebook.com/docs/sharing/webmasters/crawler)"
146.190.99.254 - - [14/Mar/2025:20:08:47 +0700] "GET /f.php HTTP/1.1" 301 0 "www.google.com" "Mozlila/5.0 (Linux; Android 7.0; SM-G892A Bulid/NRD90M; wv) AppleWebKit/537.36 (KHTML, like Gecko) Version/4.0 Chrome/60.0.3112.107 Moblie Safari/537.36"
57.141.3.21 - - [14/Mar/2025:20:08:47 +0700] "GET /ms/cara-jualan-di-blibli/cara-berjualan-di-siplah-blibli-aplikasi-belanja-online-keperluan-sekolah HTTP/1.1" 404 11504 "-" "meta-externalagent/1.1 (+https://developers.facebook.com/docs/sharing/webmasters/crawler)"
57.141.3.25 - - [14/Mar/2025:20:08:48 +0700] "GET /en/cara-jualan-di-blibli/cara-berjualan-di-siplah-blibli-aplikasi-belanja-online-keperluan-sekolah/ HTTP/1.1" 404 11504 "-" "meta-externalagent/1.1 (+https://developers.facebook.com/docs/sharing/webmasters/crawler)"
146.190.99.254 - - [14/Mar/2025:20:08:52 +0700] "GET /g.php HTTP/1.1" 301 0 "www.google.com" "Mozlila/5.0 (Linux; Android 7.0; SM-G892A Bulid/NRD90M; wv) AppleWebKit/537.36 (KHTML, like Gecko) Version/4.0 Chrome/60.0.3112.107 Moblie Safari/537.36"
57.141.3.12 - - [14/Mar/2025:20:08:50 +0700] "GET /ms/blog/digital-marketing/memahami-strategi-omnichannel-marketing-dan-pentingnya-bagi-bisnis HTTP/1.1" 404 11504 "-" "meta-externalagent/1.1 (+https://developers.facebook.com/docs/sharing/webmasters/crawler)"
57.141.3.7 - - [14/Mar/2025:20:08:52 +0700] "GET /en/blog/kewirausahaan/tips-dan-trik-memulai-bisnis-dengan-modal-terbatas HTTP/1.1" 404 11504 "-" "meta-externalagent/1.1 (+https://developers.facebook.com/docs/sharing/webmasters/crawler)"
146.190.99.254 - - [14/Mar/2025:20:08:56 +0700] "GET /h.php HTTP/1.1" 301 0 "www.google.com" "Mozlila/5.0 (Linux; Android 7.0; SM-G892A Bulid/NRD90M; wv) AppleWebKit/537.36 (KHTML, like Gecko) Version/4.0 Chrome/60.0.3112.107 Moblie Safari/537.36"
57.141.3.30 - - [14/Mar/2025:20:08:56 +0700] "GET /en/blog/teknologi/menjaga-bisnis-anda-relevan-dengan-memanfaatkan-kemajuan-teknologi-digital/feed HTTP/1.1" 404 11504 "-" "meta-externalagent/1.1 (+https://developers.facebook.com/docs/sharing/webmasters/crawler)"
146.190.99.254 - - [14/Mar/2025:20:09:02 +0700] "GET /j.php HTTP/1.1" 301 0 "www.google.com" "Mozlila/5.0 (Linux; Android 7.0; SM-G892A Bulid/NRD90M; wv) AppleWebKit/537.36 (KHTML, like Gecko) Version/4.0 Chrome/60.0.3112.107 Moblie Safari/537.36"
146.190.99.254 - - [14/Mar/2025:20:09:06 +0700] "GET /wp-wso.php HTTP/1.1" 301 0 "www.google.com" "Mozlila/5.0 (Linux; Android 7.0; SM-G892A Bulid/NRD90M; wv) AppleWebKit/537.36 (KHTML, like Gecko) Version/4.0 Chrome/60.0.3112.107 Moblie Safari/537.36"
146.190.99.254 - - [14/Mar/2025:20:09:11 +0700] "GET /minimo.php HTTP/1.1" 301 0 "www.google.com" "Mozlila/5.0 (Linux; Android 7.0; SM-G892A Bulid/NRD90M; wv) AppleWebKit/537.36 (KHTML, like Gecko) Version/4.0 Chrome/60.0.3112.107 Moblie Safari/537.36"
57.141.3.14 - - [14/Mar/2025:20:09:13 +0700] "GET /ms/cara-jualan-di-blibli/ HTTP/1.1" 404 11504 "-" "meta-externalagent/1.1 (+https://developers.facebook.com/docs/sharing/webmasters/crawler)"
146.190.99.254 - - [14/Mar/2025:20:09:16 +0700] "GET /V3.php HTTP/1.1" 301 0 "www.google.com" "Mozlila/5.0 (Linux; Android 7.0; SM-G892A Bulid/NRD90M; wv) AppleWebKit/537.36 (KHTML, like Gecko) Version/4.0 Chrome/60.0.3112.107 Moblie Safari/537.36"
57.141.3.10 - - [14/Mar/2025:20:09:17 +0700] "GET /ms/blog/aturtoko-update/meraih-target-bisnis-dengan-action-plan/ HTTP/1.1" 404 11504 "-" "meta-externalagent/1.1 (+https://developers.facebook.com/docs/sharing/webmasters/crawler)"
146.190.99.254 - - [14/Mar/2025:20:09:20 +0700] "GET /V5.php HTTP/1.1" 301 0 "www.google.com" "Mozlila/5.0 (Linux; Android 7.0; SM-G892A Bulid/NRD90M; wv) AppleWebKit/537.36 (KHTML, like Gecko) Version/4.0 Chrome/60.0.3112.107 Moblie Safari/537.36"
57.141.3.8 - - [14/Mar/2025:20:09:19 +0700] "GET /cara-jualan-di-shopee HTTP/1.1" 200 37533 "-" "meta-externalagent/1.1 (+https://developers.facebook.com/docs/sharing/webmasters/crawler)"
57.141.3.23 - - [14/Mar/2025:20:09:23 +0700] "GET /ms/blog/digital-marketing/pentingnya-omnichannel-bagi-bisnis-ritel-dan-upaya-mengoptimalkannya HTTP/1.1" 404 11504 "-" "meta-externalagent/1.1 (+https://developers.facebook.com/docs/sharing/webmasters/crawler)"
146.190.99.254 - - [14/Mar/2025:20:09:25 +0700] "GET /www.php HTTP/1.1" 301 0 "www.google.com" "Mozlila/5.0 (Linux; Android 7.0; SM-G892A Bulid/NRD90M; wv) AppleWebKit/537.36 (KHTML, like Gecko) Version/4.0 Chrome/60.0.3112.107 Moblie Safari/537.36"
146.190.99.254 - - [14/Mar/2025:20:09:29 +0700] "GET /100.php HTTP/1.1" 301 0 "www.google.com" "Mozlila/5.0 (Linux; Android 7.0; SM-G892A Bulid/NRD90M; wv) AppleWebKit/537.36 (KHTML, like Gecko) Version/4.0 Chrome/60.0.3112.107 Moblie Safari/537.36"
57.141.3.19 - - [14/Mar/2025:20:09:30 +0700] "GET /en/blog/manajemen-bisnis/memanfaatkan-website-untuk-meningkatkan-pengelolaan-bisnis-online-anda/feed HTTP/1.1" 404 11504 "-" "meta-externalagent/1.1 (+https://developers.facebook.com/docs/sharing/webmasters/crawler)"
146.190.99.254 - - [14/Mar/2025:20:09:35 +0700] "GET /777.php HTTP/1.1" 301 0 "www.google.com" "Mozlila/5.0 (Linux; Android 7.0; SM-G892A Bulid/NRD90M; wv) AppleWebKit/537.36 (KHTML, like Gecko) Version/4.0 Chrome/60.0.3112.107 Moblie Safari/537.36"
146.190.99.254 - - [14/Mar/2025:20:09:39 +0700] "GET /xox.php HTTP/1.1" 301 0 "www.google.com" "Mozlila/5.0 (Linux; Android 7.0; SM-G892A Bulid/NRD90M; wv) AppleWebKit/537.36 (KHTML, like Gecko) Version/4.0 Chrome/60.0.3112.107 Moblie Safari/537.36"
57.141.3.17 - - [14/Mar/2025:20:09:39 +0700] "GET /en/blog/digital-marketing/pentingnya-membuat-website-untuk-meningkatkan-visibilitas-dan-penjualan-produk-anda HTTP/1.1" 404 11504 "-" "meta-externalagent/1.1 (+https://developers.facebook.com/docs/sharing/webmasters/crawler)"
146.190.99.254 - - [14/Mar/2025:20:09:44 +0700] "GET /new.php HTTP/1.1" 301 0 "www.google.com" "Mozlila/5.0 (Linux; Android 7.0; SM-G892A Bulid/NRD90M; wv) AppleWebKit/537.36 (KHTML, like Gecko) Version/4.0 Chrome/60.0.3112.107 Moblie Safari/537.36"
57.141.3.26 - - [14/Mar/2025:20:09:45 +0700] "GET /ms/blog/teknologi/menjaga-bisnis-anda-relevan-dengan-memanfaatkan-kemajuan-teknologi-digital/ HTTP/1.1" 404 11504 "-" "meta-externalagent/1.1 (+https://developers.facebook.com/docs/sharing/webmasters/crawler)"
146.190.99.254 - - [14/Mar/2025:20:09:48 +0700] "GET /wi.php HTTP/1.1" 301 0 "www.google.com" "Mozlila/5.0 (Linux; Android 7.0; SM-G892A Bulid/NRD90M; wv) AppleWebKit/537.36 (KHTML, like Gecko) Version/4.0 Chrome/60.0.3112.107 Moblie Safari/537.36"
146.190.99.254 - - [14/Mar/2025:20:09:53 +0700] "GET /nee.php HTTP/1.1" 301 0 "www.google.com" "Mozlila/5.0 (Linux; Android 7.0; SM-G892A Bulid/NRD90M; wv) AppleWebKit/537.36 (KHTML, like Gecko) Version/4.0 Chrome/60.0.3112.107 Moblie Safari/537.36"
57.141.3.10 - - [14/Mar/2025:20:09:52 +0700] "GET /ms/daftar/ HTTP/1.1" 404 11504 "-" "meta-externalagent/1.1 (+https://developers.facebook.com/docs/sharing/webmasters/crawler)"
146.190.99.254 - - [14/Mar/2025:20:09:57 +0700] "GET /87.php HTTP/1.1" 301 0 "www.google.com" "Mozlila/5.0 (Linux; Android 7.0; SM-G892A Bulid/NRD90M; wv) AppleWebKit/537.36 (KHTML, like Gecko) Version/4.0 Chrome/60.0.3112.107 Moblie Safari/537.36"
57.141.3.19 - - [14/Mar/2025:20:09:56 +0700] "GET /ms/blog/category/management/hrd/ HTTP/1.1" 404 11504 "-" "meta-externalagent/1.1 (+https://developers.facebook.com/docs/sharing/webmasters/crawler)"
146.190.99.254 - - [14/Mar/2025:20:10:02 +0700] "GET /haxor.php HTTP/1.1" 301 0 "www.google.com" "Mozlila/5.0 (Linux; Android 7.0; SM-G892A Bulid/NRD90M; wv) AppleWebKit/537.36 (KHTML, like Gecko) Version/4.0 Chrome/60.0.3112.107 Moblie Safari/537.36"
57.141.3.19 - - [14/Mar/2025:20:10:03 +0700] "GET /ms/blog/tag/dunia-kerja/ HTTP/1.1" 404 11504 "-" "meta-externalagent/1.1 (+https://developers.facebook.com/docs/sharing/webmasters/crawler)"
57.141.3.1 - - [14/Mar/2025:20:10:05 +0700] "GET /en/blog/manajemen-bisnis/keuntungan-memiliki-website-pribadi HTTP/1.1" 404 11504 "-" "meta-externalagent/1.1 (+https://developers.facebook.com/docs/sharing/webmasters/crawler)"
146.190.99.254 - - [14/Mar/2025:20:10:07 +0700] "GET /FoxWSOv1.php HTTP/1.1" 301 0 "www.google.com" "Mozlila/5.0 (Linux; Android 7.0; SM-G892A Bulid/NRD90M; wv) AppleWebKit/537.36 (KHTML, like Gecko) Version/4.0 Chrome/60.0.3112.107 Moblie Safari/537.36"
57.141.3.9 - - [14/Mar/2025:20:10:07 +0700] "GET /ms/cara-jualan-di-tokopedia/live-streaming-di-tokopedia-play-peluang-melipatgandakan-omset/ HTTP/1.1" 404 11504 "-" "meta-externalagent/1.1 (+https://developers.facebook.com/docs/sharing/webmasters/crawler)"
57.141.3.13 - - [14/Mar/2025:20:10:10 +0700] "GET /ms/blog/category/introduction-to-digital/ HTTP/1.1" 404 11504 "-" "meta-externalagent/1.1 (+https://developers.facebook.com/docs/sharing/webmasters/crawler)"
146.190.99.254 - - [14/Mar/2025:20:10:12 +0700] "GET /bb.php HTTP/1.1" 301 0 "www.google.com" "Mozlila/5.0 (Linux; Android 7.0; SM-G892A Bulid/NRD90M; wv) AppleWebKit/537.36 (KHTML, like Gecko) Version/4.0 Chrome/60.0.3112.107 Moblie Safari/537.36"
180.235.151.3 - - [14/Mar/2025:20:10:16 +0700] "POST /wp-cron.php?doing_wp_cron=1741957816.7993900775909423828125 HTTP/1.1" 403 1242 "-" "WordPress/6.7.2; https://www.aturtoko.id"
57.141.3.19 - - [14/Mar/2025:20:10:12 +0700] "GET /en/blog/management/marketing/apa-itu-bundling-tipe-dan-strategi-untuk-meningkatkan-penjualan/ HTTP/1.1" 404 11504 "-" "meta-externalagent/1.1 (+https://developers.facebook.com/docs/sharing/webmasters/crawler)"
180.235.151.3 - - [14/Mar/2025:20:10:19 +0700] "POST /wp-cron.php?doing_wp_cron=1741957819.8654859066009521484375 HTTP/1.1" 403 1242 "-" "WordPress/6.7.2; https://www.aturtoko.id"
57.141.3.1 - - [14/Mar/2025:20:10:15 +0700] "GET /en/blog/aturtoko-update/membuat-website-e-commerce-yang-menguntungkan HTTP/1.1" 404 11504 "-" "meta-externalagent/1.1 (+https://developers.facebook.com/docs/sharing/webmasters/crawler)"
146.190.99.254 - - [14/Mar/2025:20:10:17 +0700] "GET /lf.php HTTP/1.1" 301 0 "www.google.com" "Mozlila/5.0 (Linux; Android 7.0; SM-G892A Bulid/NRD90M; wv) AppleWebKit/537.36 (KHTML, like Gecko) Version/4.0 Chrome/60.0.3112.107 Moblie Safari/537.36"
66.249.75.228 - - [14/Mar/2025:20:10:19 +0700] "GET /?e=26734494772 HTTP/1.1" 200 19972 "-" "Mozilla/5.0 (Linux; Android 6.0.1; Nexus 5X Build/MMB29P) AppleWebKit/537.36 (KHTML, like Gecko) Chrome/133.0.6943.141 Mobile Safari/537.36 (compatible; GoogleOther)"
146.190.99.254 - - [14/Mar/2025:20:10:22 +0700] "GET /hello.php HTTP/1.1" 301 0 "www.google.com" "Mozlila/5.0 (Linux; Android 7.0; SM-G892A Bulid/NRD90M; wv) AppleWebKit/537.36 (KHTML, like Gecko) Version/4.0 Chrome/60.0.3112.107 Moblie Safari/537.36"
146.190.99.254 - - [14/Mar/2025:20:10:30 +0700] "GET /if.php HTTP/1.1" 301 0 "www.google.com" "Mozlila/5.0 (Linux; Android 7.0; SM-G892A Bulid/NRD90M; wv) AppleWebKit/537.36 (KHTML, like Gecko) Version/4.0 Chrome/60.0.3112.107 Moblie Safari/537.36"
57.141.3.13 - - [14/Mar/2025:20:10:28 +0700] "GET /ms/blog/manajemen-bisnis/menjaga-bisnis-anda-relevan-dengan-memanfaatkan-kemajuan-teknologi-digital/feed HTTP/1.1" 404 11504 "-" "meta-externalagent/1.1 (+https://developers.facebook.com/docs/sharing/webmasters/crawler)"
57.141.3.11 - - [14/Mar/2025:20:10:26 +0700] "GET /ms/blog/tag/instagram HTTP/1.1" 404 11504 "-" "meta-externalagent/1.1 (+https://developers.facebook.com/docs/sharing/webmasters/crawler)"
57.141.3.6 - - [14/Mar/2025:20:10:31 +0700] "GET /ms/blog/lainnya/ini-5-hal-yang-perlu-kita-tahu-tentang-template-toko-online/feed HTTP/1.1" 404 11504 "-" "meta-externalagent/1.1 (+https://developers.facebook.com/docs/sharing/webmasters/crawler)"
146.190.99.254 - - [14/Mar/2025:20:10:36 +0700] "GET /kn.php HTTP/1.1" 301 0 "www.google.com" "Mozlila/5.0 (Linux; Android 7.0; SM-G892A Bulid/NRD90M; wv) AppleWebKit/537.36 (KHTML, like Gecko) Version/4.0 Chrome/60.0.3112.107 Moblie Safari/537.36"
57.141.3.20 - - [14/Mar/2025:20:10:35 +0700] "GET /ms/blog/tag/endorse/ HTTP/1.1" 404 11504 "-" "meta-externalagent/1.1 (+https://developers.facebook.com/docs/sharing/webmasters/crawler)"
57.141.3.24 - - [14/Mar/2025:20:10:36 +0700] "GET /en/blog/kewirausahaan/communication/apa-itu-ice-breaking-metode-dan-varian-untuk-mencairkan-suasana-kantor/feed HTTP/1.1" 404 11504 "-" "meta-externalagent/1.1 (+https://developers.facebook.com/docs/sharing/webmasters/crawler)"
66.249.75.228 - - [14/Mar/2025:20:10:39 +0700] "GET /sodium/item/3225145692.shtm HTTP/1.1" 200 19564 "-" "Mozilla/5.0 (Linux; Android 6.0.1; Nexus 5X Build/MMB29P) AppleWebKit/537.36 (KHTML, like Gecko) Chrome/133.0.6943.141 Mobile Safari/537.36 (compatible; GoogleOther)"
146.190.99.254 - - [14/Mar/2025:20:10:40 +0700] "GET /3301.php HTTP/1.1" 301 0 "www.google.com" "Mozlila/5.0 (Linux; Android 7.0; SM-G892A Bulid/NRD90M; wv) AppleWebKit/537.36 (KHTML, like Gecko) Version/4.0 Chrome/60.0.3112.107 Moblie Safari/537.36"
146.190.99.254 - - [14/Mar/2025:20:10:45 +0700] "GET /anone.php HTTP/1.1" 301 0 "www.google.com" "Mozlila/5.0 (Linux; Android 7.0; SM-G892A Bulid/NRD90M; wv) AppleWebKit/537.36 (KHTML, like Gecko) Version/4.0 Chrome/60.0.3112.107 Moblie Safari/537.36"
57.141.3.2 - - [14/Mar/2025:20:10:44 +0700] "GET /en/blog/manajemen-bisnis/7-brand-lokal-ini-berhasil-go-international-sudah-tahu HTTP/1.1" 404 11504 "-" "meta-externalagent/1.1 (+https://developers.facebook.com/docs/sharing/webmasters/crawler)"
146.190.99.254 - - [14/Mar/2025:20:10:49 +0700] "GET /wp-configer.php HTTP/1.1" 301 0 "www.google.com" "Mozlila/5.0 (Linux; Android 7.0; SM-G892A Bulid/NRD90M; wv) AppleWebKit/537.36 (KHTML, like Gecko) Version/4.0 Chrome/60.0.3112.107 Moblie Safari/537.36"
57.141.3.7 - - [14/Mar/2025:20:10:51 +0700] "GET /en/blog/kewirausahaan/business-opportunity/apa-yang-dimaksud-dengan-ekspor-impor-pahami-seluk-beluknya-di-sini HTTP/1.1" 404 11504 "-" "meta-externalagent/1.1 (+https://developers.facebook.com/docs/sharing/webmasters/crawler)"
146.190.99.254 - - [14/Mar/2025:20:10:54 +0700] "GET /wp-ad.php HTTP/1.1" 301 0 "www.google.com" "Mozlila/5.0 (Linux; Android 7.0; SM-G892A Bulid/NRD90M; wv) AppleWebKit/537.36 (KHTML, like Gecko) Version/4.0 Chrome/60.0.3112.107 Moblie Safari/537.36"
57.141.3.15 - - [14/Mar/2025:20:10:53 +0700] "GET /en/blog/tag/youtuber HTTP/1.1" 404 11504 "-" "meta-externalagent/1.1 (+https://developers.facebook.com/docs/sharing/webmasters/crawler)"
180.235.151.3 - - [14/Mar/2025:20:10:57 +0700] "GET /wp-content/themes/aturtoko/assets/json/testi.json HTTP/1.0" 200 3616 "-" "-"
57.141.3.2 - - [14/Mar/2025:20:10:56 +0700] "GET /omnipos HTTP/1.1" 200 96988 "-" "meta-externalagent/1.1 (+https://developers.facebook.com/docs/sharing/webmasters/crawler)"
57.141.3.15 - - [14/Mar/2025:20:10:55 +0700] "GET /en/blog/digital-marketing/apa-itu-endorse-bagaimana-cara-kerjanya-sebagai-strategi-pemasaran HTTP/1.1" 404 11504 "-" "meta-externalagent/1.1 (+https://developers.facebook.com/docs/sharing/webmasters/crawler)"
146.190.99.254 - - [14/Mar/2025:20:10:58 +0700] "GET /send.php HTTP/1.1" 301 0 "www.google.com" "Mozlila/5.0 (Linux; Android 7.0; SM-G892A Bulid/NRD90M; wv) AppleWebKit/537.36 (KHTML, like Gecko) Version/4.0 Chrome/60.0.3112.107 Moblie Safari/537.36"
57.141.3.26 - - [14/Mar/2025:20:11:01 +0700] "GET /ms/blog/kewirausahaan/business-opportunity/cara-pembisnis-menemukan-dan-mengambil-kesempatan-dalam-berbagai-sektor HTTP/1.1" 404 11504 "-" "meta-externalagent/1.1 (+https://developers.facebook.com/docs/sharing/webmasters/crawler)"
146.190.99.254 - - [14/Mar/2025:20:11:03 +0700] "GET /.wp-cache.php HTTP/1.1" 301 0 "www.google.com" "Mozlila/5.0 (Linux; Android 7.0; SM-G892A Bulid/NRD90M; wv) AppleWebKit/537.36 (KHTML, like Gecko) Version/4.0 Chrome/60.0.3112.107 Moblie Safari/537.36"
57.141.3.14 - - [14/Mar/2025:20:11:05 +0700] "GET /ms/blog/category/kewirausahaan/communication/ HTTP/1.1" 404 11504 "-" "meta-externalagent/1.1 (+https://developers.facebook.com/docs/sharing/webmasters/crawler)"
146.190.99.254 - - [14/Mar/2025:20:11:08 +0700] "GET /sendmail.php HTTP/1.1" 301 0 "www.google.com" "Mozlila/5.0 (Linux; Android 7.0; SM-G892A Bulid/NRD90M; wv) AppleWebKit/537.36 (KHTML, like Gecko) Version/4.0 Chrome/60.0.3112.107 Moblie Safari/537.36"
146.190.99.254 - - [14/Mar/2025:20:11:13 +0700] "GET /rahma.php HTTP/1.1" 301 0 "www.google.com" "Mozlila/5.0 (Linux; Android 7.0; SM-G892A Bulid/NRD90M; wv) AppleWebKit/537.36 (KHTML, like Gecko) Version/4.0 Chrome/60.0.3112.107 Moblie Safari/537.36"
57.141.3.7 - - [14/Mar/2025:20:11:15 +0700] "GET /en/blog/info-marketplace/mengoptimalkan-penjualan-anda-dengan-website HTTP/1.1" 404 11504 "-" "meta-externalagent/1.1 (+https://developers.facebook.com/docs/sharing/webmasters/crawler)"
146.190.99.254 - - [14/Mar/2025:20:11:17 +0700] "GET /nasgor.php HTTP/1.1" 301 0 "www.google.com" "Mozlila/5.0 (Linux; Android 7.0; SM-G892A Bulid/NRD90M; wv) AppleWebKit/537.36 (KHTML, like Gecko) Version/4.0 Chrome/60.0.3112.107 Moblie Safari/537.36"
