18.142.117.180 - - [15/Mar/2025:08:28:35 +0700] "GET /wp-content/plugins/library/alfacgiapi/radio.php?bx=0e215962017 HTTP/1.1" 404 3380 "-" "Mozilla/5.0 (Linux; Android 11; Redmi Note 9 Pro Build/RKQ1.200826.002; wv) AppleWebKit/537.36 (KHTML, like Gecko) Version/4.0 Chrome/90.0.4430.210 Mobile Safari/537.36"
18.142.117.180 - - [15/Mar/2025:08:28:40 +0700] "GET /wp-content/plugins/library/alfacgiapi/404.php?bx=0e215962017 HTTP/1.1" 404 3380 "-" "Mozilla/5.0 (Linux; Android 11; Redmi Note 9 Pro Build/RKQ1.200826.002; wv) AppleWebKit/537.36 (KHTML, like Gecko) Version/4.0 Chrome/90.0.4430.210 Mobile Safari/537.36"
18.142.117.180 - - [15/Mar/2025:08:28:45 +0700] "POST /wp-content/plugins/library/ALFA_DATA/alfacgiapi/perl.alfa HTTP/1.1" 404 3380 "-" "Mozilla/5.0 (Linux; Android 11; Redmi Note 9 Pro Build/RKQ1.200826.002; wv) AppleWebKit/537.36 (KHTML, like Gecko) Version/4.0 Chrome/90.0.4430.210 Mobile Safari/537.36"
66.249.75.228 - - [15/Mar/2025:08:28:49 +0700] "GET /museum/good/3226820200.shtm HTTP/1.1" 200 21372 "-" "Mozilla/5.0 (compatible; Googlebot/2.1; +http://www.google.com/bot.html)"
18.142.117.180 - - [15/Mar/2025:08:28:49 +0700] "POST /wp-content/plugins/library/ALFA_DATA/alfacgiapi/perl.alfa HTTP/1.1" 404 3380 "-" "Mozilla/5.0 (Linux; Android 11; Redmi Note 9 Pro Build/RKQ1.200826.002; wv) AppleWebKit/537.36 (KHTML, like Gecko) Version/4.0 Chrome/90.0.4430.210 Mobile Safari/537.36"
18.142.117.180 - - [15/Mar/2025:08:28:54 +0700] "POST /wp-content/plugins/library/ALFA_DATA/alfacgiapi/bash.alfa HTTP/1.1" 404 3380 "-" "Mozilla/5.0 (Linux; Android 11; Redmi Note 9 Pro Build/RKQ1.200826.002; wv) AppleWebKit/537.36 (KHTML, like Gecko) Version/4.0 Chrome/90.0.4430.210 Mobile Safari/537.36"
180.235.151.3 - - [15/Mar/2025:08:29:02 +0700] "POST /wp-cron.php?doing_wp_cron=1742002142.6229000091552734375000 HTTP/1.1" 403 1242 "-" "WordPress/6.7.2; https://www.aturtoko.id"
18.142.117.180 - - [15/Mar/2025:08:28:58 +0700] "POST /wp-content/plugins/library/ALFA_DATA/alfacgiapi/bash.alfa HTTP/1.1" 404 3380 "-" "Mozilla/5.0 (Linux; Android 11; Redmi Note 9 Pro Build/RKQ1.200826.002; wv) AppleWebKit/537.36 (KHTML, like Gecko) Version/4.0 Chrome/90.0.4430.210 Mobile Safari/537.36"
18.142.117.180 - - [15/Mar/2025:08:29:02 +0700] "POST /wp-content/plugins/library/ALFA_DATA/alfacgiapi/py.alfa HTTP/1.1" 404 3380 "-" "Mozilla/5.0 (Linux; Android 11; Redmi Note 9 Pro Build/RKQ1.200826.002; wv) AppleWebKit/537.36 (KHTML, like Gecko) Version/4.0 Chrome/90.0.4430.210 Mobile Safari/537.36"
66.249.75.228 - - [15/Mar/2025:08:29:08 +0700] "GET /amarillo/3225136700.shtm HTTP/1.1" 200 20425 "-" "Mozilla/5.0 (compatible; Googlebot/2.1; +http://www.google.com/bot.html)"
18.142.117.180 - - [15/Mar/2025:08:29:07 +0700] "POST /wp-content/plugins/library/ALFA_DATA/alfacgiapi/py.alfa HTTP/1.1" 404 3380 "-" "Mozilla/5.0 (Linux; Android 11; Redmi Note 9 Pro Build/RKQ1.200826.002; wv) AppleWebKit/537.36 (KHTML, like Gecko) Version/4.0 Chrome/90.0.4430.210 Mobile Safari/537.36"
18.142.117.180 - - [15/Mar/2025:08:29:12 +0700] "GET /wp-content/plugins/library/ALFA_DATA/alfacgiapi/index.php?bx=0e215962017 HTTP/1.1" 301 0 "-" "Mozilla/5.0 (Linux; Android 11; Redmi Note 9 Pro Build/RKQ1.200826.002; wv) AppleWebKit/537.36 (KHTML, like Gecko) Version/4.0 Chrome/90.0.4430.210 Mobile Safari/537.36"
18.142.117.180 - - [15/Mar/2025:08:29:16 +0700] "GET /wp-content/plugins/library/ALFA_DATA/alfacgiapi/?bx=0e215962017 HTTP/1.1" 404 3380 "-" "Mozilla/5.0 (Linux; Android 11; Redmi Note 9 Pro Build/RKQ1.200826.002; wv) AppleWebKit/537.36 (KHTML, like Gecko) Version/4.0 Chrome/90.0.4430.210 Mobile Safari/537.36"
66.249.75.228 - - [15/Mar/2025:08:29:24 +0700] "GET /edmund/322513670.shtm HTTP/1.1" 200 19855 "-" "Mozilla/5.0 (compatible; Googlebot/2.1; +http://www.google.com/bot.html)"
18.142.117.180 - - [15/Mar/2025:08:29:21 +0700] "GET /wp-content/plugins/library/ALFA_DATA/alfacgiapi/radio.php?bx=0e215962017 HTTP/1.1" 404 3380 "-" "Mozilla/5.0 (Linux; Android 11; Redmi Note 9 Pro Build/RKQ1.200826.002; wv) AppleWebKit/537.36 (KHTML, like Gecko) Version/4.0 Chrome/90.0.4430.210 Mobile Safari/537.36"
18.142.117.180 - - [15/Mar/2025:08:29:26 +0700] "GET /wp-content/plugins/library/ALFA_DATA/alfacgiapi/404.php?bx=0e215962017 HTTP/1.1" 404 3380 "-" "Mozilla/5.0 (Linux; Android 11; Redmi Note 9 Pro Build/RKQ1.200826.002; wv) AppleWebKit/537.36 (KHTML, like Gecko) Version/4.0 Chrome/90.0.4430.210 Mobile Safari/537.36"
18.142.117.180 - - [15/Mar/2025:08:29:30 +0700] "POST /wp-admin/alfacgiapi/perl.alfa HTTP/1.1" 404 3380 "-" "Mozilla/5.0 (Linux; Android 11; Redmi Note 9 Pro Build/RKQ1.200826.002; wv) AppleWebKit/537.36 (KHTML, like Gecko) Version/4.0 Chrome/90.0.4430.210 Mobile Safari/537.36"
66.249.71.9 - - [15/Mar/2025:08:29:36 +0700] "GET /3225396430.shtm HTTP/1.1" 200 21324 "-" "Mozilla/5.0 (compatible; Googlebot/2.1; +http://www.google.com/bot.html)"
18.142.117.180 - - [15/Mar/2025:08:29:35 +0700] "POST /wp-admin/alfacgiapi/perl.alfa HTTP/1.1" 404 3380 "-" "Mozilla/5.0 (Linux; Android 11; Redmi Note 9 Pro Build/RKQ1.200826.002; wv) AppleWebKit/537.36 (KHTML, like Gecko) Version/4.0 Chrome/90.0.4430.210 Mobile Safari/537.36"
18.142.117.180 - - [15/Mar/2025:08:29:39 +0700] "POST /wp-admin/alfacgiapi/bash.alfa HTTP/1.1" 404 3373 "-" "Mozilla/5.0 (Linux; Android 11; Redmi Note 9 Pro Build/RKQ1.200826.002; wv) AppleWebKit/537.36 (KHTML, like Gecko) Version/4.0 Chrome/90.0.4430.210 Mobile Safari/537.36"
66.249.75.228 - - [15/Mar/2025:08:29:44 +0700] "POST /get-message-notify HTTP/1.1" 200 22055 "http://www.aturtoko.id/3225396430.shtm" "Mozilla/5.0 AppleWebKit/537.36 (KHTML, like Gecko; compatible; Googlebot/2.1; +http://www.google.com/bot.html) Chrome/133.0.6943.141 Safari/537.36"
18.142.117.180 - - [15/Mar/2025:08:29:44 +0700] "POST /wp-admin/alfacgiapi/bash.alfa HTTP/1.1" 404 3380 "-" "Mozilla/5.0 (Linux; Android 11; Redmi Note 9 Pro Build/RKQ1.200826.002; wv) AppleWebKit/537.36 (KHTML, like Gecko) Version/4.0 Chrome/90.0.4430.210 Mobile Safari/537.36"
18.142.117.180 - - [15/Mar/2025:08:29:48 +0700] "POST /wp-admin/alfacgiapi/py.alfa HTTP/1.1" 404 3380 "-" "Mozilla/5.0 (Linux; Android 11; Redmi Note 9 Pro Build/RKQ1.200826.002; wv) AppleWebKit/537.36 (KHTML, like Gecko) Version/4.0 Chrome/90.0.4430.210 Mobile Safari/537.36"
66.249.75.228 - - [15/Mar/2025:08:29:56 +0700] "GET /3225314410.shtm HTTP/1.1" 200 19814 "-" "Mozilla/5.0 (compatible; Googlebot/2.1; +http://www.google.com/bot.html)"
18.142.117.180 - - [15/Mar/2025:08:29:53 +0700] "POST /wp-admin/alfacgiapi/py.alfa HTTP/1.1" 404 3380 "-" "Mozilla/5.0 (Linux; Android 11; Redmi Note 9 Pro Build/RKQ1.200826.002; wv) AppleWebKit/537.36 (KHTML, like Gecko) Version/4.0 Chrome/90.0.4430.210 Mobile Safari/537.36"
188.166.212.88 - - [15/Mar/2025:08:30:00 +0700] "GET / HTTP/1.1" 301 0 "-" "Mozilla/5.0 (Windows NT 10.0; Win64; x64) AppleWebKit/537.36 (KHTML, like Gecko) Chrome/88.0.4240.193 Safari/537.36"
180.235.151.3 - - [15/Mar/2025:08:30:03 +0700] "POST /wp-cron.php?doing_wp_cron=1742002203.3926599025726318359375 HTTP/1.1" 403 1242 "-" "WordPress/6.7.2; https://www.aturtoko.id"
18.142.117.180 - - [15/Mar/2025:08:29:58 +0700] "GET /wp-admin/alfacgiapi/index.php?bx=0e215962017 HTTP/1.1" 301 0 "-" "Mozilla/5.0 (Linux; Android 11; Redmi Note 9 Pro Build/RKQ1.200826.002; wv) AppleWebKit/537.36 (KHTML, like Gecko) Version/4.0 Chrome/90.0.4430.210 Mobile Safari/537.36"
18.142.117.180 - - [15/Mar/2025:08:30:03 +0700] "GET /wp-admin/alfacgiapi/?bx=0e215962017 HTTP/1.1" 404 3380 "-" "Mozilla/5.0 (Linux; Android 11; Redmi Note 9 Pro Build/RKQ1.200826.002; wv) AppleWebKit/537.36 (KHTML, like Gecko) Version/4.0 Chrome/90.0.4430.210 Mobile Safari/537.36"
66.249.75.228 - - [15/Mar/2025:08:30:08 +0700] "GET /tunes/3226546800.shtm HTTP/1.1" 200 21491 "-" "Mozilla/5.0 (compatible; Googlebot/2.1; +http://www.google.com/bot.html)"
18.142.117.180 - - [15/Mar/2025:08:30:08 +0700] "GET /wp-admin/alfacgiapi/radio.php?bx=0e215962017 HTTP/1.1" 404 3380 "-" "Mozilla/5.0 (Linux; Android 11; Redmi Note 9 Pro Build/RKQ1.200826.002; wv) AppleWebKit/537.36 (KHTML, like Gecko) Version/4.0 Chrome/90.0.4430.210 Mobile Safari/537.36"
18.142.117.180 - - [15/Mar/2025:08:30:13 +0700] "GET /wp-admin/alfacgiapi/404.php?bx=0e215962017 HTTP/1.1" 404 3380 "-" "Mozilla/5.0 (Linux; Android 11; Redmi Note 9 Pro Build/RKQ1.200826.002; wv) AppleWebKit/537.36 (KHTML, like Gecko) Version/4.0 Chrome/90.0.4430.210 Mobile Safari/537.36"
18.142.117.180 - - [15/Mar/2025:08:30:17 +0700] "POST /wp-admin/ALFA_DATA/alfacgiapi/perl.alfa HTTP/1.1" 404 3380 "-" "Mozilla/5.0 (Linux; Android 11; Redmi Note 9 Pro Build/RKQ1.200826.002; wv) AppleWebKit/537.36 (KHTML, like Gecko) Version/4.0 Chrome/90.0.4430.210 Mobile Safari/537.36"
66.249.75.228 - - [15/Mar/2025:08:30:25 +0700] "GET /teas/322554680.shtm HTTP/1.1" 200 20625 "-" "Mozilla/5.0 (compatible; Googlebot/2.1; +http://www.google.com/bot.html)"
18.142.117.180 - - [15/Mar/2025:08:30:22 +0700] "POST /wp-admin/ALFA_DATA/alfacgiapi/perl.alfa HTTP/1.1" 404 3380 "-" "Mozilla/5.0 (Linux; Android 11; Redmi Note 9 Pro Build/RKQ1.200826.002; wv) AppleWebKit/537.36 (KHTML, like Gecko) Version/4.0 Chrome/90.0.4430.210 Mobile Safari/537.36"
18.142.117.180 - - [15/Mar/2025:08:30:27 +0700] "POST /wp-admin/ALFA_DATA/alfacgiapi/bash.alfa HTTP/1.1" 404 3380 "-" "Mozilla/5.0 (Linux; Android 11; Redmi Note 9 Pro Build/RKQ1.200826.002; wv) AppleWebKit/537.36 (KHTML, like Gecko) Version/4.0 Chrome/90.0.4430.210 Mobile Safari/537.36"
18.142.117.180 - - [15/Mar/2025:08:30:32 +0700] "POST /wp-admin/ALFA_DATA/alfacgiapi/bash.alfa HTTP/1.1" 404 3380 "-" "Mozilla/5.0 (Linux; Android 11; Redmi Note 9 Pro Build/RKQ1.200826.002; wv) AppleWebKit/537.36 (KHTML, like Gecko) Version/4.0 Chrome/90.0.4430.210 Mobile Safari/537.36"
66.249.75.228 - - [15/Mar/2025:08:30:38 +0700] "GET /presenter/good/3226533130.shtm HTTP/1.1" 200 20114 "-" "Mozilla/5.0 (compatible; Googlebot/2.1; +http://www.google.com/bot.html)"
18.142.117.180 - - [15/Mar/2025:08:30:37 +0700] "POST /wp-admin/ALFA_DATA/alfacgiapi/py.alfa HTTP/1.1" 404 3380 "-" "Mozilla/5.0 (Linux; Android 11; Redmi Note 9 Pro Build/RKQ1.200826.002; wv) AppleWebKit/537.36 (KHTML, like Gecko) Version/4.0 Chrome/90.0.4430.210 Mobile Safari/537.36"
18.142.117.180 - - [15/Mar/2025:08:30:41 +0700] "POST /wp-admin/ALFA_DATA/alfacgiapi/py.alfa HTTP/1.1" 404 3380 "-" "Mozilla/5.0 (Linux; Android 11; Redmi Note 9 Pro Build/RKQ1.200826.002; wv) AppleWebKit/537.36 (KHTML, like Gecko) Version/4.0 Chrome/90.0.4430.210 Mobile Safari/537.36"
18.142.117.180 - - [15/Mar/2025:08:30:46 +0700] "GET /wp-admin/ALFA_DATA/alfacgiapi/index.php?bx=0e215962017 HTTP/1.1" 301 0 "-" "Mozilla/5.0 (Linux; Android 11; Redmi Note 9 Pro Build/RKQ1.200826.002; wv) AppleWebKit/537.36 (KHTML, like Gecko) Version/4.0 Chrome/90.0.4430.210 Mobile Safari/537.36"
66.249.75.228 - - [15/Mar/2025:08:30:50 +0700] "GET /coalition/3225423770.shtm HTTP/1.1" 200 19517 "-" "Mozilla/5.0 (compatible; Googlebot/2.1; +http://www.google.com/bot.html)"
18.142.117.180 - - [15/Mar/2025:08:30:51 +0700] "GET /wp-admin/ALFA_DATA/alfacgiapi/?bx=0e215962017 HTTP/1.1" 404 3380 "-" "Mozilla/5.0 (Linux; Android 11; Redmi Note 9 Pro Build/RKQ1.200826.002; wv) AppleWebKit/537.36 (KHTML, like Gecko) Version/4.0 Chrome/90.0.4430.210 Mobile Safari/537.36"
18.142.117.180 - - [15/Mar/2025:08:30:56 +0700] "GET /wp-admin/ALFA_DATA/alfacgiapi/radio.php?bx=0e215962017 HTTP/1.1" 404 3380 "-" "Mozilla/5.0 (Linux; Android 11; Redmi Note 9 Pro Build/RKQ1.200826.002; wv) AppleWebKit/537.36 (KHTML, like Gecko) Version/4.0 Chrome/90.0.4430.210 Mobile Safari/537.36"
66.249.75.228 - - [15/Mar/2025:08:30:59 +0700] "GET /?e=45352218303 HTTP/1.1" 200 22511 "-" "Mozilla/5.0 (Linux; Android 6.0.1; Nexus 5X Build/MMB29P) AppleWebKit/537.36 (KHTML, like Gecko) Chrome/133.0.6943.141 Mobile Safari/537.36 (compatible; GoogleOther)"
180.235.151.3 - - [15/Mar/2025:08:31:05 +0700] "POST /wp-cron.php?doing_wp_cron=1742002265.3525741100311279296875 HTTP/1.1" 403 1242 "-" "WordPress/6.7.2; https://www.aturtoko.id"
18.142.117.180 - - [15/Mar/2025:08:31:00 +0700] "GET /wp-admin/ALFA_DATA/alfacgiapi/404.php?bx=0e215962017 HTTP/1.1" 404 3380 "-" "Mozilla/5.0 (Linux; Android 11; Redmi Note 9 Pro Build/RKQ1.200826.002; wv) AppleWebKit/537.36 (KHTML, like Gecko) Version/4.0 Chrome/90.0.4430.210 Mobile Safari/537.36"
18.142.117.180 - - [15/Mar/2025:08:31:05 +0700] "POST /wp-includes/alfacgiapi/perl.alfa HTTP/1.1" 403 1242 "-" "Mozilla/5.0 (Linux; Android 11; Redmi Note 9 Pro Build/RKQ1.200826.002; wv) AppleWebKit/537.36 (KHTML, like Gecko) Version/4.0 Chrome/90.0.4430.210 Mobile Safari/537.36"
18.142.117.180 - - [15/Mar/2025:08:31:05 +0700] "POST /wp-includes/alfacgiapi/perl.alfa HTTP/1.1" 403 1242 "-" "Mozilla/5.0 (Linux; Android 11; Redmi Note 9 Pro Build/RKQ1.200826.002; wv) AppleWebKit/537.36 (KHTML, like Gecko) Version/4.0 Chrome/90.0.4430.210 Mobile Safari/537.36"
18.142.117.180 - - [15/Mar/2025:08:31:05 +0700] "POST /wp-includes/alfacgiapi/bash.alfa HTTP/1.1" 403 1242 "-" "Mozilla/5.0 (Linux; Android 11; Redmi Note 9 Pro Build/RKQ1.200826.002; wv) AppleWebKit/537.36 (KHTML, like Gecko) Version/4.0 Chrome/90.0.4430.210 Mobile Safari/537.36"
18.142.117.180 - - [15/Mar/2025:08:31:05 +0700] "POST /wp-includes/alfacgiapi/bash.alfa HTTP/1.1" 403 1242 "-" "Mozilla/5.0 (Linux; Android 11; Redmi Note 9 Pro Build/RKQ1.200826.002; wv) AppleWebKit/537.36 (KHTML, like Gecko) Version/4.0 Chrome/90.0.4430.210 Mobile Safari/537.36"
18.142.117.180 - - [15/Mar/2025:08:31:05 +0700] "POST /wp-includes/alfacgiapi/py.alfa HTTP/1.1" 403 1242 "-" "Mozilla/5.0 (Linux; Android 11; Redmi Note 9 Pro Build/RKQ1.200826.002; wv) AppleWebKit/537.36 (KHTML, like Gecko) Version/4.0 Chrome/90.0.4430.210 Mobile Safari/537.36"
18.142.117.180 - - [15/Mar/2025:08:31:05 +0700] "POST /wp-includes/alfacgiapi/py.alfa HTTP/1.1" 403 1242 "-" "Mozilla/5.0 (Linux; Android 11; Redmi Note 9 Pro Build/RKQ1.200826.002; wv) AppleWebKit/537.36 (KHTML, like Gecko) Version/4.0 Chrome/90.0.4430.210 Mobile Safari/537.36"
18.142.117.180 - - [15/Mar/2025:08:31:05 +0700] "GET /wp-includes/alfacgiapi/index.php?bx=0e215962017 HTTP/1.1" 403 1242 "-" "Mozilla/5.0 (Linux; Android 11; Redmi Note 9 Pro Build/RKQ1.200826.002; wv) AppleWebKit/537.36 (KHTML, like Gecko) Version/4.0 Chrome/90.0.4430.210 Mobile Safari/537.36"
18.142.117.180 - - [15/Mar/2025:08:31:05 +0700] "GET /wp-includes/alfacgiapi/radio.php?bx=0e215962017 HTTP/1.1" 403 1242 "-" "Mozilla/5.0 (Linux; Android 11; Redmi Note 9 Pro Build/RKQ1.200826.002; wv) AppleWebKit/537.36 (KHTML, like Gecko) Version/4.0 Chrome/90.0.4430.210 Mobile Safari/537.36"
18.142.117.180 - - [15/Mar/2025:08:31:05 +0700] "GET /wp-includes/alfacgiapi/404.php?bx=0e215962017 HTTP/1.1" 403 1242 "-" "Mozilla/5.0 (Linux; Android 11; Redmi Note 9 Pro Build/RKQ1.200826.002; wv) AppleWebKit/537.36 (KHTML, like Gecko) Version/4.0 Chrome/90.0.4430.210 Mobile Safari/537.36"
18.142.117.180 - - [15/Mar/2025:08:31:05 +0700] "POST /wp-includes/ALFA_DATA/alfacgiapi/perl.alfa HTTP/1.1" 403 1242 "-" "Mozilla/5.0 (Linux; Android 11; Redmi Note 9 Pro Build/RKQ1.200826.002; wv) AppleWebKit/537.36 (KHTML, like Gecko) Version/4.0 Chrome/90.0.4430.210 Mobile Safari/537.36"
18.142.117.180 - - [15/Mar/2025:08:31:05 +0700] "POST /wp-includes/ALFA_DATA/alfacgiapi/perl.alfa HTTP/1.1" 403 1242 "-" "Mozilla/5.0 (Linux; Android 11; Redmi Note 9 Pro Build/RKQ1.200826.002; wv) AppleWebKit/537.36 (KHTML, like Gecko) Version/4.0 Chrome/90.0.4430.210 Mobile Safari/537.36"
18.142.117.180 - - [15/Mar/2025:08:31:05 +0700] "POST /wp-includes/ALFA_DATA/alfacgiapi/bash.alfa HTTP/1.1" 403 1242 "-" "Mozilla/5.0 (Linux; Android 11; Redmi Note 9 Pro Build/RKQ1.200826.002; wv) AppleWebKit/537.36 (KHTML, like Gecko) Version/4.0 Chrome/90.0.4430.210 Mobile Safari/537.36"
18.142.117.180 - - [15/Mar/2025:08:31:05 +0700] "POST /wp-includes/ALFA_DATA/alfacgiapi/bash.alfa HTTP/1.1" 403 1242 "-" "Mozilla/5.0 (Linux; Android 11; Redmi Note 9 Pro Build/RKQ1.200826.002; wv) AppleWebKit/537.36 (KHTML, like Gecko) Version/4.0 Chrome/90.0.4430.210 Mobile Safari/537.36"
18.142.117.180 - - [15/Mar/2025:08:31:05 +0700] "POST /wp-includes/ALFA_DATA/alfacgiapi/py.alfa HTTP/1.1" 403 1242 "-" "Mozilla/5.0 (Linux; Android 11; Redmi Note 9 Pro Build/RKQ1.200826.002; wv) AppleWebKit/537.36 (KHTML, like Gecko) Version/4.0 Chrome/90.0.4430.210 Mobile Safari/537.36"
18.142.117.180 - - [15/Mar/2025:08:31:05 +0700] "POST /wp-includes/ALFA_DATA/alfacgiapi/py.alfa HTTP/1.1" 403 1242 "-" "Mozilla/5.0 (Linux; Android 11; Redmi Note 9 Pro Build/RKQ1.200826.002; wv) AppleWebKit/537.36 (KHTML, like Gecko) Version/4.0 Chrome/90.0.4430.210 Mobile Safari/537.36"
18.142.117.180 - - [15/Mar/2025:08:31:05 +0700] "GET /wp-includes/ALFA_DATA/alfacgiapi/index.php?bx=0e215962017 HTTP/1.1" 403 1242 "-" "Mozilla/5.0 (Linux; Android 11; Redmi Note 9 Pro Build/RKQ1.200826.002; wv) AppleWebKit/537.36 (KHTML, like Gecko) Version/4.0 Chrome/90.0.4430.210 Mobile Safari/537.36"
18.142.117.180 - - [15/Mar/2025:08:31:05 +0700] "GET /wp-includes/ALFA_DATA/alfacgiapi/radio.php?bx=0e215962017 HTTP/1.1" 403 1242 "-" "Mozilla/5.0 (Linux; Android 11; Redmi Note 9 Pro Build/RKQ1.200826.002; wv) AppleWebKit/537.36 (KHTML, like Gecko) Version/4.0 Chrome/90.0.4430.210 Mobile Safari/537.36"
18.142.117.180 - - [15/Mar/2025:08:31:05 +0700] "GET /wp-includes/ALFA_DATA/alfacgiapi/404.php?bx=0e215962017 HTTP/1.1" 403 1242 "-" "Mozilla/5.0 (Linux; Android 11; Redmi Note 9 Pro Build/RKQ1.200826.002; wv) AppleWebKit/537.36 (KHTML, like Gecko) Version/4.0 Chrome/90.0.4430.210 Mobile Safari/537.36"
66.249.75.228 - - [15/Mar/2025:08:31:08 +0700] "GET /322568350.shtm HTTP/1.1" 200 19617 "-" "Mozilla/5.0 (compatible; Googlebot/2.1; +http://www.google.com/bot.html)"
18.142.117.180 - - [15/Mar/2025:08:31:05 +0700] "POST /.well-known/alfacgiapi/perl.alfa HTTP/1.1" 404 3380 "-" "Mozilla/5.0 (Linux; Android 11; Redmi Note 9 Pro Build/RKQ1.200826.002; wv) AppleWebKit/537.36 (KHTML, like Gecko) Version/4.0 Chrome/90.0.4430.210 Mobile Safari/537.36"
18.142.117.180 - - [15/Mar/2025:08:31:10 +0700] "POST /.well-known/alfacgiapi/perl.alfa HTTP/1.1" 404 3380 "-" "Mozilla/5.0 (Linux; Android 11; Redmi Note 9 Pro Build/RKQ1.200826.002; wv) AppleWebKit/537.36 (KHTML, like Gecko) Version/4.0 Chrome/90.0.4430.210 Mobile Safari/537.36"
18.142.117.180 - - [15/Mar/2025:08:31:14 +0700] "POST /.well-known/alfacgiapi/bash.alfa HTTP/1.1" 404 3380 "-" "Mozilla/5.0 (Linux; Android 11; Redmi Note 9 Pro Build/RKQ1.200826.002; wv) AppleWebKit/537.36 (KHTML, like Gecko) Version/4.0 Chrome/90.0.4430.210 Mobile Safari/537.36"
18.142.117.180 - - [15/Mar/2025:08:31:19 +0700] "POST /.well-known/alfacgiapi/bash.alfa HTTP/1.1" 404 3380 "-" "Mozilla/5.0 (Linux; Android 11; Redmi Note 9 Pro Build/RKQ1.200826.002; wv) AppleWebKit/537.36 (KHTML, like Gecko) Version/4.0 Chrome/90.0.4430.210 Mobile Safari/537.36"
66.249.75.228 - - [15/Mar/2025:08:31:25 +0700] "GET /32271237795.shtm HTTP/1.1" 200 19508 "-" "Mozilla/5.0 (compatible; Googlebot/2.1; +http://www.google.com/bot.html)"
18.142.117.180 - - [15/Mar/2025:08:31:24 +0700] "POST /.well-known/alfacgiapi/py.alfa HTTP/1.1" 404 3380 "-" "Mozilla/5.0 (Linux; Android 11; Redmi Note 9 Pro Build/RKQ1.200826.002; wv) AppleWebKit/537.36 (KHTML, like Gecko) Version/4.0 Chrome/90.0.4430.210 Mobile Safari/537.36"
18.142.117.180 - - [15/Mar/2025:08:31:28 +0700] "POST /.well-known/alfacgiapi/py.alfa HTTP/1.1" 404 3380 "-" "Mozilla/5.0 (Linux; Android 11; Redmi Note 9 Pro Build/RKQ1.200826.002; wv) AppleWebKit/537.36 (KHTML, like Gecko) Version/4.0 Chrome/90.0.4430.210 Mobile Safari/537.36"
18.142.117.180 - - [15/Mar/2025:08:31:33 +0700] "GET /.well-known/alfacgiapi/index.php?bx=0e215962017 HTTP/1.1" 301 0 "-" "Mozilla/5.0 (Linux; Android 11; Redmi Note 9 Pro Build/RKQ1.200826.002; wv) AppleWebKit/537.36 (KHTML, like Gecko) Version/4.0 Chrome/90.0.4430.210 Mobile Safari/537.36"
66.249.75.228 - - [15/Mar/2025:08:31:38 +0700] "GET /achievements/3226587810.shtm HTTP/1.1" 200 20411 "-" "Mozilla/5.0 (compatible; Googlebot/2.1; +http://www.google.com/bot.html)"
18.142.117.180 - - [15/Mar/2025:08:31:37 +0700] "GET /.well-known/alfacgiapi/?bx=0e215962017 HTTP/1.1" 404 3380 "-" "Mozilla/5.0 (Linux; Android 11; Redmi Note 9 Pro Build/RKQ1.200826.002; wv) AppleWebKit/537.36 (KHTML, like Gecko) Version/4.0 Chrome/90.0.4430.210 Mobile Safari/537.36"
18.142.117.180 - - [15/Mar/2025:08:31:42 +0700] "GET /.well-known/alfacgiapi/radio.php?bx=0e215962017 HTTP/1.1" 404 3380 "-" "Mozilla/5.0 (Linux; Android 11; Redmi Note 9 Pro Build/RKQ1.200826.002; wv) AppleWebKit/537.36 (KHTML, like Gecko) Version/4.0 Chrome/90.0.4430.210 Mobile Safari/537.36"
18.142.117.180 - - [15/Mar/2025:08:31:46 +0700] "GET /.well-known/alfacgiapi/404.php?bx=0e215962017 HTTP/1.1" 404 3380 "-" "Mozilla/5.0 (Linux; Android 11; Redmi Note 9 Pro Build/RKQ1.200826.002; wv) AppleWebKit/537.36 (KHTML, like Gecko) Version/4.0 Chrome/90.0.4430.210 Mobile Safari/537.36"
18.142.117.180 - - [15/Mar/2025:08:31:51 +0700] "POST /.well-known/ALFA_DATA/alfacgiapi/perl.alfa HTTP/1.1" 404 3380 "-" "Mozilla/5.0 (Linux; Android 11; Redmi Note 9 Pro Build/RKQ1.200826.002; wv) AppleWebKit/537.36 (KHTML, like Gecko) Version/4.0 Chrome/90.0.4430.210 Mobile Safari/537.36"
66.249.75.228 - - [15/Mar/2025:08:31:56 +0700] "GET /322527340.shtm HTTP/1.1" 200 19759 "-" "Mozilla/5.0 (compatible; Googlebot/2.1; +http://www.google.com/bot.html)"
18.142.117.180 - - [15/Mar/2025:08:31:55 +0700] "POST /.well-known/ALFA_DATA/alfacgiapi/perl.alfa HTTP/1.1" 404 3380 "-" "Mozilla/5.0 (Linux; Android 11; Redmi Note 9 Pro Build/RKQ1.200826.002; wv) AppleWebKit/537.36 (KHTML, like Gecko) Version/4.0 Chrome/90.0.4430.210 Mobile Safari/537.36"
18.142.117.180 - - [15/Mar/2025:08:32:00 +0700] "POST /.well-known/ALFA_DATA/alfacgiapi/bash.alfa HTTP/1.1" 404 3380 "-" "Mozilla/5.0 (Linux; Android 11; Redmi Note 9 Pro Build/RKQ1.200826.002; wv) AppleWebKit/537.36 (KHTML, like Gecko) Version/4.0 Chrome/90.0.4430.210 Mobile Safari/537.36"
180.235.151.3 - - [15/Mar/2025:08:32:09 +0700] "POST /wp-cron.php?doing_wp_cron=1742002329.1590609550476074218750 HTTP/1.1" 403 1242 "-" "WordPress/6.7.2; https://www.aturtoko.id"
18.142.117.180 - - [15/Mar/2025:08:32:04 +0700] "POST /.well-known/ALFA_DATA/alfacgiapi/bash.alfa HTTP/1.1" 404 3380 "-" "Mozilla/5.0 (Linux; Android 11; Redmi Note 9 Pro Build/RKQ1.200826.002; wv) AppleWebKit/537.36 (KHTML, like Gecko) Version/4.0 Chrome/90.0.4430.210 Mobile Safari/537.36"
66.249.75.228 - - [15/Mar/2025:08:32:11 +0700] "GET /coolpix/3226751850.shtm HTTP/1.1" 200 21313 "-" "Mozilla/5.0 (compatible; Googlebot/2.1; +http://www.google.com/bot.html)"
18.142.117.180 - - [15/Mar/2025:08:32:09 +0700] "POST /.well-known/ALFA_DATA/alfacgiapi/py.alfa HTTP/1.1" 404 3380 "-" "Mozilla/5.0 (Linux; Android 11; Redmi Note 9 Pro Build/RKQ1.200826.002; wv) AppleWebKit/537.36 (KHTML, like Gecko) Version/4.0 Chrome/90.0.4430.210 Mobile Safari/537.36"
18.142.117.180 - - [15/Mar/2025:08:32:14 +0700] "POST /.well-known/ALFA_DATA/alfacgiapi/py.alfa HTTP/1.1" 404 3380 "-" "Mozilla/5.0 (Linux; Android 11; Redmi Note 9 Pro Build/RKQ1.200826.002; wv) AppleWebKit/537.36 (KHTML, like Gecko) Version/4.0 Chrome/90.0.4430.210 Mobile Safari/537.36"
18.142.117.180 - - [15/Mar/2025:08:32:18 +0700] "GET /.well-known/ALFA_DATA/alfacgiapi/index.php?bx=0e215962017 HTTP/1.1" 301 0 "-" "Mozilla/5.0 (Linux; Android 11; Redmi Note 9 Pro Build/RKQ1.200826.002; wv) AppleWebKit/537.36 (KHTML, like Gecko) Version/4.0 Chrome/90.0.4430.210 Mobile Safari/537.36"
18.142.117.180 - - [15/Mar/2025:08:32:23 +0700] "GET /.well-known/ALFA_DATA/alfacgiapi/?bx=0e215962017 HTTP/1.1" 404 3380 "-" "Mozilla/5.0 (Linux; Android 11; Redmi Note 9 Pro Build/RKQ1.200826.002; wv) AppleWebKit/537.36 (KHTML, like Gecko) Version/4.0 Chrome/90.0.4430.210 Mobile Safari/537.36"
66.249.71.9 - - [15/Mar/2025:08:32:29 +0700] "GET /ontario/3225300740.shtm HTTP/1.1" 200 20326 "-" "Mozilla/5.0 (compatible; Googlebot/2.1; +http://www.google.com/bot.html)"
18.142.117.180 - - [15/Mar/2025:08:32:27 +0700] "GET /.well-known/ALFA_DATA/alfacgiapi/radio.php?bx=0e215962017 HTTP/1.1" 404 3380 "-" "Mozilla/5.0 (Linux; Android 11; Redmi Note 9 Pro Build/RKQ1.200826.002; wv) AppleWebKit/537.36 (KHTML, like Gecko) Version/4.0 Chrome/90.0.4430.210 Mobile Safari/537.36"
18.142.117.180 - - [15/Mar/2025:08:32:32 +0700] "GET /.well-known/ALFA_DATA/alfacgiapi/404.php?bx=0e215962017 HTTP/1.1" 404 3380 "-" "Mozilla/5.0 (Linux; Android 11; Redmi Note 9 Pro Build/RKQ1.200826.002; wv) AppleWebKit/537.36 (KHTML, like Gecko) Version/4.0 Chrome/90.0.4430.210 Mobile Safari/537.36"
18.142.117.180 - - [15/Mar/2025:08:32:37 +0700] "POST /.well-known/acme-challenge/alfacgiapi/perl.alfa HTTP/1.1" 404 3380 "-" "Mozilla/5.0 (Linux; Android 11; Redmi Note 9 Pro Build/RKQ1.200826.002; wv) AppleWebKit/537.36 (KHTML, like Gecko) Version/4.0 Chrome/90.0.4430.210 Mobile Safari/537.36"
66.249.75.228 - - [15/Mar/2025:08:32:40 +0700] "GET /?e=78426435832 HTTP/1.1" 200 19885 "-" "Mozilla/5.0 (Linux; Android 6.0.1; Nexus 5X Build/MMB29P) AppleWebKit/537.36 (KHTML, like Gecko) Chrome/133.0.6943.141 Mobile Safari/537.36 (compatible; GoogleOther)"
18.142.117.180 - - [15/Mar/2025:08:32:41 +0700] "POST /.well-known/acme-challenge/alfacgiapi/perl.alfa HTTP/1.1" 404 3380 "-" "Mozilla/5.0 (Linux; Android 11; Redmi Note 9 Pro Build/RKQ1.200826.002; wv) AppleWebKit/537.36 (KHTML, like Gecko) Version/4.0 Chrome/90.0.4430.210 Mobile Safari/537.36"
66.249.75.228 - - [15/Mar/2025:08:32:47 +0700] "GET /hamas/3226669830.shtm HTTP/1.1" 200 19251 "-" "Mozilla/5.0 (compatible; Googlebot/2.1; +http://www.google.com/bot.html)"
18.142.117.180 - - [15/Mar/2025:08:32:46 +0700] "POST /.well-known/acme-challenge/alfacgiapi/bash.alfa HTTP/1.1" 404 3380 "-" "Mozilla/5.0 (Linux; Android 11; Redmi Note 9 Pro Build/RKQ1.200826.002; wv) AppleWebKit/537.36 (KHTML, like Gecko) Version/4.0 Chrome/90.0.4430.210 Mobile Safari/537.36"
18.142.117.180 - - [15/Mar/2025:08:32:50 +0700] "POST /.well-known/acme-challenge/alfacgiapi/bash.alfa HTTP/1.1" 404 3380 "-" "Mozilla/5.0 (Linux; Android 11; Redmi Note 9 Pro Build/RKQ1.200826.002; wv) AppleWebKit/537.36 (KHTML, like Gecko) Version/4.0 Chrome/90.0.4430.210 Mobile Safari/537.36"
66.249.75.228 - - [15/Mar/2025:08:32:58 +0700] "GET /killers/good/3225492120.shtm HTTP/1.1" 200 21700 "-" "Mozilla/5.0 (compatible; Googlebot/2.1; +http://www.google.com/bot.html)"
18.142.117.180 - - [15/Mar/2025:08:32:55 +0700] "POST /.well-known/acme-challenge/alfacgiapi/py.alfa HTTP/1.1" 404 3380 "-" "Mozilla/5.0 (Linux; Android 11; Redmi Note 9 Pro Build/RKQ1.200826.002; wv) AppleWebKit/537.36 (KHTML, like Gecko) Version/4.0 Chrome/90.0.4430.210 Mobile Safari/537.36"
18.142.117.180 - - [15/Mar/2025:08:33:00 +0700] "POST /.well-known/acme-challenge/alfacgiapi/py.alfa HTTP/1.1" 404 3380 "-" "Mozilla/5.0 (Linux; Android 11; Redmi Note 9 Pro Build/RKQ1.200826.002; wv) AppleWebKit/537.36 (KHTML, like Gecko) Version/4.0 Chrome/90.0.4430.210 Mobile Safari/537.36"
180.235.151.3 - - [15/Mar/2025:08:33:10 +0700] "POST /wp-cron.php?doing_wp_cron=1742002390.0557179450988769531250 HTTP/1.1" 403 1242 "-" "WordPress/6.7.2; https://www.aturtoko.id"
18.142.117.180 - - [15/Mar/2025:08:33:05 +0700] "GET /.well-known/acme-challenge/alfacgiapi/index.php?bx=0e215962017 HTTP/1.1" 301 0 "-" "Mozilla/5.0 (Linux; Android 11; Redmi Note 9 Pro Build/RKQ1.200826.002; wv) AppleWebKit/537.36 (KHTML, like Gecko) Version/4.0 Chrome/90.0.4430.210 Mobile Safari/537.36"
18.142.117.180 - - [15/Mar/2025:08:33:10 +0700] "GET /.well-known/acme-challenge/alfacgiapi/?bx=0e215962017 HTTP/1.1" 404 3380 "-" "Mozilla/5.0 (Linux; Android 11; Redmi Note 9 Pro Build/RKQ1.200826.002; wv) AppleWebKit/537.36 (KHTML, like Gecko) Version/4.0 Chrome/90.0.4430.210 Mobile Safari/537.36"
66.249.71.9 - - [15/Mar/2025:08:33:13 +0700] "GET /walked/good/3226984240.shtm HTTP/1.1" 200 19650 "-" "Mozilla/5.0 (compatible; Googlebot/2.1; +http://www.google.com/bot.html)"
18.142.117.180 - - [15/Mar/2025:08:33:14 +0700] "GET /.well-known/acme-challenge/alfacgiapi/radio.php?bx=0e215962017 HTTP/1.1" 404 3380 "-" "Mozilla/5.0 (Linux; Android 11; Redmi Note 9 Pro Build/RKQ1.200826.002; wv) AppleWebKit/537.36 (KHTML, like Gecko) Version/4.0 Chrome/90.0.4430.210 Mobile Safari/537.36"
18.142.117.180 - - [15/Mar/2025:08:33:18 +0700] "GET /.well-known/acme-challenge/alfacgiapi/404.php?bx=0e215962017 HTTP/1.1" 404 3380 "-" "Mozilla/5.0 (Linux; Android 11; Redmi Note 9 Pro Build/RKQ1.200826.002; wv) AppleWebKit/537.36 (KHTML, like Gecko) Version/4.0 Chrome/90.0.4430.210 Mobile Safari/537.36"
66.249.75.228 - - [15/Mar/2025:08:33:25 +0700] "GET /pillows/good/3225410100.shtm HTTP/1.1" 200 20248 "-" "Mozilla/5.0 (compatible; Googlebot/2.1; +http://www.google.com/bot.html)"
18.142.117.180 - - [15/Mar/2025:08:33:23 +0700] "POST /.well-known/acme-challenge/ALFA_DATA/alfacgiapi/perl.alfa HTTP/1.1" 404 3380 "-" "Mozilla/5.0 (Linux; Android 11; Redmi Note 9 Pro Build/RKQ1.200826.002; wv) AppleWebKit/537.36 (KHTML, like Gecko) Version/4.0 Chrome/90.0.4430.210 Mobile Safari/537.36"
66.249.75.228 - - [15/Mar/2025:08:33:29 +0700] "GET /bono/good/32271375380.shtm HTTP/1.1" 200 20446 "-" "Mozilla/5.0 (Linux; Android 6.0.1; Nexus 5X Build/MMB29P) AppleWebKit/537.36 (KHTML, like Gecko) Chrome/133.0.6943.141 Mobile Safari/537.36 (compatible; GoogleOther)"
18.142.117.180 - - [15/Mar/2025:08:33:27 +0700] "POST /.well-known/acme-challenge/ALFA_DATA/alfacgiapi/perl.alfa HTTP/1.1" 404 3380 "-" "Mozilla/5.0 (Linux; Android 11; Redmi Note 9 Pro Build/RKQ1.200826.002; wv) AppleWebKit/537.36 (KHTML, like Gecko) Version/4.0 Chrome/90.0.4430.210 Mobile Safari/537.36"
18.142.117.180 - - [15/Mar/2025:08:33:32 +0700] "POST /.well-known/acme-challenge/ALFA_DATA/alfacgiapi/bash.alfa HTTP/1.1" 404 3380 "-" "Mozilla/5.0 (Linux; Android 11; Redmi Note 9 Pro Build/RKQ1.200826.002; wv) AppleWebKit/537.36 (KHTML, like Gecko) Version/4.0 Chrome/90.0.4430.210 Mobile Safari/537.36"
18.142.117.180 - - [15/Mar/2025:08:33:36 +0700] "POST /.well-known/acme-challenge/ALFA_DATA/alfacgiapi/bash.alfa HTTP/1.1" 404 3380 "-" "Mozilla/5.0 (Linux; Android 11; Redmi Note 9 Pro Build/RKQ1.200826.002; wv) AppleWebKit/537.36 (KHTML, like Gecko) Version/4.0 Chrome/90.0.4430.210 Mobile Safari/537.36"
18.142.117.180 - - [15/Mar/2025:08:33:41 +0700] "POST /.well-known/acme-challenge/ALFA_DATA/alfacgiapi/py.alfa HTTP/1.1" 404 3380 "-" "Mozilla/5.0 (Linux; Android 11; Redmi Note 9 Pro Build/RKQ1.200826.002; wv) AppleWebKit/537.36 (KHTML, like Gecko) Version/4.0 Chrome/90.0.4430.210 Mobile Safari/537.36"
66.249.71.9 - - [15/Mar/2025:08:33:46 +0700] "GET /transactions/3225341750.shtm HTTP/1.1" 200 20278 "-" "Mozilla/5.0 (compatible; Googlebot/2.1; +http://www.google.com/bot.html)"
18.142.117.180 - - [15/Mar/2025:08:33:45 +0700] "POST /.well-known/acme-challenge/ALFA_DATA/alfacgiapi/py.alfa HTTP/1.1" 404 3380 "-" "Mozilla/5.0 (Linux; Android 11; Redmi Note 9 Pro Build/RKQ1.200826.002; wv) AppleWebKit/537.36 (KHTML, like Gecko) Version/4.0 Chrome/90.0.4430.210 Mobile Safari/537.36"
18.142.117.180 - - [15/Mar/2025:08:33:50 +0700] "GET /.well-known/acme-challenge/ALFA_DATA/alfacgiapi/index.php?bx=0e215962017 HTTP/1.1" 301 0 "-" "Mozilla/5.0 (Linux; Android 11; Redmi Note 9 Pro Build/RKQ1.200826.002; wv) AppleWebKit/537.36 (KHTML, like Gecko) Version/4.0 Chrome/90.0.4430.210 Mobile Safari/537.36"
66.249.75.229 - - [15/Mar/2025:08:33:54 +0700] "GET /rossi/good/3226656160.shtm HTTP/1.1" 200 19794 "-" "Mozilla/5.0 (compatible; Googlebot/2.1; +http://www.google.com/bot.html)"
18.142.117.180 - - [15/Mar/2025:08:33:54 +0700] "GET /.well-known/acme-challenge/ALFA_DATA/alfacgiapi/?bx=0e215962017 HTTP/1.1" 404 3380 "-" "Mozilla/5.0 (Linux; Android 11; Redmi Note 9 Pro Build/RKQ1.200826.002; wv) AppleWebKit/537.36 (KHTML, like Gecko) Version/4.0 Chrome/90.0.4430.210 Mobile Safari/537.36"
18.142.117.180 - - [15/Mar/2025:08:33:59 +0700] "GET /.well-known/acme-challenge/ALFA_DATA/alfacgiapi/radio.php?bx=0e215962017 HTTP/1.1" 404 3380 "-" "Mozilla/5.0 (Linux; Android 11; Redmi Note 9 Pro Build/RKQ1.200826.002; wv) AppleWebKit/537.36 (KHTML, like Gecko) Version/4.0 Chrome/90.0.4430.210 Mobile Safari/537.36"
18.142.117.180 - - [15/Mar/2025:08:34:03 +0700] "GET /.well-known/acme-challenge/ALFA_DATA/alfacgiapi/404.php?bx=0e215962017 HTTP/1.1" 404 3380 "-" "Mozilla/5.0 (Linux; Android 11; Redmi Note 9 Pro Build/RKQ1.200826.002; wv) AppleWebKit/537.36 (KHTML, like Gecko) Version/4.0 Chrome/90.0.4430.210 Mobile Safari/537.36"
18.142.117.180 - - [15/Mar/2025:08:34:09 +0700] "POST /.well-known/pki-validation/alfacgiapi/perl.alfa HTTP/1.1" 404 1251 "-" "Mozilla/5.0 (Linux; Android 11; Redmi Note 9 Pro Build/RKQ1.200826.002; wv) AppleWebKit/537.36 (KHTML, like Gecko) Version/4.0 Chrome/90.0.4430.210 Mobile Safari/537.36"
18.142.117.180 - - [15/Mar/2025:08:34:09 +0700] "POST /.well-known/pki-validation/alfacgiapi/perl.alfa HTTP/1.1" 404 1251 "-" "Mozilla/5.0 (Linux; Android 11; Redmi Note 9 Pro Build/RKQ1.200826.002; wv) AppleWebKit/537.36 (KHTML, like Gecko) Version/4.0 Chrome/90.0.4430.210 Mobile Safari/537.36"
18.142.117.180 - - [15/Mar/2025:08:34:09 +0700] "POST /.well-known/pki-validation/alfacgiapi/bash.alfa HTTP/1.1" 404 1251 "-" "Mozilla/5.0 (Linux; Android 11; Redmi Note 9 Pro Build/RKQ1.200826.002; wv) AppleWebKit/537.36 (KHTML, like Gecko) Version/4.0 Chrome/90.0.4430.210 Mobile Safari/537.36"
18.142.117.180 - - [15/Mar/2025:08:34:09 +0700] "POST /.well-known/pki-validation/alfacgiapi/bash.alfa HTTP/1.1" 404 1251 "-" "Mozilla/5.0 (Linux; Android 11; Redmi Note 9 Pro Build/RKQ1.200826.002; wv) AppleWebKit/537.36 (KHTML, like Gecko) Version/4.0 Chrome/90.0.4430.210 Mobile Safari/537.36"
18.142.117.180 - - [15/Mar/2025:08:34:09 +0700] "POST /.well-known/pki-validation/ALFA_DATA/alfacgiapi/perl.alfa HTTP/1.1" 404 1251 "-" "Mozilla/5.0 (Linux; Android 11; Redmi Note 9 Pro Build/RKQ1.200826.002; wv) AppleWebKit/537.36 (KHTML, like Gecko) Version/4.0 Chrome/90.0.4430.210 Mobile Safari/537.36"
18.142.117.180 - - [15/Mar/2025:08:34:09 +0700] "POST /.well-known/pki-validation/ALFA_DATA/alfacgiapi/perl.alfa HTTP/1.1" 404 1251 "-" "Mozilla/5.0 (Linux; Android 11; Redmi Note 9 Pro Build/RKQ1.200826.002; wv) AppleWebKit/537.36 (KHTML, like Gecko) Version/4.0 Chrome/90.0.4430.210 Mobile Safari/537.36"
18.142.117.180 - - [15/Mar/2025:08:34:09 +0700] "POST /.well-known/pki-validation/ALFA_DATA/alfacgiapi/bash.alfa HTTP/1.1" 404 1251 "-" "Mozilla/5.0 (Linux; Android 11; Redmi Note 9 Pro Build/RKQ1.200826.002; wv) AppleWebKit/537.36 (KHTML, like Gecko) Version/4.0 Chrome/90.0.4430.210 Mobile Safari/537.36"
18.142.117.180 - - [15/Mar/2025:08:34:09 +0700] "POST /.well-known/pki-validation/ALFA_DATA/alfacgiapi/bash.alfa HTTP/1.1" 404 1251 "-" "Mozilla/5.0 (Linux; Android 11; Redmi Note 9 Pro Build/RKQ1.200826.002; wv) AppleWebKit/537.36 (KHTML, like Gecko) Version/4.0 Chrome/90.0.4430.210 Mobile Safari/537.36"
66.249.75.228 - - [15/Mar/2025:08:34:08 +0700] "GET /bond/32271241717.shtm HTTP/1.1" 200 20929 "-" "Mozilla/5.0 (compatible; Googlebot/2.1; +http://www.google.com/bot.html)"
180.235.151.3 - - [15/Mar/2025:08:34:14 +0700] "POST /wp-cron.php?doing_wp_cron=1742002454.2286119461059570312500 HTTP/1.1" 403 1242 "-" "WordPress/6.7.2; https://www.aturtoko.id"
18.142.117.180 - - [15/Mar/2025:08:34:09 +0700] "POST /.tmb/alfacgiapi/perl.alfa HTTP/1.1" 404 3380 "-" "Mozilla/5.0 (Linux; Android 11; Redmi Note 9 Pro Build/RKQ1.200826.002; wv) AppleWebKit/537.36 (KHTML, like Gecko) Version/4.0 Chrome/90.0.4430.210 Mobile Safari/537.36"
18.142.117.180 - - [15/Mar/2025:08:34:14 +0700] "POST /.tmb/alfacgiapi/perl.alfa HTTP/1.1" 404 3380 "-" "Mozilla/5.0 (Linux; Android 11; Redmi Note 9 Pro Build/RKQ1.200826.002; wv) AppleWebKit/537.36 (KHTML, like Gecko) Version/4.0 Chrome/90.0.4430.210 Mobile Safari/537.36"
66.249.75.228 - - [15/Mar/2025:08:34:17 +0700] "GET /strike/good/3226602340.shtm HTTP/1.1" 200 19729 "-" "Mozilla/5.0 (Linux; Android 6.0.1; Nexus 5X Build/MMB29P) AppleWebKit/537.36 (KHTML, like Gecko) Chrome/133.0.6943.141 Mobile Safari/537.36 (compatible; GoogleOther)"
18.142.117.180 - - [15/Mar/2025:08:34:19 +0700] "POST /.tmb/alfacgiapi/bash.alfa HTTP/1.1" 404 3380 "-" "Mozilla/5.0 (Linux; Android 11; Redmi Note 9 Pro Build/RKQ1.200826.002; wv) AppleWebKit/537.36 (KHTML, like Gecko) Version/4.0 Chrome/90.0.4430.210 Mobile Safari/537.36"
66.249.75.228 - - [15/Mar/2025:08:34:25 +0700] "GET /plant/merchandises/32271240005.shtm HTTP/1.1" 200 20079 "-" "Mozilla/5.0 (compatible; Googlebot/2.1; +http://www.google.com/bot.html)"
18.142.117.180 - - [15/Mar/2025:08:34:23 +0700] "POST /.tmb/alfacgiapi/bash.alfa HTTP/1.1" 404 3380 "-" "Mozilla/5.0 (Linux; Android 11; Redmi Note 9 Pro Build/RKQ1.200826.002; wv) AppleWebKit/537.36 (KHTML, like Gecko) Version/4.0 Chrome/90.0.4430.210 Mobile Safari/537.36"
18.142.117.180 - - [15/Mar/2025:08:34:28 +0700] "POST /.tmb/alfacgiapi/py.alfa HTTP/1.1" 404 3380 "-" "Mozilla/5.0 (Linux; Android 11; Redmi Note 9 Pro Build/RKQ1.200826.002; wv) AppleWebKit/537.36 (KHTML, like Gecko) Version/4.0 Chrome/90.0.4430.210 Mobile Safari/537.36"
18.142.117.180 - - [15/Mar/2025:08:34:33 +0700] "POST /.tmb/alfacgiapi/py.alfa HTTP/1.1" 404 3380 "-" "Mozilla/5.0 (Linux; Android 11; Redmi Note 9 Pro Build/RKQ1.200826.002; wv) AppleWebKit/537.36 (KHTML, like Gecko) Version/4.0 Chrome/90.0.4430.210 Mobile Safari/537.36"
66.249.75.228 - - [15/Mar/2025:08:34:39 +0700] "GET /es/good/322541010.shtm HTTP/1.1" 200 19560 "-" "Mozilla/5.0 (compatible; Googlebot/2.1; +http://www.google.com/bot.html)"
18.142.117.180 - - [15/Mar/2025:08:34:38 +0700] "GET /.tmb/alfacgiapi/index.php?bx=0e215962017 HTTP/1.1" 301 0 "-" "Mozilla/5.0 (Linux; Android 11; Redmi Note 9 Pro Build/RKQ1.200826.002; wv) AppleWebKit/537.36 (KHTML, like Gecko) Version/4.0 Chrome/90.0.4430.210 Mobile Safari/537.36"
18.142.117.180 - - [15/Mar/2025:08:34:42 +0700] "GET /.tmb/alfacgiapi/?bx=0e215962017 HTTP/1.1" 404 3380 "-" "Mozilla/5.0 (Linux; Android 11; Redmi Note 9 Pro Build/RKQ1.200826.002; wv) AppleWebKit/537.36 (KHTML, like Gecko) Version/4.0 Chrome/90.0.4430.210 Mobile Safari/537.36"
18.142.117.180 - - [15/Mar/2025:08:34:47 +0700] "GET /.tmb/alfacgiapi/radio.php?bx=0e215962017 HTTP/1.1" 404 3380 "-" "Mozilla/5.0 (Linux; Android 11; Redmi Note 9 Pro Build/RKQ1.200826.002; wv) AppleWebKit/537.36 (KHTML, like Gecko) Version/4.0 Chrome/90.0.4430.210 Mobile Safari/537.36"
18.142.117.180 - - [15/Mar/2025:08:34:51 +0700] "GET /.tmb/alfacgiapi/404.php?bx=0e215962017 HTTP/1.1" 404 3373 "-" "Mozilla/5.0 (Linux; Android 11; Redmi Note 9 Pro Build/RKQ1.200826.002; wv) AppleWebKit/537.36 (KHTML, like Gecko) Version/4.0 Chrome/90.0.4430.210 Mobile Safari/537.36"
85.208.96.196 - - [15/Mar/2025:08:34:53 +0700] "GET /en/blog/manajemen-bisnis/keuntungan-memiliki-website-pribadi HTTP/1.1" 404 3380 "-" "Mozilla/5.0 (compatible; SemrushBot/7~bl; +http://www.semrush.com/bot.html)"
18.142.117.180 - - [15/Mar/2025:08:34:55 +0700] "POST /.tmb/ALFA_DATA/alfacgiapi/perl.alfa HTTP/1.1" 404 3380 "-" "Mozilla/5.0 (Linux; Android 11; Redmi Note 9 Pro Build/RKQ1.200826.002; wv) AppleWebKit/537.36 (KHTML, like Gecko) Version/4.0 Chrome/90.0.4430.210 Mobile Safari/537.36"
66.249.75.230 - - [15/Mar/2025:08:35:01 +0700] "GET /3225437440.shtm HTTP/1.1" 200 19772 "-" "Mozilla/5.0 (compatible; Googlebot/2.1; +http://www.google.com/bot.html)"
18.142.117.180 - - [15/Mar/2025:08:35:00 +0700] "POST /.tmb/ALFA_DATA/alfacgiapi/perl.alfa HTTP/1.1" 404 3380 "-" "Mozilla/5.0 (Linux; Android 11; Redmi Note 9 Pro Build/RKQ1.200826.002; wv) AppleWebKit/537.36 (KHTML, like Gecko) Version/4.0 Chrome/90.0.4430.210 Mobile Safari/537.36"
18.142.117.180 - - [15/Mar/2025:08:35:05 +0700] "POST /.tmb/ALFA_DATA/alfacgiapi/bash.alfa HTTP/1.1" 404 3380 "-" "Mozilla/5.0 (Linux; Android 11; Redmi Note 9 Pro Build/RKQ1.200826.002; wv) AppleWebKit/537.36 (KHTML, like Gecko) Version/4.0 Chrome/90.0.4430.210 Mobile Safari/537.36"
180.235.151.3 - - [15/Mar/2025:08:35:14 +0700] "POST /wp-cron.php?doing_wp_cron=1742002514.3995859622955322265625 HTTP/1.1" 403 1242 "-" "WordPress/6.7.2; https://www.aturtoko.id"
18.142.117.180 - - [15/Mar/2025:08:35:09 +0700] "POST /.tmb/ALFA_DATA/alfacgiapi/bash.alfa HTTP/1.1" 404 3380 "-" "Mozilla/5.0 (Linux; Android 11; Redmi Note 9 Pro Build/RKQ1.200826.002; wv) AppleWebKit/537.36 (KHTML, like Gecko) Version/4.0 Chrome/90.0.4430.210 Mobile Safari/537.36"
18.142.117.180 - - [15/Mar/2025:08:35:14 +0700] "POST /.tmb/ALFA_DATA/alfacgiapi/py.alfa HTTP/1.1" 404 3380 "-" "Mozilla/5.0 (Linux; Android 11; Redmi Note 9 Pro Build/RKQ1.200826.002; wv) AppleWebKit/537.36 (KHTML, like Gecko) Version/4.0 Chrome/90.0.4430.210 Mobile Safari/537.36"
66.249.75.228 - - [15/Mar/2025:08:35:19 +0700] "GET /comprises/3226628820.shtm HTTP/1.1" 200 20012 "-" "Mozilla/5.0 (compatible; Googlebot/2.1; +http://www.google.com/bot.html)"
18.142.117.180 - - [15/Mar/2025:08:35:19 +0700] "POST /.tmb/ALFA_DATA/alfacgiapi/py.alfa HTTP/1.1" 404 3380 "-" "Mozilla/5.0 (Linux; Android 11; Redmi Note 9 Pro Build/RKQ1.200826.002; wv) AppleWebKit/537.36 (KHTML, like Gecko) Version/4.0 Chrome/90.0.4430.210 Mobile Safari/537.36"
103.11.101.122 - - [15/Mar/2025:08:35:26 +0700] "POST /xmlrpc.php HTTP/1.1" 403 1242 "-" "Mozilla/5.0 (X11; Fedora; Linux x86_64; rv:94.0) Gecko/20100101 Firefox/95.0"
18.142.117.180 - - [15/Mar/2025:08:35:24 +0700] "GET /.tmb/ALFA_DATA/alfacgiapi/index.php?bx=0e215962017 HTTP/1.1" 301 0 "-" "Mozilla/5.0 (Linux; Android 11; Redmi Note 9 Pro Build/RKQ1.200826.002; wv) AppleWebKit/537.36 (KHTML, like Gecko) Version/4.0 Chrome/90.0.4430.210 Mobile Safari/537.36"
18.142.117.180 - - [15/Mar/2025:08:35:28 +0700] "GET /.tmb/ALFA_DATA/alfacgiapi/?bx=0e215962017 HTTP/1.1" 404 3380 "-" "Mozilla/5.0 (Linux; Android 11; Redmi Note 9 Pro Build/RKQ1.200826.002; wv) AppleWebKit/537.36 (KHTML, like Gecko) Version/4.0 Chrome/90.0.4430.210 Mobile Safari/537.36"
66.249.75.228 - - [15/Mar/2025:08:35:36 +0700] "GET /supports/good/3226861210.shtm HTTP/1.1" 200 20167 "-" "Mozilla/5.0 (compatible; Googlebot/2.1; +http://www.google.com/bot.html)"
18.142.117.180 - - [15/Mar/2025:08:35:33 +0700] "GET /.tmb/ALFA_DATA/alfacgiapi/radio.php?bx=0e215962017 HTTP/1.1" 404 3380 "-" "Mozilla/5.0 (Linux; Android 11; Redmi Note 9 Pro Build/RKQ1.200826.002; wv) AppleWebKit/537.36 (KHTML, like Gecko) Version/4.0 Chrome/90.0.4430.210 Mobile Safari/537.36"
18.142.117.180 - - [15/Mar/2025:08:35:38 +0700] "GET /.tmb/ALFA_DATA/alfacgiapi/404.php?bx=0e215962017 HTTP/1.1" 404 3380 "-" "Mozilla/5.0 (Linux; Android 11; Redmi Note 9 Pro Build/RKQ1.200826.002; wv) AppleWebKit/537.36 (KHTML, like Gecko) Version/4.0 Chrome/90.0.4430.210 Mobile Safari/537.36"
18.142.117.180 - - [15/Mar/2025:08:35:42 +0700] "POST /.quarantine/alfacgiapi/perl.alfa HTTP/1.1" 404 3380 "-" "Mozilla/5.0 (Linux; Android 11; Redmi Note 9 Pro Build/RKQ1.200826.002; wv) AppleWebKit/537.36 (KHTML, like Gecko) Version/4.0 Chrome/90.0.4430.210 Mobile Safari/537.36"
66.249.75.228 - - [15/Mar/2025:08:35:49 +0700] "GET /electrons/32271493210.shtm HTTP/1.1" 200 20631 "-" "Mozilla/5.0 (compatible; Googlebot/2.1; +http://www.google.com/bot.html)"
18.142.117.180 - - [15/Mar/2025:08:35:47 +0700] "POST /.quarantine/alfacgiapi/perl.alfa HTTP/1.1" 404 3380 "-" "Mozilla/5.0 (Linux; Android 11; Redmi Note 9 Pro Build/RKQ1.200826.002; wv) AppleWebKit/537.36 (KHTML, like Gecko) Version/4.0 Chrome/90.0.4430.210 Mobile Safari/537.36"
18.142.117.180 - - [15/Mar/2025:08:35:52 +0700] "POST /.quarantine/alfacgiapi/bash.alfa HTTP/1.1" 404 3380 "-" "Mozilla/5.0 (Linux; Android 11; Redmi Note 9 Pro Build/RKQ1.200826.002; wv) AppleWebKit/537.36 (KHTML, like Gecko) Version/4.0 Chrome/90.0.4430.210 Mobile Safari/537.36"
18.142.117.180 - - [15/Mar/2025:08:35:56 +0700] "POST /.quarantine/alfacgiapi/bash.alfa HTTP/1.1" 404 3380 "-" "Mozilla/5.0 (Linux; Android 11; Redmi Note 9 Pro Build/RKQ1.200826.002; wv) AppleWebKit/537.36 (KHTML, like Gecko) Version/4.0 Chrome/90.0.4430.210 Mobile Safari/537.36"
18.142.117.180 - - [15/Mar/2025:08:36:01 +0700] "POST /.quarantine/alfacgiapi/py.alfa HTTP/1.1" 404 3380 "-" "Mozilla/5.0 (Linux; Android 11; Redmi Note 9 Pro Build/RKQ1.200826.002; wv) AppleWebKit/537.36 (KHTML, like Gecko) Version/4.0 Chrome/90.0.4430.210 Mobile Safari/537.36"
18.142.117.180 - - [15/Mar/2025:08:36:05 +0700] "POST /.quarantine/alfacgiapi/py.alfa HTTP/1.1" 404 3380 "-" "Mozilla/5.0 (Linux; Android 11; Redmi Note 9 Pro Build/RKQ1.200826.002; wv) AppleWebKit/537.36 (KHTML, like Gecko) Version/4.0 Chrome/90.0.4430.210 Mobile Safari/537.36"
18.142.117.180 - - [15/Mar/2025:08:36:09 +0700] "GET /.quarantine/alfacgiapi/index.php?bx=0e215962017 HTTP/1.1" 301 0 "-" "Mozilla/5.0 (Linux; Android 11; Redmi Note 9 Pro Build/RKQ1.200826.002; wv) AppleWebKit/537.36 (KHTML, like Gecko) Version/4.0 Chrome/90.0.4430.210 Mobile Safari/537.36"
66.249.71.9 - - [15/Mar/2025:08:36:14 +0700] "GET /struggled/auction/32292395926.shtm HTTP/1.1" 200 20428 "-" "Mozilla/5.0 (compatible; Googlebot/2.1; +http://www.google.com/bot.html)"
180.235.151.3 - - [15/Mar/2025:08:36:18 +0700] "POST /wp-cron.php?doing_wp_cron=1742002578.6026690006256103515625 HTTP/1.1" 403 1242 "-" "WordPress/6.7.2; https://www.aturtoko.id"
18.142.117.180 - - [15/Mar/2025:08:36:14 +0700] "GET /.quarantine/alfacgiapi/?bx=0e215962017 HTTP/1.1" 404 3380 "-" "Mozilla/5.0 (Linux; Android 11; Redmi Note 9 Pro Build/RKQ1.200826.002; wv) AppleWebKit/537.36 (KHTML, like Gecko) Version/4.0 Chrome/90.0.4430.210 Mobile Safari/537.36"
18.142.117.180 - - [15/Mar/2025:08:36:18 +0700] "GET /.quarantine/alfacgiapi/radio.php?bx=0e215962017 HTTP/1.1" 404 3380 "-" "Mozilla/5.0 (Linux; Android 11; Redmi Note 9 Pro Build/RKQ1.200826.002; wv) AppleWebKit/537.36 (KHTML, like Gecko) Version/4.0 Chrome/90.0.4430.210 Mobile Safari/537.36"
18.142.117.180 - - [15/Mar/2025:08:36:23 +0700] "GET /.quarantine/alfacgiapi/404.php?bx=0e215962017 HTTP/1.1" 404 3380 "-" "Mozilla/5.0 (Linux; Android 11; Redmi Note 9 Pro Build/RKQ1.200826.002; wv) AppleWebKit/537.36 (KHTML, like Gecko) Version/4.0 Chrome/90.0.4430.210 Mobile Safari/537.36"
66.249.75.228 - - [15/Mar/2025:08:36:26 +0700] "GET /atm/auction/32271064856.shtm HTTP/1.1" 200 20542 "-" "Mozilla/5.0 (compatible; Googlebot/2.1; +http://www.google.com/bot.html)"
66.249.75.228 - - [15/Mar/2025:08:36:30 +0700] "GET /pulse/product/32271222299.shtm HTTP/1.1" 200 20489 "-" "Mozilla/5.0 (Linux; Android 6.0.1; Nexus 5X Build/MMB29P) AppleWebKit/537.36 (KHTML, like Gecko) Chrome/133.0.6943.141 Mobile Safari/537.36 (compatible; GoogleOther)"
18.142.117.180 - - [15/Mar/2025:08:36:27 +0700] "POST /.quarantine/ALFA_DATA/alfacgiapi/perl.alfa HTTP/1.1" 404 3380 "-" "Mozilla/5.0 (Linux; Android 11; Redmi Note 9 Pro Build/RKQ1.200826.002; wv) AppleWebKit/537.36 (KHTML, like Gecko) Version/4.0 Chrome/90.0.4430.210 Mobile Safari/537.36"
18.142.117.180 - - [15/Mar/2025:08:36:32 +0700] "POST /.quarantine/ALFA_DATA/alfacgiapi/perl.alfa HTTP/1.1" 404 3380 "-" "Mozilla/5.0 (Linux; Android 11; Redmi Note 9 Pro Build/RKQ1.200826.002; wv) AppleWebKit/537.36 (KHTML, like Gecko) Version/4.0 Chrome/90.0.4430.210 Mobile Safari/537.36"
18.142.117.180 - - [15/Mar/2025:08:36:36 +0700] "POST /.quarantine/ALFA_DATA/alfacgiapi/bash.alfa HTTP/1.1" 404 3380 "-" "Mozilla/5.0 (Linux; Android 11; Redmi Note 9 Pro Build/RKQ1.200826.002; wv) AppleWebKit/537.36 (KHTML, like Gecko) Version/4.0 Chrome/90.0.4430.210 Mobile Safari/537.36"
66.249.75.228 - - [15/Mar/2025:08:36:42 +0700] "GET /barrier/merchandises/3226665535.shtm HTTP/1.1" 200 20609 "-" "Mozilla/5.0 (compatible; Googlebot/2.1; +http://www.google.com/bot.html)"
18.142.117.180 - - [15/Mar/2025:08:36:41 +0700] "POST /.quarantine/ALFA_DATA/alfacgiapi/bash.alfa HTTP/1.1" 404 3380 "-" "Mozilla/5.0 (Linux; Android 11; Redmi Note 9 Pro Build/RKQ1.200826.002; wv) AppleWebKit/537.36 (KHTML, like Gecko) Version/4.0 Chrome/90.0.4430.210 Mobile Safari/537.36"
18.142.117.180 - - [15/Mar/2025:08:36:46 +0700] "POST /.quarantine/ALFA_DATA/alfacgiapi/py.alfa HTTP/1.1" 404 3380 "-" "Mozilla/5.0 (Linux; Android 11; Redmi Note 9 Pro Build/RKQ1.200826.002; wv) AppleWebKit/537.36 (KHTML, like Gecko) Version/4.0 Chrome/90.0.4430.210 Mobile Safari/537.36"
18.142.117.180 - - [15/Mar/2025:08:36:51 +0700] "POST /.quarantine/ALFA_DATA/alfacgiapi/py.alfa HTTP/1.1" 404 3380 "-" "Mozilla/5.0 (Linux; Android 11; Redmi Note 9 Pro Build/RKQ1.200826.002; wv) AppleWebKit/537.36 (KHTML, like Gecko) Version/4.0 Chrome/90.0.4430.210 Mobile Safari/537.36"
66.249.75.228 - - [15/Mar/2025:08:36:55 +0700] "GET /32292187778.shtm HTTP/1.1" 200 19831 "-" "Mozilla/5.0 (compatible; Googlebot/2.1; +http://www.google.com/bot.html)"
18.142.117.180 - - [15/Mar/2025:08:36:55 +0700] "GET /.quarantine/ALFA_DATA/alfacgiapi/index.php?bx=0e215962017 HTTP/1.1" 301 0 "-" "Mozilla/5.0 (Linux; Android 11; Redmi Note 9 Pro Build/RKQ1.200826.002; wv) AppleWebKit/537.36 (KHTML, like Gecko) Version/4.0 Chrome/90.0.4430.210 Mobile Safari/537.36"
18.142.117.180 - - [15/Mar/2025:08:37:00 +0700] "GET /.quarantine/ALFA_DATA/alfacgiapi/?bx=0e215962017 HTTP/1.1" 404 3380 "-" "Mozilla/5.0 (Linux; Android 11; Redmi Note 9 Pro Build/RKQ1.200826.002; wv) AppleWebKit/537.36 (KHTML, like Gecko) Version/4.0 Chrome/90.0.4430.210 Mobile Safari/537.36"
18.142.117.180 - - [15/Mar/2025:08:37:05 +0700] "GET /.quarantine/ALFA_DATA/alfacgiapi/radio.php?bx=0e215962017 HTTP/1.1" 404 3380 "-" "Mozilla/5.0 (Linux; Android 11; Redmi Note 9 Pro Build/RKQ1.200826.002; wv) AppleWebKit/537.36 (KHTML, like Gecko) Version/4.0 Chrome/90.0.4430.210 Mobile Safari/537.36"
66.249.75.228 - - [15/Mar/2025:08:37:11 +0700] "GET /symmetric/shopping/3225133107.shtm HTTP/1.1" 200 20044 "-" "Mozilla/5.0 (compatible; Googlebot/2.1; +http://www.google.com/bot.html)"
