146.190.99.254 - - [14/Mar/2025:19:41:36 +0700] "GET /tonant.php HTTP/1.1" 301 0 "www.google.com" "Mozlila/5.0 (Linux; Android 7.0; SM-G892A Bulid/NRD90M; wv) AppleWebKit/537.36 (KHTML, like Gecko) Version/4.0 Chrome/60.0.3112.107 Moblie Safari/537.36"
188.166.217.91 - - [14/Mar/2025:19:41:38 +0700] "GET /assetadmin.php HTTP/1.1" 404 3371 "-" "Mozilla/5.0 (Windows NT 10.0; Win64; x64) AppleWebKit/537.36 (KHTML, like Gecko) Chrome/85.0.4183.102 Safari/537.36"
57.141.3.9 - - [14/Mar/2025:19:41:37 +0700] "GET /en/blog/tag/jurnalistik HTTP/2" 404 11514 "-" "meta-externalagent/1.1 (+https://developers.facebook.com/docs/sharing/webmasters/crawler)"
66.249.75.229 - - [14/Mar/2025:19:41:40 +0700] "GET /en/blog/category/manajemen/accounting-finance HTTP/1.1" 200 19776 "-" "Mozilla/5.0 (Linux; Android 6.0.1; Nexus 5X Build/MMB29P) AppleWebKit/537.36 (KHTML, like Gecko) Chrome/133.0.6943.141 Mobile Safari/537.36 (compatible; Googlebot/2.1; +http://www.google.com/bot.html)"
57.141.3.12 - - [14/Mar/2025:19:41:39 +0700] "GET /ms/blog/management/strategi/mengenal-analisis-swot-dalam-bisnis-sebagai-alat-menyusun-strategi/feed HTTP/2" 404 11514 "-" "meta-externalagent/1.1 (+https://developers.facebook.com/docs/sharing/webmasters/crawler)"
180.235.151.3 - - [14/Mar/2025:19:41:43 +0700] "GET /wp-content/themes/aturtoko/assets/json/testi.json HTTP/1.0" 200 3616 "-" "-"
180.235.151.3 - - [14/Mar/2025:19:41:43 +0700] "GET /wp-content/themes/aturtoko/assets/json/liputan.json HTTP/1.0" 200 1813 "-" "-"
146.190.99.254 - - [14/Mar/2025:19:41:41 +0700] "GET /b.php HTTP/1.1" 301 0 "www.google.com" "Mozlila/5.0 (Linux; Android 7.0; SM-G892A Bulid/NRD90M; wv) AppleWebKit/537.36 (KHTML, like Gecko) Version/4.0 Chrome/60.0.3112.107 Moblie Safari/537.36"
180.235.151.3 - - [14/Mar/2025:19:41:43 +0700] "GET /wp-content/themes/aturtoko/assets/json/partner.json HTTP/1.0" 200 843 "-" "-"
213.180.203.70 - - [14/Mar/2025:19:41:41 +0700] "GET /?e=23998723707 HTTP/1.1" 200 12796 "-" "Mozilla/5.0 (compatible; YandexBot/3.0; +http://yandex.com/bots)"
57.141.3.26 - - [14/Mar/2025:19:41:41 +0700] "GET /ms/?p=90 HTTP/2" 301 0 "-" "meta-externalagent/1.1 (+https://developers.facebook.com/docs/sharing/webmasters/crawler)"
188.166.217.91 - - [14/Mar/2025:19:41:44 +0700] "GET /assetalfa.php HTTP/1.1" 404 3371 "-" "Mozilla/5.0 (Windows NT 10.0; Win64; x64) AppleWebKit/537.36 (KHTML, like Gecko) Chrome/85.0.4183.102 Safari/537.36"
66.249.75.229 - - [14/Mar/2025:19:41:46 +0700] "GET /?e=53589667659 HTTP/1.1" 200 20924 "-" "Mozilla/5.0 (Linux; Android 6.0.1; Nexus 5X Build/MMB29P) AppleWebKit/537.36 (KHTML, like Gecko) Chrome/133.0.6943.141 Mobile Safari/537.36 (compatible; GoogleOther)"
57.141.3.14 - - [14/Mar/2025:19:41:43 +0700] "GET /en/blog/management/strategi/analisis-perkembangan-teknologi-terkini-dan-implikasinya-terhadap-bisnis-ekspor-impor-di-masa-depan/ HTTP/2" 404 11514 "-" "meta-externalagent/1.1 (+https://developers.facebook.com/docs/sharing/webmasters/crawler)"
146.190.99.254 - - [14/Mar/2025:19:41:46 +0700] "GET /xleet-shell.php HTTP/1.1" 301 0 "www.google.com" "Mozlila/5.0 (Linux; Android 7.0; SM-G892A Bulid/NRD90M; wv) AppleWebKit/537.36 (KHTML, like Gecko) Version/4.0 Chrome/60.0.3112.107 Moblie Safari/537.36"
57.141.3.12 - - [14/Mar/2025:19:41:44 +0700] "GET /ms/?p=165 HTTP/2" 301 0 "-" "meta-externalagent/1.1 (+https://developers.facebook.com/docs/sharing/webmasters/crawler)"
188.166.217.91 - - [14/Mar/2025:19:41:47 +0700] "GET /assetbypass.php HTTP/1.1" 404 3363 "-" "Mozilla/5.0 (Windows NT 10.0; Win64; x64) AppleWebKit/537.36 (KHTML, like Gecko) Chrome/85.0.4183.102 Safari/537.36"
143.110.178.14 - - [14/Mar/2025:19:41:49 +0700] "POST /wp-login.php HTTP/1.1" 200 7719 "-" "Mozilla/5.0"
91.121.44.198 - - [14/Mar/2025:19:41:51 +0700] "GET /wp-admin/ HTTP/2" 403 1242 "http://aturtoko.id" "Mozilla/5.0 (Windows NT 10.0; Win64; x64; rv:128.0) Gecko/20100101 Firefox/128.0"
188.166.217.91 - - [14/Mar/2025:19:41:50 +0700] "GET /assetk.php HTTP/1.1" 404 3371 "-" "Mozilla/5.0 (Windows NT 10.0; Win64; x64) AppleWebKit/537.36 (KHTML, like Gecko) Chrome/85.0.4183.102 Safari/537.36"
146.190.99.254 - - [14/Mar/2025:19:41:50 +0700] "GET /4mosan.php HTTP/1.1" 301 0 "www.google.com" "Mozlila/5.0 (Linux; Android 7.0; SM-G892A Bulid/NRD90M; wv) AppleWebKit/537.36 (KHTML, like Gecko) Version/4.0 Chrome/60.0.3112.107 Moblie Safari/537.36"
52.44.209.8 - - [14/Mar/2025:19:41:54 +0700] "GET /wp-content/uploads/2022/05/Shopee-Express-Jenis-Layanan-Ketentuan-Durasi-Pengiriman-dan-Cashback.jpg HTTP/1.1" 200 45178 "-" "axios/1.7.7"
180.235.151.3 - - [14/Mar/2025:19:41:55 +0700] "POST /wp-cron.php?doing_wp_cron=1741956115.2002971172332763671875 HTTP/1.1" 403 1242 "-" "WordPress/6.7.2; https://www.aturtoko.id"
57.141.3.12 - - [14/Mar/2025:19:41:50 +0700] "GET /blog/management/marketing/strategi-marketing-paling-efektif-untuk-pengembangan-usaha-anda HTTP/2" 200 50271 "-" "meta-externalagent/1.1 (+https://developers.facebook.com/docs/sharing/webmasters/crawler)"
180.235.151.3 - - [14/Mar/2025:19:41:55 +0700] "POST /wp-cron.php?doing_wp_cron=1741956115.8242380619049072265625 HTTP/1.1" 403 1242 "-" "WordPress/6.7.2; https://www.aturtoko.id"
57.141.3.24 - - [14/Mar/2025:19:41:52 +0700] "GET /ms/blog/tag/kewirausahaan/ HTTP/2" 404 11514 "-" "meta-externalagent/1.1 (+https://developers.facebook.com/docs/sharing/webmasters/crawler)"
146.190.99.254 - - [14/Mar/2025:19:41:55 +0700] "GET /cong.php HTTP/1.1" 301 0 "www.google.com" "Mozlila/5.0 (Linux; Android 7.0; SM-G892A Bulid/NRD90M; wv) AppleWebKit/537.36 (KHTML, like Gecko) Version/4.0 Chrome/60.0.3112.107 Moblie Safari/537.36"
57.141.3.14 - - [14/Mar/2025:19:41:54 +0700] "GET /ms/blog/category/kewirausahaan/page/4 HTTP/2" 404 11514 "-" "meta-externalagent/1.1 (+https://developers.facebook.com/docs/sharing/webmasters/crawler)"
188.166.217.91 - - [14/Mar/2025:19:41:57 +0700] "GET /assets/admin.php HTTP/1.1" 404 3371 "-" "Mozilla/5.0 (Windows NT 10.0; Win64; x64) AppleWebKit/537.36 (KHTML, like Gecko) Chrome/85.0.4183.102 Safari/537.36"
146.190.99.254 - - [14/Mar/2025:19:41:59 +0700] "GET /config.php HTTP/1.1" 301 0 "www.google.com" "Mozlila/5.0 (Linux; Android 7.0; SM-G892A Bulid/NRD90M; wv) AppleWebKit/537.36 (KHTML, like Gecko) Version/4.0 Chrome/60.0.3112.107 Moblie Safari/537.36"
188.166.217.91 - - [14/Mar/2025:19:42:00 +0700] "GET /assets/alfa.php HTTP/1.1" 404 3371 "-" "Mozilla/5.0 (Windows NT 10.0; Win64; x64) AppleWebKit/537.36 (KHTML, like Gecko) Chrome/85.0.4183.102 Safari/537.36"
146.190.99.254 - - [14/Mar/2025:19:42:05 +0700] "GET /wp-key.php HTTP/1.1" 301 0 "www.google.com" "Mozlila/5.0 (Linux; Android 7.0; SM-G892A Bulid/NRD90M; wv) AppleWebKit/537.36 (KHTML, like Gecko) Version/4.0 Chrome/60.0.3112.107 Moblie Safari/537.36"
188.166.217.91 - - [14/Mar/2025:19:42:04 +0700] "GET /assets/bypass.php HTTP/1.1" 404 3371 "-" "Mozilla/5.0 (Windows NT 10.0; Win64; x64) AppleWebKit/537.36 (KHTML, like Gecko) Chrome/85.0.4183.102 Safari/537.36"
66.249.75.231 - - [14/Mar/2025:19:42:11 +0700] "GET /comment.php?m=61291519125 HTTP/1.1" 403 1242 "-" "Mozilla/5.0 (Linux; Android 6.0.1; Nexus 5X Build/MMB29P) AppleWebKit/537.36 (KHTML, like Gecko) Chrome/133.0.6943.141 Mobile Safari/537.36 (compatible; GoogleOther)"
188.166.217.91 - - [14/Mar/2025:19:42:09 +0700] "GET /assets/index.php HTTP/1.1" 301 0 "-" "Mozilla/5.0 (Windows NT 10.0; Win64; x64) AppleWebKit/537.36 (KHTML, like Gecko) Chrome/85.0.4183.102 Safari/537.36"
146.190.99.254 - - [14/Mar/2025:19:42:09 +0700] "GET /wp-conctent.php HTTP/1.1" 301 0 "www.google.com" "Mozlila/5.0 (Linux; Android 7.0; SM-G892A Bulid/NRD90M; wv) AppleWebKit/537.36 (KHTML, like Gecko) Version/4.0 Chrome/60.0.3112.107 Moblie Safari/537.36"
188.166.217.91 - - [14/Mar/2025:19:42:11 +0700] "GET /assets/ HTTP/1.1" 404 3363 "-" "Mozilla/5.0 (Windows NT 10.0; Win64; x64) AppleWebKit/537.36 (KHTML, like Gecko) Chrome/85.0.4183.102 Safari/537.36"
146.190.99.254 - - [14/Mar/2025:19:42:14 +0700] "GET /flame.php HTTP/1.1" 301 0 "www.google.com" "Mozlila/5.0 (Linux; Android 7.0; SM-G892A Bulid/NRD90M; wv) AppleWebKit/537.36 (KHTML, like Gecko) Version/4.0 Chrome/60.0.3112.107 Moblie Safari/537.36"
57.141.3.23 - - [14/Mar/2025:19:42:13 +0700] "GET /ms/blog/introduction-to-digital/5-tips-sukses-memulai-bisnis-online/ HTTP/2" 404 11514 "-" "meta-externalagent/1.1 (+https://developers.facebook.com/docs/sharing/webmasters/crawler)"
188.166.217.91 - - [14/Mar/2025:19:42:16 +0700] "GET /assets/k.php HTTP/1.1" 404 3371 "-" "Mozilla/5.0 (Windows NT 10.0; Win64; x64) AppleWebKit/537.36 (KHTML, like Gecko) Chrome/85.0.4183.102 Safari/537.36"
57.141.3.14 - - [14/Mar/2025:19:42:14 +0700] "GET /ms/blog/digital-marketing/meningkatkan-penjualan/feed HTTP/2" 404 11514 "-" "meta-externalagent/1.1 (+https://developers.facebook.com/docs/sharing/webmasters/crawler)"
146.190.99.254 - - [14/Mar/2025:19:42:19 +0700] "GET /wp-content/flame.php HTTP/1.1" 301 0 "www.google.com" "Mozlila/5.0 (Linux; Android 7.0; SM-G892A Bulid/NRD90M; wv) AppleWebKit/537.36 (KHTML, like Gecko) Version/4.0 Chrome/60.0.3112.107 Moblie Safari/537.36"
188.166.217.91 - - [14/Mar/2025:19:42:21 +0700] "GET /assets/wp.php HTTP/1.1" 404 3371 "-" "Mozilla/5.0 (Windows NT 10.0; Win64; x64) AppleWebKit/537.36 (KHTML, like Gecko) Chrome/85.0.4183.102 Safari/537.36"
57.141.3.24 - - [14/Mar/2025:19:42:20 +0700] "GET /en/?p=197 HTTP/2" 301 0 "-" "meta-externalagent/1.1 (+https://developers.facebook.com/docs/sharing/webmasters/crawler)"
146.190.99.254 - - [14/Mar/2025:19:42:24 +0700] "GET /block-patwp.php HTTP/1.1" 301 0 "www.google.com" "Mozlila/5.0 (Linux; Android 7.0; SM-G892A Bulid/NRD90M; wv) AppleWebKit/537.36 (KHTML, like Gecko) Version/4.0 Chrome/60.0.3112.107 Moblie Safari/537.36"
57.141.3.13 - - [14/Mar/2025:19:42:22 +0700] "GET /ms/blog/kewirausahaan/leadership/5-tips-membangun-karakter-wirausaha-sukses-dalam-diri/feed HTTP/2" 404 11514 "-" "meta-externalagent/1.1 (+https://developers.facebook.com/docs/sharing/webmasters/crawler)"
57.141.3.12 - - [14/Mar/2025:19:42:24 +0700] "GET /ms/blog/tag/pendapatan-toko-online HTTP/2" 404 11514 "-" "meta-externalagent/1.1 (+https://developers.facebook.com/docs/sharing/webmasters/crawler)"
188.166.217.91 - - [14/Mar/2025:19:42:27 +0700] "GET /assetsadmin.php HTTP/1.1" 404 3371 "-" "Mozilla/5.0 (Windows NT 10.0; Win64; x64) AppleWebKit/537.36 (KHTML, like Gecko) Chrome/85.0.4183.102 Safari/537.36"
57.141.3.15 - - [14/Mar/2025:19:42:27 +0700] "GET /blog/teknologi/algoritma-adalah-definisi-ciri-ciri-jenis-fungsi-dan-contohnya HTTP/2" 200 46598 "-" "meta-externalagent/1.1 (+https://developers.facebook.com/docs/sharing/webmasters/crawler)"
146.190.99.254 - - [14/Mar/2025:19:42:29 +0700] "GET /bre.php HTTP/1.1" 301 0 "www.google.com" "Mozlila/5.0 (Linux; Android 7.0; SM-G892A Bulid/NRD90M; wv) AppleWebKit/537.36 (KHTML, like Gecko) Version/4.0 Chrome/60.0.3112.107 Moblie Safari/537.36"
57.141.3.6 - - [14/Mar/2025:19:42:28 +0700] "GET /en/blog/tag/jualan-online HTTP/2" 404 11514 "-" "meta-externalagent/1.1 (+https://developers.facebook.com/docs/sharing/webmasters/crawler)"
57.141.3.30 - - [14/Mar/2025:19:42:29 +0700] "GET /ms/cara-jualan-di-shopee/selain-jualan-begini-cara-dapat-uang-dari-shopee-affiliate/ HTTP/2" 404 11514 "-" "meta-externalagent/1.1 (+https://developers.facebook.com/docs/sharing/webmasters/crawler)"
188.166.217.91 - - [14/Mar/2025:19:42:31 +0700] "GET /assetsalfa.php HTTP/1.1" 404 3363 "-" "Mozilla/5.0 (Windows NT 10.0; Win64; x64) AppleWebKit/537.36 (KHTML, like Gecko) Chrome/85.0.4183.102 Safari/537.36"
57.141.3.16 - - [14/Mar/2025:19:42:32 +0700] "GET /en/blog/manajemen-bisnis/teknik-copywriting-yang-efektif-pada-website-penjualan-anda/ HTTP/2" 404 11514 "-" "meta-externalagent/1.1 (+https://developers.facebook.com/docs/sharing/webmasters/crawler)"
188.166.217.91 - - [14/Mar/2025:19:42:34 +0700] "GET /assetsbypass.php HTTP/1.1" 404 3371 "-" "Mozilla/5.0 (Windows NT 10.0; Win64; x64) AppleWebKit/537.36 (KHTML, like Gecko) Chrome/85.0.4183.102 Safari/537.36"
146.190.99.254 - - [14/Mar/2025:19:42:33 +0700] "GET /lx.php HTTP/1.1" 301 0 "www.google.com" "Mozlila/5.0 (Linux; Android 7.0; SM-G892A Bulid/NRD90M; wv) AppleWebKit/537.36 (KHTML, like Gecko) Version/4.0 Chrome/60.0.3112.107 Moblie Safari/537.36"
57.141.3.2 - - [14/Mar/2025:19:42:35 +0700] "GET /en/blog/aturtoko-update/cara-membangun-brand-awarness HTTP/2" 404 11514 "-" "meta-externalagent/1.1 (+https://developers.facebook.com/docs/sharing/webmasters/crawler)"
57.141.3.17 - - [14/Mar/2025:19:42:37 +0700] "GET /en/?p=61 HTTP/2" 301 0 "-" "meta-externalagent/1.1 (+https://developers.facebook.com/docs/sharing/webmasters/crawler)"
146.190.99.254 - - [14/Mar/2025:19:42:40 +0700] "GET /991176.php HTTP/1.1" 301 0 "www.google.com" "Mozlila/5.0 (Linux; Android 7.0; SM-G892A Bulid/NRD90M; wv) AppleWebKit/537.36 (KHTML, like Gecko) Version/4.0 Chrome/60.0.3112.107 Moblie Safari/537.36"
188.166.217.91 - - [14/Mar/2025:19:42:41 +0700] "GET /assetsk.php HTTP/1.1" 404 3371 "-" "Mozilla/5.0 (Windows NT 10.0; Win64; x64) AppleWebKit/537.36 (KHTML, like Gecko) Chrome/85.0.4183.102 Safari/537.36"
180.235.151.3 - - [14/Mar/2025:19:42:46 +0700] "GET /wp-content/themes/aturtoko/assets/json/harga.json HTTP/1.0" 200 1810 "-" "-"
57.141.3.29 - - [14/Mar/2025:19:42:42 +0700] "GET /harga HTTP/2" 200 36099 "-" "meta-externalagent/1.1 (+https://developers.facebook.com/docs/sharing/webmasters/crawler)"
57.141.3.16 - - [14/Mar/2025:19:42:42 +0700] "GET /ms/blog/category/lainnya/ HTTP/2" 404 11514 "-" "meta-externalagent/1.1 (+https://developers.facebook.com/docs/sharing/webmasters/crawler)"
57.141.3.21 - - [14/Mar/2025:19:42:42 +0700] "GET /ms/blog/tag/pemasaran/page/6 HTTP/2" 404 11514 "-" "meta-externalagent/1.1 (+https://developers.facebook.com/docs/sharing/webmasters/crawler)"
146.190.99.254 - - [14/Mar/2025:19:42:44 +0700] "GET /ffAA531.php HTTP/1.1" 301 0 "www.google.com" "Mozlila/5.0 (Linux; Android 7.0; SM-G892A Bulid/NRD90M; wv) AppleWebKit/537.36 (KHTML, like Gecko) Version/4.0 Chrome/60.0.3112.107 Moblie Safari/537.36"
188.166.217.91 - - [14/Mar/2025:19:42:46 +0700] "GET /assetswp.php HTTP/1.1" 404 3371 "-" "Mozilla/5.0 (Windows NT 10.0; Win64; x64) AppleWebKit/537.36 (KHTML, like Gecko) Chrome/85.0.4183.102 Safari/537.36"
57.141.3.12 - - [14/Mar/2025:19:42:46 +0700] "GET /ms/blog/management/hrd/mengenal-human-capital-management-strategi-dan-peran-pentingnya HTTP/2" 404 11514 "-" "meta-externalagent/1.1 (+https://developers.facebook.com/docs/sharing/webmasters/crawler)"
188.166.217.91 - - [14/Mar/2025:19:42:48 +0700] "GET /assetwp.php HTTP/1.1" 404 3371 "-" "Mozilla/5.0 (Windows NT 10.0; Win64; x64) AppleWebKit/537.36 (KHTML, like Gecko) Chrome/85.0.4183.102 Safari/537.36"
146.190.99.254 - - [14/Mar/2025:19:42:49 +0700] "GET /wp-help.php HTTP/1.1" 301 0 "www.google.com" "Mozlila/5.0 (Linux; Android 7.0; SM-G892A Bulid/NRD90M; wv) AppleWebKit/537.36 (KHTML, like Gecko) Version/4.0 Chrome/60.0.3112.107 Moblie Safari/537.36"
57.141.3.8 - - [14/Mar/2025:19:42:50 +0700] "GET /ms/?p=534 HTTP/2" 301 0 "-" "meta-externalagent/1.1 (+https://developers.facebook.com/docs/sharing/webmasters/crawler)"
188.166.217.91 - - [14/Mar/2025:19:42:52 +0700] "GET /asu.php HTTP/1.1" 404 3371 "-" "Mozilla/5.0 (Windows NT 10.0; Win64; x64) AppleWebKit/537.36 (KHTML, like Gecko) Chrome/85.0.4183.102 Safari/537.36"
180.235.151.3 - - [14/Mar/2025:19:42:56 +0700] "POST /wp-cron.php?doing_wp_cron=1741956176.8746271133422851562500 HTTP/1.1" 403 1242 "-" "WordPress/6.7.2; https://www.aturtoko.id"
57.141.3.13 - - [14/Mar/2025:19:42:52 +0700] "GET /en/blog/teknologi/bagaimana-metaverse-menjanjikan-peluang-bagi-bisnis-anda HTTP/2" 404 11514 "-" "meta-externalagent/1.1 (+https://developers.facebook.com/docs/sharing/webmasters/crawler)"
180.235.151.3 - - [14/Mar/2025:19:42:57 +0700] "POST /wp-cron.php?doing_wp_cron=1741956177.0564560890197753906250 HTTP/1.1" 403 1242 "-" "WordPress/6.7.2; https://www.aturtoko.id"
188.166.217.91 - - [14/Mar/2025:19:42:54 +0700] "GET /atomlib.php HTTP/1.1" 404 3371 "-" "Mozilla/5.0 (Windows NT 10.0; Win64; x64) AppleWebKit/537.36 (KHTML, like Gecko) Chrome/85.0.4183.102 Safari/537.36"
180.235.151.3 - - [14/Mar/2025:19:42:58 +0700] "POST /wp-cron.php?doing_wp_cron=1741956178.7219820022583007812500 HTTP/1.1" 403 1242 "-" "WordPress/6.7.2; https://www.aturtoko.id"
57.141.3.12 - - [14/Mar/2025:19:42:54 +0700] "GET /en/blog/digital-marketing/cara-memanfaatkan-strategi-omnichannel-yang-efektif-cocok-untuk-berbagai-jenis-bisnis/ HTTP/2" 404 11514 "-" "meta-externalagent/1.1 (+https://developers.facebook.com/docs/sharing/webmasters/crawler)"
180.235.151.3 - - [14/Mar/2025:19:42:59 +0700] "POST /wp-cron.php?doing_wp_cron=1741956179.4503529071807861328125 HTTP/1.1" 403 1242 "-" "WordPress/6.7.2; https://www.aturtoko.id"
57.141.3.6 - - [14/Mar/2025:19:42:55 +0700] "GET /blog/management/distribusi/stock-opname-pengertian-fungsi-manfaat-dan-cara-melakukannya HTTP/2" 200 43959 "-" "meta-externalagent/1.1 (+https://developers.facebook.com/docs/sharing/webmasters/crawler)"
180.235.151.3 - - [14/Mar/2025:19:43:00 +0700] "POST /wp-cron.php?doing_wp_cron=1741956179.9953670501708984375000 HTTP/1.1" 403 1242 "-" "WordPress/6.7.2; https://www.aturtoko.id"
57.141.3.18 - - [14/Mar/2025:19:42:56 +0700] "GET /en/blog/digital-marketing/apa-itu-affiliate-marketing-jenis-jenis-tips-sukses-menjalankannya/feed HTTP/2" 404 11514 "-" "meta-externalagent/1.1 (+https://developers.facebook.com/docs/sharing/webmasters/crawler)"
188.166.217.91 - - [14/Mar/2025:19:42:58 +0700] "GET /autoload_classmap.php HTTP/1.1" 404 3371 "-" "Mozilla/5.0 (Windows NT 10.0; Win64; x64) AppleWebKit/537.36 (KHTML, like Gecko) Chrome/85.0.4183.102 Safari/537.36"
146.190.99.254 - - [14/Mar/2025:19:42:56 +0700] "GET /un.php?f=f HTTP/1.1" 301 0 "www.google.com" "Mozlila/5.0 (Linux; Android 7.0; SM-G892A Bulid/NRD90M; wv) AppleWebKit/537.36 (KHTML, like Gecko) Version/4.0 Chrome/60.0.3112.107 Moblie Safari/537.36"
188.166.217.91 - - [14/Mar/2025:19:43:01 +0700] "GET /av.php HTTP/1.1" 404 3371 "-" "Mozilla/5.0 (Windows NT 10.0; Win64; x64) AppleWebKit/537.36 (KHTML, like Gecko) Chrome/85.0.4183.102 Safari/537.36"
57.141.3.15 - - [14/Mar/2025:19:43:00 +0700] "GET /ms/blog/introduction-to-digital/analisis-keuntungan-dan-kerugian-penggunaan-e-commerce-untuk-usaha-mikro-dan-kecil HTTP/2" 404 11514 "-" "meta-externalagent/1.1 (+https://developers.facebook.com/docs/sharing/webmasters/crawler)"
57.141.3.19 - - [14/Mar/2025:19:43:03 +0700] "GET /en/blog/page/20 HTTP/2" 404 11514 "-" "meta-externalagent/1.1 (+https://developers.facebook.com/docs/sharing/webmasters/crawler)"
188.166.217.91 - - [14/Mar/2025:19:43:04 +0700] "GET /ayk.php HTTP/1.1" 404 3363 "-" "Mozilla/5.0 (Windows NT 10.0; Win64; x64) AppleWebKit/537.36 (KHTML, like Gecko) Chrome/85.0.4183.102 Safari/537.36"
57.141.3.15 - - [14/Mar/2025:19:43:05 +0700] "GET /en/?p=345 HTTP/2" 301 0 "-" "meta-externalagent/1.1 (+https://developers.facebook.com/docs/sharing/webmasters/crawler)"
146.190.99.254 - - [14/Mar/2025:19:43:06 +0700] "GET /un2.php?f=f HTTP/1.1" 301 0 "www.google.com" "Mozlila/5.0 (Linux; Android 7.0; SM-G892A Bulid/NRD90M; wv) AppleWebKit/537.36 (KHTML, like Gecko) Version/4.0 Chrome/60.0.3112.107 Moblie Safari/537.36"
57.141.3.17 - - [14/Mar/2025:19:43:07 +0700] "GET /ms/blog/management/legal/arti-izin-komersial-atau-operasional-apa-beda-dengan-izin-usaha/feed HTTP/2" 404 11514 "-" "meta-externalagent/1.1 (+https://developers.facebook.com/docs/sharing/webmasters/crawler)"
188.166.217.91 - - [14/Mar/2025:19:43:10 +0700] "GET /azdare.php HTTP/1.1" 404 3363 "-" "Mozilla/5.0 (Windows NT 10.0; Win64; x64) AppleWebKit/537.36 (KHTML, like Gecko) Chrome/85.0.4183.102 Safari/537.36"
196.251.66.203 - - [14/Mar/2025:19:43:13 +0700] "POST /wp-login.php HTTP/1.1" 403 0 "-" "Mozilla/5.0"
57.141.3.28 - - [14/Mar/2025:19:43:13 +0700] "GET /ms/blog/management/marketing/segmentasi-pasar-pengertian-jenis-manfaat-hingga-prosedur-pelaksanaannya HTTP/2" 404 11514 "-" "meta-externalagent/1.1 (+https://developers.facebook.com/docs/sharing/webmasters/crawler)"
57.141.3.22 - - [14/Mar/2025:19:43:11 +0700] "GET /blog/management/hrd/pengertian-produktivitas-tujuan-dan-faktor-faktor-yang-mempengaruhi HTTP/2" 200 43141 "-" "meta-externalagent/1.1 (+https://developers.facebook.com/docs/sharing/webmasters/crawler)"
146.190.99.254 - - [14/Mar/2025:19:43:13 +0700] "GET /wp-posts.php HTTP/1.1" 301 0 "www.google.com" "Mozlila/5.0 (Linux; Android 7.0; SM-G892A Bulid/NRD90M; wv) AppleWebKit/537.36 (KHTML, like Gecko) Version/4.0 Chrome/60.0.3112.107 Moblie Safari/537.36"
188.166.217.91 - - [14/Mar/2025:19:43:15 +0700] "GET /b.php HTTP/1.1" 404 3371 "-" "Mozilla/5.0 (Windows NT 10.0; Win64; x64) AppleWebKit/537.36 (KHTML, like Gecko) Chrome/85.0.4183.102 Safari/537.36"
146.190.99.254 - - [14/Mar/2025:19:43:17 +0700] "GET /xl.php HTTP/1.1" 301 0 "www.google.com" "Mozlila/5.0 (Linux; Android 7.0; SM-G892A Bulid/NRD90M; wv) AppleWebKit/537.36 (KHTML, like Gecko) Version/4.0 Chrome/60.0.3112.107 Moblie Safari/537.36"
188.166.217.91 - - [14/Mar/2025:19:43:20 +0700] "GET /b374k.php HTTP/1.1" 404 3363 "-" "Mozilla/5.0 (Windows NT 10.0; Win64; x64) AppleWebKit/537.36 (KHTML, like Gecko) Chrome/85.0.4183.102 Safari/537.36"
146.190.99.254 - - [14/Mar/2025:19:43:22 +0700] "GET /ww.php HTTP/1.1" 301 0 "www.google.com" "Mozlila/5.0 (Linux; Android 7.0; SM-G892A Bulid/NRD90M; wv) AppleWebKit/537.36 (KHTML, like Gecko) Version/4.0 Chrome/60.0.3112.107 Moblie Safari/537.36"
188.166.217.91 - - [14/Mar/2025:19:43:23 +0700] "GET /back.php HTTP/1.1" 404 3363 "-" "Mozilla/5.0 (Windows NT 10.0; Win64; x64) AppleWebKit/537.36 (KHTML, like Gecko) Chrome/85.0.4183.102 Safari/537.36"
188.166.217.91 - - [14/Mar/2025:19:43:27 +0700] "GET /baindex.php HTTP/1.1" 404 3371 "-" "Mozilla/5.0 (Windows NT 10.0; Win64; x64) AppleWebKit/537.36 (KHTML, like Gecko) Chrome/85.0.4183.102 Safari/537.36"
57.141.3.1 - - [14/Mar/2025:19:43:26 +0700] "GET /en/?p=1102 HTTP/2" 301 0 "-" "meta-externalagent/1.1 (+https://developers.facebook.com/docs/sharing/webmasters/crawler)"
146.190.99.254 - - [14/Mar/2025:19:43:29 +0700] "GET /testwp.php?wp=1 HTTP/1.1" 301 0 "www.google.com" "Mozlila/5.0 (Linux; Android 7.0; SM-G892A Bulid/NRD90M; wv) AppleWebKit/537.36 (KHTML, like Gecko) Version/4.0 Chrome/60.0.3112.107 Moblie Safari/537.36"
57.141.3.20 - - [14/Mar/2025:19:43:31 +0700] "GET /en/blog/tag/bootstrapping/ HTTP/2" 404 11514 "-" "meta-externalagent/1.1 (+https://developers.facebook.com/docs/sharing/webmasters/crawler)"
188.166.217.91 - - [14/Mar/2025:19:43:33 +0700] "GET /base.php HTTP/1.1" 404 3371 "-" "Mozilla/5.0 (Windows NT 10.0; Win64; x64) AppleWebKit/537.36 (KHTML, like Gecko) Chrome/85.0.4183.102 Safari/537.36"
57.141.3.4 - - [14/Mar/2025:19:43:32 +0700] "GET /blog/aturtoko-update/program-shopee-bantu-umkm HTTP/2" 200 42276 "-" "meta-externalagent/1.1 (+https://developers.facebook.com/docs/sharing/webmasters/crawler)"
188.166.217.91 - - [14/Mar/2025:19:43:35 +0700] "GET /batm.php HTTP/1.1" 404 3363 "-" "Mozilla/5.0 (Windows NT 10.0; Win64; x64) AppleWebKit/537.36 (KHTML, like Gecko) Chrome/85.0.4183.102 Safari/537.36"
146.190.99.254 - - [14/Mar/2025:19:43:36 +0700] "GET /kyami.php HTTP/1.1" 301 0 "www.google.com" "Mozlila/5.0 (Linux; Android 7.0; SM-G892A Bulid/NRD90M; wv) AppleWebKit/537.36 (KHTML, like Gecko) Version/4.0 Chrome/60.0.3112.107 Moblie Safari/537.36"
146.190.99.254 - - [14/Mar/2025:19:43:38 +0700] "GET /wp-includes/class-wp-other.php HTTP/1.1" 403 1242 "www.google.com" "Mozlila/5.0 (Linux; Android 7.0; SM-G892A Bulid/NRD90M; wv) AppleWebKit/537.36 (KHTML, like Gecko) Version/4.0 Chrome/60.0.3112.107 Moblie Safari/537.36"
57.141.3.18 - - [14/Mar/2025:19:43:36 +0700] "GET /ms/blog/page/16 HTTP/2" 404 11514 "-" "meta-externalagent/1.1 (+https://developers.facebook.com/docs/sharing/webmasters/crawler)"
188.166.217.91 - - [14/Mar/2025:19:43:40 +0700] "GET /bb.php HTTP/1.1" 404 3371 "-" "Mozilla/5.0 (Windows NT 10.0; Win64; x64) AppleWebKit/537.36 (KHTML, like Gecko) Chrome/85.0.4183.102 Safari/537.36"
146.190.99.254 - - [14/Mar/2025:19:43:41 +0700] "GET /unknown.php HTTP/1.1" 301 0 "www.google.com" "Mozlila/5.0 (Linux; Android 7.0; SM-G892A Bulid/NRD90M; wv) AppleWebKit/537.36 (KHTML, like Gecko) Version/4.0 Chrome/60.0.3112.107 Moblie Safari/537.36"
188.166.217.91 - - [14/Mar/2025:19:43:45 +0700] "GET /bbb.php HTTP/1.1" 404 3363 "-" "Mozilla/5.0 (Windows NT 10.0; Win64; x64) AppleWebKit/537.36 (KHTML, like Gecko) Chrome/85.0.4183.102 Safari/537.36"
146.190.99.254 - - [14/Mar/2025:19:43:47 +0700] "GET /1975.phP HTTP/1.1" 301 0 "www.google.com" "Mozlila/5.0 (Linux; Android 7.0; SM-G892A Bulid/NRD90M; wv) AppleWebKit/537.36 (KHTML, like Gecko) Version/4.0 Chrome/60.0.3112.107 Moblie Safari/537.36"
57.141.3.30 - - [14/Mar/2025:19:43:51 +0700] "GET /ms/blog/tag/bundling/ HTTP/2" 404 11514 "-" "meta-externalagent/1.1 (+https://developers.facebook.com/docs/sharing/webmasters/crawler)"
188.166.217.91 - - [14/Mar/2025:19:43:52 +0700] "GET /beence.php HTTP/1.1" 404 3371 "-" "Mozilla/5.0 (Windows NT 10.0; Win64; x64) AppleWebKit/537.36 (KHTML, like Gecko) Chrome/85.0.4183.102 Safari/537.36"
146.190.99.254 - - [14/Mar/2025:19:43:54 +0700] "GET /Mo2AaAaAaPrivateShell.php HTTP/1.1" 301 0 "www.google.com" "Mozlila/5.0 (Linux; Android 7.0; SM-G892A Bulid/NRD90M; wv) AppleWebKit/537.36 (KHTML, like Gecko) Version/4.0 Chrome/60.0.3112.107 Moblie Safari/537.36"
57.141.3.2 - - [14/Mar/2025:19:43:56 +0700] "GET /ms/blog/teknologi/yuk-ketahui-apa-itu-qris-manfaat-dan-cara-penggunaannya-sebagai-sarana-pembayaran HTTP/2" 404 11514 "-" "meta-externalagent/1.1 (+https://developers.facebook.com/docs/sharing/webmasters/crawler)"
57.141.3.28 - - [14/Mar/2025:19:43:54 +0700] "GET /ms/blog/manajemen-bisnis/mengintegrasikan-sistem-pembayaran-yang-aman-dan-mudah-di-website-e-commerce HTTP/2" 404 11514 "-" "meta-externalagent/1.1 (+https://developers.facebook.com/docs/sharing/webmasters/crawler)"
188.166.217.91 - - [14/Mar/2025:19:43:57 +0700] "GET /bin/admin.php HTTP/1.1" 404 3371 "-" "Mozilla/5.0 (Windows NT 10.0; Win64; x64) AppleWebKit/537.36 (KHTML, like Gecko) Chrome/85.0.4183.102 Safari/537.36"
180.235.151.3 - - [14/Mar/2025:19:44:01 +0700] "POST /wp-cron.php?doing_wp_cron=1741956241.3906400203704833984375 HTTP/1.1" 403 1242 "-" "WordPress/6.7.2; https://www.aturtoko.id"
57.141.3.12 - - [14/Mar/2025:19:43:57 +0700] "GET /en/?p=990 HTTP/2" 301 0 "-" "meta-externalagent/1.1 (+https://developers.facebook.com/docs/sharing/webmasters/crawler)"
146.190.99.254 - - [14/Mar/2025:19:43:59 +0700] "GET /god4m.php HTTP/1.1" 301 0 "www.google.com" "Mozlila/5.0 (Linux; Android 7.0; SM-G892A Bulid/NRD90M; wv) AppleWebKit/537.36 (KHTML, like Gecko) Version/4.0 Chrome/60.0.3112.107 Moblie Safari/537.36"
87.250.224.78 - - [14/Mar/2025:19:44:03 +0700] "GET /robots.txt HTTP/1.1" 200 274 "-" "Mozilla/5.0 (compatible; YandexBot/3.0; +http://yandex.com/bots)"
146.190.99.254 - - [14/Mar/2025:19:44:03 +0700] "GET /tuco.php HTTP/1.1" 301 0 "www.google.com" "Mozlila/5.0 (Linux; Android 7.0; SM-G892A Bulid/NRD90M; wv) AppleWebKit/537.36 (KHTML, like Gecko) Version/4.0 Chrome/60.0.3112.107 Moblie Safari/537.36"
188.166.217.91 - - [14/Mar/2025:19:44:02 +0700] "GET /bin/alfa.php HTTP/1.1" 404 3371 "-" "Mozilla/5.0 (Windows NT 10.0; Win64; x64) AppleWebKit/537.36 (KHTML, like Gecko) Chrome/85.0.4183.102 Safari/537.36"
57.141.3.1 - - [14/Mar/2025:19:44:02 +0700] "GET /en/blog/kewirausahaan/funding/pengertian-funding-mengenal-jenis-jenis-pendanaan-startup-series HTTP/2" 404 11514 "-" "meta-externalagent/1.1 (+https://developers.facebook.com/docs/sharing/webmasters/crawler)"
57.141.3.6 - - [14/Mar/2025:19:44:03 +0700] "GET /blog/management/marketing/cara-membuat-brand-sendiri-supaya-bisnis-anda-mudah-dikenal HTTP/2" 200 42037 "-" "meta-externalagent/1.1 (+https://developers.facebook.com/docs/sharing/webmasters/crawler)"
188.166.217.91 - - [14/Mar/2025:19:44:07 +0700] "GET /bin/bypass.php HTTP/1.1" 404 3371 "-" "Mozilla/5.0 (Windows NT 10.0; Win64; x64) AppleWebKit/537.36 (KHTML, like Gecko) Chrome/85.0.4183.102 Safari/537.36"
146.190.99.254 - - [14/Mar/2025:19:44:08 +0700] "GET /x.php HTTP/1.1" 301 0 "www.google.com" "Mozlila/5.0 (Linux; Android 7.0; SM-G892A Bulid/NRD90M; wv) AppleWebKit/537.36 (KHTML, like Gecko) Version/4.0 Chrome/60.0.3112.107 Moblie Safari/537.36"
57.141.3.9 - - [14/Mar/2025:19:44:07 +0700] "GET /ms/blog/management/legal/badan-usaha-pengertian-ciri-ciri-dan-bentuk-yang-ada-di-indonesia/ HTTP/2" 404 11514 "-" "meta-externalagent/1.1 (+https://developers.facebook.com/docs/sharing/webmasters/crawler)"
188.166.217.91 - - [14/Mar/2025:19:44:10 +0700] "GET /bin/index.php HTTP/1.1" 301 0 "-" "Mozilla/5.0 (Windows NT 10.0; Win64; x64) AppleWebKit/537.36 (KHTML, like Gecko) Chrome/85.0.4183.102 Safari/537.36"
57.141.3.6 - - [14/Mar/2025:19:44:09 +0700] "GET /en/blog/digital-marketing/strategi-pemasaran-digital HTTP/2" 404 11514 "-" "meta-externalagent/1.1 (+https://developers.facebook.com/docs/sharing/webmasters/crawler)"
146.190.99.254 - - [14/Mar/2025:19:44:12 +0700] "GET /w.php HTTP/1.1" 301 0 "www.google.com" "Mozlila/5.0 (Linux; Android 7.0; SM-G892A Bulid/NRD90M; wv) AppleWebKit/537.36 (KHTML, like Gecko) Version/4.0 Chrome/60.0.3112.107 Moblie Safari/537.36"
57.141.3.1 - - [14/Mar/2025:19:44:12 +0700] "GET /en/blog/tag/karyawan HTTP/2" 404 11514 "-" "meta-externalagent/1.1 (+https://developers.facebook.com/docs/sharing/webmasters/crawler)"
188.166.217.91 - - [14/Mar/2025:19:44:13 +0700] "GET /bin/ HTTP/1.1" 404 3371 "-" "Mozilla/5.0 (Windows NT 10.0; Win64; x64) AppleWebKit/537.36 (KHTML, like Gecko) Chrome/85.0.4183.102 Safari/537.36"
146.190.99.254 - - [14/Mar/2025:19:44:17 +0700] "GET /shl.php HTTP/1.1" 301 0 "www.google.com" "Mozlila/5.0 (Linux; Android 7.0; SM-G892A Bulid/NRD90M; wv) AppleWebKit/537.36 (KHTML, like Gecko) Version/4.0 Chrome/60.0.3112.107 Moblie Safari/537.36"
57.141.3.26 - - [14/Mar/2025:19:44:15 +0700] "GET /en/blog/digital-marketing/sejauh-apa-peran-omnichannel-mendukung-perkembangan-bisnis HTTP/2" 404 11514 "-" "meta-externalagent/1.1 (+https://developers.facebook.com/docs/sharing/webmasters/crawler)"
188.166.217.91 - - [14/Mar/2025:19:44:18 +0700] "GET /bin/k.php HTTP/1.1" 404 3363 "-" "Mozilla/5.0 (Windows NT 10.0; Win64; x64) AppleWebKit/537.36 (KHTML, like Gecko) Chrome/85.0.4183.102 Safari/537.36"
57.141.3.15 - - [14/Mar/2025:19:44:18 +0700] "GET /ms/cara-jualan-di-lazada/wajib-tahu-begini-cara-jualan-di-lazada-agar-cepat-laku HTTP/2" 404 11514 "-" "meta-externalagent/1.1 (+https://developers.facebook.com/docs/sharing/webmasters/crawler)"
146.190.99.254 - - [14/Mar/2025:19:44:21 +0700] "GET /wp-class.php HTTP/1.1" 301 0 "www.google.com" "Mozlila/5.0 (Linux; Android 7.0; SM-G892A Bulid/NRD90M; wv) AppleWebKit/537.36 (KHTML, like Gecko) Version/4.0 Chrome/60.0.3112.107 Moblie Safari/537.36"
188.166.217.91 - - [14/Mar/2025:19:44:22 +0700] "GET /bin/wp.php HTTP/1.1" 404 3371 "-" "Mozilla/5.0 (Windows NT 10.0; Win64; x64) AppleWebKit/537.36 (KHTML, like Gecko) Chrome/85.0.4183.102 Safari/537.36"
188.166.217.91 - - [14/Mar/2025:19:44:25 +0700] "GET /binadmin.php HTTP/1.1" 404 3363 "-" "Mozilla/5.0 (Windows NT 10.0; Win64; x64) AppleWebKit/537.36 (KHTML, like Gecko) Chrome/85.0.4183.102 Safari/537.36"
146.190.99.254 - - [14/Mar/2025:19:44:26 +0700] "GET /info.php HTTP/1.1" 301 0 "www.google.com" "Mozlila/5.0 (Linux; Android 7.0; SM-G892A Bulid/NRD90M; wv) AppleWebKit/537.36 (KHTML, like Gecko) Version/4.0 Chrome/60.0.3112.107 Moblie Safari/537.36"
57.141.3.8 - - [14/Mar/2025:19:44:24 +0700] "GET /en/blog/tag/aturtoko/ HTTP/2" 404 11514 "-" "meta-externalagent/1.1 (+https://developers.facebook.com/docs/sharing/webmasters/crawler)"
188.166.217.91 - - [14/Mar/2025:19:44:28 +0700] "GET /binalfa.php HTTP/1.1" 404 3363 "-" "Mozilla/5.0 (Windows NT 10.0; Win64; x64) AppleWebKit/537.36 (KHTML, like Gecko) Chrome/85.0.4183.102 Safari/537.36"
57.141.3.7 - - [14/Mar/2025:19:44:27 +0700] "GET /en/blog/aturtoko-update/langkah-langkah-membangun-brand HTTP/2" 404 11514 "-" "meta-externalagent/1.1 (+https://developers.facebook.com/docs/sharing/webmasters/crawler)"
146.190.99.254 - - [14/Mar/2025:19:44:30 +0700] "GET /o.php HTTP/1.1" 301 0 "www.google.com" "Mozlila/5.0 (Linux; Android 7.0; SM-G892A Bulid/NRD90M; wv) AppleWebKit/537.36 (KHTML, like Gecko) Version/4.0 Chrome/60.0.3112.107 Moblie Safari/537.36"
188.166.217.91 - - [14/Mar/2025:19:44:32 +0700] "GET /binbypass.php HTTP/1.1" 404 3363 "-" "Mozilla/5.0 (Windows NT 10.0; Win64; x64) AppleWebKit/537.36 (KHTML, like Gecko) Chrome/85.0.4183.102 Safari/537.36"
57.141.3.1 - - [14/Mar/2025:19:44:33 +0700] "GET /ms/blog/tag/pembayaran/ HTTP/2" 404 11514 "-" "meta-externalagent/1.1 (+https://developers.facebook.com/docs/sharing/webmasters/crawler)"
146.190.99.254 - - [14/Mar/2025:19:44:35 +0700] "GET /shx.php HTTP/1.1" 301 0 "www.google.com" "Mozlila/5.0 (Linux; Android 7.0; SM-G892A Bulid/NRD90M; wv) AppleWebKit/537.36 (KHTML, like Gecko) Version/4.0 Chrome/60.0.3112.107 Moblie Safari/537.36"
188.166.217.91 - - [14/Mar/2025:19:44:36 +0700] "GET /bink.php HTTP/1.1" 404 3371 "-" "Mozilla/5.0 (Windows NT 10.0; Win64; x64) AppleWebKit/537.36 (KHTML, like Gecko) Chrome/85.0.4183.102 Safari/537.36"
57.141.3.8 - - [14/Mar/2025:19:44:35 +0700] "GET /ms/blog/kewirausahaan/funding/mengenal-crowdfunding-arti-kelebihan-dan-bagaimana-cara-kerjanya/ HTTP/2" 404 11514 "-" "meta-externalagent/1.1 (+https://developers.facebook.com/docs/sharing/webmasters/crawler)"
66.249.71.4 - - [14/Mar/2025:19:44:39 +0700] "GET /item.php?e=73412090290 HTTP/1.1" 403 1242 "-" "Mozilla/5.0 (Linux; Android 6.0.1; Nexus 5X Build/MMB29P) AppleWebKit/537.36 (KHTML, like Gecko) Chrome/133.0.6943.141 Mobile Safari/537.36 (compatible; GoogleOther)"
57.141.3.24 - - [14/Mar/2025:19:44:37 +0700] "GET /en/blog/tag/legalitas/ HTTP/2" 404 11514 "-" "meta-externalagent/1.1 (+https://developers.facebook.com/docs/sharing/webmasters/crawler)"
146.190.99.254 - - [14/Mar/2025:19:44:39 +0700] "GET /l.php HTTP/1.1" 301 0 "www.google.com" "Mozlila/5.0 (Linux; Android 7.0; SM-G892A Bulid/NRD90M; wv) AppleWebKit/537.36 (KHTML, like Gecko) Version/4.0 Chrome/60.0.3112.107 Moblie Safari/537.36"
188.166.217.91 - - [14/Mar/2025:19:44:41 +0700] "GET /binwp.php HTTP/1.1" 404 3363 "-" "Mozilla/5.0 (Windows NT 10.0; Win64; x64) AppleWebKit/537.36 (KHTML, like Gecko) Chrome/85.0.4183.102 Safari/537.36"
57.141.3.11 - - [14/Mar/2025:19:44:43 +0700] "GET /en/blog/kewirausahaan/peran-intrapreneurship-dalam-inovasi-bisnis/feed HTTP/2" 404 11514 "-" "meta-externalagent/1.1 (+https://developers.facebook.com/docs/sharing/webmasters/crawler)"
146.190.99.254 - - [14/Mar/2025:19:44:45 +0700] "GET /hi.php HTTP/1.1" 301 0 "www.google.com" "Mozlila/5.0 (Linux; Android 7.0; SM-G892A Bulid/NRD90M; wv) AppleWebKit/537.36 (KHTML, like Gecko) Version/4.0 Chrome/60.0.3112.107 Moblie Safari/537.36"
57.141.3.10 - - [14/Mar/2025:19:44:47 +0700] "GET /ms/blog/management/strategi/penjual-wajib-tahu-apa-itu-bnib-dan-perbedaannya-dengan-bnwt-bnob/ HTTP/2" 404 11514 "-" "meta-externalagent/1.1 (+https://developers.facebook.com/docs/sharing/webmasters/crawler)"
146.190.99.254 - - [14/Mar/2025:19:44:49 +0700] "GET /readme.php HTTP/1.1" 301 0 "www.google.com" "Mozlila/5.0 (Linux; Android 7.0; SM-G892A Bulid/NRD90M; wv) AppleWebKit/537.36 (KHTML, like Gecko) Version/4.0 Chrome/60.0.3112.107 Moblie Safari/537.36"
146.190.99.254 - - [14/Mar/2025:19:44:54 +0700] "GET /pi.php HTTP/1.1" 301 0 "www.google.com" "Mozlila/5.0 (Linux; Android 7.0; SM-G892A Bulid/NRD90M; wv) AppleWebKit/537.36 (KHTML, like Gecko) Version/4.0 Chrome/60.0.3112.107 Moblie Safari/537.36"
57.141.3.8 - - [14/Mar/2025:19:44:54 +0700] "GET /ms/blog/tag/penghematan-biaya/ HTTP/2" 404 11514 "-" "meta-externalagent/1.1 (+https://developers.facebook.com/docs/sharing/webmasters/crawler)"
57.141.3.10 - - [14/Mar/2025:19:44:55 +0700] "GET /ms/blog/introduction-to-digital/manfaat-website-e-commerce-untuk-bisnis-online-di-era-digital/ HTTP/2" 404 11514 "-" "meta-externalagent/1.1 (+https://developers.facebook.com/docs/sharing/webmasters/crawler)"
188.166.217.91 - - [14/Mar/2025:19:44:58 +0700] "GET /bitwise.php HTTP/1.1" 404 3371 "-" "Mozilla/5.0 (Windows NT 10.0; Win64; x64) AppleWebKit/537.36 (KHTML, like Gecko) Chrome/85.0.4183.102 Safari/537.36"
146.190.99.254 - - [14/Mar/2025:19:44:59 +0700] "GET /wp-content/themes/noriumportfolio/img_screen.php HTTP/1.1" 301 0 "www.google.com" "Mozlila/5.0 (Linux; Android 7.0; SM-G892A Bulid/NRD90M; wv) AppleWebKit/537.36 (KHTML, like Gecko) Version/4.0 Chrome/60.0.3112.107 Moblie Safari/537.36"
180.235.151.3 - - [14/Mar/2025:19:45:03 +0700] "POST /wp-cron.php?doing_wp_cron=1741956303.3555970191955566406250 HTTP/1.1" 403 1242 "-" "WordPress/6.7.2; https://www.aturtoko.id"
57.141.3.19 - - [14/Mar/2025:19:44:59 +0700] "GET /ms/blog/tag/pemasaran HTTP/2" 404 11514 "-" "meta-externalagent/1.1 (+https://developers.facebook.com/docs/sharing/webmasters/crawler)"
180.235.151.3 - - [14/Mar/2025:19:45:03 +0700] "POST /wp-cron.php?doing_wp_cron=1741956303.6788229942321777343750 HTTP/1.1" 403 1242 "-" "WordPress/6.7.2; https://www.aturtoko.id"
188.166.217.91 - - [14/Mar/2025:19:45:01 +0700] "GET /bj.php HTTP/1.1" 404 3363 "-" "Mozilla/5.0 (Windows NT 10.0; Win64; x64) AppleWebKit/537.36 (KHTML, like Gecko) Chrome/85.0.4183.102 Safari/537.36"
66.249.75.230 - - [14/Mar/2025:19:45:03 +0700] "GET /?e=45766628649 HTTP/1.1" 200 21623 "-" "Mozilla/5.0 (Linux; Android 6.0.1; Nexus 5X Build/MMB29P) AppleWebKit/537.36 (KHTML, like Gecko) Chrome/133.0.6943.141 Mobile Safari/537.36 (compatible; GoogleOther)"
146.190.99.254 - - [14/Mar/2025:19:45:03 +0700] "GET /wp-content/themes/noriumportfolio/doc.php HTTP/1.1" 301 0 "www.google.com" "Mozlila/5.0 (Linux; Android 7.0; SM-G892A Bulid/NRD90M; wv) AppleWebKit/537.36 (KHTML, like Gecko) Version/4.0 Chrome/60.0.3112.107 Moblie Safari/537.36"
180.235.151.3 - - [14/Mar/2025:19:45:06 +0700] "POST /wp-cron.php?doing_wp_cron=1741956306.5158910751342773437500 HTTP/1.1" 403 1242 "-" "WordPress/6.7.2; https://www.aturtoko.id"
57.141.3.18 - - [14/Mar/2025:19:45:02 +0700] "GET /en/?p=67 HTTP/2" 301 0 "-" "meta-externalagent/1.1 (+https://developers.facebook.com/docs/sharing/webmasters/crawler)"
180.235.151.3 - - [14/Mar/2025:19:45:06 +0700] "POST /wp-cron.php?doing_wp_cron=1741956306.7813980579376220703125 HTTP/1.1" 403 1242 "-" "WordPress/6.7.2; https://www.aturtoko.id"
57.141.3.14 - - [14/Mar/2025:19:45:02 +0700] "GET /ms/?p=655 HTTP/2" 301 0 "-" "meta-externalagent/1.1 (+https://developers.facebook.com/docs/sharing/webmasters/crawler)"
146.190.99.254 - - [14/Mar/2025:19:45:08 +0700] "GET /wp-content/themes/noriumportfolio/alpha.php HTTP/1.1" 301 0 "www.google.com" "Mozlila/5.0 (Linux; Android 7.0; SM-G892A Bulid/NRD90M; wv) AppleWebKit/537.36 (KHTML, like Gecko) Version/4.0 Chrome/60.0.3112.107 Moblie Safari/537.36"
188.166.217.91 - - [14/Mar/2025:19:45:08 +0700] "GET /bkv74.php HTTP/1.1" 404 3371 "-" "Mozilla/5.0 (Windows NT 10.0; Win64; x64) AppleWebKit/537.36 (KHTML, like Gecko) Chrome/85.0.4183.102 Safari/537.36"
57.141.3.21 - - [14/Mar/2025:19:45:07 +0700] "GET /en/blog/tag/konsumen/ HTTP/2" 404 11514 "-" "meta-externalagent/1.1 (+https://developers.facebook.com/docs/sharing/webmasters/crawler)"
57.141.3.12 - - [14/Mar/2025:19:45:08 +0700] "GET /blog HTTP/2" 200 48987 "-" "meta-externalagent/1.1 (+https://developers.facebook.com/docs/sharing/webmasters/crawler)"
57.141.3.28 - - [14/Mar/2025:19:45:12 +0700] "GET /en/blog/management/legal/apa-yang-dimaksud-surat-perjanjian-investasi-dan-kerja-sama-bisnis-simak-penjelasannya-di-sini/ HTTP/2" 404 11514 "-" "meta-externalagent/1.1 (+https://developers.facebook.com/docs/sharing/webmasters/crawler)"
66.249.75.229 - - [14/Mar/2025:19:45:15 +0700] "GET /?e=65863260537 HTTP/1.1" 200 20904 "-" "Mozilla/5.0 (Linux; Android 6.0.1; Nexus 5X Build/MMB29P) AppleWebKit/537.36 (KHTML, like Gecko) Chrome/133.0.6943.141 Mobile Safari/537.36 (compatible; Googlebot/2.1; +http://www.google.com/bot.html)"
57.141.3.1 - - [14/Mar/2025:19:45:14 +0700] "GET /ms/blog/tag/targeting/ HTTP/2" 404 11514 "-" "meta-externalagent/1.1 (+https://developers.facebook.com/docs/sharing/webmasters/crawler)"
188.166.217.91 - - [14/Mar/2025:19:45:16 +0700] "GET /black.php HTTP/1.1" 404 3371 "-" "Mozilla/5.0 (Windows NT 10.0; Win64; x64) AppleWebKit/537.36 (KHTML, like Gecko) Chrome/85.0.4183.102 Safari/537.36"
146.190.99.254 - - [14/Mar/2025:19:45:14 +0700] "GET /wp-content/themes/noriumportfolio/db.php?u HTTP/1.1" 301 0 "www.google.com" "Mozlila/5.0 (Linux; Android 7.0; SM-G892A Bulid/NRD90M; wv) AppleWebKit/537.36 (KHTML, like Gecko) Version/4.0 Chrome/60.0.3112.107 Moblie Safari/537.36"
57.141.3.5 - - [14/Mar/2025:19:45:16 +0700] "GET /en/blog/management/accounting-finance/wajib-tahu-ini-dia-perbedaan-biaya-variabel-dan-biaya-tetap/feed HTTP/2" 404 11514 "-" "meta-externalagent/1.1 (+https://developers.facebook.com/docs/sharing/webmasters/crawler)"
57.141.3.7 - - [14/Mar/2025:19:45:19 +0700] "GET /en/blog/management/distribusi/kenali-apa-itu-jasa-pengiriman-kargo-jenis-serta-cara-penggunaannya/ HTTP/2" 404 11514 "-" "meta-externalagent/1.1 (+https://developers.facebook.com/docs/sharing/webmasters/crawler)"
188.166.217.91 - - [14/Mar/2025:19:45:24 +0700] "GET /blacksec.php HTTP/1.1" 404 3371 "-" "Mozilla/5.0 (Windows NT 10.0; Win64; x64) AppleWebKit/537.36 (KHTML, like Gecko) Chrome/85.0.4183.102 Safari/537.36"
57.141.3.21 - - [14/Mar/2025:19:45:22 +0700] "GET /en/blog/manajemen-bisnis/dampak-marketplace-terhadap-ekonomi-digital HTTP/2" 404 11514 "-" "meta-externalagent/1.1 (+https://developers.facebook.com/docs/sharing/webmasters/crawler)"
57.141.3.26 - - [14/Mar/2025:19:45:24 +0700] "GET /en/blog/tag/penjual HTTP/2" 404 11514 "-" "meta-externalagent/1.1 (+https://developers.facebook.com/docs/sharing/webmasters/crawler)"
146.190.99.254 - - [14/Mar/2025:19:45:24 +0700] "GET /wp-content/themes/seotheme/db.php?u HTTP/1.1" 301 0 "www.google.com" "Mozlila/5.0 (Linux; Android 7.0; SM-G892A Bulid/NRD90M; wv) AppleWebKit/537.36 (KHTML, like Gecko) Version/4.0 Chrome/60.0.3112.107 Moblie Safari/537.36"
188.166.217.91 - - [14/Mar/2025:19:45:28 +0700] "GET /bless.php HTTP/1.1" 404 3371 "-" "Mozilla/5.0 (Windows NT 10.0; Win64; x64) AppleWebKit/537.36 (KHTML, like Gecko) Chrome/85.0.4183.102 Safari/537.36"
57.141.3.15 - - [14/Mar/2025:19:45:29 +0700] "GET /blog HTTP/2" 200 48987 "-" "meta-externalagent/1.1 (+https://developers.facebook.com/docs/sharing/webmasters/crawler)"
146.190.99.254 - - [14/Mar/2025:19:45:31 +0700] "GET /wp-content/themes/seotheme/mar.php HTTP/1.1" 301 0 "www.google.com" "Mozlila/5.0 (Linux; Android 7.0; SM-G892A Bulid/NRD90M; wv) AppleWebKit/537.36 (KHTML, like Gecko) Version/4.0 Chrome/60.0.3112.107 Moblie Safari/537.36"
188.166.217.91 - - [14/Mar/2025:19:45:31 +0700] "GET /block-patwp.php HTTP/1.1" 404 3363 "-" "Mozilla/5.0 (Windows NT 10.0; Win64; x64) AppleWebKit/537.36 (KHTML, like Gecko) Chrome/85.0.4183.102 Safari/537.36"
57.141.3.29 - - [14/Mar/2025:19:45:31 +0700] "GET /ms/?p=216 HTTP/2" 301 0 "-" "meta-externalagent/1.1 (+https://developers.facebook.com/docs/sharing/webmasters/crawler)"
146.190.99.254 - - [14/Mar/2025:19:45:36 +0700] "GET /wp-content/themes/skatepark/alpha.php HTTP/1.1" 301 0 "www.google.com" "Mozlila/5.0 (Linux; Android 7.0; SM-G892A Bulid/NRD90M; wv) AppleWebKit/537.36 (KHTML, like Gecko) Version/4.0 Chrome/60.0.3112.107 Moblie Safari/537.36"
188.166.217.91 - - [14/Mar/2025:19:45:38 +0700] "GET /block.php HTTP/1.1" 404 3371 "-" "Mozilla/5.0 (Windows NT 10.0; Win64; x64) AppleWebKit/537.36 (KHTML, like Gecko) Chrome/85.0.4183.102 Safari/537.36"
57.141.3.8 - - [14/Mar/2025:19:45:37 +0700] "GET /cara-jualan-di-tokopedia/cara-mendaftar-jadi-mitra-tokopedia-aplikasi-untuk-bisnis-rumahan HTTP/2" 200 34879 "-" "meta-externalagent/1.1 (+https://developers.facebook.com/docs/sharing/webmasters/crawler)"
66.249.71.3 - - [14/Mar/2025:19:45:40 +0700] "GET /headings/goods/322511058.shtm HTTP/1.1" 200 20027 "-" "Mozilla/5.0 (Linux; Android 6.0.1; Nexus 5X Build/MMB29P) AppleWebKit/537.36 (KHTML, like Gecko) Chrome/133.0.6943.141 Mobile Safari/537.36 (compatible; Googlebot/2.1; +http://www.google.com/bot.html)"
146.190.99.254 - - [14/Mar/2025:19:45:40 +0700] "GET /wp-content/themes/skatepark/img_screen.php HTTP/1.1" 301 0 "www.google.com" "Mozlila/5.0 (Linux; Android 7.0; SM-G892A Bulid/NRD90M; wv) AppleWebKit/537.36 (KHTML, like Gecko) Version/4.0 Chrome/60.0.3112.107 Moblie Safari/537.36"
57.141.3.8 - - [14/Mar/2025:19:45:39 +0700] "GET /en/blog/category/teknologi/ HTTP/2" 404 11514 "-" "meta-externalagent/1.1 (+https://developers.facebook.com/docs/sharing/webmasters/crawler)"
188.166.217.91 - - [14/Mar/2025:19:45:41 +0700] "GET /blog.php HTTP/1.1" 404 3371 "-" "Mozilla/5.0 (Windows NT 10.0; Win64; x64) AppleWebKit/537.36 (KHTML, like Gecko) Chrome/85.0.4183.102 Safari/537.36"
57.141.3.17 - - [14/Mar/2025:19:45:41 +0700] "GET /en/blog/tag/kerugian/ HTTP/2" 404 11514 "-" "meta-externalagent/1.1 (+https://developers.facebook.com/docs/sharing/webmasters/crawler)"
57.141.3.14 - - [14/Mar/2025:19:45:44 +0700] "GET /en/cara-jualan-di-shopee/cara-mudah-daftar-shopee-food-untuk-merchant HTTP/2" 404 11514 "-" "meta-externalagent/1.1 (+https://developers.facebook.com/docs/sharing/webmasters/crawler)"
57.141.3.11 - - [14/Mar/2025:19:45:42 +0700] "GET /wp-content/uploads/2022/05/Serba-Serbi-Pembayaran-COD-Lazada-yang-Perlu-Diketahui-scaled.jpg& HTTP/2" 404 11514 "-" "meta-externalagent/1.1 (+https://developers.facebook.com/docs/sharing/webmasters/crawler)"
66.249.75.229 - - [14/Mar/2025:19:45:47 +0700] "GET /item.php?e=73782065155 HTTP/1.1" 403 1242 "-" "Mozilla/5.0 (Linux; Android 6.0.1; Nexus 5X Build/MMB29P) AppleWebKit/537.36 (KHTML, like Gecko) Chrome/133.0.6943.141 Mobile Safari/537.36 (compatible; GoogleOther)"
188.166.217.91 - - [14/Mar/2025:19:45:46 +0700] "GET /blog/fw.php HTTP/1.1" 404 3371 "-" "Mozilla/5.0 (Windows NT 10.0; Win64; x64) AppleWebKit/537.36 (KHTML, like Gecko) Chrome/85.0.4183.102 Safari/537.36"
57.141.3.19 - - [14/Mar/2025:19:45:46 +0700] "GET /ms/blog/tag/marketplace HTTP/2" 404 11514 "-" "meta-externalagent/1.1 (+https://developers.facebook.com/docs/sharing/webmasters/crawler)"
188.166.217.91 - - [14/Mar/2025:19:45:49 +0700] "GET /blog/wp-includes/fonts/dev.php HTTP/1.1" 404 3371 "-" "Mozilla/5.0 (Windows NT 10.0; Win64; x64) AppleWebKit/537.36 (KHTML, like Gecko) Chrome/85.0.4183.102 Safari/537.36"
57.141.3.29 - - [14/Mar/2025:19:45:48 +0700] "GET /en/blog/manajemen-bisnis/memanfaatkan-marketplace-sebagai-sarana-marketing-yang-efektif/ HTTP/2" 404 11514 "-" "meta-externalagent/1.1 (+https://developers.facebook.com/docs/sharing/webmasters/crawler)"
146.190.99.254 - - [14/Mar/2025:19:45:49 +0700] "GET /wp-content/themes/skatepark/db.php?u HTTP/1.1" 301 0 "www.google.com" "Mozlila/5.0 (Linux; Android 7.0; SM-G892A Bulid/NRD90M; wv) AppleWebKit/537.36 (KHTML, like Gecko) Version/4.0 Chrome/60.0.3112.107 Moblie Safari/537.36"
188.166.217.91 - - [14/Mar/2025:19:45:55 +0700] "GET /blog/wp-includes/fonts/iqb.php HTTP/1.1" 404 3371 "-" "Mozilla/5.0 (Windows NT 10.0; Win64; x64) AppleWebKit/537.36 (KHTML, like Gecko) Chrome/85.0.4183.102 Safari/537.36"
146.190.99.254 - - [14/Mar/2025:19:45:57 +0700] "GET /wp-content/themes/skatepark/doc.php HTTP/1.1" 301 0 "www.google.com" "Mozlila/5.0 (Linux; Android 7.0; SM-G892A Bulid/NRD90M; wv) AppleWebKit/537.36 (KHTML, like Gecko) Version/4.0 Chrome/60.0.3112.107 Moblie Safari/537.36"
188.166.217.91 - - [14/Mar/2025:19:45:59 +0700] "GET /blue.php HTTP/1.1" 404 3371 "-" "Mozilla/5.0 (Windows NT 10.0; Win64; x64) AppleWebKit/537.36 (KHTML, like Gecko) Chrome/85.0.4183.102 Safari/537.36"
57.141.3.7 - - [14/Mar/2025:19:45:57 +0700] "GET /blog/tag/digitalitas/page/2 HTTP/2" 200 48430 "-" "meta-externalagent/1.1 (+https://developers.facebook.com/docs/sharing/webmasters/crawler)"
57.141.3.12 - - [14/Mar/2025:19:45:58 +0700] "GET /ms/blog/tag/dropshipper HTTP/2" 404 11514 "-" "meta-externalagent/1.1 (+https://developers.facebook.com/docs/sharing/webmasters/crawler)"
137.184.134.158 - - [14/Mar/2025:19:46:02 +0700] "POST /wp-login.php HTTP/1.1" 200 2548 "-" "Mozilla/5.0 (Windows NT 10.0; Win64; x64; rv:82.0) Gecko/20100101 Firefox/82.0"
146.190.99.254 - - [14/Mar/2025:19:46:01 +0700] "GET /wp-content/plugins/db/mar.php HTTP/1.1" 301 0 "www.google.com" "Mozlila/5.0 (Linux; Android 7.0; SM-G892A Bulid/NRD90M; wv) AppleWebKit/537.36 (KHTML, like Gecko) Version/4.0 Chrome/60.0.3112.107 Moblie Safari/537.36"
57.141.3.6 - - [14/Mar/2025:19:46:01 +0700] "GET /ms/blog/tag/retail HTTP/2" 404 11514 "-" "meta-externalagent/1.1 (+https://developers.facebook.com/docs/sharing/webmasters/crawler)"
188.166.217.91 - - [14/Mar/2025:19:46:04 +0700] "GET /blvck.php HTTP/1.1" 404 3371 "-" "Mozilla/5.0 (Windows NT 10.0; Win64; x64) AppleWebKit/537.36 (KHTML, like Gecko) Chrome/85.0.4183.102 Safari/537.36"
180.235.151.3 - - [14/Mar/2025:19:46:07 +0700] "POST /wp-cron.php?doing_wp_cron=1741956367.2079589366912841796875 HTTP/1.1" 403 1242 "-" "WordPress/6.7.2; https://www.aturtoko.id"
57.141.3.4 - - [14/Mar/2025:19:46:02 +0700] "GET /ms/?p=703 HTTP/2" 301 0 "-" "meta-externalagent/1.1 (+https://developers.facebook.com/docs/sharing/webmasters/crawler)"
180.235.151.3 - - [14/Mar/2025:19:46:08 +0700] "POST /wp-cron.php?doing_wp_cron=1741956368.7104880809783935546875 HTTP/1.1" 403 1242 "-" "WordPress/6.7.2; https://www.aturtoko.id"
57.141.3.19 - - [14/Mar/2025:19:46:04 +0700] "GET /blog/digital-marketing/apa-itu-endorse-bagaimana-cara-kerjanya-sebagai-strategi-pemasaran HTTP/2" 200 48209 "-" "meta-externalagent/1.1 (+https://developers.facebook.com/docs/sharing/webmasters/crawler)"
146.190.99.254 - - [14/Mar/2025:19:46:06 +0700] "GET /wp-content/themes/wp-pridmag/22x.php HTTP/1.1" 301 0 "www.google.com" "Mozlila/5.0 (Linux; Android 7.0; SM-G892A Bulid/NRD90M; wv) AppleWebKit/537.36 (KHTML, like Gecko) Version/4.0 Chrome/60.0.3112.107 Moblie Safari/537.36"
