Sindbad~EG File Manager
188.166.217.91 - - [14/Mar/2025:19:06:15 +0700] "GET /.well-known/pki-validationk.php HTTP/1.1" 404 3371 "-" "Mozilla/5.0 (Windows NT 10.0; Win64; x64) AppleWebKit/537.36 (KHTML, like Gecko) Chrome/85.0.4183.102 Safari/537.36"
66.249.66.11 - - [14/Mar/2025:19:06:23 +0700] "GET /?e=57828965534 HTTP/1.1" 200 19230 "-" "Mozilla/5.0 (Linux; Android 6.0.1; Nexus 5X Build/MMB29P) AppleWebKit/537.36 (KHTML, like Gecko) Chrome/133.0.6943.141 Mobile Safari/537.36 (compatible; Googlebot/2.1; +http://www.google.com/bot.html)"
188.166.217.91 - - [14/Mar/2025:19:06:23 +0700] "GET /.well-known/pki-validationwp.php HTTP/1.1" 404 3371 "-" "Mozilla/5.0 (Windows NT 10.0; Win64; x64) AppleWebKit/537.36 (KHTML, like Gecko) Chrome/85.0.4183.102 Safari/537.36"
52.167.144.210 - - [14/Mar/2025:19:06:25 +0700] "GET /en/blog/teknologi/cara-membuat-kwitansi-secara-online-mudah-gratis-dan-otomatis HTTP/2" 200 19600 "-" "Mozilla/5.0 AppleWebKit/537.36 (KHTML, like Gecko; compatible; bingbot/2.0; +http://www.bing.com/bingbot.htm) Chrome/116.0.1938.76 Safari/537.36"
66.249.75.230 - - [14/Mar/2025:19:06:26 +0700] "GET /?e=13298905783 HTTP/1.1" 200 19969 "-" "Mozilla/5.0 (Linux; Android 6.0.1; Nexus 5X Build/MMB29P) AppleWebKit/537.36 (KHTML, like Gecko) Chrome/133.0.6943.141 Mobile Safari/537.36 (compatible; Googlebot/2.1; +http://www.google.com/bot.html)"
188.166.217.91 - - [14/Mar/2025:19:06:27 +0700] "GET /.well-known/radio.php HTTP/1.1" 404 3371 "-" "Mozilla/5.0 (Windows NT 10.0; Win64; x64) AppleWebKit/537.36 (KHTML, like Gecko) Chrome/85.0.4183.102 Safari/537.36"
66.249.66.11 - - [14/Mar/2025:19:06:30 +0700] "GET /?e=75822006028 HTTP/1.1" 200 20181 "-" "Mozilla/5.0 (Linux; Android 6.0.1; Nexus 5X Build/MMB29P) AppleWebKit/537.36 (KHTML, like Gecko) Chrome/133.0.6943.141 Mobile Safari/537.36 (compatible; Googlebot/2.1; +http://www.google.com/bot.html)"
188.166.217.91 - - [14/Mar/2025:19:06:30 +0700] "GET /.well-known/shell.php HTTP/1.1" 404 3371 "-" "Mozilla/5.0 (Windows NT 10.0; Win64; x64) AppleWebKit/537.36 (KHTML, like Gecko) Chrome/85.0.4183.102 Safari/537.36"
188.166.217.91 - - [14/Mar/2025:19:06:33 +0700] "GET /.well-known/upl.php HTTP/1.1" 404 3371 "-" "Mozilla/5.0 (Windows NT 10.0; Win64; x64) AppleWebKit/537.36 (KHTML, like Gecko) Chrome/85.0.4183.102 Safari/537.36"
188.166.217.91 - - [14/Mar/2025:19:06:39 +0700] "GET /.well-known/wp-signup.php HTTP/1.1" 404 3371 "-" "Mozilla/5.0 (Windows NT 10.0; Win64; x64) AppleWebKit/537.36 (KHTML, like Gecko) Chrome/85.0.4183.102 Safari/537.36"
188.166.217.91 - - [14/Mar/2025:19:06:42 +0700] "GET /.well-known/wp.php HTTP/1.1" 404 3371 "-" "Mozilla/5.0 (Windows NT 10.0; Win64; x64) AppleWebKit/537.36 (KHTML, like Gecko) Chrome/85.0.4183.102 Safari/537.36"
66.249.66.10 - - [14/Mar/2025:19:06:45 +0700] "GET /item.php?e=43575141574 HTTP/1.1" 403 1242 "-" "Mozilla/5.0 (Linux; Android 6.0.1; Nexus 5X Build/MMB29P) AppleWebKit/537.36 (KHTML, like Gecko) Chrome/133.0.6943.141 Mobile Safari/537.36 (compatible; GoogleOther)"
188.166.217.91 - - [14/Mar/2025:19:06:46 +0700] "GET /.well-known/x.php HTTP/1.1" 404 3363 "-" "Mozilla/5.0 (Windows NT 10.0; Win64; x64) AppleWebKit/537.36 (KHTML, like Gecko) Chrome/85.0.4183.102 Safari/537.36"
188.166.217.91 - - [14/Mar/2025:19:06:54 +0700] "GET /.well-knownadmin.php HTTP/1.1" 404 3363 "-" "Mozilla/5.0 (Windows NT 10.0; Win64; x64) AppleWebKit/537.36 (KHTML, like Gecko) Chrome/85.0.4183.102 Safari/537.36"
188.166.217.91 - - [14/Mar/2025:19:07:02 +0700] "GET /.well-knownalfa.php HTTP/1.1" 404 3371 "-" "Mozilla/5.0 (Windows NT 10.0; Win64; x64) AppleWebKit/537.36 (KHTML, like Gecko) Chrome/85.0.4183.102 Safari/537.36"
66.249.75.229 - - [14/Mar/2025:19:07:08 +0700] "GET /item.php?e=13979699956 HTTP/1.1" 403 1242 "-" "Mozilla/5.0 (Linux; Android 6.0.1; Nexus 5X Build/MMB29P) AppleWebKit/537.36 (KHTML, like Gecko) Chrome/133.0.6943.141 Mobile Safari/537.36 (compatible; GoogleOther)"
188.166.217.91 - - [14/Mar/2025:19:07:09 +0700] "GET /.well-knownbypass.php HTTP/1.1" 404 3371 "-" "Mozilla/5.0 (Windows NT 10.0; Win64; x64) AppleWebKit/537.36 (KHTML, like Gecko) Chrome/85.0.4183.102 Safari/537.36"
188.166.217.91 - - [14/Mar/2025:19:07:14 +0700] "GET /.well-knownk.php HTTP/1.1" 404 3371 "-" "Mozilla/5.0 (Windows NT 10.0; Win64; x64) AppleWebKit/537.36 (KHTML, like Gecko) Chrome/85.0.4183.102 Safari/537.36"
188.166.217.91 - - [14/Mar/2025:19:07:19 +0700] "GET /.well-knownold/index.php HTTP/1.1" 301 0 "-" "Mozilla/5.0 (Windows NT 10.0; Win64; x64) AppleWebKit/537.36 (KHTML, like Gecko) Chrome/85.0.4183.102 Safari/537.36"
180.235.151.3 - - [14/Mar/2025:19:07:25 +0700] "POST /wp-cron.php?doing_wp_cron=1741954045.6383330821990966796875 HTTP/1.1" 403 1242 "-" "WordPress/6.7.2; https://www.aturtoko.id"
188.166.217.91 - - [14/Mar/2025:19:07:21 +0700] "GET /.well-knownold/ HTTP/1.1" 404 3371 "-" "Mozilla/5.0 (Windows NT 10.0; Win64; x64) AppleWebKit/537.36 (KHTML, like Gecko) Chrome/85.0.4183.102 Safari/537.36"
188.166.217.91 - - [14/Mar/2025:19:07:26 +0700] "GET /.well-knownwp.php HTTP/1.1" 404 3371 "-" "Mozilla/5.0 (Windows NT 10.0; Win64; x64) AppleWebKit/537.36 (KHTML, like Gecko) Chrome/85.0.4183.102 Safari/537.36"
188.166.217.91 - - [14/Mar/2025:19:07:29 +0700] "GET /.wp-cache.php HTTP/1.1" 404 3371 "-" "Mozilla/5.0 (Windows NT 10.0; Win64; x64) AppleWebKit/537.36 (KHTML, like Gecko) Chrome/85.0.4183.102 Safari/537.36"
188.166.217.91 - - [14/Mar/2025:19:07:37 +0700] "GET /images/sym.php HTTP/1.1" 404 3371 "-" "Mozilla/5.0 (Windows NT 10.0; Win64; x64) AppleWebKit/537.36 (KHTML, like Gecko) Chrome/85.0.4183.102 Safari/537.36"
188.166.217.91 - - [14/Mar/2025:19:07:43 +0700] "GET /wp-content/a.php HTTP/1.1" 404 3371 "-" "Mozilla/5.0 (Windows NT 10.0; Win64; x64) AppleWebKit/537.36 (KHTML, like Gecko) Chrome/85.0.4183.102 Safari/537.36"
52.167.144.147 - - [14/Mar/2025:19:07:46 +0700] "GET /dominica/products/32259354.shtm HTTP/2" 200 19658 "-" "Mozilla/5.0 AppleWebKit/537.36 (KHTML, like Gecko; compatible; bingbot/2.0; +http://www.bing.com/bingbot.htm) Chrome/116.0.1938.76 Safari/537.36"
188.166.217.91 - - [14/Mar/2025:19:07:51 +0700] "GET /wp-content/fm.php HTTP/1.1" 404 3371 "-" "Mozilla/5.0 (Windows NT 10.0; Win64; x64) AppleWebKit/537.36 (KHTML, like Gecko) Chrome/85.0.4183.102 Safari/537.36"
188.166.217.91 - - [14/Mar/2025:19:07:57 +0700] "GET /0.php HTTP/1.1" 404 3371 "-" "Mozilla/5.0 (Windows NT 10.0; Win64; x64) AppleWebKit/537.36 (KHTML, like Gecko) Chrome/85.0.4183.102 Safari/537.36"
188.166.217.91 - - [14/Mar/2025:19:08:05 +0700] "GET /01.php HTTP/1.1" 404 3371 "-" "Mozilla/5.0 (Windows NT 10.0; Win64; x64) AppleWebKit/537.36 (KHTML, like Gecko) Chrome/85.0.4183.102 Safari/537.36"
188.166.217.91 - - [14/Mar/2025:19:08:08 +0700] "GET /07.php HTTP/1.1" 404 3371 "-" "Mozilla/5.0 (Windows NT 10.0; Win64; x64) AppleWebKit/537.36 (KHTML, like Gecko) Chrome/85.0.4183.102 Safari/537.36"
66.249.66.10 - - [14/Mar/2025:19:08:15 +0700] "GET /ms/blog/tag/perdagangan HTTP/1.1" 200 19684 "-" "Mozilla/5.0 (Linux; Android 6.0.1; Nexus 5X Build/MMB29P) AppleWebKit/537.36 (KHTML, like Gecko) Chrome/133.0.6943.141 Mobile Safari/537.36 (compatible; Googlebot/2.1; +http://www.google.com/bot.html)"
188.166.217.91 - - [14/Mar/2025:19:08:15 +0700] "GET /098.php HTTP/1.1" 404 3371 "-" "Mozilla/5.0 (Windows NT 10.0; Win64; x64) AppleWebKit/537.36 (KHTML, like Gecko) Chrome/85.0.4183.102 Safari/537.36"
66.249.75.229 - - [14/Mar/2025:19:08:17 +0700] "GET /?e=67829593892 HTTP/1.1" 200 19657 "-" "Mozilla/5.0 (Linux; Android 6.0.1; Nexus 5X Build/MMB29P) AppleWebKit/537.36 (KHTML, like Gecko) Chrome/133.0.6943.141 Mobile Safari/537.36 (compatible; Googlebot/2.1; +http://www.google.com/bot.html)"
188.166.217.91 - - [14/Mar/2025:19:08:23 +0700] "GET /0byte.php HTTP/1.1" 404 3371 "-" "Mozilla/5.0 (Windows NT 10.0; Win64; x64) AppleWebKit/537.36 (KHTML, like Gecko) Chrome/85.0.4183.102 Safari/537.36"
188.166.217.91 - - [14/Mar/2025:19:08:31 +0700] "GET /0o.php HTTP/1.1" 404 3371 "-" "Mozilla/5.0 (Windows NT 10.0; Win64; x64) AppleWebKit/537.36 (KHTML, like Gecko) Chrome/85.0.4183.102 Safari/537.36"
188.166.217.91 - - [14/Mar/2025:19:08:40 +0700] "GET /0x.php HTTP/1.1" 404 3371 "-" "Mozilla/5.0 (Windows NT 10.0; Win64; x64) AppleWebKit/537.36 (KHTML, like Gecko) Chrome/85.0.4183.102 Safari/537.36"
66.249.66.10 - - [14/Mar/2025:19:08:44 +0700] "GET /item.php?e=34517974847 HTTP/1.1" 403 1242 "-" "Mozilla/5.0 (Linux; Android 6.0.1; Nexus 5X Build/MMB29P) AppleWebKit/537.36 (KHTML, like Gecko) Chrome/133.0.6943.141 Mobile Safari/537.36 (compatible; GoogleOther)"
87.250.224.213 - - [14/Mar/2025:19:08:47 +0700] "GET /robots.txt HTTP/1.1" 200 304 "-" "Mozilla/5.0 (compatible; YandexBot/3.0; +http://yandex.com/bots)"
180.235.151.3 - - [14/Mar/2025:19:08:48 +0700] "GET /wp-content/themes/aturtoko/assets/json/testi.json HTTP/1.0" 200 3616 "-" "-"
180.235.151.3 - - [14/Mar/2025:19:08:48 +0700] "GET /wp-content/themes/aturtoko/assets/json/liputan.json HTTP/1.0" 200 1813 "-" "-"
180.235.151.3 - - [14/Mar/2025:19:08:48 +0700] "GET /wp-content/themes/aturtoko/assets/json/testi.json HTTP/1.0" 200 3616 "-" "-"
180.235.151.3 - - [14/Mar/2025:19:08:48 +0700] "GET /wp-content/themes/aturtoko/assets/json/testi.json HTTP/1.0" 200 3616 "-" "-"
180.235.151.3 - - [14/Mar/2025:19:08:48 +0700] "GET /wp-content/themes/aturtoko/assets/json/partner.json HTTP/1.0" 200 843 "-" "-"
180.235.151.3 - - [14/Mar/2025:19:08:48 +0700] "GET /wp-content/themes/aturtoko/assets/json/liputan.json HTTP/1.0" 200 1813 "-" "-"
180.235.151.3 - - [14/Mar/2025:19:08:48 +0700] "GET /wp-content/themes/aturtoko/assets/json/liputan.json HTTP/1.0" 200 1813 "-" "-"
66.249.75.229 - - [14/Mar/2025:19:08:48 +0700] "GET /item.php?e=73665655331 HTTP/1.1" 403 1242 "-" "Mozilla/5.0 (Linux; Android 6.0.1; Nexus 5X Build/MMB29P) AppleWebKit/537.36 (KHTML, like Gecko) Chrome/133.0.6943.141 Mobile Safari/537.36 (compatible; GoogleOther)"
5.255.231.177 - - [14/Mar/2025:19:08:46 +0700] "GET /?e=42932655679 HTTP/1.1" 200 12796 "-" "Mozilla/5.0 (compatible; YandexBot/3.0; +http://yandex.com/bots)"
180.235.151.3 - - [14/Mar/2025:19:08:48 +0700] "GET /wp-content/themes/aturtoko/assets/json/partner.json HTTP/1.0" 200 843 "-" "-"
180.235.151.3 - - [14/Mar/2025:19:08:48 +0700] "GET /wp-content/themes/aturtoko/assets/json/partner.json HTTP/1.0" 200 843 "-" "-"
95.108.213.91 - - [14/Mar/2025:19:08:46 +0700] "GET /?e=62673067952 HTTP/1.1" 200 12832 "-" "Mozilla/5.0 (compatible; YandexBot/3.0; +http://yandex.com/bots)"
95.108.213.217 - - [14/Mar/2025:19:08:46 +0700] "GET /?e=36282344322 HTTP/1.1" 200 12832 "-" "Mozilla/5.0 (compatible; YandexBot/3.0; +http://yandex.com/bots)"
180.235.151.3 - - [14/Mar/2025:19:08:48 +0700] "GET /wp-content/themes/aturtoko/assets/json/testi.json HTTP/1.0" 200 3616 "-" "-"
180.235.151.3 - - [14/Mar/2025:19:08:48 +0700] "GET /wp-content/themes/aturtoko/assets/json/liputan.json HTTP/1.0" 200 1813 "-" "-"
180.235.151.3 - - [14/Mar/2025:19:08:48 +0700] "GET /wp-content/themes/aturtoko/assets/json/partner.json HTTP/1.0" 200 843 "-" "-"
213.180.203.145 - - [14/Mar/2025:19:08:47 +0700] "GET /?e=25870149121 HTTP/1.1" 200 12832 "-" "Mozilla/5.0 (compatible; YandexBot/3.0; +http://yandex.com/bots)"
180.235.151.3 - - [14/Mar/2025:19:08:49 +0700] "GET /wp-content/themes/aturtoko/assets/json/testi.json HTTP/1.0" 200 3616 "-" "-"
180.235.151.3 - - [14/Mar/2025:19:08:49 +0700] "GET /wp-content/themes/aturtoko/assets/json/liputan.json HTTP/1.0" 200 1813 "-" "-"
180.235.151.3 - - [14/Mar/2025:19:08:49 +0700] "GET /wp-content/themes/aturtoko/assets/json/partner.json HTTP/1.0" 200 843 "-" "-"
87.250.224.40 - - [14/Mar/2025:19:08:47 +0700] "GET /?e=48153253676 HTTP/1.1" 200 12832 "-" "Mozilla/5.0 (compatible; YandexBot/3.0; +http://yandex.com/bots)"
180.235.151.3 - - [14/Mar/2025:19:08:49 +0700] "GET /wp-content/themes/aturtoko/assets/json/testi.json HTTP/1.0" 200 3616 "-" "-"
180.235.151.3 - - [14/Mar/2025:19:08:49 +0700] "GET /wp-content/themes/aturtoko/assets/json/testi.json HTTP/1.0" 200 3616 "-" "-"
180.235.151.3 - - [14/Mar/2025:19:08:49 +0700] "GET /wp-content/themes/aturtoko/assets/json/testi.json HTTP/1.0" 200 3616 "-" "-"
180.235.151.3 - - [14/Mar/2025:19:08:49 +0700] "GET /wp-content/themes/aturtoko/assets/json/liputan.json HTTP/1.0" 200 1813 "-" "-"
180.235.151.3 - - [14/Mar/2025:19:08:49 +0700] "GET /wp-content/themes/aturtoko/assets/json/liputan.json HTTP/1.0" 200 1813 "-" "-"
180.235.151.3 - - [14/Mar/2025:19:08:49 +0700] "GET /wp-content/themes/aturtoko/assets/json/liputan.json HTTP/1.0" 200 1813 "-" "-"
180.235.151.3 - - [14/Mar/2025:19:08:49 +0700] "GET /wp-content/themes/aturtoko/assets/json/partner.json HTTP/1.0" 200 843 "-" "-"
180.235.151.3 - - [14/Mar/2025:19:08:49 +0700] "GET /wp-content/themes/aturtoko/assets/json/partner.json HTTP/1.0" 200 843 "-" "-"
87.250.224.72 - - [14/Mar/2025:19:08:48 +0700] "GET /?e=86436368941 HTTP/1.1" 200 12832 "-" "Mozilla/5.0 (compatible; YandexBot/3.0; +http://yandex.com/bots)"
180.235.151.3 - - [14/Mar/2025:19:08:49 +0700] "GET /wp-content/themes/aturtoko/assets/json/partner.json HTTP/1.0" 200 843 "-" "-"
180.235.151.3 - - [14/Mar/2025:19:08:49 +0700] "GET /wp-content/themes/aturtoko/assets/json/testi.json HTTP/1.0" 200 3616 "-" "-"
180.235.151.3 - - [14/Mar/2025:19:08:49 +0700] "GET /wp-content/themes/aturtoko/assets/json/testi.json HTTP/1.0" 200 3616 "-" "-"
213.180.203.254 - - [14/Mar/2025:19:08:48 +0700] "GET /?e=31754878874 HTTP/1.1" 200 12832 "-" "Mozilla/5.0 (compatible; YandexBot/3.0; +http://yandex.com/bots)"
213.180.203.180 - - [14/Mar/2025:19:08:48 +0700] "GET /?e=85873822531 HTTP/1.1" 200 12832 "-" "Mozilla/5.0 (compatible; YandexBot/3.0; +http://yandex.com/bots)"
180.235.151.3 - - [14/Mar/2025:19:08:50 +0700] "GET /wp-content/themes/aturtoko/assets/json/liputan.json HTTP/1.0" 200 1813 "-" "-"
180.235.151.3 - - [14/Mar/2025:19:08:50 +0700] "GET /wp-content/themes/aturtoko/assets/json/liputan.json HTTP/1.0" 200 1813 "-" "-"
180.235.151.3 - - [14/Mar/2025:19:08:50 +0700] "GET /wp-content/themes/aturtoko/assets/json/partner.json HTTP/1.0" 200 843 "-" "-"
180.235.151.3 - - [14/Mar/2025:19:08:50 +0700] "GET /wp-content/themes/aturtoko/assets/json/testi.json HTTP/1.0" 200 3616 "-" "-"
180.235.151.3 - - [14/Mar/2025:19:08:50 +0700] "GET /wp-content/themes/aturtoko/assets/json/partner.json HTTP/1.0" 200 843 "-" "-"
180.235.151.3 - - [14/Mar/2025:19:08:50 +0700] "GET /wp-content/themes/aturtoko/assets/json/liputan.json HTTP/1.0" 200 1813 "-" "-"
180.235.151.3 - - [14/Mar/2025:19:08:50 +0700] "GET /wp-content/themes/aturtoko/assets/json/testi.json HTTP/1.0" 200 3616 "-" "-"
180.235.151.3 - - [14/Mar/2025:19:08:50 +0700] "GET /wp-content/themes/aturtoko/assets/json/testi.json HTTP/1.0" 200 3616 "-" "-"
213.180.203.130 - - [14/Mar/2025:19:08:47 +0700] "GET /?e=83752929510 HTTP/1.1" 200 12821 "-" "Mozilla/5.0 (compatible; YandexBot/3.0; +http://yandex.com/bots)"
180.235.151.3 - - [14/Mar/2025:19:08:50 +0700] "GET /wp-content/themes/aturtoko/assets/json/partner.json HTTP/1.0" 200 843 "-" "-"
180.235.151.3 - - [14/Mar/2025:19:08:50 +0700] "GET /wp-content/themes/aturtoko/assets/json/liputan.json HTTP/1.0" 200 1813 "-" "-"
180.235.151.3 - - [14/Mar/2025:19:08:50 +0700] "GET /wp-content/themes/aturtoko/assets/json/liputan.json HTTP/1.0" 200 1813 "-" "-"
95.108.213.185 - - [14/Mar/2025:19:08:48 +0700] "GET /?e=27591622313 HTTP/1.1" 200 12821 "-" "Mozilla/5.0 (compatible; YandexBot/3.0; +http://yandex.com/bots)"
213.180.203.122 - - [14/Mar/2025:19:08:48 +0700] "GET /?e=85863984942 HTTP/1.1" 200 12832 "-" "Mozilla/5.0 (compatible; YandexBot/3.0; +http://yandex.com/bots)"
180.235.151.3 - - [14/Mar/2025:19:08:50 +0700] "GET /wp-content/themes/aturtoko/assets/json/partner.json HTTP/1.0" 200 843 "-" "-"
180.235.151.3 - - [14/Mar/2025:19:08:50 +0700] "GET /wp-content/themes/aturtoko/assets/json/partner.json HTTP/1.0" 200 843 "-" "-"
180.235.151.3 - - [14/Mar/2025:19:08:50 +0700] "GET /wp-content/themes/aturtoko/assets/json/testi.json HTTP/1.0" 200 3616 "-" "-"
87.250.224.91 - - [14/Mar/2025:19:08:48 +0700] "GET /?e=17943804505 HTTP/1.1" 200 12796 "-" "Mozilla/5.0 (compatible; YandexBot/3.0; +http://yandex.com/bots)"
5.255.231.118 - - [14/Mar/2025:19:08:47 +0700] "GET /?e=86257601408 HTTP/1.1" 200 12785 "-" "Mozilla/5.0 (compatible; YandexBot/3.0; +http://yandex.com/bots)"
180.235.151.3 - - [14/Mar/2025:19:08:50 +0700] "GET /wp-content/themes/aturtoko/assets/json/liputan.json HTTP/1.0" 200 1813 "-" "-"
180.235.151.3 - - [14/Mar/2025:19:08:50 +0700] "GET /wp-content/themes/aturtoko/assets/json/partner.json HTTP/1.0" 200 843 "-" "-"
87.250.224.8 - - [14/Mar/2025:19:08:48 +0700] "GET /?e=27238906862 HTTP/1.1" 200 12821 "-" "Mozilla/5.0 (compatible; YandexBot/3.0; +http://yandex.com/bots)"
180.235.151.3 - - [14/Mar/2025:19:08:51 +0700] "GET /wp-content/themes/aturtoko/assets/json/testi.json HTTP/1.0" 200 3616 "-" "-"
180.235.151.3 - - [14/Mar/2025:19:08:51 +0700] "GET /wp-content/themes/aturtoko/assets/json/liputan.json HTTP/1.0" 200 1813 "-" "-"
180.235.151.3 - - [14/Mar/2025:19:08:51 +0700] "GET /wp-content/themes/aturtoko/assets/json/testi.json HTTP/1.0" 200 3616 "-" "-"
180.235.151.3 - - [14/Mar/2025:19:08:51 +0700] "GET /wp-content/themes/aturtoko/assets/json/testi.json HTTP/1.0" 200 3616 "-" "-"
180.235.151.3 - - [14/Mar/2025:19:08:51 +0700] "GET /wp-content/themes/aturtoko/assets/json/partner.json HTTP/1.0" 200 843 "-" "-"
188.166.217.91 - - [14/Mar/2025:19:08:48 +0700] "GET /0x0.php HTTP/1.1" 404 3371 "-" "Mozilla/5.0 (Windows NT 10.0; Win64; x64) AppleWebKit/537.36 (KHTML, like Gecko) Chrome/85.0.4183.102 Safari/537.36"
213.180.203.91 - - [14/Mar/2025:19:08:49 +0700] "GET /?e=36589347155 HTTP/1.1" 200 12832 "-" "Mozilla/5.0 (compatible; YandexBot/3.0; +http://yandex.com/bots)"
180.235.151.3 - - [14/Mar/2025:19:08:51 +0700] "GET /wp-content/themes/aturtoko/assets/json/liputan.json HTTP/1.0" 200 1813 "-" "-"
180.235.151.3 - - [14/Mar/2025:19:08:51 +0700] "GET /wp-content/themes/aturtoko/assets/json/liputan.json HTTP/1.0" 200 1813 "-" "-"
180.235.151.3 - - [14/Mar/2025:19:08:51 +0700] "GET /wp-content/themes/aturtoko/assets/json/partner.json HTTP/1.0" 200 843 "-" "-"
180.235.151.3 - - [14/Mar/2025:19:08:51 +0700] "GET /wp-content/themes/aturtoko/assets/json/partner.json HTTP/1.0" 200 843 "-" "-"
95.108.213.128 - - [14/Mar/2025:19:08:49 +0700] "GET /?e=16629029860 HTTP/1.1" 200 12832 "-" "Mozilla/5.0 (compatible; YandexBot/3.0; +http://yandex.com/bots)"
95.108.213.211 - - [14/Mar/2025:19:08:49 +0700] "GET /?e=58436998918 HTTP/1.1" 200 12796 "-" "Mozilla/5.0 (compatible; YandexBot/3.0; +http://yandex.com/bots)"
180.235.151.3 - - [14/Mar/2025:19:08:51 +0700] "GET /wp-content/themes/aturtoko/assets/json/testi.json HTTP/1.0" 200 3616 "-" "-"
180.235.151.3 - - [14/Mar/2025:19:08:51 +0700] "GET /wp-content/themes/aturtoko/assets/json/liputan.json HTTP/1.0" 200 1813 "-" "-"
180.235.151.3 - - [14/Mar/2025:19:08:51 +0700] "GET /wp-content/themes/aturtoko/assets/json/partner.json HTTP/1.0" 200 843 "-" "-"
95.108.213.249 - - [14/Mar/2025:19:08:49 +0700] "GET /?e=29338776116 HTTP/1.1" 200 12832 "-" "Mozilla/5.0 (compatible; YandexBot/3.0; +http://yandex.com/bots)"
180.235.151.3 - - [14/Mar/2025:19:08:51 +0700] "GET /wp-content/themes/aturtoko/assets/json/testi.json HTTP/1.0" 200 3616 "-" "-"
180.235.151.3 - - [14/Mar/2025:19:08:52 +0700] "GET /wp-content/themes/aturtoko/assets/json/liputan.json HTTP/1.0" 200 1813 "-" "-"
180.235.151.3 - - [14/Mar/2025:19:08:52 +0700] "GET /wp-content/themes/aturtoko/assets/json/testi.json HTTP/1.0" 200 3616 "-" "-"
180.235.151.3 - - [14/Mar/2025:19:08:52 +0700] "GET /wp-content/themes/aturtoko/assets/json/partner.json HTTP/1.0" 200 843 "-" "-"
180.235.151.3 - - [14/Mar/2025:19:08:52 +0700] "GET /wp-content/themes/aturtoko/assets/json/liputan.json HTTP/1.0" 200 1813 "-" "-"
213.180.203.53 - - [14/Mar/2025:19:08:49 +0700] "GET /?e=16259831019 HTTP/1.1" 200 12832 "-" "Mozilla/5.0 (compatible; YandexBot/3.0; +http://yandex.com/bots)"
180.235.151.3 - - [14/Mar/2025:19:08:52 +0700] "GET /wp-content/themes/aturtoko/assets/json/partner.json HTTP/1.0" 200 843 "-" "-"
87.250.224.38 - - [14/Mar/2025:19:08:50 +0700] "GET /?e=27583821301 HTTP/1.1" 200 12832 "-" "Mozilla/5.0 (compatible; YandexBot/3.0; +http://yandex.com/bots)"
180.235.151.3 - - [14/Mar/2025:19:08:52 +0700] "GET /wp-content/themes/aturtoko/assets/json/testi.json HTTP/1.0" 200 3616 "-" "-"
180.235.151.3 - - [14/Mar/2025:19:08:52 +0700] "GET /wp-content/themes/aturtoko/assets/json/testi.json HTTP/1.0" 200 3616 "-" "-"
180.235.151.3 - - [14/Mar/2025:19:08:52 +0700] "GET /wp-content/themes/aturtoko/assets/json/liputan.json HTTP/1.0" 200 1813 "-" "-"
180.235.151.3 - - [14/Mar/2025:19:08:52 +0700] "GET /wp-content/themes/aturtoko/assets/json/liputan.json HTTP/1.0" 200 1813 "-" "-"
180.235.151.3 - - [14/Mar/2025:19:08:52 +0700] "GET /wp-content/themes/aturtoko/assets/json/partner.json HTTP/1.0" 200 843 "-" "-"
180.235.151.3 - - [14/Mar/2025:19:08:52 +0700] "GET /wp-content/themes/aturtoko/assets/json/partner.json HTTP/1.0" 200 843 "-" "-"
213.180.203.161 - - [14/Mar/2025:19:08:50 +0700] "GET /?e=61653730120 HTTP/1.1" 200 12832 "-" "Mozilla/5.0 (compatible; YandexBot/3.0; +http://yandex.com/bots)"
5.255.231.67 - - [14/Mar/2025:19:08:50 +0700] "GET /?e=36415371875 HTTP/1.1" 200 12821 "-" "Mozilla/5.0 (compatible; YandexBot/3.0; +http://yandex.com/bots)"
180.235.151.3 - - [14/Mar/2025:19:08:52 +0700] "GET /wp-content/themes/aturtoko/assets/json/testi.json HTTP/1.0" 200 3616 "-" "-"
180.235.151.3 - - [14/Mar/2025:19:08:52 +0700] "GET /wp-content/themes/aturtoko/assets/json/liputan.json HTTP/1.0" 200 1813 "-" "-"
180.235.151.3 - - [14/Mar/2025:19:08:52 +0700] "GET /wp-content/themes/aturtoko/assets/json/partner.json HTTP/1.0" 200 843 "-" "-"
87.250.224.92 - - [14/Mar/2025:19:08:50 +0700] "GET /?e=57824240788 HTTP/1.1" 200 12832 "-" "Mozilla/5.0 (compatible; YandexBot/3.0; +http://yandex.com/bots)"
180.235.151.3 - - [14/Mar/2025:19:08:53 +0700] "GET /wp-content/themes/aturtoko/assets/json/testi.json HTTP/1.0" 200 3616 "-" "-"
180.235.151.3 - - [14/Mar/2025:19:08:53 +0700] "GET /wp-content/themes/aturtoko/assets/json/liputan.json HTTP/1.0" 200 1813 "-" "-"
180.235.151.3 - - [14/Mar/2025:19:08:53 +0700] "GET /wp-content/themes/aturtoko/assets/json/testi.json HTTP/1.0" 200 3616 "-" "-"
180.235.151.3 - - [14/Mar/2025:19:08:53 +0700] "GET /wp-content/themes/aturtoko/assets/json/testi.json HTTP/1.0" 200 3616 "-" "-"
180.235.151.3 - - [14/Mar/2025:19:08:53 +0700] "GET /wp-content/themes/aturtoko/assets/json/partner.json HTTP/1.0" 200 843 "-" "-"
180.235.151.3 - - [14/Mar/2025:19:08:53 +0700] "GET /wp-content/themes/aturtoko/assets/json/liputan.json HTTP/1.0" 200 1813 "-" "-"
95.108.213.252 - - [14/Mar/2025:19:08:51 +0700] "GET /?e=32956272925 HTTP/1.1" 200 12832 "-" "Mozilla/5.0 (compatible; YandexBot/3.0; +http://yandex.com/bots)"
180.235.151.3 - - [14/Mar/2025:19:08:53 +0700] "GET /wp-content/themes/aturtoko/assets/json/liputan.json HTTP/1.0" 200 1813 "-" "-"
180.235.151.3 - - [14/Mar/2025:19:08:53 +0700] "GET /wp-content/themes/aturtoko/assets/json/partner.json HTTP/1.0" 200 843 "-" "-"
213.180.203.24 - - [14/Mar/2025:19:08:51 +0700] "GET /?e=55624753904 HTTP/1.1" 200 12832 "-" "Mozilla/5.0 (compatible; YandexBot/3.0; +http://yandex.com/bots)"
180.235.151.3 - - [14/Mar/2025:19:08:53 +0700] "GET /wp-content/themes/aturtoko/assets/json/partner.json HTTP/1.0" 200 843 "-" "-"
5.255.231.198 - - [14/Mar/2025:19:08:51 +0700] "GET /?e=52239370220 HTTP/1.1" 200 12832 "-" "Mozilla/5.0 (compatible; YandexBot/3.0; +http://yandex.com/bots)"
180.235.151.3 - - [14/Mar/2025:19:08:53 +0700] "GET /wp-content/themes/aturtoko/assets/json/testi.json HTTP/1.0" 200 3616 "-" "-"
180.235.151.3 - - [14/Mar/2025:19:08:53 +0700] "GET /wp-content/themes/aturtoko/assets/json/liputan.json HTTP/1.0" 200 1813 "-" "-"
180.235.151.3 - - [14/Mar/2025:19:08:53 +0700] "GET /wp-content/themes/aturtoko/assets/json/partner.json HTTP/1.0" 200 843 "-" "-"
95.108.213.217 - - [14/Mar/2025:19:08:52 +0700] "GET /?e=89133837992 HTTP/1.1" 200 12832 "-" "Mozilla/5.0 (compatible; YandexBot/3.0; +http://yandex.com/bots)"
180.235.151.3 - - [14/Mar/2025:19:08:54 +0700] "GET /wp-content/themes/aturtoko/assets/json/testi.json HTTP/1.0" 200 3616 "-" "-"
180.235.151.3 - - [14/Mar/2025:19:08:54 +0700] "GET /wp-content/themes/aturtoko/assets/json/liputan.json HTTP/1.0" 200 1813 "-" "-"
180.235.151.3 - - [14/Mar/2025:19:08:54 +0700] "GET /wp-content/themes/aturtoko/assets/json/testi.json HTTP/1.0" 200 3616 "-" "-"
180.235.151.3 - - [14/Mar/2025:19:08:54 +0700] "GET /wp-content/themes/aturtoko/assets/json/partner.json HTTP/1.0" 200 843 "-" "-"
213.180.203.79 - - [14/Mar/2025:19:08:52 +0700] "GET /?e=58925780630 HTTP/1.1" 200 12832 "-" "Mozilla/5.0 (compatible; YandexBot/3.0; +http://yandex.com/bots)"
180.235.151.3 - - [14/Mar/2025:19:08:54 +0700] "GET /wp-content/themes/aturtoko/assets/json/liputan.json HTTP/1.0" 200 1813 "-" "-"
180.235.151.3 - - [14/Mar/2025:19:08:54 +0700] "GET /wp-content/themes/aturtoko/assets/json/partner.json HTTP/1.0" 200 843 "-" "-"
213.180.203.52 - - [14/Mar/2025:19:08:51 +0700] "GET /?e=56913188391 HTTP/1.1" 200 12832 "-" "Mozilla/5.0 (compatible; YandexBot/3.0; +http://yandex.com/bots)"
180.235.151.3 - - [14/Mar/2025:19:08:55 +0700] "GET /wp-content/themes/aturtoko/assets/json/testi.json HTTP/1.0" 200 3616 "-" "-"
180.235.151.3 - - [14/Mar/2025:19:08:55 +0700] "GET /wp-content/themes/aturtoko/assets/json/liputan.json HTTP/1.0" 200 1813 "-" "-"
180.235.151.3 - - [14/Mar/2025:19:08:55 +0700] "GET /wp-content/themes/aturtoko/assets/json/partner.json HTTP/1.0" 200 843 "-" "-"
213.180.203.130 - - [14/Mar/2025:19:08:53 +0700] "GET /?e=75186450273 HTTP/1.1" 200 12832 "-" "Mozilla/5.0 (compatible; YandexBot/3.0; +http://yandex.com/bots)"
180.235.151.3 - - [14/Mar/2025:19:08:55 +0700] "GET /wp-content/themes/aturtoko/assets/json/testi.json HTTP/1.0" 200 3616 "-" "-"
180.235.151.3 - - [14/Mar/2025:19:08:55 +0700] "GET /wp-content/themes/aturtoko/assets/json/liputan.json HTTP/1.0" 200 1813 "-" "-"
180.235.151.3 - - [14/Mar/2025:19:08:55 +0700] "GET /wp-content/themes/aturtoko/assets/json/partner.json HTTP/1.0" 200 843 "-" "-"
5.255.231.177 - - [14/Mar/2025:19:08:53 +0700] "GET /?e=25378455212 HTTP/1.1" 200 12832 "-" "Mozilla/5.0 (compatible; YandexBot/3.0; +http://yandex.com/bots)"
180.235.151.3 - - [14/Mar/2025:19:08:55 +0700] "GET /wp-content/themes/aturtoko/assets/json/testi.json HTTP/1.0" 200 3616 "-" "-"
180.235.151.3 - - [14/Mar/2025:19:08:55 +0700] "GET /wp-content/themes/aturtoko/assets/json/liputan.json HTTP/1.0" 200 1813 "-" "-"
180.235.151.3 - - [14/Mar/2025:19:08:55 +0700] "GET /wp-content/themes/aturtoko/assets/json/partner.json HTTP/1.0" 200 843 "-" "-"
213.180.203.145 - - [14/Mar/2025:19:08:54 +0700] "GET /?e=64192662608 HTTP/1.1" 200 12832 "-" "Mozilla/5.0 (compatible; YandexBot/3.0; +http://yandex.com/bots)"
180.235.151.3 - - [14/Mar/2025:19:08:55 +0700] "GET /wp-content/themes/aturtoko/assets/json/testi.json HTTP/1.0" 200 3616 "-" "-"
180.235.151.3 - - [14/Mar/2025:19:08:56 +0700] "GET /wp-content/themes/aturtoko/assets/json/liputan.json HTTP/1.0" 200 1813 "-" "-"
180.235.151.3 - - [14/Mar/2025:19:08:56 +0700] "GET /wp-content/themes/aturtoko/assets/json/partner.json HTTP/1.0" 200 843 "-" "-"
95.108.213.91 - - [14/Mar/2025:19:08:54 +0700] "GET /?e=33970171612 HTTP/1.1" 200 12821 "-" "Mozilla/5.0 (compatible; YandexBot/3.0; +http://yandex.com/bots)"
180.235.151.3 - - [14/Mar/2025:19:08:56 +0700] "GET /wp-content/themes/aturtoko/assets/json/testi.json HTTP/1.0" 200 3616 "-" "-"
180.235.151.3 - - [14/Mar/2025:19:08:56 +0700] "GET /wp-content/themes/aturtoko/assets/json/liputan.json HTTP/1.0" 200 1813 "-" "-"
180.235.151.3 - - [14/Mar/2025:19:08:56 +0700] "GET /wp-content/themes/aturtoko/assets/json/partner.json HTTP/1.0" 200 843 "-" "-"
87.250.224.40 - - [14/Mar/2025:19:08:55 +0700] "GET /?e=53497560010 HTTP/1.1" 200 12796 "-" "Mozilla/5.0 (compatible; YandexBot/3.0; +http://yandex.com/bots)"
180.235.151.3 - - [14/Mar/2025:19:08:57 +0700] "GET /wp-content/themes/aturtoko/assets/json/testi.json HTTP/1.0" 200 3616 "-" "-"
180.235.151.3 - - [14/Mar/2025:19:08:57 +0700] "GET /wp-content/themes/aturtoko/assets/json/liputan.json HTTP/1.0" 200 1813 "-" "-"
180.235.151.3 - - [14/Mar/2025:19:08:57 +0700] "GET /wp-content/themes/aturtoko/assets/json/partner.json HTTP/1.0" 200 843 "-" "-"
95.108.213.128 - - [14/Mar/2025:19:08:55 +0700] "GET /?e=69564508911 HTTP/1.1" 200 12785 "-" "Mozilla/5.0 (compatible; YandexBot/3.0; +http://yandex.com/bots)"
180.235.151.3 - - [14/Mar/2025:19:08:57 +0700] "GET /wp-content/themes/aturtoko/assets/json/testi.json HTTP/1.0" 200 3616 "-" "-"
180.235.151.3 - - [14/Mar/2025:19:08:57 +0700] "GET /wp-content/themes/aturtoko/assets/json/liputan.json HTTP/1.0" 200 1813 "-" "-"
180.235.151.3 - - [14/Mar/2025:19:08:57 +0700] "GET /wp-content/themes/aturtoko/assets/json/partner.json HTTP/1.0" 200 843 "-" "-"
5.255.231.118 - - [14/Mar/2025:19:08:55 +0700] "GET /?e=17244695873 HTTP/1.1" 200 12796 "-" "Mozilla/5.0 (compatible; YandexBot/3.0; +http://yandex.com/bots)"
180.235.151.3 - - [14/Mar/2025:19:08:57 +0700] "GET /wp-content/themes/aturtoko/assets/json/testi.json HTTP/1.0" 200 3616 "-" "-"
180.235.151.3 - - [14/Mar/2025:19:08:57 +0700] "GET /wp-content/themes/aturtoko/assets/json/liputan.json HTTP/1.0" 200 1813 "-" "-"
180.235.151.3 - - [14/Mar/2025:19:08:57 +0700] "GET /wp-content/themes/aturtoko/assets/json/partner.json HTTP/1.0" 200 843 "-" "-"
87.250.224.8 - - [14/Mar/2025:19:08:56 +0700] "GET /?e=83618553434 HTTP/1.1" 200 12796 "-" "Mozilla/5.0 (compatible; YandexBot/3.0; +http://yandex.com/bots)"
180.235.151.3 - - [14/Mar/2025:19:08:58 +0700] "GET /wp-content/themes/aturtoko/assets/json/testi.json HTTP/1.0" 200 3616 "-" "-"
180.235.151.3 - - [14/Mar/2025:19:08:58 +0700] "GET /wp-content/themes/aturtoko/assets/json/liputan.json HTTP/1.0" 200 1813 "-" "-"
188.166.217.91 - - [14/Mar/2025:19:08:56 +0700] "GET /0z.php HTTP/1.1" 404 3363 "-" "Mozilla/5.0 (Windows NT 10.0; Win64; x64) AppleWebKit/537.36 (KHTML, like Gecko) Chrome/85.0.4183.102 Safari/537.36"
180.235.151.3 - - [14/Mar/2025:19:08:58 +0700] "GET /wp-content/themes/aturtoko/assets/json/partner.json HTTP/1.0" 200 843 "-" "-"
95.108.213.211 - - [14/Mar/2025:19:08:56 +0700] "GET /?e=37215470778 HTTP/1.1" 200 12796 "-" "Mozilla/5.0 (compatible; YandexBot/3.0; +http://yandex.com/bots)"
180.235.151.3 - - [14/Mar/2025:19:08:59 +0700] "GET /wp-content/themes/aturtoko/assets/json/testi.json HTTP/1.0" 200 3616 "-" "-"
180.235.151.3 - - [14/Mar/2025:19:08:59 +0700] "GET /wp-content/themes/aturtoko/assets/json/liputan.json HTTP/1.0" 200 1813 "-" "-"
180.235.151.3 - - [14/Mar/2025:19:08:59 +0700] "GET /wp-content/themes/aturtoko/assets/json/partner.json HTTP/1.0" 200 843 "-" "-"
213.180.203.53 - - [14/Mar/2025:19:08:56 +0700] "GET /?e=72698598895 HTTP/1.1" 200 12821 "-" "Mozilla/5.0 (compatible; YandexBot/3.0; +http://yandex.com/bots)"
180.235.151.3 - - [14/Mar/2025:19:08:59 +0700] "GET /wp-content/themes/aturtoko/assets/json/testi.json HTTP/1.0" 200 3616 "-" "-"
180.235.151.3 - - [14/Mar/2025:19:08:59 +0700] "GET /wp-content/themes/aturtoko/assets/json/liputan.json HTTP/1.0" 200 1813 "-" "-"
180.235.151.3 - - [14/Mar/2025:19:08:59 +0700] "GET /wp-content/themes/aturtoko/assets/json/partner.json HTTP/1.0" 200 843 "-" "-"
5.255.231.67 - - [14/Mar/2025:19:08:57 +0700] "GET /?e=24134375229 HTTP/1.1" 200 12796 "-" "Mozilla/5.0 (compatible; YandexBot/3.0; +http://yandex.com/bots)"
180.235.151.3 - - [14/Mar/2025:19:08:59 +0700] "GET /wp-content/themes/aturtoko/assets/json/testi.json HTTP/1.0" 200 3616 "-" "-"
180.235.151.3 - - [14/Mar/2025:19:08:59 +0700] "GET /wp-content/themes/aturtoko/assets/json/liputan.json HTTP/1.0" 200 1813 "-" "-"
180.235.151.3 - - [14/Mar/2025:19:08:59 +0700] "GET /wp-content/themes/aturtoko/assets/json/partner.json HTTP/1.0" 200 843 "-" "-"
87.250.224.92 - - [14/Mar/2025:19:08:57 +0700] "GET /?e=63457389414 HTTP/1.1" 200 12796 "-" "Mozilla/5.0 (compatible; YandexBot/3.0; +http://yandex.com/bots)"
188.166.217.91 - - [14/Mar/2025:19:09:02 +0700] "GET /1.aspx HTTP/1.1" 404 3371 "-" "Mozilla/5.0 (Windows NT 10.0; Win64; x64) AppleWebKit/537.36 (KHTML, like Gecko) Chrome/85.0.4183.102 Safari/537.36"
213.180.203.51 - - [14/Mar/2025:19:09:07 +0700] "GET /robots.txt HTTP/1.1" 200 304 "-" "Mozilla/5.0 (compatible; YandexBot/3.0; +http://yandex.com/bots)"
180.235.151.3 - - [14/Mar/2025:19:09:07 +0700] "GET /wp-content/themes/aturtoko/assets/json/testi.json HTTP/1.0" 200 3616 "-" "-"
180.235.151.3 - - [14/Mar/2025:19:09:07 +0700] "GET /wp-content/themes/aturtoko/assets/json/liputan.json HTTP/1.0" 200 1813 "-" "-"
180.235.151.3 - - [14/Mar/2025:19:09:07 +0700] "GET /wp-content/themes/aturtoko/assets/json/partner.json HTTP/1.0" 200 843 "-" "-"
213.180.203.83 - - [14/Mar/2025:19:09:05 +0700] "GET /?e=71554036645 HTTP/1.1" 200 12785 "-" "Mozilla/5.0 (compatible; YandexBot/3.0; +http://yandex.com/bots)"
180.235.151.3 - - [14/Mar/2025:19:09:08 +0700] "GET /wp-content/themes/aturtoko/assets/json/testi.json HTTP/1.0" 200 3616 "-" "-"
180.235.151.3 - - [14/Mar/2025:19:09:08 +0700] "GET /wp-content/themes/aturtoko/assets/json/liputan.json HTTP/1.0" 200 1813 "-" "-"
180.235.151.3 - - [14/Mar/2025:19:09:08 +0700] "GET /wp-content/themes/aturtoko/assets/json/partner.json HTTP/1.0" 200 843 "-" "-"
87.250.224.72 - - [14/Mar/2025:19:09:06 +0700] "GET /?e=37419296864 HTTP/1.1" 200 12832 "-" "Mozilla/5.0 (compatible; YandexBot/3.0; +http://yandex.com/bots)"
180.235.151.3 - - [14/Mar/2025:19:09:08 +0700] "GET /wp-content/themes/aturtoko/assets/json/testi.json HTTP/1.0" 200 3616 "-" "-"
180.235.151.3 - - [14/Mar/2025:19:09:08 +0700] "GET /wp-content/themes/aturtoko/assets/json/liputan.json HTTP/1.0" 200 1813 "-" "-"
180.235.151.3 - - [14/Mar/2025:19:09:08 +0700] "GET /wp-content/themes/aturtoko/assets/json/partner.json HTTP/1.0" 200 843 "-" "-"
95.108.213.252 - - [14/Mar/2025:19:09:07 +0700] "GET /?e=38577739304 HTTP/1.1" 200 12821 "-" "Mozilla/5.0 (compatible; YandexBot/3.0; +http://yandex.com/bots)"
180.235.151.3 - - [14/Mar/2025:19:09:09 +0700] "GET /wp-content/themes/aturtoko/assets/json/testi.json HTTP/1.0" 200 3616 "-" "-"
180.235.151.3 - - [14/Mar/2025:19:09:09 +0700] "GET /wp-content/themes/aturtoko/assets/json/liputan.json HTTP/1.0" 200 1813 "-" "-"
180.235.151.3 - - [14/Mar/2025:19:09:09 +0700] "GET /wp-content/themes/aturtoko/assets/json/testi.json HTTP/1.0" 200 3616 "-" "-"
180.235.151.3 - - [14/Mar/2025:19:09:09 +0700] "GET /wp-content/themes/aturtoko/assets/json/partner.json HTTP/1.0" 200 843 "-" "-"
180.235.151.3 - - [14/Mar/2025:19:09:09 +0700] "GET /wp-content/themes/aturtoko/assets/json/liputan.json HTTP/1.0" 200 1813 "-" "-"
180.235.151.3 - - [14/Mar/2025:19:09:09 +0700] "GET /wp-content/themes/aturtoko/assets/json/testi.json HTTP/1.0" 200 3616 "-" "-"
87.250.224.213 - - [14/Mar/2025:19:09:07 +0700] "GET /?e=15738335266 HTTP/1.1" 200 12785 "-" "Mozilla/5.0 (compatible; YandexBot/3.0; +http://yandex.com/bots)"
180.235.151.3 - - [14/Mar/2025:19:09:09 +0700] "GET /wp-content/themes/aturtoko/assets/json/partner.json HTTP/1.0" 200 843 "-" "-"
180.235.151.3 - - [14/Mar/2025:19:09:09 +0700] "GET /wp-content/themes/aturtoko/assets/json/liputan.json HTTP/1.0" 200 1813 "-" "-"
180.235.151.3 - - [14/Mar/2025:19:09:09 +0700] "GET /wp-content/themes/aturtoko/assets/json/partner.json HTTP/1.0" 200 843 "-" "-"
213.180.203.52 - - [14/Mar/2025:19:09:07 +0700] "GET /?e=46916451625 HTTP/1.1" 200 12796 "-" "Mozilla/5.0 (compatible; YandexBot/3.0; +http://yandex.com/bots)"
213.180.203.207 - - [14/Mar/2025:19:09:07 +0700] "GET /?e=88116245541 HTTP/1.1" 200 12796 "-" "Mozilla/5.0 (compatible; YandexBot/3.0; +http://yandex.com/bots)"
180.235.151.3 - - [14/Mar/2025:19:09:09 +0700] "GET /wp-content/themes/aturtoko/assets/json/testi.json HTTP/1.0" 200 3616 "-" "-"
180.235.151.3 - - [14/Mar/2025:19:09:09 +0700] "GET /wp-content/themes/aturtoko/assets/json/liputan.json HTTP/1.0" 200 1813 "-" "-"
180.235.151.3 - - [14/Mar/2025:19:09:09 +0700] "GET /wp-content/themes/aturtoko/assets/json/partner.json HTTP/1.0" 200 843 "-" "-"
180.235.151.3 - - [14/Mar/2025:19:09:09 +0700] "GET /wp-content/themes/aturtoko/assets/json/testi.json HTTP/1.0" 200 3616 "-" "-"
180.235.151.3 - - [14/Mar/2025:19:09:09 +0700] "GET /wp-content/themes/aturtoko/assets/json/testi.json HTTP/1.0" 200 3616 "-" "-"
180.235.151.3 - - [14/Mar/2025:19:09:09 +0700] "GET /wp-content/themes/aturtoko/assets/json/liputan.json HTTP/1.0" 200 1813 "-" "-"
5.255.231.13 - - [14/Mar/2025:19:09:08 +0700] "GET /?e=22331774730 HTTP/1.1" 200 12785 "-" "Mozilla/5.0 (compatible; YandexBot/3.0; +http://yandex.com/bots)"
180.235.151.3 - - [14/Mar/2025:19:09:10 +0700] "GET /wp-content/themes/aturtoko/assets/json/partner.json HTTP/1.0" 200 843 "-" "-"
180.235.151.3 - - [14/Mar/2025:19:09:10 +0700] "GET /wp-content/themes/aturtoko/assets/json/liputan.json HTTP/1.0" 200 1813 "-" "-"
213.180.203.27 - - [14/Mar/2025:19:09:08 +0700] "GET /?e=42327357020 HTTP/1.1" 200 12796 "-" "Mozilla/5.0 (compatible; YandexBot/3.0; +http://yandex.com/bots)"
180.235.151.3 - - [14/Mar/2025:19:09:10 +0700] "GET /wp-content/themes/aturtoko/assets/json/partner.json HTTP/1.0" 200 843 "-" "-"
180.235.151.3 - - [14/Mar/2025:19:09:10 +0700] "GET /wp-content/themes/aturtoko/assets/json/testi.json HTTP/1.0" 200 3616 "-" "-"
180.235.151.3 - - [14/Mar/2025:19:09:10 +0700] "GET /wp-content/themes/aturtoko/assets/json/liputan.json HTTP/1.0" 200 1813 "-" "-"
95.108.213.233 - - [14/Mar/2025:19:09:08 +0700] "GET /?e=75549342841 HTTP/1.1" 200 12796 "-" "Mozilla/5.0 (compatible; YandexBot/3.0; +http://yandex.com/bots)"
180.235.151.3 - - [14/Mar/2025:19:09:10 +0700] "GET /wp-content/themes/aturtoko/assets/json/partner.json HTTP/1.0" 200 843 "-" "-"
95.108.213.112 - - [14/Mar/2025:19:09:08 +0700] "GET /?e=33857074159 HTTP/1.1" 200 12796 "-" "Mozilla/5.0 (compatible; YandexBot/3.0; +http://yandex.com/bots)"
180.235.151.3 - - [14/Mar/2025:19:09:10 +0700] "GET /wp-content/themes/aturtoko/assets/json/testi.json HTTP/1.0" 200 3616 "-" "-"
180.235.151.3 - - [14/Mar/2025:19:09:10 +0700] "GET /wp-content/themes/aturtoko/assets/json/liputan.json HTTP/1.0" 200 1813 "-" "-"
180.235.151.3 - - [14/Mar/2025:19:09:10 +0700] "GET /wp-content/themes/aturtoko/assets/json/partner.json HTTP/1.0" 200 843 "-" "-"
213.180.203.213 - - [14/Mar/2025:19:09:08 +0700] "GET /?e=13583144181 HTTP/1.1" 200 12796 "-" "Mozilla/5.0 (compatible; YandexBot/3.0; +http://yandex.com/bots)"
180.235.151.3 - - [14/Mar/2025:19:09:10 +0700] "GET /wp-content/themes/aturtoko/assets/json/testi.json HTTP/1.0" 200 3616 "-" "-"
180.235.151.3 - - [14/Mar/2025:19:09:10 +0700] "GET /wp-content/themes/aturtoko/assets/json/liputan.json HTTP/1.0" 200 1813 "-" "-"
180.235.151.3 - - [14/Mar/2025:19:09:10 +0700] "GET /wp-content/themes/aturtoko/assets/json/testi.json HTTP/1.0" 200 3616 "-" "-"
180.235.151.3 - - [14/Mar/2025:19:09:10 +0700] "GET /wp-content/themes/aturtoko/assets/json/liputan.json HTTP/1.0" 200 1813 "-" "-"
180.235.151.3 - - [14/Mar/2025:19:09:10 +0700] "GET /wp-content/themes/aturtoko/assets/json/partner.json HTTP/1.0" 200 843 "-" "-"
180.235.151.3 - - [14/Mar/2025:19:09:11 +0700] "GET /wp-content/themes/aturtoko/assets/json/partner.json HTTP/1.0" 200 843 "-" "-"
180.235.151.3 - - [14/Mar/2025:19:09:11 +0700] "GET /wp-content/themes/aturtoko/assets/json/testi.json HTTP/1.0" 200 3616 "-" "-"
213.180.203.180 - - [14/Mar/2025:19:09:09 +0700] "GET /?e=59481820416 HTTP/1.1" 200 12785 "-" "Mozilla/5.0 (compatible; YandexBot/3.0; +http://yandex.com/bots)"
95.108.213.185 - - [14/Mar/2025:19:09:09 +0700] "GET /?e=75496420396 HTTP/1.1" 200 12785 "-" "Mozilla/5.0 (compatible; YandexBot/3.0; +http://yandex.com/bots)"
180.235.151.3 - - [14/Mar/2025:19:09:11 +0700] "GET /wp-content/themes/aturtoko/assets/json/liputan.json HTTP/1.0" 200 1813 "-" "-"
180.235.151.3 - - [14/Mar/2025:19:09:11 +0700] "GET /wp-content/themes/aturtoko/assets/json/testi.json HTTP/1.0" 200 3616 "-" "-"
180.235.151.3 - - [14/Mar/2025:19:09:11 +0700] "GET /wp-content/themes/aturtoko/assets/json/partner.json HTTP/1.0" 200 843 "-" "-"
180.235.151.3 - - [14/Mar/2025:19:09:11 +0700] "GET /wp-content/themes/aturtoko/assets/json/liputan.json HTTP/1.0" 200 1813 "-" "-"
87.250.224.91 - - [14/Mar/2025:19:09:09 +0700] "GET /?e=32514458249 HTTP/1.1" 200 12785 "-" "Mozilla/5.0 (compatible; YandexBot/3.0; +http://yandex.com/bots)"
180.235.151.3 - - [14/Mar/2025:19:09:11 +0700] "GET /wp-content/themes/aturtoko/assets/json/partner.json HTTP/1.0" 200 843 "-" "-"
213.180.203.254 - - [14/Mar/2025:19:09:09 +0700] "GET /?e=62759429990 HTTP/1.1" 200 12796 "-" "Mozilla/5.0 (compatible; YandexBot/3.0; +http://yandex.com/bots)"
180.235.151.3 - - [14/Mar/2025:19:09:11 +0700] "GET /wp-content/themes/aturtoko/assets/json/testi.json HTTP/1.0" 200 3616 "-" "-"
180.235.151.3 - - [14/Mar/2025:19:09:11 +0700] "GET /wp-content/themes/aturtoko/assets/json/liputan.json HTTP/1.0" 200 1813 "-" "-"
180.235.151.3 - - [14/Mar/2025:19:09:11 +0700] "GET /wp-content/themes/aturtoko/assets/json/testi.json HTTP/1.0" 200 3616 "-" "-"
180.235.151.3 - - [14/Mar/2025:19:09:11 +0700] "GET /wp-content/themes/aturtoko/assets/json/partner.json HTTP/1.0" 200 843 "-" "-"
87.250.224.130 - - [14/Mar/2025:19:09:09 +0700] "GET /?e=52136856199 HTTP/1.1" 200 12785 "-" "Mozilla/5.0 (compatible; YandexBot/3.0; +http://yandex.com/bots)"
180.235.151.3 - - [14/Mar/2025:19:09:11 +0700] "GET /wp-content/themes/aturtoko/assets/json/liputan.json HTTP/1.0" 200 1813 "-" "-"
180.235.151.3 - - [14/Mar/2025:19:09:11 +0700] "GET /wp-content/themes/aturtoko/assets/json/partner.json HTTP/1.0" 200 843 "-" "-"
180.235.151.3 - - [14/Mar/2025:19:09:11 +0700] "GET /wp-content/themes/aturtoko/assets/json/testi.json HTTP/1.0" 200 3616 "-" "-"
213.180.203.122 - - [14/Mar/2025:19:09:09 +0700] "GET /?e=24656476755 HTTP/1.1" 200 12785 "-" "Mozilla/5.0 (compatible; YandexBot/3.0; +http://yandex.com/bots)"
180.235.151.3 - - [14/Mar/2025:19:09:12 +0700] "GET /wp-content/themes/aturtoko/assets/json/liputan.json HTTP/1.0" 200 1813 "-" "-"
180.235.151.3 - - [14/Mar/2025:19:09:12 +0700] "GET /wp-content/themes/aturtoko/assets/json/testi.json HTTP/1.0" 200 3616 "-" "-"
180.235.151.3 - - [14/Mar/2025:19:09:12 +0700] "GET /wp-content/themes/aturtoko/assets/json/partner.json HTTP/1.0" 200 843 "-" "-"
180.235.151.3 - - [14/Mar/2025:19:09:12 +0700] "GET /wp-content/themes/aturtoko/assets/json/liputan.json HTTP/1.0" 200 1813 "-" "-"
180.235.151.3 - - [14/Mar/2025:19:09:12 +0700] "GET /wp-content/themes/aturtoko/assets/json/partner.json HTTP/1.0" 200 843 "-" "-"
95.108.213.217 - - [14/Mar/2025:19:09:09 +0700] "GET /?e=85794590487 HTTP/1.1" 200 12785 "-" "Mozilla/5.0 (compatible; YandexBot/3.0; +http://yandex.com/bots)"
180.235.151.3 - - [14/Mar/2025:19:09:12 +0700] "GET /wp-content/themes/aturtoko/assets/json/testi.json HTTP/1.0" 200 3616 "-" "-"
213.180.203.91 - - [14/Mar/2025:19:09:09 +0700] "GET /?e=76347936134 HTTP/1.1" 200 12785 "-" "Mozilla/5.0 (compatible; YandexBot/3.0; +http://yandex.com/bots)"
180.235.151.3 - - [14/Mar/2025:19:09:12 +0700] "GET /wp-content/themes/aturtoko/assets/json/liputan.json HTTP/1.0" 200 1813 "-" "-"
180.235.151.3 - - [14/Mar/2025:19:09:12 +0700] "GET /wp-content/themes/aturtoko/assets/json/partner.json HTTP/1.0" 200 843 "-" "-"
87.250.224.208 - - [14/Mar/2025:19:09:10 +0700] "GET /?e=37471978098 HTTP/1.1" 200 12785 "-" "Mozilla/5.0 (compatible; YandexBot/3.0; +http://yandex.com/bots)"
180.235.151.3 - - [14/Mar/2025:19:09:12 +0700] "GET /wp-content/themes/aturtoko/assets/json/testi.json HTTP/1.0" 200 3616 "-" "-"
180.235.151.3 - - [14/Mar/2025:19:09:12 +0700] "GET /wp-content/themes/aturtoko/assets/json/testi.json HTTP/1.0" 200 3616 "-" "-"
180.235.151.3 - - [14/Mar/2025:19:09:12 +0700] "GET /wp-content/themes/aturtoko/assets/json/liputan.json HTTP/1.0" 200 1813 "-" "-"
180.235.151.3 - - [14/Mar/2025:19:09:13 +0700] "GET /wp-content/themes/aturtoko/assets/json/liputan.json HTTP/1.0" 200 1813 "-" "-"
180.235.151.3 - - [14/Mar/2025:19:09:13 +0700] "GET /wp-content/themes/aturtoko/assets/json/partner.json HTTP/1.0" 200 843 "-" "-"
180.235.151.3 - - [14/Mar/2025:19:09:13 +0700] "GET /wp-content/themes/aturtoko/assets/json/partner.json HTTP/1.0" 200 843 "-" "-"
87.250.224.222 - - [14/Mar/2025:19:09:10 +0700] "GET /?e=14626938226 HTTP/1.1" 200 12785 "-" "Mozilla/5.0 (compatible; YandexBot/3.0; +http://yandex.com/bots)"
213.180.203.178 - - [14/Mar/2025:19:09:10 +0700] "GET /?e=43144163695 HTTP/1.1" 200 12785 "-" "Mozilla/5.0 (compatible; YandexBot/3.0; +http://yandex.com/bots)"
188.166.217.91 - - [14/Mar/2025:19:09:12 +0700] "GET /1.php HTTP/1.1" 404 3371 "-" "Mozilla/5.0 (Windows NT 10.0; Win64; x64) AppleWebKit/537.36 (KHTML, like Gecko) Chrome/85.0.4183.102 Safari/537.36"
192.64.115.232 - - [14/Mar/2025:19:09:17 +0700] "GET /wp-content/uploads/2023/02/Bisnis-Online.webp HTTP/1.1" 200 45384 "-" "-"
188.166.217.91 - - [14/Mar/2025:19:09:21 +0700] "GET /10.php HTTP/1.1" 404 3371 "-" "Mozilla/5.0 (Windows NT 10.0; Win64; x64) AppleWebKit/537.36 (KHTML, like Gecko) Chrome/85.0.4183.102 Safari/537.36"
180.235.151.3 - - [14/Mar/2025:19:09:25 +0700] "GET /wp-content/themes/aturtoko/assets/json/testi.json HTTP/1.0" 200 3616 "-" "-"
180.235.151.3 - - [14/Mar/2025:19:09:25 +0700] "GET /wp-content/themes/aturtoko/assets/json/liputan.json HTTP/1.0" 200 1813 "-" "-"
180.235.151.3 - - [14/Mar/2025:19:09:25 +0700] "GET /wp-content/themes/aturtoko/assets/json/partner.json HTTP/1.0" 200 843 "-" "-"
5.255.231.177 - - [14/Mar/2025:19:09:23 +0700] "GET /?e=19863374424 HTTP/1.1" 200 12821 "-" "Mozilla/5.0 (compatible; YandexBot/3.0; +http://yandex.com/bots)"
180.235.151.3 - - [14/Mar/2025:19:09:26 +0700] "GET /wp-content/themes/aturtoko/assets/json/testi.json HTTP/1.0" 200 3616 "-" "-"
180.235.151.3 - - [14/Mar/2025:19:09:26 +0700] "GET /wp-content/themes/aturtoko/assets/json/liputan.json HTTP/1.0" 200 1813 "-" "-"
180.235.151.3 - - [14/Mar/2025:19:09:26 +0700] "GET /wp-content/themes/aturtoko/assets/json/partner.json HTTP/1.0" 200 843 "-" "-"
95.108.213.249 - - [14/Mar/2025:19:09:25 +0700] "GET /?e=21235644910 HTTP/1.1" 200 12796 "-" "Mozilla/5.0 (compatible; YandexBot/3.0; +http://yandex.com/bots)"
180.235.151.3 - - [14/Mar/2025:19:09:26 +0700] "GET /wp-content/themes/aturtoko/assets/json/testi.json HTTP/1.0" 200 3616 "-" "-"
180.235.151.3 - - [14/Mar/2025:19:09:26 +0700] "GET /wp-content/themes/aturtoko/assets/json/testi.json HTTP/1.0" 200 3616 "-" "-"
180.235.151.3 - - [14/Mar/2025:19:09:26 +0700] "GET /wp-content/themes/aturtoko/assets/json/liputan.json HTTP/1.0" 200 1813 "-" "-"
180.235.151.3 - - [14/Mar/2025:19:09:26 +0700] "GET /wp-content/themes/aturtoko/assets/json/partner.json HTTP/1.0" 200 843 "-" "-"
180.235.151.3 - - [14/Mar/2025:19:09:26 +0700] "GET /wp-content/themes/aturtoko/assets/json/liputan.json HTTP/1.0" 200 1813 "-" "-"
5.255.231.176 - - [14/Mar/2025:19:09:25 +0700] "GET /?e=42572738778 HTTP/1.1" 200 12796 "-" "Mozilla/5.0 (compatible; YandexBot/3.0; +http://yandex.com/bots)"
180.235.151.3 - - [14/Mar/2025:19:09:26 +0700] "GET /wp-content/themes/aturtoko/assets/json/partner.json HTTP/1.0" 200 843 "-" "-"
180.235.151.3 - - [14/Mar/2025:19:09:26 +0700] "GET /wp-content/themes/aturtoko/assets/json/testi.json HTTP/1.0" 200 3616 "-" "-"
213.180.203.44 - - [14/Mar/2025:19:09:25 +0700] "GET /?e=51392760716 HTTP/1.1" 200 12832 "-" "Mozilla/5.0 (compatible; YandexBot/3.0; +http://yandex.com/bots)"
180.235.151.3 - - [14/Mar/2025:19:09:27 +0700] "GET /wp-content/themes/aturtoko/assets/json/liputan.json HTTP/1.0" 200 1813 "-" "-"
180.235.151.3 - - [14/Mar/2025:19:09:27 +0700] "GET /wp-content/themes/aturtoko/assets/json/testi.json HTTP/1.0" 200 3616 "-" "-"
180.235.151.3 - - [14/Mar/2025:19:09:27 +0700] "GET /wp-content/themes/aturtoko/assets/json/liputan.json HTTP/1.0" 200 1813 "-" "-"
180.235.151.3 - - [14/Mar/2025:19:09:27 +0700] "GET /wp-content/themes/aturtoko/assets/json/partner.json HTTP/1.0" 200 843 "-" "-"
95.108.213.168 - - [14/Mar/2025:19:09:25 +0700] "GET /?e=24116120922 HTTP/1.1" 200 12796 "-" "Mozilla/5.0 (compatible; YandexBot/3.0; +http://yandex.com/bots)"
180.235.151.3 - - [14/Mar/2025:19:09:27 +0700] "GET /wp-content/themes/aturtoko/assets/json/testi.json HTTP/1.0" 200 3616 "-" "-"
180.235.151.3 - - [14/Mar/2025:19:09:27 +0700] "GET /wp-content/themes/aturtoko/assets/json/partner.json HTTP/1.0" 200 843 "-" "-"
213.180.203.51 - - [14/Mar/2025:19:09:25 +0700] "GET /?e=14817197922 HTTP/1.1" 200 12832 "-" "Mozilla/5.0 (compatible; YandexBot/3.0; +http://yandex.com/bots)"
180.235.151.3 - - [14/Mar/2025:19:09:27 +0700] "GET /wp-content/themes/aturtoko/assets/json/testi.json HTTP/1.0" 200 3616 "-" "-"
180.235.151.3 - - [14/Mar/2025:19:09:27 +0700] "GET /wp-content/themes/aturtoko/assets/json/liputan.json HTTP/1.0" 200 1813 "-" "-"
180.235.151.3 - - [14/Mar/2025:19:09:27 +0700] "GET /wp-content/themes/aturtoko/assets/json/liputan.json HTTP/1.0" 200 1813 "-" "-"
180.235.151.3 - - [14/Mar/2025:19:09:27 +0700] "GET /wp-content/themes/aturtoko/assets/json/partner.json HTTP/1.0" 200 843 "-" "-"
213.180.203.207 - - [14/Mar/2025:19:09:25 +0700] "GET /?e=73988677697 HTTP/1.1" 200 12832 "-" "Mozilla/5.0 (compatible; YandexBot/3.0; +http://yandex.com/bots)"
180.235.151.3 - - [14/Mar/2025:19:09:27 +0700] "GET /wp-content/themes/aturtoko/assets/json/partner.json HTTP/1.0" 200 843 "-" "-"
95.108.213.91 - - [14/Mar/2025:19:09:25 +0700] "GET /?e=12397821949 HTTP/1.1" 200 12832 "-" "Mozilla/5.0 (compatible; YandexBot/3.0; +http://yandex.com/bots)"
180.235.151.3 - - [14/Mar/2025:19:09:27 +0700] "GET /wp-content/themes/aturtoko/assets/json/testi.json HTTP/1.0" 200 3616 "-" "-"
180.235.151.3 - - [14/Mar/2025:19:09:27 +0700] "GET /wp-content/themes/aturtoko/assets/json/liputan.json HTTP/1.0" 200 1813 "-" "-"
180.235.151.3 - - [14/Mar/2025:19:09:27 +0700] "GET /wp-content/themes/aturtoko/assets/json/testi.json HTTP/1.0" 200 3616 "-" "-"
