180.235.151.3 - - [14/Mar/2025:19:21:25 +0700] "GET /wp-content/themes/aturtoko/assets/json/liputan.json HTTP/1.0" 200 1813 "-" "-"
180.235.151.3 - - [14/Mar/2025:19:21:25 +0700] "GET /wp-content/themes/aturtoko/assets/json/partner.json HTTP/1.0" 200 843 "-" "-"
5.255.231.48 - - [14/Mar/2025:19:21:23 +0700] "GET /?e=72435832595 HTTP/1.1" 200 12832 "-" "Mozilla/5.0 (compatible; YandexBot/3.0; +http://yandex.com/bots)"
180.235.151.3 - - [14/Mar/2025:19:21:26 +0700] "GET /wp-content/themes/aturtoko/assets/json/testi.json HTTP/1.0" 200 3616 "-" "-"
180.235.151.3 - - [14/Mar/2025:19:21:26 +0700] "GET /wp-content/themes/aturtoko/assets/json/liputan.json HTTP/1.0" 200 1813 "-" "-"
180.235.151.3 - - [14/Mar/2025:19:21:26 +0700] "GET /wp-content/themes/aturtoko/assets/json/partner.json HTTP/1.0" 200 843 "-" "-"
95.108.213.250 - - [14/Mar/2025:19:21:24 +0700] "GET /?e=45253320645 HTTP/1.1" 200 12832 "-" "Mozilla/5.0 (compatible; YandexBot/3.0; +http://yandex.com/bots)"
188.166.217.91 - - [14/Mar/2025:19:21:25 +0700] "GET /FoxWSOv2.php HTTP/1.1" 404 3371 "-" "Mozilla/5.0 (Windows NT 10.0; Win64; x64) AppleWebKit/537.36 (KHTML, like Gecko) Chrome/85.0.4183.102 Safari/537.36"
188.166.217.91 - - [14/Mar/2025:19:21:27 +0700] "GET /Gel.php HTTP/1.1" 404 3371 "-" "Mozilla/5.0 (Windows NT 10.0; Win64; x64) AppleWebKit/537.36 (KHTML, like Gecko) Chrome/85.0.4183.102 Safari/537.36"
188.166.217.91 - - [14/Mar/2025:19:21:33 +0700] "GET /Idx.php HTTP/1.1" 404 3371 "-" "Mozilla/5.0 (Windows NT 10.0; Win64; x64) AppleWebKit/537.36 (KHTML, like Gecko) Chrome/85.0.4183.102 Safari/537.36"
180.235.151.3 - - [14/Mar/2025:19:21:43 +0700] "GET /wp-content/themes/aturtoko/assets/json/testi.json HTTP/1.0" 200 3616 "-" "-"
180.235.151.3 - - [14/Mar/2025:19:21:43 +0700] "GET /wp-content/themes/aturtoko/assets/json/testi.json HTTP/1.0" 200 3616 "-" "-"
180.235.151.3 - - [14/Mar/2025:19:21:43 +0700] "GET /wp-content/themes/aturtoko/assets/json/liputan.json HTTP/1.0" 200 1813 "-" "-"
180.235.151.3 - - [14/Mar/2025:19:21:43 +0700] "GET /wp-content/themes/aturtoko/assets/json/liputan.json HTTP/1.0" 200 1813 "-" "-"
180.235.151.3 - - [14/Mar/2025:19:21:43 +0700] "GET /wp-content/themes/aturtoko/assets/json/partner.json HTTP/1.0" 200 843 "-" "-"
180.235.151.3 - - [14/Mar/2025:19:21:43 +0700] "GET /wp-content/themes/aturtoko/assets/json/partner.json HTTP/1.0" 200 843 "-" "-"
213.180.203.196 - - [14/Mar/2025:19:21:41 +0700] "GET /?e=37570173707 HTTP/1.1" 200 12832 "-" "Mozilla/5.0 (compatible; YandexBot/3.0; +http://yandex.com/bots)"
213.180.203.140 - - [14/Mar/2025:19:21:41 +0700] "GET /?e=34271925277 HTTP/1.1" 200 12832 "-" "Mozilla/5.0 (compatible; YandexBot/3.0; +http://yandex.com/bots)"
180.235.151.3 - - [14/Mar/2025:19:21:43 +0700] "GET /wp-content/themes/aturtoko/assets/json/testi.json HTTP/1.0" 200 3616 "-" "-"
180.235.151.3 - - [14/Mar/2025:19:21:43 +0700] "GET /wp-content/themes/aturtoko/assets/json/testi.json HTTP/1.0" 200 3616 "-" "-"
180.235.151.3 - - [14/Mar/2025:19:21:44 +0700] "GET /wp-content/themes/aturtoko/assets/json/liputan.json HTTP/1.0" 200 1813 "-" "-"
180.235.151.3 - - [14/Mar/2025:19:21:44 +0700] "GET /wp-content/themes/aturtoko/assets/json/liputan.json HTTP/1.0" 200 1813 "-" "-"
180.235.151.3 - - [14/Mar/2025:19:21:44 +0700] "GET /wp-content/themes/aturtoko/assets/json/partner.json HTTP/1.0" 200 843 "-" "-"
180.235.151.3 - - [14/Mar/2025:19:21:44 +0700] "GET /wp-content/themes/aturtoko/assets/json/partner.json HTTP/1.0" 200 843 "-" "-"
5.255.231.203 - - [14/Mar/2025:19:21:42 +0700] "GET /?e=82831272958 HTTP/1.1" 200 12785 "-" "Mozilla/5.0 (compatible; YandexBot/3.0; +http://yandex.com/bots)"
213.180.203.127 - - [14/Mar/2025:19:21:42 +0700] "GET /?e=65489845114 HTTP/1.1" 200 12796 "-" "Mozilla/5.0 (compatible; YandexBot/3.0; +http://yandex.com/bots)"
180.235.151.3 - - [14/Mar/2025:19:21:44 +0700] "GET /wp-content/themes/aturtoko/assets/json/testi.json HTTP/1.0" 200 3616 "-" "-"
180.235.151.3 - - [14/Mar/2025:19:21:44 +0700] "GET /wp-content/themes/aturtoko/assets/json/liputan.json HTTP/1.0" 200 1813 "-" "-"
180.235.151.3 - - [14/Mar/2025:19:21:44 +0700] "GET /wp-content/themes/aturtoko/assets/json/testi.json HTTP/1.0" 200 3616 "-" "-"
180.235.151.3 - - [14/Mar/2025:19:21:44 +0700] "GET /wp-content/themes/aturtoko/assets/json/partner.json HTTP/1.0" 200 843 "-" "-"
180.235.151.3 - - [14/Mar/2025:19:21:44 +0700] "GET /wp-content/themes/aturtoko/assets/json/liputan.json HTTP/1.0" 200 1813 "-" "-"
213.180.203.180 - - [14/Mar/2025:19:21:42 +0700] "GET /?e=53524958174 HTTP/1.1" 200 12785 "-" "Mozilla/5.0 (compatible; YandexBot/3.0; +http://yandex.com/bots)"
180.235.151.3 - - [14/Mar/2025:19:21:44 +0700] "GET /wp-content/themes/aturtoko/assets/json/partner.json HTTP/1.0" 200 843 "-" "-"
5.255.231.70 - - [14/Mar/2025:19:21:42 +0700] "GET /?e=89734187851 HTTP/1.1" 200 12832 "-" "Mozilla/5.0 (compatible; YandexBot/3.0; +http://yandex.com/bots)"
180.235.151.3 - - [14/Mar/2025:19:21:44 +0700] "GET /wp-content/themes/aturtoko/assets/json/testi.json HTTP/1.0" 200 3616 "-" "-"
180.235.151.3 - - [14/Mar/2025:19:21:44 +0700] "GET /wp-content/themes/aturtoko/assets/json/liputan.json HTTP/1.0" 200 1813 "-" "-"
180.235.151.3 - - [14/Mar/2025:19:21:44 +0700] "GET /wp-content/themes/aturtoko/assets/json/partner.json HTTP/1.0" 200 843 "-" "-"
5.255.231.121 - - [14/Mar/2025:19:21:42 +0700] "GET /?e=68418983157 HTTP/1.1" 200 12785 "-" "Mozilla/5.0 (compatible; YandexBot/3.0; +http://yandex.com/bots)"
180.235.151.3 - - [14/Mar/2025:19:21:44 +0700] "GET /wp-content/themes/aturtoko/assets/json/testi.json HTTP/1.0" 200 3616 "-" "-"
180.235.151.3 - - [14/Mar/2025:19:21:45 +0700] "GET /wp-content/themes/aturtoko/assets/json/liputan.json HTTP/1.0" 200 1813 "-" "-"
180.235.151.3 - - [14/Mar/2025:19:21:45 +0700] "GET /wp-content/themes/aturtoko/assets/json/partner.json HTTP/1.0" 200 843 "-" "-"
213.180.203.70 - - [14/Mar/2025:19:21:43 +0700] "GET /?e=53986767844 HTTP/1.1" 200 12821 "-" "Mozilla/5.0 (compatible; YandexBot/3.0; +http://yandex.com/bots)"
180.235.151.3 - - [14/Mar/2025:19:21:45 +0700] "GET /wp-content/themes/aturtoko/assets/json/testi.json HTTP/1.0" 200 3616 "-" "-"
180.235.151.3 - - [14/Mar/2025:19:21:45 +0700] "GET /wp-content/themes/aturtoko/assets/json/liputan.json HTTP/1.0" 200 1813 "-" "-"
180.235.151.3 - - [14/Mar/2025:19:21:45 +0700] "GET /wp-content/themes/aturtoko/assets/json/partner.json HTTP/1.0" 200 843 "-" "-"
213.180.203.214 - - [14/Mar/2025:19:21:43 +0700] "GET /?e=59374073464 HTTP/1.1" 200 12832 "-" "Mozilla/5.0 (compatible; YandexBot/3.0; +http://yandex.com/bots)"
180.235.151.3 - - [14/Mar/2025:19:21:45 +0700] "GET /wp-content/themes/aturtoko/assets/json/testi.json HTTP/1.0" 200 3616 "-" "-"
180.235.151.3 - - [14/Mar/2025:19:21:45 +0700] "GET /wp-content/themes/aturtoko/assets/json/liputan.json HTTP/1.0" 200 1813 "-" "-"
180.235.151.3 - - [14/Mar/2025:19:21:46 +0700] "GET /wp-content/themes/aturtoko/assets/json/partner.json HTTP/1.0" 200 843 "-" "-"
213.180.203.113 - - [14/Mar/2025:19:21:44 +0700] "GET /?e=41129682640 HTTP/1.1" 200 12832 "-" "Mozilla/5.0 (compatible; YandexBot/3.0; +http://yandex.com/bots)"
180.235.151.3 - - [14/Mar/2025:19:21:46 +0700] "GET /wp-content/themes/aturtoko/assets/json/testi.json HTTP/1.0" 200 3616 "-" "-"
180.235.151.3 - - [14/Mar/2025:19:21:46 +0700] "GET /wp-content/themes/aturtoko/assets/json/liputan.json HTTP/1.0" 200 1813 "-" "-"
180.235.151.3 - - [14/Mar/2025:19:21:46 +0700] "GET /wp-content/themes/aturtoko/assets/json/partner.json HTTP/1.0" 200 843 "-" "-"
87.250.224.20 - - [14/Mar/2025:19:21:45 +0700] "GET /?e=19842016762 HTTP/1.1" 200 12832 "-" "Mozilla/5.0 (compatible; YandexBot/3.0; +http://yandex.com/bots)"
188.166.217.91 - - [14/Mar/2025:19:21:44 +0700] "GET /IndoXploit.php HTTP/1.1" 404 3371 "-" "Mozilla/5.0 (Windows NT 10.0; Win64; x64) AppleWebKit/537.36 (KHTML, like Gecko) Chrome/85.0.4183.102 Safari/537.36"
180.235.151.3 - - [14/Mar/2025:19:21:46 +0700] "GET /wp-content/themes/aturtoko/assets/json/testi.json HTTP/1.0" 200 3616 "-" "-"
180.235.151.3 - - [14/Mar/2025:19:21:46 +0700] "GET /wp-content/themes/aturtoko/assets/json/liputan.json HTTP/1.0" 200 1813 "-" "-"
180.235.151.3 - - [14/Mar/2025:19:21:47 +0700] "GET /wp-content/themes/aturtoko/assets/json/partner.json HTTP/1.0" 200 843 "-" "-"
213.180.203.18 - - [14/Mar/2025:19:21:45 +0700] "GET /?e=24656476755 HTTP/1.1" 200 12821 "-" "Mozilla/5.0 (compatible; YandexBot/3.0; +http://yandex.com/bots)"
180.235.151.3 - - [14/Mar/2025:19:21:47 +0700] "GET /wp-content/themes/aturtoko/assets/json/testi.json HTTP/1.0" 200 3616 "-" "-"
180.235.151.3 - - [14/Mar/2025:19:21:47 +0700] "GET /wp-content/themes/aturtoko/assets/json/liputan.json HTTP/1.0" 200 1813 "-" "-"
180.235.151.3 - - [14/Mar/2025:19:21:47 +0700] "GET /wp-content/themes/aturtoko/assets/json/partner.json HTTP/1.0" 200 843 "-" "-"
95.108.213.175 - - [14/Mar/2025:19:21:45 +0700] "GET /?e=14127360473 HTTP/1.1" 200 12796 "-" "Mozilla/5.0 (compatible; YandexBot/3.0; +http://yandex.com/bots)"
180.235.151.3 - - [14/Mar/2025:19:21:47 +0700] "GET /wp-content/themes/aturtoko/assets/json/testi.json HTTP/1.0" 200 3616 "-" "-"
180.235.151.3 - - [14/Mar/2025:19:21:47 +0700] "GET /wp-content/themes/aturtoko/assets/json/liputan.json HTTP/1.0" 200 1813 "-" "-"
180.235.151.3 - - [14/Mar/2025:19:21:47 +0700] "GET /wp-content/themes/aturtoko/assets/json/partner.json HTTP/1.0" 200 843 "-" "-"
5.255.231.48 - - [14/Mar/2025:19:21:46 +0700] "GET /?e=53599985194 HTTP/1.1" 200 12832 "-" "Mozilla/5.0 (compatible; YandexBot/3.0; +http://yandex.com/bots)"
180.235.151.3 - - [14/Mar/2025:19:21:48 +0700] "GET /wp-content/themes/aturtoko/assets/json/testi.json HTTP/1.0" 200 3616 "-" "-"
180.235.151.3 - - [14/Mar/2025:19:21:48 +0700] "GET /wp-content/themes/aturtoko/assets/json/liputan.json HTTP/1.0" 200 1813 "-" "-"
180.235.151.3 - - [14/Mar/2025:19:21:48 +0700] "GET /wp-content/themes/aturtoko/assets/json/partner.json HTTP/1.0" 200 843 "-" "-"
95.108.213.250 - - [14/Mar/2025:19:21:46 +0700] "GET /?e=47428472890 HTTP/1.1" 200 12796 "-" "Mozilla/5.0 (compatible; YandexBot/3.0; +http://yandex.com/bots)"
180.235.151.3 - - [14/Mar/2025:19:21:48 +0700] "GET /wp-content/themes/aturtoko/assets/json/testi.json HTTP/1.0" 200 3616 "-" "-"
180.235.151.3 - - [14/Mar/2025:19:21:49 +0700] "GET /wp-content/themes/aturtoko/assets/json/liputan.json HTTP/1.0" 200 1813 "-" "-"
180.235.151.3 - - [14/Mar/2025:19:21:49 +0700] "GET /wp-content/themes/aturtoko/assets/json/partner.json HTTP/1.0" 200 843 "-" "-"
213.180.203.196 - - [14/Mar/2025:19:21:47 +0700] "GET /?e=32948998644 HTTP/1.1" 200 12832 "-" "Mozilla/5.0 (compatible; YandexBot/3.0; +http://yandex.com/bots)"
180.235.151.3 - - [14/Mar/2025:19:21:49 +0700] "GET /wp-content/themes/aturtoko/assets/json/testi.json HTTP/1.0" 200 3616 "-" "-"
180.235.151.3 - - [14/Mar/2025:19:21:49 +0700] "GET /wp-content/themes/aturtoko/assets/json/liputan.json HTTP/1.0" 200 1813 "-" "-"
180.235.151.3 - - [14/Mar/2025:19:21:49 +0700] "GET /wp-content/themes/aturtoko/assets/json/partner.json HTTP/1.0" 200 843 "-" "-"
213.180.203.180 - - [14/Mar/2025:19:21:47 +0700] "GET /?e=67253638241 HTTP/1.1" 200 12785 "-" "Mozilla/5.0 (compatible; YandexBot/3.0; +http://yandex.com/bots)"
180.235.151.3 - - [14/Mar/2025:19:21:49 +0700] "GET /wp-content/themes/aturtoko/assets/json/testi.json HTTP/1.0" 200 3616 "-" "-"
180.235.151.3 - - [14/Mar/2025:19:21:50 +0700] "GET /wp-content/themes/aturtoko/assets/json/liputan.json HTTP/1.0" 200 1813 "-" "-"
180.235.151.3 - - [14/Mar/2025:19:21:50 +0700] "GET /wp-content/themes/aturtoko/assets/json/partner.json HTTP/1.0" 200 843 "-" "-"
213.180.203.140 - - [14/Mar/2025:19:21:48 +0700] "GET /?e=54436337109 HTTP/1.1" 200 12796 "-" "Mozilla/5.0 (compatible; YandexBot/3.0; +http://yandex.com/bots)"
180.235.151.3 - - [14/Mar/2025:19:21:50 +0700] "GET /wp-content/themes/aturtoko/assets/json/testi.json HTTP/1.0" 200 3616 "-" "-"
180.235.151.3 - - [14/Mar/2025:19:21:50 +0700] "GET /wp-content/themes/aturtoko/assets/json/liputan.json HTTP/1.0" 200 1813 "-" "-"
180.235.151.3 - - [14/Mar/2025:19:21:50 +0700] "GET /wp-content/themes/aturtoko/assets/json/partner.json HTTP/1.0" 200 843 "-" "-"
213.180.203.127 - - [14/Mar/2025:19:21:48 +0700] "GET /?e=63548428974 HTTP/1.1" 200 12796 "-" "Mozilla/5.0 (compatible; YandexBot/3.0; +http://yandex.com/bots)"
188.166.217.91 - - [14/Mar/2025:19:21:51 +0700] "GET /Init.php HTTP/1.1" 404 3371 "-" "Mozilla/5.0 (Windows NT 10.0; Win64; x64) AppleWebKit/537.36 (KHTML, like Gecko) Chrome/85.0.4183.102 Safari/537.36"
188.166.217.91 - - [14/Mar/2025:19:21:59 +0700] "GET /Leaf.php HTTP/1.1" 404 3371 "-" "Mozilla/5.0 (Windows NT 10.0; Win64; x64) AppleWebKit/537.36 (KHTML, like Gecko) Chrome/85.0.4183.102 Safari/537.36"
180.235.151.3 - - [14/Mar/2025:19:22:01 +0700] "GET /wp-content/themes/aturtoko/assets/json/testi.json HTTP/1.0" 200 3616 "-" "-"
180.235.151.3 - - [14/Mar/2025:19:22:02 +0700] "GET /wp-content/themes/aturtoko/assets/json/liputan.json HTTP/1.0" 200 1813 "-" "-"
180.235.151.3 - - [14/Mar/2025:19:22:02 +0700] "GET /wp-content/themes/aturtoko/assets/json/partner.json HTTP/1.0" 200 843 "-" "-"
5.255.231.203 - - [14/Mar/2025:19:22:00 +0700] "GET /?e=56526510433 HTTP/1.1" 200 12785 "-" "Mozilla/5.0 (compatible; YandexBot/3.0; +http://yandex.com/bots)"
180.235.151.3 - - [14/Mar/2025:19:22:02 +0700] "GET /wp-content/themes/aturtoko/assets/json/testi.json HTTP/1.0" 200 3616 "-" "-"
180.235.151.3 - - [14/Mar/2025:19:22:02 +0700] "GET /wp-content/themes/aturtoko/assets/json/testi.json HTTP/1.0" 200 3616 "-" "-"
180.235.151.3 - - [14/Mar/2025:19:22:02 +0700] "GET /wp-content/themes/aturtoko/assets/json/testi.json HTTP/1.0" 200 3616 "-" "-"
180.235.151.3 - - [14/Mar/2025:19:22:02 +0700] "GET /wp-content/themes/aturtoko/assets/json/liputan.json HTTP/1.0" 200 1813 "-" "-"
180.235.151.3 - - [14/Mar/2025:19:22:02 +0700] "GET /wp-content/themes/aturtoko/assets/json/liputan.json HTTP/1.0" 200 1813 "-" "-"
180.235.151.3 - - [14/Mar/2025:19:22:02 +0700] "GET /wp-content/themes/aturtoko/assets/json/liputan.json HTTP/1.0" 200 1813 "-" "-"
180.235.151.3 - - [14/Mar/2025:19:22:02 +0700] "GET /wp-content/themes/aturtoko/assets/json/partner.json HTTP/1.0" 200 843 "-" "-"
180.235.151.3 - - [14/Mar/2025:19:22:02 +0700] "GET /wp-content/themes/aturtoko/assets/json/partner.json HTTP/1.0" 200 843 "-" "-"
180.235.151.3 - - [14/Mar/2025:19:22:02 +0700] "GET /wp-content/themes/aturtoko/assets/json/partner.json HTTP/1.0" 200 843 "-" "-"
180.235.151.3 - - [14/Mar/2025:19:22:02 +0700] "GET /wp-content/themes/aturtoko/assets/json/testi.json HTTP/1.0" 200 3616 "-" "-"
180.235.151.3 - - [14/Mar/2025:19:22:02 +0700] "GET /wp-content/themes/aturtoko/assets/json/liputan.json HTTP/1.0" 200 1813 "-" "-"
213.180.203.70 - - [14/Mar/2025:19:22:00 +0700] "GET /?e=58983623984 HTTP/1.1" 200 12785 "-" "Mozilla/5.0 (compatible; YandexBot/3.0; +http://yandex.com/bots)"
213.180.203.214 - - [14/Mar/2025:19:22:00 +0700] "GET /?e=49766777197 HTTP/1.1" 200 12785 "-" "Mozilla/5.0 (compatible; YandexBot/3.0; +http://yandex.com/bots)"
180.235.151.3 - - [14/Mar/2025:19:22:02 +0700] "GET /wp-content/themes/aturtoko/assets/json/partner.json HTTP/1.0" 200 843 "-" "-"
5.255.231.121 - - [14/Mar/2025:19:22:00 +0700] "GET /?e=37186241404 HTTP/1.1" 200 12785 "-" "Mozilla/5.0 (compatible; YandexBot/3.0; +http://yandex.com/bots)"
5.255.231.70 - - [14/Mar/2025:19:22:01 +0700] "GET /?e=17244695873 HTTP/1.1" 200 12796 "-" "Mozilla/5.0 (compatible; YandexBot/3.0; +http://yandex.com/bots)"
180.235.151.3 - - [14/Mar/2025:19:22:03 +0700] "GET /wp-content/themes/aturtoko/assets/json/testi.json HTTP/1.0" 200 3616 "-" "-"
180.235.151.3 - - [14/Mar/2025:19:22:03 +0700] "GET /wp-content/themes/aturtoko/assets/json/liputan.json HTTP/1.0" 200 1813 "-" "-"
180.235.151.3 - - [14/Mar/2025:19:22:03 +0700] "GET /wp-content/themes/aturtoko/assets/json/partner.json HTTP/1.0" 200 843 "-" "-"
213.180.203.113 - - [14/Mar/2025:19:22:01 +0700] "GET /?e=76683794417 HTTP/1.1" 200 12785 "-" "Mozilla/5.0 (compatible; YandexBot/3.0; +http://yandex.com/bots)"
180.235.151.3 - - [14/Mar/2025:19:22:04 +0700] "GET /wp-content/themes/aturtoko/assets/json/testi.json HTTP/1.0" 200 3616 "-" "-"
180.235.151.3 - - [14/Mar/2025:19:22:04 +0700] "GET /wp-content/themes/aturtoko/assets/json/liputan.json HTTP/1.0" 200 1813 "-" "-"
180.235.151.3 - - [14/Mar/2025:19:22:04 +0700] "GET /wp-content/themes/aturtoko/assets/json/partner.json HTTP/1.0" 200 843 "-" "-"
87.250.224.20 - - [14/Mar/2025:19:22:02 +0700] "GET /?e=49691515346 HTTP/1.1" 200 12821 "-" "Mozilla/5.0 (compatible; YandexBot/3.0; +http://yandex.com/bots)"
180.235.151.3 - - [14/Mar/2025:19:22:04 +0700] "GET /wp-content/themes/aturtoko/assets/json/testi.json HTTP/1.0" 200 3616 "-" "-"
180.235.151.3 - - [14/Mar/2025:19:22:04 +0700] "GET /wp-content/themes/aturtoko/assets/json/testi.json HTTP/1.0" 200 3616 "-" "-"
180.235.151.3 - - [14/Mar/2025:19:22:04 +0700] "GET /wp-content/themes/aturtoko/assets/json/liputan.json HTTP/1.0" 200 1813 "-" "-"
180.235.151.3 - - [14/Mar/2025:19:22:04 +0700] "GET /wp-content/themes/aturtoko/assets/json/liputan.json HTTP/1.0" 200 1813 "-" "-"
180.235.151.3 - - [14/Mar/2025:19:22:04 +0700] "GET /wp-content/themes/aturtoko/assets/json/partner.json HTTP/1.0" 200 843 "-" "-"
180.235.151.3 - - [14/Mar/2025:19:22:04 +0700] "GET /wp-content/themes/aturtoko/assets/json/partner.json HTTP/1.0" 200 843 "-" "-"
95.108.213.175 - - [14/Mar/2025:19:22:02 +0700] "GET /?e=58925780630 HTTP/1.1" 200 12832 "-" "Mozilla/5.0 (compatible; YandexBot/3.0; +http://yandex.com/bots)"
213.180.203.18 - - [14/Mar/2025:19:22:02 +0700] "GET /?e=36792044791 HTTP/1.1" 200 12821 "-" "Mozilla/5.0 (compatible; YandexBot/3.0; +http://yandex.com/bots)"
180.235.151.3 - - [14/Mar/2025:19:22:05 +0700] "GET /wp-content/themes/aturtoko/assets/json/testi.json HTTP/1.0" 200 3616 "-" "-"
180.235.151.3 - - [14/Mar/2025:19:22:06 +0700] "GET /wp-content/themes/aturtoko/assets/json/liputan.json HTTP/1.0" 200 1813 "-" "-"
180.235.151.3 - - [14/Mar/2025:19:22:06 +0700] "GET /wp-content/themes/aturtoko/assets/json/partner.json HTTP/1.0" 200 843 "-" "-"
5.255.231.48 - - [14/Mar/2025:19:22:04 +0700] "GET /?e=54662679116 HTTP/1.1" 200 12796 "-" "Mozilla/5.0 (compatible; YandexBot/3.0; +http://yandex.com/bots)"
180.235.151.3 - - [14/Mar/2025:19:22:06 +0700] "GET /wp-content/themes/aturtoko/assets/json/testi.json HTTP/1.0" 200 3616 "-" "-"
180.235.151.3 - - [14/Mar/2025:19:22:06 +0700] "GET /wp-content/themes/aturtoko/assets/json/liputan.json HTTP/1.0" 200 1813 "-" "-"
180.235.151.3 - - [14/Mar/2025:19:22:06 +0700] "GET /wp-content/themes/aturtoko/assets/json/partner.json HTTP/1.0" 200 843 "-" "-"
95.108.213.250 - - [14/Mar/2025:19:22:04 +0700] "GET /?e=57315346302 HTTP/1.1" 200 12821 "-" "Mozilla/5.0 (compatible; YandexBot/3.0; +http://yandex.com/bots)"
66.249.75.230 - - [14/Mar/2025:19:22:09 +0700] "GET /?e=76126621967 HTTP/1.1" 200 19759 "-" "Mozilla/5.0 (Linux; Android 6.0.1; Nexus 5X Build/MMB29P) AppleWebKit/537.36 (KHTML, like Gecko) Chrome/133.0.6943.141 Mobile Safari/537.36 (compatible; GoogleOther)"
180.235.151.3 - - [14/Mar/2025:19:22:10 +0700] "POST /wp-cron.php?doing_wp_cron=1741954930.9231660366058349609375 HTTP/1.1" 403 1242 "-" "WordPress/6.7.2; https://www.aturtoko.id"
188.166.217.91 - - [14/Mar/2025:19:22:08 +0700] "GET /M1.php HTTP/1.1" 404 3371 "-" "Mozilla/5.0 (Windows NT 10.0; Win64; x64) AppleWebKit/537.36 (KHTML, like Gecko) Chrome/85.0.4183.102 Safari/537.36"
188.166.217.91 - - [14/Mar/2025:19:22:14 +0700] "GET /MARIJUANA.php HTTP/1.1" 404 3371 "-" "Mozilla/5.0 (Windows NT 10.0; Win64; x64) AppleWebKit/537.36 (KHTML, like Gecko) Chrome/85.0.4183.102 Safari/537.36"
66.249.75.230 - - [14/Mar/2025:19:22:17 +0700] "GET /item.php?e=46939031645 HTTP/1.1" 403 1242 "-" "Mozilla/5.0 (Linux; Android 6.0.1; Nexus 5X Build/MMB29P) AppleWebKit/537.36 (KHTML, like Gecko) Chrome/133.0.6943.141 Mobile Safari/537.36 (compatible; Googlebot/2.1; +http://www.google.com/bot.html)"
188.166.217.91 - - [14/Mar/2025:19:22:22 +0700] "GET /Marvins.php HTTP/1.1" 404 3371 "-" "Mozilla/5.0 (Windows NT 10.0; Win64; x64) AppleWebKit/537.36 (KHTML, like Gecko) Chrome/85.0.4183.102 Safari/537.36"
66.249.75.229 - - [14/Mar/2025:19:22:25 +0700] "GET /item.php?e=37249965707 HTTP/1.1" 403 1242 "-" "Mozilla/5.0 (Linux; Android 6.0.1; Nexus 5X Build/MMB29P) AppleWebKit/537.36 (KHTML, like Gecko) Chrome/133.0.6943.141 Mobile Safari/537.36 (compatible; Googlebot/2.1; +http://www.google.com/bot.html)"
180.235.151.3 - - [14/Mar/2025:19:22:26 +0700] "GET /wp-content/themes/aturtoko/assets/json/testi.json HTTP/1.0" 200 3616 "-" "-"
180.235.151.3 - - [14/Mar/2025:19:22:26 +0700] "GET /wp-content/themes/aturtoko/assets/json/testi.json HTTP/1.0" 200 3616 "-" "-"
180.235.151.3 - - [14/Mar/2025:19:22:26 +0700] "GET /wp-content/themes/aturtoko/assets/json/liputan.json HTTP/1.0" 200 1813 "-" "-"
180.235.151.3 - - [14/Mar/2025:19:22:26 +0700] "GET /wp-content/themes/aturtoko/assets/json/liputan.json HTTP/1.0" 200 1813 "-" "-"
180.235.151.3 - - [14/Mar/2025:19:22:26 +0700] "GET /wp-content/themes/aturtoko/assets/json/partner.json HTTP/1.0" 200 843 "-" "-"
180.235.151.3 - - [14/Mar/2025:19:22:26 +0700] "GET /wp-content/themes/aturtoko/assets/json/partner.json HTTP/1.0" 200 843 "-" "-"
213.180.203.196 - - [14/Mar/2025:19:22:24 +0700] "GET /?e=57894999490 HTTP/1.1" 200 12785 "-" "Mozilla/5.0 (compatible; YandexBot/3.0; +http://yandex.com/bots)"
213.180.203.180 - - [14/Mar/2025:19:22:23 +0700] "GET /?e=78719557714 HTTP/1.1" 200 12832 "-" "Mozilla/5.0 (compatible; YandexBot/3.0; +http://yandex.com/bots)"
180.235.151.3 - - [14/Mar/2025:19:22:26 +0700] "GET /wp-content/themes/aturtoko/assets/json/testi.json HTTP/1.0" 200 3616 "-" "-"
180.235.151.3 - - [14/Mar/2025:19:22:26 +0700] "GET /wp-content/themes/aturtoko/assets/json/liputan.json HTTP/1.0" 200 1813 "-" "-"
180.235.151.3 - - [14/Mar/2025:19:22:26 +0700] "GET /wp-content/themes/aturtoko/assets/json/partner.json HTTP/1.0" 200 843 "-" "-"
213.180.203.140 - - [14/Mar/2025:19:22:24 +0700] "GET /?e=59239583598 HTTP/1.1" 200 12796 "-" "Mozilla/5.0 (compatible; YandexBot/3.0; +http://yandex.com/bots)"
180.235.151.3 - - [14/Mar/2025:19:22:27 +0700] "GET /wp-content/themes/aturtoko/assets/json/testi.json HTTP/1.0" 200 3616 "-" "-"
180.235.151.3 - - [14/Mar/2025:19:22:27 +0700] "GET /wp-content/themes/aturtoko/assets/json/liputan.json HTTP/1.0" 200 1813 "-" "-"
180.235.151.3 - - [14/Mar/2025:19:22:27 +0700] "GET /wp-content/themes/aturtoko/assets/json/partner.json HTTP/1.0" 200 843 "-" "-"
213.180.203.127 - - [14/Mar/2025:19:22:25 +0700] "GET /?e=68534834946 HTTP/1.1" 200 12832 "-" "Mozilla/5.0 (compatible; YandexBot/3.0; +http://yandex.com/bots)"
188.166.217.91 - - [14/Mar/2025:19:22:24 +0700] "GET /Mo2AaAaAaPrivateShell.php HTTP/1.1" 404 3371 "-" "Mozilla/5.0 (Windows NT 10.0; Win64; x64) AppleWebKit/537.36 (KHTML, like Gecko) Chrome/85.0.4183.102 Safari/537.36"
180.235.151.3 - - [14/Mar/2025:19:22:27 +0700] "GET /wp-content/themes/aturtoko/assets/json/testi.json HTTP/1.0" 200 3616 "-" "-"
180.235.151.3 - - [14/Mar/2025:19:22:27 +0700] "GET /wp-content/themes/aturtoko/assets/json/liputan.json HTTP/1.0" 200 1813 "-" "-"
180.235.151.3 - - [14/Mar/2025:19:22:27 +0700] "GET /wp-content/themes/aturtoko/assets/json/partner.json HTTP/1.0" 200 843 "-" "-"
5.255.231.203 - - [14/Mar/2025:19:22:25 +0700] "GET /?e=75626447956 HTTP/1.1" 200 12832 "-" "Mozilla/5.0 (compatible; YandexBot/3.0; +http://yandex.com/bots)"
180.235.151.3 - - [14/Mar/2025:19:22:28 +0700] "GET /wp-content/themes/aturtoko/assets/json/testi.json HTTP/1.0" 200 3616 "-" "-"
180.235.151.3 - - [14/Mar/2025:19:22:28 +0700] "GET /wp-content/themes/aturtoko/assets/json/liputan.json HTTP/1.0" 200 1813 "-" "-"
180.235.151.3 - - [14/Mar/2025:19:22:28 +0700] "GET /wp-content/themes/aturtoko/assets/json/partner.json HTTP/1.0" 200 843 "-" "-"
5.255.231.70 - - [14/Mar/2025:19:22:26 +0700] "GET /?e=23396931647 HTTP/1.1" 200 12785 "-" "Mozilla/5.0 (compatible; YandexBot/3.0; +http://yandex.com/bots)"
180.235.151.3 - - [14/Mar/2025:19:22:29 +0700] "GET /wp-content/themes/aturtoko/assets/json/testi.json HTTP/1.0" 200 3616 "-" "-"
180.235.151.3 - - [14/Mar/2025:19:22:29 +0700] "GET /wp-content/themes/aturtoko/assets/json/liputan.json HTTP/1.0" 200 1813 "-" "-"
180.235.151.3 - - [14/Mar/2025:19:22:29 +0700] "GET /wp-content/themes/aturtoko/assets/json/testi.json HTTP/1.0" 200 3616 "-" "-"
180.235.151.3 - - [14/Mar/2025:19:22:29 +0700] "GET /wp-content/themes/aturtoko/assets/json/partner.json HTTP/1.0" 200 843 "-" "-"
5.255.231.121 - - [14/Mar/2025:19:22:27 +0700] "GET /?e=19821892574 HTTP/1.1" 200 12796 "-" "Mozilla/5.0 (compatible; YandexBot/3.0; +http://yandex.com/bots)"
180.235.151.3 - - [14/Mar/2025:19:22:29 +0700] "GET /wp-content/themes/aturtoko/assets/json/liputan.json HTTP/1.0" 200 1813 "-" "-"
180.235.151.3 - - [14/Mar/2025:19:22:29 +0700] "GET /wp-content/themes/aturtoko/assets/json/partner.json HTTP/1.0" 200 843 "-" "-"
213.180.203.70 - - [14/Mar/2025:19:22:27 +0700] "GET /?e=36145574361 HTTP/1.1" 200 12785 "-" "Mozilla/5.0 (compatible; YandexBot/3.0; +http://yandex.com/bots)"
188.166.217.91 - - [14/Mar/2025:19:22:31 +0700] "GET /MyShell.php HTTP/1.1" 404 3363 "-" "Mozilla/5.0 (Windows NT 10.0; Win64; x64) AppleWebKit/537.36 (KHTML, like Gecko) Chrome/85.0.4183.102 Safari/537.36"
188.166.217.91 - - [14/Mar/2025:19:22:37 +0700] "GET /Ninja.php HTTP/1.1" 404 3371 "-" "Mozilla/5.0 (Windows NT 10.0; Win64; x64) AppleWebKit/537.36 (KHTML, like Gecko) Chrome/85.0.4183.102 Safari/537.36"
180.235.151.3 - - [14/Mar/2025:19:22:40 +0700] "GET /wp-content/themes/aturtoko/assets/json/testi.json HTTP/1.0" 200 3616 "-" "-"
180.235.151.3 - - [14/Mar/2025:19:22:40 +0700] "GET /wp-content/themes/aturtoko/assets/json/liputan.json HTTP/1.0" 200 1813 "-" "-"
180.235.151.3 - - [14/Mar/2025:19:22:40 +0700] "GET /wp-content/themes/aturtoko/assets/json/partner.json HTTP/1.0" 200 843 "-" "-"
213.180.203.214 - - [14/Mar/2025:19:22:38 +0700] "GET /?e=36996462391 HTTP/1.1" 200 12832 "-" "Mozilla/5.0 (compatible; YandexBot/3.0; +http://yandex.com/bots)"
180.235.151.3 - - [14/Mar/2025:19:22:41 +0700] "GET /wp-content/themes/aturtoko/assets/json/testi.json HTTP/1.0" 200 3616 "-" "-"
180.235.151.3 - - [14/Mar/2025:19:22:41 +0700] "GET /wp-content/themes/aturtoko/assets/json/liputan.json HTTP/1.0" 200 1813 "-" "-"
180.235.151.3 - - [14/Mar/2025:19:22:41 +0700] "GET /wp-content/themes/aturtoko/assets/json/partner.json HTTP/1.0" 200 843 "-" "-"
213.180.203.113 - - [14/Mar/2025:19:22:39 +0700] "GET /?e=79826932781 HTTP/1.1" 200 12832 "-" "Mozilla/5.0 (compatible; YandexBot/3.0; +http://yandex.com/bots)"
180.235.151.3 - - [14/Mar/2025:19:22:43 +0700] "GET /wp-content/themes/aturtoko/assets/json/testi.json HTTP/1.0" 200 3616 "-" "-"
180.235.151.3 - - [14/Mar/2025:19:22:43 +0700] "GET /wp-content/themes/aturtoko/assets/json/liputan.json HTTP/1.0" 200 1813 "-" "-"
180.235.151.3 - - [14/Mar/2025:19:22:43 +0700] "GET /wp-content/themes/aturtoko/assets/json/partner.json HTTP/1.0" 200 843 "-" "-"
213.180.203.18 - - [14/Mar/2025:19:22:41 +0700] "GET /?e=56876663218 HTTP/1.1" 200 12832 "-" "Mozilla/5.0 (compatible; YandexBot/3.0; +http://yandex.com/bots)"
36.70.192.64 - - [14/Mar/2025:19:22:41 +0700] "GET /en/blog/management/distribusi/daftar-lengkap-distributor-barang-import-dari-china-murah-dan-berkualitas HTTP/2" 404 2947 "-" "Mozilla/5.0 (iPhone; CPU iPhone OS 15_5 like Mac OS X) AppleWebKit/605.1.15 (KHTML, like Gecko) Version/15.5 Mobile/15E148 Safari/604.1"
188.166.217.91 - - [14/Mar/2025:19:22:46 +0700] "GET /PHP_Shell.php HTTP/1.1" 404 3371 "-" "Mozilla/5.0 (Windows NT 10.0; Win64; x64) AppleWebKit/537.36 (KHTML, like Gecko) Chrome/85.0.4183.102 Safari/537.36"
36.70.192.64 - - [14/Mar/2025:19:22:47 +0700] "GET /apple-touch-icon-120x120-precomposed.png HTTP/2" 404 2947 "-" "MobileSafari/8613.2.7.0.7 CFNetwork/1333.0.4 Darwin/21.5.0"
36.70.192.64 - - [14/Mar/2025:19:22:52 +0700] "GET /apple-touch-icon-120x120.png HTTP/2" 404 2947 "-" "MobileSafari/8613.2.7.0.7 CFNetwork/1333.0.4 Darwin/21.5.0"
188.166.217.91 - - [14/Mar/2025:19:22:56 +0700] "GET /Priv.php HTTP/1.1" 404 3371 "-" "Mozilla/5.0 (Windows NT 10.0; Win64; x64) AppleWebKit/537.36 (KHTML, like Gecko) Chrome/85.0.4183.102 Safari/537.36"
180.235.151.3 - - [14/Mar/2025:19:22:58 +0700] "GET /wp-content/themes/aturtoko/assets/json/testi.json HTTP/1.0" 200 3616 "-" "-"
180.235.151.3 - - [14/Mar/2025:19:22:58 +0700] "GET /wp-content/themes/aturtoko/assets/json/liputan.json HTTP/1.0" 200 1813 "-" "-"
180.235.151.3 - - [14/Mar/2025:19:22:58 +0700] "GET /wp-content/themes/aturtoko/assets/json/partner.json HTTP/1.0" 200 843 "-" "-"
95.108.213.175 - - [14/Mar/2025:19:22:57 +0700] "GET /?e=39783906888 HTTP/1.1" 200 12796 "-" "Mozilla/5.0 (compatible; YandexBot/3.0; +http://yandex.com/bots)"
180.235.151.3 - - [14/Mar/2025:19:23:00 +0700] "GET /wp-content/themes/aturtoko/assets/json/testi.json HTTP/1.0" 200 3616 "-" "-"
180.235.151.3 - - [14/Mar/2025:19:23:00 +0700] "GET /wp-content/themes/aturtoko/assets/json/liputan.json HTTP/1.0" 200 1813 "-" "-"
180.235.151.3 - - [14/Mar/2025:19:23:00 +0700] "GET /wp-content/themes/aturtoko/assets/json/partner.json HTTP/1.0" 200 843 "-" "-"
66.249.71.3 - - [14/Mar/2025:19:22:58 +0700] "GET /?e=61773122378 HTTP/1.1" 200 20083 "-" "Mozilla/5.0 (Linux; Android 6.0.1; Nexus 5X Build/MMB29P) AppleWebKit/537.36 (KHTML, like Gecko) Chrome/133.0.6943.141 Mobile Safari/537.36 (compatible; GoogleOther)"
5.255.231.48 - - [14/Mar/2025:19:22:58 +0700] "GET /?e=25743756740 HTTP/1.1" 200 12832 "-" "Mozilla/5.0 (compatible; YandexBot/3.0; +http://yandex.com/bots)"
180.235.151.3 - - [14/Mar/2025:19:23:00 +0700] "GET /wp-content/themes/aturtoko/assets/json/testi.json HTTP/1.0" 200 3616 "-" "-"
180.235.151.3 - - [14/Mar/2025:19:23:01 +0700] "GET /wp-content/themes/aturtoko/assets/json/liputan.json HTTP/1.0" 200 1813 "-" "-"
180.235.151.3 - - [14/Mar/2025:19:23:01 +0700] "GET /wp-content/themes/aturtoko/assets/json/partner.json HTTP/1.0" 200 843 "-" "-"
95.108.213.250 - - [14/Mar/2025:19:22:59 +0700] "GET /?e=24134375229 HTTP/1.1" 200 12832 "-" "Mozilla/5.0 (compatible; YandexBot/3.0; +http://yandex.com/bots)"
36.70.192.64 - - [14/Mar/2025:19:22:56 +0700] "GET /apple-touch-icon-precomposed.png HTTP/2" 404 2938 "-" "MobileSafari/8613.2.7.0.7 CFNetwork/1333.0.4 Darwin/21.5.0"
180.235.151.3 - - [14/Mar/2025:19:23:02 +0700] "GET /wp-content/themes/aturtoko/assets/json/testi.json HTTP/1.0" 200 3616 "-" "-"
180.235.151.3 - - [14/Mar/2025:19:23:02 +0700] "GET /wp-content/themes/aturtoko/assets/json/liputan.json HTTP/1.0" 200 1813 "-" "-"
180.235.151.3 - - [14/Mar/2025:19:23:02 +0700] "GET /wp-content/themes/aturtoko/assets/json/partner.json HTTP/1.0" 200 843 "-" "-"
213.180.203.196 - - [14/Mar/2025:19:23:00 +0700] "GET /?e=64389391161 HTTP/1.1" 200 12785 "-" "Mozilla/5.0 (compatible; YandexBot/3.0; +http://yandex.com/bots)"
188.166.217.91 - - [14/Mar/2025:19:23:01 +0700] "GET /RxR.php HTTP/1.1" 404 3371 "-" "Mozilla/5.0 (Windows NT 10.0; Win64; x64) AppleWebKit/537.36 (KHTML, like Gecko) Chrome/85.0.4183.102 Safari/537.36"
36.70.192.64 - - [14/Mar/2025:19:23:01 +0700] "GET /apple-touch-icon.png HTTP/2" 404 2947 "-" "MobileSafari/8613.2.7.0.7 CFNetwork/1333.0.4 Darwin/21.5.0"
36.70.192.64 - - [14/Mar/2025:19:23:05 +0700] "GET /wp-content/themes/aturtoko/assets/favicon.ico HTTP/2" 200 410 "-" "MobileSafari/8613.2.7.0.7 CFNetwork/1333.0.4 Darwin/21.5.0"
188.166.217.91 - - [14/Mar/2025:19:23:08 +0700] "GET /Sendemail.php HTTP/1.1" 404 3371 "-" "Mozilla/5.0 (Windows NT 10.0; Win64; x64) AppleWebKit/537.36 (KHTML, like Gecko) Chrome/85.0.4183.102 Safari/537.36"
180.235.151.3 - - [14/Mar/2025:19:23:12 +0700] "POST /wp-cron.php?doing_wp_cron=1741954992.4569969177246093750000 HTTP/1.1" 403 1242 "-" "WordPress/6.7.2; https://www.aturtoko.id"
180.235.151.3 - - [14/Mar/2025:19:23:12 +0700] "GET /wp-content/themes/aturtoko/assets/json/testi.json HTTP/1.0" 200 3616 "-" "-"
180.235.151.3 - - [14/Mar/2025:19:23:12 +0700] "GET /wp-content/themes/aturtoko/assets/json/liputan.json HTTP/1.0" 200 1813 "-" "-"
180.235.151.3 - - [14/Mar/2025:19:23:12 +0700] "GET /wp-content/themes/aturtoko/assets/json/partner.json HTTP/1.0" 200 843 "-" "-"
213.180.203.180 - - [14/Mar/2025:19:23:11 +0700] "GET /?e=47518916713 HTTP/1.1" 200 12832 "-" "Mozilla/5.0 (compatible; YandexBot/3.0; +http://yandex.com/bots)"
180.235.151.3 - - [14/Mar/2025:19:23:12 +0700] "POST /wp-cron.php?doing_wp_cron=1741954992.9719369411468505859375 HTTP/1.1" 403 1242 "-" "WordPress/6.7.2; https://www.aturtoko.id"
180.235.151.3 - - [14/Mar/2025:19:23:13 +0700] "GET /wp-content/themes/aturtoko/assets/json/testi.json HTTP/1.0" 200 3616 "-" "-"
180.235.151.3 - - [14/Mar/2025:19:23:13 +0700] "GET /wp-content/themes/aturtoko/assets/json/liputan.json HTTP/1.0" 200 1813 "-" "-"
180.235.151.3 - - [14/Mar/2025:19:23:13 +0700] "GET /wp-content/themes/aturtoko/assets/json/partner.json HTTP/1.0" 200 843 "-" "-"
213.180.203.140 - - [14/Mar/2025:19:23:11 +0700] "GET /?e=17582181555 HTTP/1.1" 200 12821 "-" "Mozilla/5.0 (compatible; YandexBot/3.0; +http://yandex.com/bots)"
188.166.217.91 - - [14/Mar/2025:19:23:11 +0700] "GET /Simple_PHP_backdoor.php HTTP/1.1" 404 3371 "-" "Mozilla/5.0 (Windows NT 10.0; Win64; x64) AppleWebKit/537.36 (KHTML, like Gecko) Chrome/85.0.4183.102 Safari/537.36"
180.235.151.3 - - [14/Mar/2025:19:23:13 +0700] "GET /wp-content/themes/aturtoko/assets/json/testi.json HTTP/1.0" 200 3616 "-" "-"
180.235.151.3 - - [14/Mar/2025:19:23:13 +0700] "GET /wp-content/themes/aturtoko/assets/json/liputan.json HTTP/1.0" 200 1813 "-" "-"
180.235.151.3 - - [14/Mar/2025:19:23:13 +0700] "GET /wp-content/themes/aturtoko/assets/json/partner.json HTTP/1.0" 200 843 "-" "-"
213.180.203.127 - - [14/Mar/2025:19:23:12 +0700] "GET /?e=89337784180 HTTP/1.1" 200 12832 "-" "Mozilla/5.0 (compatible; YandexBot/3.0; +http://yandex.com/bots)"
18.210.92.235 - - [14/Mar/2025:19:23:12 +0700] "GET /en/blog/management/marketing/cara-menanggapi-ulasan-negatif-agar-tidak-berdampak-pada-citra-bisnis HTTP/1.1" 404 2938 "-" "Mozilla/5.0 AppleWebKit/537.36 (KHTML, like Gecko; compatible; PerplexityBot/1.0; +https://perplexity.ai/perplexitybot)"
188.166.217.91 - - [14/Mar/2025:19:23:17 +0700] "GET /Uploader.php HTTP/1.1" 404 3371 "-" "Mozilla/5.0 (Windows NT 10.0; Win64; x64) AppleWebKit/537.36 (KHTML, like Gecko) Chrome/85.0.4183.102 Safari/537.36"
188.166.217.91 - - [14/Mar/2025:19:23:19 +0700] "GET /Uploading.php HTTP/1.1" 404 3371 "-" "Mozilla/5.0 (Windows NT 10.0; Win64; x64) AppleWebKit/537.36 (KHTML, like Gecko) Chrome/85.0.4183.102 Safari/537.36"
66.249.75.229 - - [14/Mar/2025:19:23:21 +0700] "GET /comment.php?m=76592016225 HTTP/1.1" 403 1242 "-" "Mozilla/5.0 (Linux; Android 6.0.1; Nexus 5X Build/MMB29P) AppleWebKit/537.36 (KHTML, like Gecko) Chrome/133.0.6943.141 Mobile Safari/537.36 (compatible; GoogleOther)"
188.166.217.91 - - [14/Mar/2025:19:23:24 +0700] "GET /V3.php HTTP/1.1" 404 3371 "-" "Mozilla/5.0 (Windows NT 10.0; Win64; x64) AppleWebKit/537.36 (KHTML, like Gecko) Chrome/85.0.4183.102 Safari/537.36"
188.166.217.91 - - [14/Mar/2025:19:23:27 +0700] "GET /V5.php HTTP/1.1" 404 3371 "-" "Mozilla/5.0 (Windows NT 10.0; Win64; x64) AppleWebKit/537.36 (KHTML, like Gecko) Chrome/85.0.4183.102 Safari/537.36"
180.235.151.3 - - [14/Mar/2025:19:23:33 +0700] "GET /wp-content/themes/aturtoko/assets/json/testi.json HTTP/1.0" 200 3616 "-" "-"
180.235.151.3 - - [14/Mar/2025:19:23:33 +0700] "GET /wp-content/themes/aturtoko/assets/json/liputan.json HTTP/1.0" 200 1813 "-" "-"
180.235.151.3 - - [14/Mar/2025:19:23:33 +0700] "GET /wp-content/themes/aturtoko/assets/json/partner.json HTTP/1.0" 200 843 "-" "-"
5.255.231.203 - - [14/Mar/2025:19:23:31 +0700] "GET /?e=78326213952 HTTP/1.1" 200 12832 "-" "Mozilla/5.0 (compatible; YandexBot/3.0; +http://yandex.com/bots)"
188.166.217.91 - - [14/Mar/2025:19:23:33 +0700] "GET /WSO.php HTTP/1.1" 404 3371 "-" "Mozilla/5.0 (Windows NT 10.0; Win64; x64) AppleWebKit/537.36 (KHTML, like Gecko) Chrome/85.0.4183.102 Safari/537.36"
5.255.231.70 - - [14/Mar/2025:19:23:32 +0700] "GET /ms/blog/kewirausahaan/business-opportunity/menghemat-biaya-iklan-dan-promosi-dengan-website-company HTTP/1.1" 404 3371 "-" "Mozilla/5.0 (compatible; YandexBot/3.0; +http://yandex.com/bots)"
188.166.217.91 - - [14/Mar/2025:19:23:37 +0700] "GET /XxX.php HTTP/1.1" 404 3371 "-" "Mozilla/5.0 (Windows NT 10.0; Win64; x64) AppleWebKit/537.36 (KHTML, like Gecko) Chrome/85.0.4183.102 Safari/537.36"
188.166.217.91 - - [14/Mar/2025:19:23:40 +0700] "GET /Xzd.php HTTP/1.1" 404 3371 "-" "Mozilla/5.0 (Windows NT 10.0; Win64; x64) AppleWebKit/537.36 (KHTML, like Gecko) Chrome/85.0.4183.102 Safari/537.36"
66.249.75.229 - - [14/Mar/2025:19:23:43 +0700] "GET /comment.php?m=57683577849 HTTP/1.1" 403 1242 "-" "Mozilla/5.0 (Linux; Android 6.0.1; Nexus 5X Build/MMB29P) AppleWebKit/537.36 (KHTML, like Gecko) Chrome/133.0.6943.141 Mobile Safari/537.36 (compatible; GoogleOther)"
188.166.217.91 - - [14/Mar/2025:19:23:42 +0700] "GET /a.aspx HTTP/1.1" 404 3371 "-" "Mozilla/5.0 (Windows NT 10.0; Win64; x64) AppleWebKit/537.36 (KHTML, like Gecko) Chrome/85.0.4183.102 Safari/537.36"
180.235.151.3 - - [14/Mar/2025:19:23:51 +0700] "GET /wp-content/themes/aturtoko/assets/json/testi.json HTTP/1.0" 200 3616 "-" "-"
180.235.151.3 - - [14/Mar/2025:19:23:51 +0700] "GET /wp-content/themes/aturtoko/assets/json/liputan.json HTTP/1.0" 200 1813 "-" "-"
180.235.151.3 - - [14/Mar/2025:19:23:51 +0700] "GET /wp-content/themes/aturtoko/assets/json/testi.json HTTP/1.0" 200 3616 "-" "-"
180.235.151.3 - - [14/Mar/2025:19:23:51 +0700] "GET /wp-content/themes/aturtoko/assets/json/testi.json HTTP/1.0" 200 3616 "-" "-"
180.235.151.3 - - [14/Mar/2025:19:23:51 +0700] "GET /wp-content/themes/aturtoko/assets/json/partner.json HTTP/1.0" 200 843 "-" "-"
180.235.151.3 - - [14/Mar/2025:19:23:51 +0700] "GET /wp-content/themes/aturtoko/assets/json/testi.json HTTP/1.0" 200 3616 "-" "-"
180.235.151.3 - - [14/Mar/2025:19:23:51 +0700] "GET /wp-content/themes/aturtoko/assets/json/liputan.json HTTP/1.0" 200 1813 "-" "-"
180.235.151.3 - - [14/Mar/2025:19:23:51 +0700] "GET /wp-content/themes/aturtoko/assets/json/liputan.json HTTP/1.0" 200 1813 "-" "-"
213.180.203.214 - - [14/Mar/2025:19:23:49 +0700] "GET /?e=74119968717 HTTP/1.1" 200 12832 "-" "Mozilla/5.0 (compatible; YandexBot/3.0; +http://yandex.com/bots)"
180.235.151.3 - - [14/Mar/2025:19:23:51 +0700] "GET /wp-content/themes/aturtoko/assets/json/liputan.json HTTP/1.0" 200 1813 "-" "-"
180.235.151.3 - - [14/Mar/2025:19:23:51 +0700] "GET /wp-content/themes/aturtoko/assets/json/partner.json HTTP/1.0" 200 843 "-" "-"
180.235.151.3 - - [14/Mar/2025:19:23:51 +0700] "GET /wp-content/themes/aturtoko/assets/json/partner.json HTTP/1.0" 200 843 "-" "-"
213.180.203.113 - - [14/Mar/2025:19:23:49 +0700] "GET /?e=24825209014 HTTP/1.1" 200 12832 "-" "Mozilla/5.0 (compatible; YandexBot/3.0; +http://yandex.com/bots)"
213.180.203.70 - - [14/Mar/2025:19:23:49 +0700] "GET /?e=34127814327 HTTP/1.1" 200 12832 "-" "Mozilla/5.0 (compatible; YandexBot/3.0; +http://yandex.com/bots)"
180.235.151.3 - - [14/Mar/2025:19:23:51 +0700] "GET /wp-content/themes/aturtoko/assets/json/partner.json HTTP/1.0" 200 843 "-" "-"
5.255.231.121 - - [14/Mar/2025:19:23:49 +0700] "GET /?e=27435270863 HTTP/1.1" 200 12832 "-" "Mozilla/5.0 (compatible; YandexBot/3.0; +http://yandex.com/bots)"
66.249.75.229 - - [14/Mar/2025:19:23:52 +0700] "GET /?e=78426938557 HTTP/1.1" 200 19384 "-" "Mozilla/5.0 (Linux; Android 6.0.1; Nexus 5X Build/MMB29P) AppleWebKit/537.36 (KHTML, like Gecko) Chrome/133.0.6943.141 Mobile Safari/537.36 (compatible; Googlebot/2.1; +http://www.google.com/bot.html)"
188.166.217.91 - - [14/Mar/2025:19:23:50 +0700] "GET /a.php HTTP/1.1" 404 3371 "-" "Mozilla/5.0 (Windows NT 10.0; Win64; x64) AppleWebKit/537.36 (KHTML, like Gecko) Chrome/85.0.4183.102 Safari/537.36"
188.166.217.91 - - [14/Mar/2025:19:23:58 +0700] "GET /aa.php HTTP/1.1" 404 3371 "-" "Mozilla/5.0 (Windows NT 10.0; Win64; x64) AppleWebKit/537.36 (KHTML, like Gecko) Chrome/85.0.4183.102 Safari/537.36"
180.235.151.3 - - [14/Mar/2025:19:24:19 +0700] "GET /wp-content/themes/aturtoko/assets/json/testi.json HTTP/1.0" 200 3616 "-" "-"
180.235.151.3 - - [14/Mar/2025:19:24:19 +0700] "GET /wp-content/themes/aturtoko/assets/json/testi.json HTTP/1.0" 200 3616 "-" "-"
180.235.151.3 - - [14/Mar/2025:19:24:19 +0700] "GET /wp-content/themes/aturtoko/assets/json/liputan.json HTTP/1.0" 200 1813 "-" "-"
180.235.151.3 - - [14/Mar/2025:19:24:19 +0700] "GET /wp-content/themes/aturtoko/assets/json/liputan.json HTTP/1.0" 200 1813 "-" "-"
180.235.151.3 - - [14/Mar/2025:19:24:19 +0700] "GET /wp-content/themes/aturtoko/assets/json/partner.json HTTP/1.0" 200 843 "-" "-"
180.235.151.3 - - [14/Mar/2025:19:24:19 +0700] "GET /wp-content/themes/aturtoko/assets/json/partner.json HTTP/1.0" 200 843 "-" "-"
180.235.151.3 - - [14/Mar/2025:19:24:19 +0700] "GET /wp-content/themes/aturtoko/assets/json/testi.json HTTP/1.0" 200 3616 "-" "-"
180.235.151.3 - - [14/Mar/2025:19:24:19 +0700] "GET /wp-content/themes/aturtoko/assets/json/liputan.json HTTP/1.0" 200 1813 "-" "-"
180.235.151.3 - - [14/Mar/2025:19:24:19 +0700] "GET /wp-content/themes/aturtoko/assets/json/partner.json HTTP/1.0" 200 843 "-" "-"
5.255.231.48 - - [14/Mar/2025:19:24:18 +0700] "GET /?e=16259831019 HTTP/1.1" 200 12832 "-" "Mozilla/5.0 (compatible; YandexBot/3.0; +http://yandex.com/bots)"
66.249.75.230 - - [14/Mar/2025:19:24:22 +0700] "GET /?e=83753160402 HTTP/1.1" 200 19680 "-" "Mozilla/5.0 (Linux; Android 6.0.1; Nexus 5X Build/MMB29P) AppleWebKit/537.36 (KHTML, like Gecko) Chrome/133.0.6943.141 Mobile Safari/537.36 (compatible; GoogleOther)"
173.252.107.113 - - [14/Mar/2025:19:24:20 +0700] "GET /cara-jualan-di-lazada/serba-serbi-pembayaran-cod-lazada-yang-perlu-diketahui HTTP/2" 200 34198 "-" "meta-externalagent/1.1 (+https://developers.facebook.com/docs/sharing/webmasters/crawler)"
188.166.217.91 - - [14/Mar/2025:19:24:23 +0700] "GET /abcde.php HTTP/1.1" 404 3371 "-" "Mozilla/5.0 (Windows NT 10.0; Win64; x64) AppleWebKit/537.36 (KHTML, like Gecko) Chrome/85.0.4183.102 Safari/537.36"
57.141.3.13 - - [14/Mar/2025:19:24:23 +0700] "GET /en/blog/management/marketing/apa-itu-logo-sejarah-jenis-aspek-tujuan-serta-manfaatnya HTTP/2" 404 11514 "-" "meta-externalagent/1.1 (+https://developers.facebook.com/docs/sharing/webmasters/crawler)"
188.166.217.91 - - [14/Mar/2025:19:24:29 +0700] "GET /about.php HTTP/1.1" 404 3363 "-" "Mozilla/5.0 (Windows NT 10.0; Win64; x64) AppleWebKit/537.36 (KHTML, like Gecko) Chrome/85.0.4183.102 Safari/537.36"
66.249.75.229 - - [14/Mar/2025:19:24:35 +0700] "GET /comment.php?m=35386897800 HTTP/1.1" 403 1242 "-" "Mozilla/5.0 (Linux; Android 6.0.1; Nexus 5X Build/MMB29P) AppleWebKit/537.36 (KHTML, like Gecko) Chrome/133.0.6943.141 Mobile Safari/537.36 (compatible; Googlebot/2.1; +http://www.google.com/bot.html)"
188.166.217.91 - - [14/Mar/2025:19:24:32 +0700] "GET /about.php?520 HTTP/1.1" 404 3371 "-" "Mozilla/5.0 (Windows NT 10.0; Win64; x64) AppleWebKit/537.36 (KHTML, like Gecko) Chrome/85.0.4183.102 Safari/537.36"
188.166.217.91 - - [14/Mar/2025:19:24:39 +0700] "GET /about/function.php HTTP/1.1" 404 3363 "-" "Mozilla/5.0 (Windows NT 10.0; Win64; x64) AppleWebKit/537.36 (KHTML, like Gecko) Chrome/85.0.4183.102 Safari/537.36"
95.108.213.250 - - [14/Mar/2025:19:24:41 +0700] "GET /wp-content/themes/aturtoko/assets/products/cover.webp HTTP/1.1" 304 0 "-" "Mozilla/5.0 (compatible; YandexImages/3.0; +http://yandex.com/bots)"
180.235.151.3 - - [14/Mar/2025:19:24:45 +0700] "GET /wp-content/themes/aturtoko/assets/json/testi.json HTTP/1.0" 200 3616 "-" "-"
180.235.151.3 - - [14/Mar/2025:19:24:45 +0700] "GET /wp-content/themes/aturtoko/assets/json/liputan.json HTTP/1.0" 200 1813 "-" "-"
180.235.151.3 - - [14/Mar/2025:19:24:45 +0700] "GET /wp-content/themes/aturtoko/assets/json/partner.json HTTP/1.0" 200 843 "-" "-"
213.180.203.196 - - [14/Mar/2025:19:24:43 +0700] "GET /?e=85643603544 HTTP/1.1" 200 12821 "-" "Mozilla/5.0 (compatible; YandexBot/3.0; +http://yandex.com/bots)"
188.166.217.91 - - [14/Mar/2025:19:24:45 +0700] "GET /aci.php HTTP/1.1" 404 3371 "-" "Mozilla/5.0 (Windows NT 10.0; Win64; x64) AppleWebKit/537.36 (KHTML, like Gecko) Chrome/85.0.4183.102 Safari/537.36"
188.166.217.91 - - [14/Mar/2025:19:24:49 +0700] "GET /adm.php HTTP/1.1" 404 3371 "-" "Mozilla/5.0 (Windows NT 10.0; Win64; x64) AppleWebKit/537.36 (KHTML, like Gecko) Chrome/85.0.4183.102 Safari/537.36"
188.166.217.91 - - [14/Mar/2025:19:24:55 +0700] "GET /adm/index.php HTTP/1.1" 301 0 "-" "Mozilla/5.0 (Windows NT 10.0; Win64; x64) AppleWebKit/537.36 (KHTML, like Gecko) Chrome/85.0.4183.102 Safari/537.36"
180.235.151.3 - - [14/Mar/2025:19:24:59 +0700] "GET /wp-content/themes/aturtoko/assets/json/testi.json HTTP/1.0" 200 3616 "-" "-"
180.235.151.3 - - [14/Mar/2025:19:24:59 +0700] "GET /wp-content/themes/aturtoko/assets/json/liputan.json HTTP/1.0" 200 1813 "-" "-"
180.235.151.3 - - [14/Mar/2025:19:24:59 +0700] "GET /wp-content/themes/aturtoko/assets/json/partner.json HTTP/1.0" 200 843 "-" "-"
95.108.213.175 - - [14/Mar/2025:19:24:57 +0700] "GET /?e=27918703264 HTTP/1.1" 200 12832 "-" "Mozilla/5.0 (compatible; YandexBot/3.0; +http://yandex.com/bots)"
188.166.217.91 - - [14/Mar/2025:19:24:57 +0700] "GET /adm/ HTTP/1.1" 404 3363 "-" "Mozilla/5.0 (Windows NT 10.0; Win64; x64) AppleWebKit/537.36 (KHTML, like Gecko) Chrome/85.0.4183.102 Safari/537.36"
188.166.217.91 - - [14/Mar/2025:19:25:03 +0700] "GET /admadmin.php HTTP/1.1" 404 3363 "-" "Mozilla/5.0 (Windows NT 10.0; Win64; x64) AppleWebKit/537.36 (KHTML, like Gecko) Chrome/85.0.4183.102 Safari/537.36"
188.166.217.91 - - [14/Mar/2025:19:25:10 +0700] "GET /admalfa.php HTTP/1.1" 404 3371 "-" "Mozilla/5.0 (Windows NT 10.0; Win64; x64) AppleWebKit/537.36 (KHTML, like Gecko) Chrome/85.0.4183.102 Safari/537.36"
188.166.217.91 - - [14/Mar/2025:19:25:13 +0700] "GET /admbypass.php HTTP/1.1" 404 3371 "-" "Mozilla/5.0 (Windows NT 10.0; Win64; x64) AppleWebKit/537.36 (KHTML, like Gecko) Chrome/85.0.4183.102 Safari/537.36"
188.166.217.91 - - [14/Mar/2025:19:25:18 +0700] "GET /admin-heade.php HTTP/1.1" 404 3371 "-" "Mozilla/5.0 (Windows NT 10.0; Win64; x64) AppleWebKit/537.36 (KHTML, like Gecko) Chrome/85.0.4183.102 Safari/537.36"
188.166.217.91 - - [14/Mar/2025:19:25:21 +0700] "GET /admin.php HTTP/1.1" 403 1242 "-" "Mozilla/5.0 (Windows NT 10.0; Win64; x64) AppleWebKit/537.36 (KHTML, like Gecko) Chrome/85.0.4183.102 Safari/537.36"
180.235.151.3 - - [14/Mar/2025:19:25:22 +0700] "GET /wp-content/themes/aturtoko/assets/json/testi.json HTTP/1.0" 200 3616 "-" "-"
180.235.151.3 - - [14/Mar/2025:19:25:22 +0700] "GET /wp-content/themes/aturtoko/assets/json/testi.json HTTP/1.0" 200 3616 "-" "-"
180.235.151.3 - - [14/Mar/2025:19:25:22 +0700] "GET /wp-content/themes/aturtoko/assets/json/liputan.json HTTP/1.0" 200 1813 "-" "-"
180.235.151.3 - - [14/Mar/2025:19:25:22 +0700] "GET /wp-content/themes/aturtoko/assets/json/liputan.json HTTP/1.0" 200 1813 "-" "-"
180.235.151.3 - - [14/Mar/2025:19:25:22 +0700] "GET /wp-content/themes/aturtoko/assets/json/partner.json HTTP/1.0" 200 843 "-" "-"
180.235.151.3 - - [14/Mar/2025:19:25:22 +0700] "GET /wp-content/themes/aturtoko/assets/json/partner.json HTTP/1.0" 200 843 "-" "-"
213.180.203.180 - - [14/Mar/2025:19:25:20 +0700] "GET /?e=61653730120 HTTP/1.1" 200 12821 "-" "Mozilla/5.0 (compatible; YandexBot/3.0; +http://yandex.com/bots)"
213.180.203.140 - - [14/Mar/2025:19:25:20 +0700] "GET /?e=58925780630 HTTP/1.1" 200 12821 "-" "Mozilla/5.0 (compatible; YandexBot/3.0; +http://yandex.com/bots)"
180.235.151.3 - - [14/Mar/2025:19:25:23 +0700] "GET /wp-content/themes/aturtoko/assets/json/testi.json HTTP/1.0" 200 3616 "-" "-"
180.235.151.3 - - [14/Mar/2025:19:25:23 +0700] "GET /wp-content/themes/aturtoko/assets/json/testi.json HTTP/1.0" 200 3616 "-" "-"
180.235.151.3 - - [14/Mar/2025:19:25:23 +0700] "GET /wp-content/themes/aturtoko/assets/json/testi.json HTTP/1.0" 200 3616 "-" "-"
180.235.151.3 - - [14/Mar/2025:19:25:23 +0700] "GET /wp-content/themes/aturtoko/assets/json/liputan.json HTTP/1.0" 200 1813 "-" "-"
180.235.151.3 - - [14/Mar/2025:19:25:23 +0700] "GET /wp-content/themes/aturtoko/assets/json/liputan.json HTTP/1.0" 200 1813 "-" "-"
180.235.151.3 - - [14/Mar/2025:19:25:23 +0700] "GET /wp-content/themes/aturtoko/assets/json/liputan.json HTTP/1.0" 200 1813 "-" "-"
180.235.151.3 - - [14/Mar/2025:19:25:23 +0700] "GET /wp-content/themes/aturtoko/assets/json/partner.json HTTP/1.0" 200 843 "-" "-"
180.235.151.3 - - [14/Mar/2025:19:25:23 +0700] "GET /wp-content/themes/aturtoko/assets/json/partner.json HTTP/1.0" 200 843 "-" "-"
213.180.203.127 - - [14/Mar/2025:19:25:21 +0700] "GET /?e=51249649115 HTTP/1.1" 200 12832 "-" "Mozilla/5.0 (compatible; YandexBot/3.0; +http://yandex.com/bots)"
5.255.231.121 - - [14/Mar/2025:19:25:21 +0700] "GET /?e=19842016762 HTTP/1.1" 200 12832 "-" "Mozilla/5.0 (compatible; YandexBot/3.0; +http://yandex.com/bots)"
180.235.151.3 - - [14/Mar/2025:19:25:23 +0700] "GET /wp-content/themes/aturtoko/assets/json/partner.json HTTP/1.0" 200 843 "-" "-"
5.255.231.203 - - [14/Mar/2025:19:25:21 +0700] "GET /?e=82831272958 HTTP/1.1" 200 12832 "-" "Mozilla/5.0 (compatible; YandexBot/3.0; +http://yandex.com/bots)"
180.235.151.3 - - [14/Mar/2025:19:25:24 +0700] "GET /wp-content/themes/aturtoko/assets/json/testi.json HTTP/1.0" 200 3616 "-" "-"
180.235.151.3 - - [14/Mar/2025:19:25:24 +0700] "GET /wp-content/themes/aturtoko/assets/json/liputan.json HTTP/1.0" 200 1813 "-" "-"
180.235.151.3 - - [14/Mar/2025:19:25:24 +0700] "GET /wp-content/themes/aturtoko/assets/json/testi.json HTTP/1.0" 200 3616 "-" "-"
180.235.151.3 - - [14/Mar/2025:19:25:24 +0700] "GET /wp-content/themes/aturtoko/assets/json/partner.json HTTP/1.0" 200 843 "-" "-"
5.255.231.70 - - [14/Mar/2025:19:25:21 +0700] "GET /?e=37186241404 HTTP/1.1" 200 12832 "-" "Mozilla/5.0 (compatible; YandexBot/3.0; +http://yandex.com/bots)"
