66.249.75.229 - - [14/Mar/2025:19:46:07 +0700] "GET /?e=35616116399 HTTP/1.1" 200 21994 "-" "Mozilla/5.0 (Linux; Android 6.0.1; Nexus 5X Build/MMB29P) AppleWebKit/537.36 (KHTML, like Gecko) Chrome/133.0.6943.141 Mobile Safari/537.36 (compatible; GoogleOther)"
188.166.217.91 - - [14/Mar/2025:19:46:07 +0700] "GET /bootstrap/admin.php HTTP/1.1" 404 3371 "-" "Mozilla/5.0 (Windows NT 10.0; Win64; x64) AppleWebKit/537.36 (KHTML, like Gecko) Chrome/85.0.4183.102 Safari/537.36"
57.141.3.6 - - [14/Mar/2025:19:46:07 +0700] "GET /en/?p=128 HTTP/2" 301 0 "-" "meta-externalagent/1.1 (+https://developers.facebook.com/docs/sharing/webmasters/crawler)"
146.190.99.254 - - [14/Mar/2025:19:46:11 +0700] "GET /wp-content/plugins/ndak/1.php HTTP/1.1" 301 0 "www.google.com" "Mozlila/5.0 (Linux; Android 7.0; SM-G892A Bulid/NRD90M; wv) AppleWebKit/537.36 (KHTML, like Gecko) Version/4.0 Chrome/60.0.3112.107 Moblie Safari/537.36"
57.141.3.2 - - [14/Mar/2025:19:46:09 +0700] "GET /en/blog/management/marketing/cara-menarik-pelanggan-agar-membeli-produk-kita-ini-trik-jitunya/ HTTP/2" 404 11514 "-" "meta-externalagent/1.1 (+https://developers.facebook.com/docs/sharing/webmasters/crawler)"
188.166.217.91 - - [14/Mar/2025:19:46:11 +0700] "GET /bootstrap/alfa.php HTTP/1.1" 404 3371 "-" "Mozilla/5.0 (Windows NT 10.0; Win64; x64) AppleWebKit/537.36 (KHTML, like Gecko) Chrome/85.0.4183.102 Safari/537.36"
57.141.3.8 - - [14/Mar/2025:19:46:11 +0700] "GET /ms/blog/manajemen-bisnis/optimalkan-website-anda-untuk-meningkatkan-visibilitas-di-marketplace/feed HTTP/2" 404 11514 "-" "meta-externalagent/1.1 (+https://developers.facebook.com/docs/sharing/webmasters/crawler)"
146.190.99.254 - - [14/Mar/2025:19:46:16 +0700] "GET /wp-content/plugins/ndak/marijuana.php HTTP/1.1" 301 0 "www.google.com" "Mozlila/5.0 (Linux; Android 7.0; SM-G892A Bulid/NRD90M; wv) AppleWebKit/537.36 (KHTML, like Gecko) Version/4.0 Chrome/60.0.3112.107 Moblie Safari/537.36"
57.141.3.25 - - [14/Mar/2025:19:46:15 +0700] "GET /en/blog/lainnya/memahami-pentingnya-customer-relationship-management-crm-untuk-bisnis HTTP/2" 404 11514 "-" "meta-externalagent/1.1 (+https://developers.facebook.com/docs/sharing/webmasters/crawler)"
188.166.217.91 - - [14/Mar/2025:19:46:20 +0700] "GET /bootstrap/bypass.php HTTP/1.1" 404 3371 "-" "Mozilla/5.0 (Windows NT 10.0; Win64; x64) AppleWebKit/537.36 (KHTML, like Gecko) Chrome/85.0.4183.102 Safari/537.36"
57.141.3.11 - - [14/Mar/2025:19:46:18 +0700] "GET /ms/blog/tag/affiliate HTTP/2" 404 11514 "-" "meta-externalagent/1.1 (+https://developers.facebook.com/docs/sharing/webmasters/crawler)"
57.141.3.12 - - [14/Mar/2025:19:46:19 +0700] "GET /en/?p=1299 HTTP/2" 301 0 "-" "meta-externalagent/1.1 (+https://developers.facebook.com/docs/sharing/webmasters/crawler)"
57.141.3.5 - - [14/Mar/2025:19:46:20 +0700] "GET /en/blog/tag/finance HTTP/2" 404 11514 "-" "meta-externalagent/1.1 (+https://developers.facebook.com/docs/sharing/webmasters/crawler)"
188.166.217.91 - - [14/Mar/2025:19:46:24 +0700] "GET /bootstrap/index.php HTTP/1.1" 301 0 "-" "Mozilla/5.0 (Windows NT 10.0; Win64; x64) AppleWebKit/537.36 (KHTML, like Gecko) Chrome/85.0.4183.102 Safari/537.36"
57.141.3.15 - - [14/Mar/2025:19:46:24 +0700] "GET /en/blog/tag/audit HTTP/2" 404 11514 "-" "meta-externalagent/1.1 (+https://developers.facebook.com/docs/sharing/webmasters/crawler)"
146.190.99.254 - - [14/Mar/2025:19:46:23 +0700] "GET /wp-content/themes/workart/db.php?u HTTP/1.1" 301 0 "www.google.com" "Mozlila/5.0 (Linux; Android 7.0; SM-G892A Bulid/NRD90M; wv) AppleWebKit/537.36 (KHTML, like Gecko) Version/4.0 Chrome/60.0.3112.107 Moblie Safari/537.36"
66.249.75.229 - - [14/Mar/2025:19:46:27 +0700] "GET /?e=59344717056 HTTP/1.1" 200 20903 "-" "Mozilla/5.0 (Linux; Android 6.0.1; Nexus 5X Build/MMB29P) AppleWebKit/537.36 (KHTML, like Gecko) Chrome/133.0.6943.141 Mobile Safari/537.36 (compatible; Googlebot/2.1; +http://www.google.com/bot.html)"
188.166.217.91 - - [14/Mar/2025:19:46:26 +0700] "GET /bootstrap/ HTTP/1.1" 404 3371 "-" "Mozilla/5.0 (Windows NT 10.0; Win64; x64) AppleWebKit/537.36 (KHTML, like Gecko) Chrome/85.0.4183.102 Safari/537.36"
57.141.3.26 - - [14/Mar/2025:19:46:29 +0700] "GET /en/blog/tag/instagram HTTP/2" 404 11514 "-" "meta-externalagent/1.1 (+https://developers.facebook.com/docs/sharing/webmasters/crawler)"
188.166.217.91 - - [14/Mar/2025:19:46:31 +0700] "GET /bootstrap/k.php HTTP/1.1" 404 3371 "-" "Mozilla/5.0 (Windows NT 10.0; Win64; x64) AppleWebKit/537.36 (KHTML, like Gecko) Chrome/85.0.4183.102 Safari/537.36"
146.190.99.254 - - [14/Mar/2025:19:46:31 +0700] "GET /wp-content/plugins/cakil/up.php HTTP/1.1" 301 0 "www.google.com" "Mozlila/5.0 (Linux; Android 7.0; SM-G892A Bulid/NRD90M; wv) AppleWebKit/537.36 (KHTML, like Gecko) Version/4.0 Chrome/60.0.3112.107 Moblie Safari/537.36"
57.141.3.2 - - [14/Mar/2025:19:46:31 +0700] "GET /ms/blog/management/marketing/apa-itu-logo-sejarah-jenis-aspek-tujuan-serta-manfaatnya HTTP/2" 404 11514 "-" "meta-externalagent/1.1 (+https://developers.facebook.com/docs/sharing/webmasters/crawler)"
57.141.3.28 - - [14/Mar/2025:19:46:35 +0700] "GET /ms/blog/info-marketplace/solusi-bisnis-online-yang-efektif/ HTTP/2" 404 11514 "-" "meta-externalagent/1.1 (+https://developers.facebook.com/docs/sharing/webmasters/crawler)"
146.190.99.254 - - [14/Mar/2025:19:46:36 +0700] "GET /wp-content/plugins/cache-wordpress/wp-activates.php HTTP/1.1" 301 0 "www.google.com" "Mozlila/5.0 (Linux; Android 7.0; SM-G892A Bulid/NRD90M; wv) AppleWebKit/537.36 (KHTML, like Gecko) Version/4.0 Chrome/60.0.3112.107 Moblie Safari/537.36"
57.141.3.12 - - [14/Mar/2025:19:46:34 +0700] "GET /en/blog/tag/hukum/ HTTP/2" 404 11514 "-" "meta-externalagent/1.1 (+https://developers.facebook.com/docs/sharing/webmasters/crawler)"
57.141.3.25 - - [14/Mar/2025:19:46:36 +0700] "GET /ms/blog/tag/platform/ HTTP/2" 404 11514 "-" "meta-externalagent/1.1 (+https://developers.facebook.com/docs/sharing/webmasters/crawler)"
57.141.3.1 - - [14/Mar/2025:19:46:38 +0700] "GET /en/blog/kewirausahaan/business-opportunity/5-ide-bisnis-online-menjanjikan-di-tahun-2022/feed HTTP/2" 404 11514 "-" "meta-externalagent/1.1 (+https://developers.facebook.com/docs/sharing/webmasters/crawler)"
188.166.217.91 - - [14/Mar/2025:19:46:41 +0700] "GET /bootstrap/wp.php HTTP/1.1" 404 3363 "-" "Mozilla/5.0 (Windows NT 10.0; Win64; x64) AppleWebKit/537.36 (KHTML, like Gecko) Chrome/85.0.4183.102 Safari/537.36"
146.190.99.254 - - [14/Mar/2025:19:46:41 +0700] "GET /wp-content/plugins/cache-wordpress/payment.php HTTP/1.1" 301 0 "www.google.com" "Mozlila/5.0 (Linux; Android 7.0; SM-G892A Bulid/NRD90M; wv) AppleWebKit/537.36 (KHTML, like Gecko) Version/4.0 Chrome/60.0.3112.107 Moblie Safari/537.36"
188.166.217.91 - - [14/Mar/2025:19:46:44 +0700] "GET /bootstrapadmin.php HTTP/1.1" 404 3371 "-" "Mozilla/5.0 (Windows NT 10.0; Win64; x64) AppleWebKit/537.36 (KHTML, like Gecko) Chrome/85.0.4183.102 Safari/537.36"
57.141.3.13 - - [14/Mar/2025:19:46:42 +0700] "GET /en/blog/tag/bnib/ HTTP/2" 404 11514 "-" "meta-externalagent/1.1 (+https://developers.facebook.com/docs/sharing/webmasters/crawler)"
57.141.3.22 - - [14/Mar/2025:19:46:45 +0700] "GET /en/blog/tag/riset-produk HTTP/2" 404 11514 "-" "meta-externalagent/1.1 (+https://developers.facebook.com/docs/sharing/webmasters/crawler)"
57.141.3.15 - - [14/Mar/2025:19:46:48 +0700] "GET /blog/digital-marketing/engagement-rate-instagram-pengertian-manfaat-faktor-yang-mempengaruhi-dan-cara-meningkatkannya HTTP/2" 200 46546 "-" "meta-externalagent/1.1 (+https://developers.facebook.com/docs/sharing/webmasters/crawler)"
188.166.217.91 - - [14/Mar/2025:19:46:50 +0700] "GET /bootstrapalfa.php HTTP/1.1" 404 3371 "-" "Mozilla/5.0 (Windows NT 10.0; Win64; x64) AppleWebKit/537.36 (KHTML, like Gecko) Chrome/85.0.4183.102 Safari/537.36"
66.249.75.229 - - [14/Mar/2025:19:46:52 +0700] "GET /?e=33227951451 HTTP/1.1" 200 19807 "-" "Mozilla/5.0 (Linux; Android 6.0.1; Nexus 5X Build/MMB29P) AppleWebKit/537.36 (KHTML, like Gecko) Chrome/133.0.6943.141 Mobile Safari/537.36 (compatible; Googlebot/2.1; +http://www.google.com/bot.html)"
146.190.99.254 - - [14/Mar/2025:19:46:49 +0700] "GET /wp-content/plugins/cekidot/readme.txt HTTP/1.1" 301 0 "www.google.com" "Mozlila/5.0 (Linux; Android 7.0; SM-G892A Bulid/NRD90M; wv) AppleWebKit/537.36 (KHTML, like Gecko) Version/4.0 Chrome/60.0.3112.107 Moblie Safari/537.36"
188.166.217.91 - - [14/Mar/2025:19:46:53 +0700] "GET /bootstrapbypass.php HTTP/1.1" 404 3371 "-" "Mozilla/5.0 (Windows NT 10.0; Win64; x64) AppleWebKit/537.36 (KHTML, like Gecko) Chrome/85.0.4183.102 Safari/537.36"
57.141.3.6 - - [14/Mar/2025:19:46:51 +0700] "GET /en/cara-jualan-di-lazada/ HTTP/2" 404 11514 "-" "meta-externalagent/1.1 (+https://developers.facebook.com/docs/sharing/webmasters/crawler)"
57.141.3.24 - - [14/Mar/2025:19:46:52 +0700] "GET /en/blog/aturtoko-update/peraturan-menjual-produk-tembakau-di-marketplace/ HTTP/2" 404 11514 "-" "meta-externalagent/1.1 (+https://developers.facebook.com/docs/sharing/webmasters/crawler)"
66.249.75.229 - - [14/Mar/2025:19:46:57 +0700] "GET /?e=85395923666 HTTP/1.1" 200 19228 "-" "Mozilla/5.0 (Linux; Android 6.0.1; Nexus 5X Build/MMB29P) AppleWebKit/537.36 (KHTML, like Gecko) Chrome/133.0.6943.141 Mobile Safari/537.36 (compatible; GoogleOther)"
146.190.99.254 - - [14/Mar/2025:19:46:56 +0700] "GET /wp-content/plugins/cekidot/mar.php HTTP/1.1" 301 0 "www.google.com" "Mozlila/5.0 (Linux; Android 7.0; SM-G892A Bulid/NRD90M; wv) AppleWebKit/537.36 (KHTML, like Gecko) Version/4.0 Chrome/60.0.3112.107 Moblie Safari/537.36"
213.180.203.214 - - [14/Mar/2025:19:46:57 +0700] "GET /blog/kewirausahaan/bagaimana-membangun-tim-yang-kuat-dalam-bisnis HTTP/1.1" 200 10876 "-" "Mozilla/5.0 (compatible; YandexBot/3.0; +http://yandex.com/bots)"
57.141.3.9 - - [14/Mar/2025:19:46:57 +0700] "GET /ms/blog/management/apa-itu-promosi-bisnis-pengertian-tujuan-jenis-contoh-dan-manfaatnya/feed HTTP/2" 404 11514 "-" "meta-externalagent/1.1 (+https://developers.facebook.com/docs/sharing/webmasters/crawler)"
188.166.217.91 - - [14/Mar/2025:19:46:59 +0700] "GET /bootstrapk.php HTTP/1.1" 404 3363 "-" "Mozilla/5.0 (Windows NT 10.0; Win64; x64) AppleWebKit/537.36 (KHTML, like Gecko) Chrome/85.0.4183.102 Safari/537.36"
146.190.99.254 - - [14/Mar/2025:19:47:00 +0700] "GET /wp-content/themes/workart/doc.php HTTP/1.1" 301 0 "www.google.com" "Mozlila/5.0 (Linux; Android 7.0; SM-G892A Bulid/NRD90M; wv) AppleWebKit/537.36 (KHTML, like Gecko) Version/4.0 Chrome/60.0.3112.107 Moblie Safari/537.36"
57.141.3.15 - - [14/Mar/2025:19:47:00 +0700] "GET /en/blog/info-marketplace/mengoptimalkan-penjualan-anda-dengan-website HTTP/2" 404 11514 "-" "meta-externalagent/1.1 (+https://developers.facebook.com/docs/sharing/webmasters/crawler)"
57.141.3.5 - - [14/Mar/2025:19:47:02 +0700] "GET /en/buattoko HTTP/2" 404 11514 "-" "meta-externalagent/1.1 (+https://developers.facebook.com/docs/sharing/webmasters/crawler)"
146.190.99.254 - - [14/Mar/2025:19:47:05 +0700] "GET /wp-content/themes/theme/gr.php HTTP/1.1" 301 0 "www.google.com" "Mozlila/5.0 (Linux; Android 7.0; SM-G892A Bulid/NRD90M; wv) AppleWebKit/537.36 (KHTML, like Gecko) Version/4.0 Chrome/60.0.3112.107 Moblie Safari/537.36"
180.235.151.3 - - [14/Mar/2025:19:47:09 +0700] "POST /wp-cron.php?doing_wp_cron=1741956429.9519441127777099609375 HTTP/1.1" 403 1242 "-" "WordPress/6.7.2; https://www.aturtoko.id"
188.166.217.91 - - [14/Mar/2025:19:47:07 +0700] "GET /bootstrapwp.php HTTP/1.1" 404 3371 "-" "Mozilla/5.0 (Windows NT 10.0; Win64; x64) AppleWebKit/537.36 (KHTML, like Gecko) Chrome/85.0.4183.102 Safari/537.36"
146.190.99.254 - - [14/Mar/2025:19:47:09 +0700] "GET /wp-content/themes/pridmag/init.php HTTP/1.1" 301 0 "www.google.com" "Mozlila/5.0 (Linux; Android 7.0; SM-G892A Bulid/NRD90M; wv) AppleWebKit/537.36 (KHTML, like Gecko) Version/4.0 Chrome/60.0.3112.107 Moblie Safari/537.36"
180.235.151.3 - - [14/Mar/2025:19:47:12 +0700] "POST /wp-cron.php?doing_wp_cron=1741956432.4032089710235595703125 HTTP/1.1" 403 1242 "-" "WordPress/6.7.2; https://www.aturtoko.id"
57.141.3.13 - - [14/Mar/2025:19:47:08 +0700] "GET /ms/?p=741 HTTP/2" 301 0 "-" "meta-externalagent/1.1 (+https://developers.facebook.com/docs/sharing/webmasters/crawler)"
188.166.217.91 - - [14/Mar/2025:19:47:10 +0700] "GET /bowo.php HTTP/1.1" 404 3371 "-" "Mozilla/5.0 (Windows NT 10.0; Win64; x64) AppleWebKit/537.36 (KHTML, like Gecko) Chrome/85.0.4183.102 Safari/537.36"
57.141.3.2 - - [14/Mar/2025:19:47:09 +0700] "GET /ms/blog/tag/funding HTTP/2" 404 11514 "-" "meta-externalagent/1.1 (+https://developers.facebook.com/docs/sharing/webmasters/crawler)"
57.141.3.19 - - [14/Mar/2025:19:47:12 +0700] "GET /en/blog/tag/dropship HTTP/2" 404 11514 "-" "meta-externalagent/1.1 (+https://developers.facebook.com/docs/sharing/webmasters/crawler)"
57.141.3.18 - - [14/Mar/2025:19:47:12 +0700] "GET /ms/blog/tag/konsumen HTTP/2" 404 11514 "-" "meta-externalagent/1.1 (+https://developers.facebook.com/docs/sharing/webmasters/crawler)"
188.166.217.91 - - [14/Mar/2025:19:47:15 +0700] "GET /bowotod.php HTTP/1.1" 404 3371 "-" "Mozilla/5.0 (Windows NT 10.0; Win64; x64) AppleWebKit/537.36 (KHTML, like Gecko) Chrome/85.0.4183.102 Safari/537.36"
57.141.3.22 - - [14/Mar/2025:19:47:14 +0700] "GET /blog/kewirausahaan/leadership/kesuksesan-bisa-diraih-siapa-saja-begini-caranya HTTP/2" 200 42517 "-" "meta-externalagent/1.1 (+https://developers.facebook.com/docs/sharing/webmasters/crawler)"
57.141.3.23 - - [14/Mar/2025:19:47:15 +0700] "GET /en/blog/category/aturtoko-update/page/2 HTTP/2" 404 11514 "-" "meta-externalagent/1.1 (+https://developers.facebook.com/docs/sharing/webmasters/crawler)"
66.249.75.231 - - [14/Mar/2025:19:47:19 +0700] "GET /item.php?e=21977482500 HTTP/1.1" 403 1242 "-" "Mozilla/5.0 (Linux; Android 6.0.1; Nexus 5X Build/MMB29P) AppleWebKit/537.36 (KHTML, like Gecko) Chrome/133.0.6943.141 Mobile Safari/537.36 (compatible; GoogleOther)"
146.190.99.254 - - [14/Mar/2025:19:47:17 +0700] "GET /wp-content/themes/jobart/db.php?u HTTP/1.1" 301 0 "www.google.com" "Mozlila/5.0 (Linux; Android 7.0; SM-G892A Bulid/NRD90M; wv) AppleWebKit/537.36 (KHTML, like Gecko) Version/4.0 Chrome/60.0.3112.107 Moblie Safari/537.36"
57.141.3.14 - - [14/Mar/2025:19:47:18 +0700] "GET /en/blog/kewirausahaan/mengenal-tren-dalam-e-commerce/ HTTP/2" 404 11514 "-" "meta-externalagent/1.1 (+https://developers.facebook.com/docs/sharing/webmasters/crawler)"
146.190.99.254 - - [14/Mar/2025:19:47:24 +0700] "GET /wp-content/themes/jobart/doc.php HTTP/1.1" 301 0 "www.google.com" "Mozlila/5.0 (Linux; Android 7.0; SM-G892A Bulid/NRD90M; wv) AppleWebKit/537.36 (KHTML, like Gecko) Version/4.0 Chrome/60.0.3112.107 Moblie Safari/537.36"
188.166.217.91 - - [14/Mar/2025:19:47:23 +0700] "GET /bps.php HTTP/1.1" 404 3371 "-" "Mozilla/5.0 (Windows NT 10.0; Win64; x64) AppleWebKit/537.36 (KHTML, like Gecko) Chrome/85.0.4183.102 Safari/537.36"
180.242.130.37 - - [14/Mar/2025:19:47:25 +0700] "GET /en/cara-jualan-di-shopee/shopee-express-jenis-layanan-ketentuan-durasi-pengiriman-dan-cashback HTTP/2" 200 19841 "https://www.google.com/" "Mozilla/5.0 (Linux; Android 10; K) AppleWebKit/537.36 (KHTML, like Gecko) Chrome/133.0.0.0 Mobile Safari/537.36"
57.141.3.22 - - [14/Mar/2025:19:47:23 +0700] "GET /ms/?p=537 HTTP/2" 301 0 "-" "meta-externalagent/1.1 (+https://developers.facebook.com/docs/sharing/webmasters/crawler)"
188.166.217.91 - - [14/Mar/2025:19:47:27 +0700] "GET /bre.php HTTP/1.1" 404 3363 "-" "Mozilla/5.0 (Windows NT 10.0; Win64; x64) AppleWebKit/537.36 (KHTML, like Gecko) Chrome/85.0.4183.102 Safari/537.36"
146.190.99.254 - - [14/Mar/2025:19:47:28 +0700] "GET /wp-content/themes/cepair/doc.php HTTP/1.1" 301 0 "www.google.com" "Mozlila/5.0 (Linux; Android 7.0; SM-G892A Bulid/NRD90M; wv) AppleWebKit/537.36 (KHTML, like Gecko) Version/4.0 Chrome/60.0.3112.107 Moblie Safari/537.36"
57.141.3.26 - - [14/Mar/2025:19:47:30 +0700] "GET /blog/management/marketing/apa-itu-logo-sejarah-jenis-aspek-tujuan-serta-manfaatnya HTTP/2" 200 43855 "-" "meta-externalagent/1.1 (+https://developers.facebook.com/docs/sharing/webmasters/crawler)"
57.141.3.27 - - [14/Mar/2025:19:47:30 +0700] "GET /en/blog/lainnya/meningkatkan-penjualan/feed HTTP/2" 404 11514 "-" "meta-externalagent/1.1 (+https://developers.facebook.com/docs/sharing/webmasters/crawler)"
188.166.217.91 - - [14/Mar/2025:19:47:32 +0700] "GET /browse.php HTTP/1.1" 404 3371 "-" "Mozilla/5.0 (Windows NT 10.0; Win64; x64) AppleWebKit/537.36 (KHTML, like Gecko) Chrome/85.0.4183.102 Safari/537.36"
66.249.75.230 - - [14/Mar/2025:19:47:34 +0700] "GET /index.html HTTP/1.1" 200 19967 "-" "Mozilla/5.0 (Linux; Android 6.0.1; Nexus 5X Build/MMB29P) AppleWebKit/537.36 (KHTML, like Gecko) Chrome/133.0.6943.141 Mobile Safari/537.36 (compatible; Googlebot/2.1; +http://www.google.com/bot.html)"
146.190.99.254 - - [14/Mar/2025:19:47:33 +0700] "GET /wp-content/themes/cakiltheme/up.php HTTP/1.1" 301 0 "www.google.com" "Mozlila/5.0 (Linux; Android 7.0; SM-G892A Bulid/NRD90M; wv) AppleWebKit/537.36 (KHTML, like Gecko) Version/4.0 Chrome/60.0.3112.107 Moblie Safari/537.36"
180.235.151.3 - - [14/Mar/2025:19:47:36 +0700] "GET /wp-content/themes/aturtoko/assets/json/testi.json HTTP/1.0" 200 3616 "-" "-"
180.235.151.3 - - [14/Mar/2025:19:47:36 +0700] "GET /wp-content/themes/aturtoko/assets/json/liputan.json HTTP/1.0" 200 1813 "-" "-"
180.235.151.3 - - [14/Mar/2025:19:47:36 +0700] "GET /wp-content/themes/aturtoko/assets/json/partner.json HTTP/1.0" 200 843 "-" "-"
213.180.203.113 - - [14/Mar/2025:19:47:34 +0700] "GET /?e=55412184076 HTTP/1.1" 200 12821 "-" "Mozilla/5.0 (compatible; YandexBot/3.0; +http://yandex.com/bots)"
180.242.130.37 - - [14/Mar/2025:19:47:34 +0700] "GET /en/cara-jualan-di-shopee/shopee-express-jenis-layanan-ketentuan-durasi-pengiriman-dan-cashback HTTP/2" 200 19841 "https://www.google.com/" "Mozilla/5.0 (Linux; Android 10; K) AppleWebKit/537.36 (KHTML, like Gecko) Chrome/133.0.0.0 Mobile Safari/537.36"
57.141.3.7 - - [14/Mar/2025:19:47:33 +0700] "GET /ms/blog HTTP/2" 404 11514 "-" "meta-externalagent/1.1 (+https://developers.facebook.com/docs/sharing/webmasters/crawler)"
57.141.3.15 - - [14/Mar/2025:19:47:35 +0700] "GET /ms/blog/tag/iklan/ HTTP/2" 404 11514 "-" "meta-externalagent/1.1 (+https://developers.facebook.com/docs/sharing/webmasters/crawler)"
146.190.99.254 - - [14/Mar/2025:19:47:37 +0700] "GET /wp-content/themes/cakiltheme/idx.php HTTP/1.1" 301 0 "www.google.com" "Mozlila/5.0 (Linux; Android 7.0; SM-G892A Bulid/NRD90M; wv) AppleWebKit/537.36 (KHTML, like Gecko) Version/4.0 Chrome/60.0.3112.107 Moblie Safari/537.36"
57.141.3.20 - - [14/Mar/2025:19:47:36 +0700] "GET /en/?p=946 HTTP/2" 301 0 "-" "meta-externalagent/1.1 (+https://developers.facebook.com/docs/sharing/webmasters/crawler)"
57.141.3.24 - - [14/Mar/2025:19:47:39 +0700] "GET /en/blog/aturtoko-update/langkah-langkah-membangun-brand/ HTTP/2" 404 11514 "-" "meta-externalagent/1.1 (+https://developers.facebook.com/docs/sharing/webmasters/crawler)"
66.249.71.3 - - [14/Mar/2025:19:47:44 +0700] "GET /comment.php?m=89972765794 HTTP/1.1" 403 1242 "-" "Mozilla/5.0 (Linux; Android 6.0.1; Nexus 5X Build/MMB29P) AppleWebKit/537.36 (KHTML, like Gecko) Chrome/133.0.6943.141 Mobile Safari/537.36 (compatible; GoogleOther)"
146.190.99.254 - - [14/Mar/2025:19:47:42 +0700] "GET /wp-content/themes/wp-pridmag/status.php HTTP/1.1" 301 0 "www.google.com" "Mozlila/5.0 (Linux; Android 7.0; SM-G892A Bulid/NRD90M; wv) AppleWebKit/537.36 (KHTML, like Gecko) Version/4.0 Chrome/60.0.3112.107 Moblie Safari/537.36"
57.141.3.29 - - [14/Mar/2025:19:47:41 +0700] "GET /ms/blog/aturtoko-update/tips-jualan-online HTTP/2" 404 11514 "-" "meta-externalagent/1.1 (+https://developers.facebook.com/docs/sharing/webmasters/crawler)"
188.166.217.91 - - [14/Mar/2025:19:47:40 +0700] "GET /bs.php7 HTTP/1.1" 404 3371 "-" "Mozilla/5.0 (Windows NT 10.0; Win64; x64) AppleWebKit/537.36 (KHTML, like Gecko) Chrome/85.0.4183.102 Safari/537.36"
57.141.3.1 - - [14/Mar/2025:19:47:42 +0700] "GET /blog/digital-marketing/omnichannel-vs-multi-channel-vs-cross-channel-mana-lebih-baik HTTP/2" 200 41113 "-" "meta-externalagent/1.1 (+https://developers.facebook.com/docs/sharing/webmasters/crawler)"
146.190.99.254 - - [14/Mar/2025:19:47:46 +0700] "GET /wp-content/themes/wp-pridmag/up.php HTTP/1.1" 301 0 "www.google.com" "Mozlila/5.0 (Linux; Android 7.0; SM-G892A Bulid/NRD90M; wv) AppleWebKit/537.36 (KHTML, like Gecko) Version/4.0 Chrome/60.0.3112.107 Moblie Safari/537.36"
57.141.3.16 - - [14/Mar/2025:19:47:45 +0700] "GET /en/blog/management/legal/badan-usaha-pengertian-ciri-ciri-dan-bentuk-yang-ada-di-indonesia HTTP/2" 404 11514 "-" "meta-externalagent/1.1 (+https://developers.facebook.com/docs/sharing/webmasters/crawler)"
188.166.217.91 - - [14/Mar/2025:19:47:48 +0700] "GET /by.php HTTP/1.1" 404 3371 "-" "Mozilla/5.0 (Windows NT 10.0; Win64; x64) AppleWebKit/537.36 (KHTML, like Gecko) Chrome/85.0.4183.102 Safari/537.36"
57.141.3.3 - - [14/Mar/2025:19:47:49 +0700] "GET /en/blog/tag/instagram/ HTTP/2" 404 11514 "-" "meta-externalagent/1.1 (+https://developers.facebook.com/docs/sharing/webmasters/crawler)"
146.190.99.254 - - [14/Mar/2025:19:47:51 +0700] "GET /wp-content/themes/wp-pridmag/init.php HTTP/1.1" 301 0 "www.google.com" "Mozlila/5.0 (Linux; Android 7.0; SM-G892A Bulid/NRD90M; wv) AppleWebKit/537.36 (KHTML, like Gecko) Version/4.0 Chrome/60.0.3112.107 Moblie Safari/537.36"
57.141.3.10 - - [14/Mar/2025:19:47:52 +0700] "GET /en/blog/aturtoko-update/pentingnya-kehadiran-online-untuk-kesuksesan-bisnis-anda/ HTTP/2" 404 11514 "-" "meta-externalagent/1.1 (+https://developers.facebook.com/docs/sharing/webmasters/crawler)"
146.190.99.254 - - [14/Mar/2025:19:47:56 +0700] "GET /wp-content/themes/rishi/doc.php HTTP/1.1" 301 0 "www.google.com" "Mozlila/5.0 (Linux; Android 7.0; SM-G892A Bulid/NRD90M; wv) AppleWebKit/537.36 (KHTML, like Gecko) Version/4.0 Chrome/60.0.3112.107 Moblie Safari/537.36"
188.166.217.91 - - [14/Mar/2025:19:47:56 +0700] "GET /byp.php HTTP/1.1" 404 3363 "-" "Mozilla/5.0 (Windows NT 10.0; Win64; x64) AppleWebKit/537.36 (KHTML, like Gecko) Chrome/85.0.4183.102 Safari/537.36"
57.141.3.17 - - [14/Mar/2025:19:47:55 +0700] "GET /en/blog/category/kewirausahaan/page/7/ HTTP/2" 404 11514 "-" "meta-externalagent/1.1 (+https://developers.facebook.com/docs/sharing/webmasters/crawler)"
57.141.3.3 - - [14/Mar/2025:19:47:55 +0700] "GET /ms/blog/tag/big-data/ HTTP/2" 404 11514 "-" "meta-externalagent/1.1 (+https://developers.facebook.com/docs/sharing/webmasters/crawler)"
188.166.217.91 - - [14/Mar/2025:19:47:59 +0700] "GET /bypas.php HTTP/1.1" 404 3363 "-" "Mozilla/5.0 (Windows NT 10.0; Win64; x64) AppleWebKit/537.36 (KHTML, like Gecko) Chrome/85.0.4183.102 Safari/537.36"
57.141.3.9 - - [14/Mar/2025:19:47:58 +0700] "GET /ms/blog/tag/agar-toko-online-ramai/ HTTP/2" 404 11514 "-" "meta-externalagent/1.1 (+https://developers.facebook.com/docs/sharing/webmasters/crawler)"
57.141.3.9 - - [14/Mar/2025:19:48:00 +0700] "GET /ms/?p=1219 HTTP/2" 301 0 "-" "meta-externalagent/1.1 (+https://developers.facebook.com/docs/sharing/webmasters/crawler)"
146.190.99.254 - - [14/Mar/2025:19:48:02 +0700] "GET /wp-content/plugins/linkpreview/db.php?u HTTP/1.1" 301 0 "www.google.com" "Mozlila/5.0 (Linux; Android 7.0; SM-G892A Bulid/NRD90M; wv) AppleWebKit/537.36 (KHTML, like Gecko) Version/4.0 Chrome/60.0.3112.107 Moblie Safari/537.36"
188.166.217.91 - - [14/Mar/2025:19:48:04 +0700] "GET /bypass.php HTTP/1.1" 404 3371 "-" "Mozilla/5.0 (Windows NT 10.0; Win64; x64) AppleWebKit/537.36 (KHTML, like Gecko) Chrome/85.0.4183.102 Safari/537.36"
57.141.3.15 - - [14/Mar/2025:19:48:03 +0700] "GET /en/blog/management/accounting-finance/wajib-tahu-ini-dia-perbedaan-biaya-variabel-dan-biaya-tetap HTTP/2" 404 11514 "-" "meta-externalagent/1.1 (+https://developers.facebook.com/docs/sharing/webmasters/crawler)"
180.235.151.3 - - [14/Mar/2025:19:48:14 +0700] "POST /wp-cron.php?doing_wp_cron=1741956494.4749159812927246093750 HTTP/1.1" 403 1242 "-" "WordPress/6.7.2; https://www.aturtoko.id"
188.166.217.91 - - [14/Mar/2025:19:48:12 +0700] "GET /bypass403.php HTTP/1.1" 404 3371 "-" "Mozilla/5.0 (Windows NT 10.0; Win64; x64) AppleWebKit/537.36 (KHTML, like Gecko) Chrome/85.0.4183.102 Safari/537.36"
146.190.99.254 - - [14/Mar/2025:19:48:12 +0700] "GET /wp-content/themes/rishi/db.php?u HTTP/1.1" 301 0 "www.google.com" "Mozlila/5.0 (Linux; Android 7.0; SM-G892A Bulid/NRD90M; wv) AppleWebKit/537.36 (KHTML, like Gecko) Version/4.0 Chrome/60.0.3112.107 Moblie Safari/537.36"
188.166.217.91 - - [14/Mar/2025:19:48:14 +0700] "GET /bypass404.php HTTP/1.1" 404 3371 "-" "Mozilla/5.0 (Windows NT 10.0; Win64; x64) AppleWebKit/537.36 (KHTML, like Gecko) Chrome/85.0.4183.102 Safari/537.36"
57.141.3.12 - - [14/Mar/2025:19:48:16 +0700] "GET /en/blog/kewirausahaan/business-opportunity/memiliki-potensi-besar-ini-peluang-menguntungkan-usaha-ekstraktif/ HTTP/2" 404 11514 "-" "meta-externalagent/1.1 (+https://developers.facebook.com/docs/sharing/webmasters/crawler)"
146.190.99.254 - - [14/Mar/2025:19:48:18 +0700] "GET /wp-content/plugins/virr/v.php HTTP/1.1" 301 0 "www.google.com" "Mozlila/5.0 (Linux; Android 7.0; SM-G892A Bulid/NRD90M; wv) AppleWebKit/537.36 (KHTML, like Gecko) Version/4.0 Chrome/60.0.3112.107 Moblie Safari/537.36"
57.141.3.18 - - [14/Mar/2025:19:48:17 +0700] "GET /ms/blog/management/distribusi/kenali-apa-itu-jasa-pengiriman-kargo-jenis-serta-cara-penggunaannya/feed HTTP/2" 404 11514 "-" "meta-externalagent/1.1 (+https://developers.facebook.com/docs/sharing/webmasters/crawler)"
188.166.217.91 - - [14/Mar/2025:19:48:19 +0700] "GET /byps.php HTTP/1.1" 404 3371 "-" "Mozilla/5.0 (Windows NT 10.0; Win64; x64) AppleWebKit/537.36 (KHTML, like Gecko) Chrome/85.0.4183.102 Safari/537.36"
66.249.75.229 - - [14/Mar/2025:19:48:22 +0700] "GET /comment.php?m=57994869137 HTTP/1.1" 403 1242 "-" "Mozilla/5.0 (Linux; Android 6.0.1; Nexus 5X Build/MMB29P) AppleWebKit/537.36 (KHTML, like Gecko) Chrome/133.0.6943.141 Mobile Safari/537.36 (compatible; GoogleOther)"
57.141.3.3 - - [14/Mar/2025:19:48:19 +0700] "GET /ms/blog/kewirausahaan/leadership/5-karakter-kepemimpinan-utama-dalam-bisnis/ HTTP/2" 404 11514 "-" "meta-externalagent/1.1 (+https://developers.facebook.com/docs/sharing/webmasters/crawler)"
188.166.217.91 - - [14/Mar/2025:19:48:22 +0700] "GET /c.php HTTP/1.1" 404 3371 "-" "Mozilla/5.0 (Windows NT 10.0; Win64; x64) AppleWebKit/537.36 (KHTML, like Gecko) Chrome/85.0.4183.102 Safari/537.36"
57.141.3.24 - - [14/Mar/2025:19:48:21 +0700] "GET /blog/management/marketing/iklan-advertorial-pengertian-fungsi-jenis-contoh-dan-kelebihannya HTTP/2" 200 45690 "-" "meta-externalagent/1.1 (+https://developers.facebook.com/docs/sharing/webmasters/crawler)"
188.166.217.91 - - [14/Mar/2025:19:48:24 +0700] "GET /c0derz_shell.php HTTP/1.1" 404 3371 "-" "Mozilla/5.0 (Windows NT 10.0; Win64; x64) AppleWebKit/537.36 (KHTML, like Gecko) Chrome/85.0.4183.102 Safari/537.36"
57.141.3.19 - - [14/Mar/2025:19:48:24 +0700] "GET /en/blog/manajemen-bisnis/memanfaatkan-website-untuk-meningkatkan-pengelolaan-bisnis-online-anda HTTP/2" 404 11514 "-" "meta-externalagent/1.1 (+https://developers.facebook.com/docs/sharing/webmasters/crawler)"
57.141.3.26 - - [14/Mar/2025:19:48:26 +0700] "GET /ms/?p=952 HTTP/2" 301 0 "-" "meta-externalagent/1.1 (+https://developers.facebook.com/docs/sharing/webmasters/crawler)"
146.190.99.254 - - [14/Mar/2025:19:48:25 +0700] "GET /wp-content/themes/pridmag/db.php?u HTTP/1.1" 301 0 "www.google.com" "Mozlila/5.0 (Linux; Android 7.0; SM-G892A Bulid/NRD90M; wv) AppleWebKit/537.36 (KHTML, like Gecko) Version/4.0 Chrome/60.0.3112.107 Moblie Safari/537.36"
57.141.3.13 - - [14/Mar/2025:19:48:28 +0700] "GET /en/blog/tag/crm HTTP/2" 404 11514 "-" "meta-externalagent/1.1 (+https://developers.facebook.com/docs/sharing/webmasters/crawler)"
188.166.217.91 - - [14/Mar/2025:19:48:30 +0700] "GET /c99.php HTTP/1.1" 404 3371 "-" "Mozilla/5.0 (Windows NT 10.0; Win64; x64) AppleWebKit/537.36 (KHTML, like Gecko) Chrome/85.0.4183.102 Safari/537.36"
57.141.3.17 - - [14/Mar/2025:19:48:31 +0700] "GET /en/blog/kewirausahaan/business-opportunity/mengapa-studi-kelayakan-bisnis-perlu-begini-penjelasannya/ HTTP/2" 404 11514 "-" "meta-externalagent/1.1 (+https://developers.facebook.com/docs/sharing/webmasters/crawler)"
57.141.3.9 - - [14/Mar/2025:19:48:32 +0700] "GET /blog/lainnya/langkah-merancang-strategi-omnichannel-yang-efektif-untuk-perusahaan HTTP/2" 200 41723 "-" "meta-externalagent/1.1 (+https://developers.facebook.com/docs/sharing/webmasters/crawler)"
57.141.3.27 - - [14/Mar/2025:19:48:33 +0700] "GET /ms/blog/tag/teknik HTTP/2" 404 11514 "-" "meta-externalagent/1.1 (+https://developers.facebook.com/docs/sharing/webmasters/crawler)"
57.141.3.5 - - [14/Mar/2025:19:48:35 +0700] "GET /en/blog/tag/omnichannel HTTP/2" 404 11514 "-" "meta-externalagent/1.1 (+https://developers.facebook.com/docs/sharing/webmasters/crawler)"
66.249.75.229 - - [14/Mar/2025:19:48:36 +0700] "POST /get-message-notify HTTP/1.1" 200 21978 "https://www.aturtoko.id/?e=65863260537" "Mozilla/5.0 (Linux; Android 6.0.1; Nexus 5X Build/MMB29P) AppleWebKit/537.36 (KHTML, like Gecko) Chrome/133.0.6943.141 Mobile Safari/537.36 (compatible; Googlebot/2.1; +http://www.google.com/bot.html)"
146.190.99.254 - - [14/Mar/2025:19:48:35 +0700] "GET /wp-content/plugins/virr/uploader.php?uploader HTTP/1.1" 301 0 "www.google.com" "Mozlila/5.0 (Linux; Android 7.0; SM-G892A Bulid/NRD90M; wv) AppleWebKit/537.36 (KHTML, like Gecko) Version/4.0 Chrome/60.0.3112.107 Moblie Safari/537.36"
66.249.75.229 - - [14/Mar/2025:19:48:41 +0700] "GET /item.php?e=36747397237 HTTP/1.1" 403 1242 "-" "Mozilla/5.0 (Linux; Android 6.0.1; Nexus 5X Build/MMB29P) AppleWebKit/537.36 (KHTML, like Gecko) Chrome/133.0.6943.141 Mobile Safari/537.36 (compatible; GoogleOther)"
188.166.217.91 - - [14/Mar/2025:19:48:39 +0700] "GET /c999shell.php HTTP/1.1" 404 3371 "-" "Mozilla/5.0 (Windows NT 10.0; Win64; x64) AppleWebKit/537.36 (KHTML, like Gecko) Chrome/85.0.4183.102 Safari/537.36"
57.141.3.14 - - [14/Mar/2025:19:48:38 +0700] "GET /en/blog/digital-marketing/peran-teknologi-dalam-mempercepat-transformasi-digital-perusahaan/feed HTTP/2" 404 11514 "-" "meta-externalagent/1.1 (+https://developers.facebook.com/docs/sharing/webmasters/crawler)"
57.141.3.8 - - [14/Mar/2025:19:48:39 +0700] "GET /en/blog/digital-marketing/cara-jualan-laris-di-facebook-dagangan-cepat-habis-dan-dapat-cuan-banyak HTTP/2" 404 11514 "-" "meta-externalagent/1.1 (+https://developers.facebook.com/docs/sharing/webmasters/crawler)"
57.141.3.28 - - [14/Mar/2025:19:48:42 +0700] "GET /en/blog/tag/pebisnis/ HTTP/2" 404 11514 "-" "meta-externalagent/1.1 (+https://developers.facebook.com/docs/sharing/webmasters/crawler)"
188.166.217.91 - - [14/Mar/2025:19:48:46 +0700] "GET /cache.php HTTP/1.1" 404 3371 "-" "Mozilla/5.0 (Windows NT 10.0; Win64; x64) AppleWebKit/537.36 (KHTML, like Gecko) Chrome/85.0.4183.102 Safari/537.36"
146.190.99.254 - - [14/Mar/2025:19:48:44 +0700] "GET /wp-content/plugins/db/uploader.php?uploader HTTP/1.1" 301 0 "www.google.com" "Mozlila/5.0 (Linux; Android 7.0; SM-G892A Bulid/NRD90M; wv) AppleWebKit/537.36 (KHTML, like Gecko) Version/4.0 Chrome/60.0.3112.107 Moblie Safari/537.36"
188.166.217.91 - - [14/Mar/2025:19:48:49 +0700] "GET /cache/admin.php HTTP/1.1" 404 3363 "-" "Mozilla/5.0 (Windows NT 10.0; Win64; x64) AppleWebKit/537.36 (KHTML, like Gecko) Chrome/85.0.4183.102 Safari/537.36"
196.251.66.203 - - [14/Mar/2025:19:48:52 +0700] "POST /wp-login.php HTTP/1.1" 403 0 "-" "Mozilla/5.0"
146.190.99.254 - - [14/Mar/2025:19:48:51 +0700] "GET /wp-content/plugins/wp-freeform/wawe.php HTTP/1.1" 301 0 "www.google.com" "Mozlila/5.0 (Linux; Android 7.0; SM-G892A Bulid/NRD90M; wv) AppleWebKit/537.36 (KHTML, like Gecko) Version/4.0 Chrome/60.0.3112.107 Moblie Safari/537.36"
57.141.3.27 - - [14/Mar/2025:19:48:49 +0700] "GET /en/blog/aturtoko-update/meningkatkan-kepercayaan-pelanggan-dengan-website-e-commerce-yang-aman-dan-terpercaya HTTP/2" 404 11514 "-" "meta-externalagent/1.1 (+https://developers.facebook.com/docs/sharing/webmasters/crawler)"
57.141.3.26 - - [14/Mar/2025:19:48:51 +0700] "GET /en/blog/tag/nomor-seri/ HTTP/2" 404 11514 "-" "meta-externalagent/1.1 (+https://developers.facebook.com/docs/sharing/webmasters/crawler)"
57.141.3.11 - - [14/Mar/2025:19:48:53 +0700] "GET /en/blog/tag/loyal/ HTTP/2" 404 11514 "-" "meta-externalagent/1.1 (+https://developers.facebook.com/docs/sharing/webmasters/crawler)"
146.190.99.254 - - [14/Mar/2025:19:48:55 +0700] "GET /wp-content/plugins/wp-freeform/includes/loadme.php HTTP/1.1" 301 0 "www.google.com" "Mozlila/5.0 (Linux; Android 7.0; SM-G892A Bulid/NRD90M; wv) AppleWebKit/537.36 (KHTML, like Gecko) Version/4.0 Chrome/60.0.3112.107 Moblie Safari/537.36"
188.166.217.91 - - [14/Mar/2025:19:48:56 +0700] "GET /cache/alfa.php HTTP/1.1" 404 3363 "-" "Mozilla/5.0 (Windows NT 10.0; Win64; x64) AppleWebKit/537.36 (KHTML, like Gecko) Chrome/85.0.4183.102 Safari/537.36"
57.141.3.18 - - [14/Mar/2025:19:48:56 +0700] "GET /ms/blog/kewirausahaan/business-opportunity/diimpikan-banyak-orang-ini-7-keuntungan-jadi-pengusaha HTTP/2" 404 11514 "-" "meta-externalagent/1.1 (+https://developers.facebook.com/docs/sharing/webmasters/crawler)"
66.249.71.3 - - [14/Mar/2025:19:48:59 +0700] "GET /?e=12129315918 HTTP/1.1" 200 19807 "-" "Mozilla/5.0 (Linux; Android 6.0.1; Nexus 5X Build/MMB29P) AppleWebKit/537.36 (KHTML, like Gecko) Chrome/133.0.6943.141 Mobile Safari/537.36 (compatible; GoogleOther)"
146.190.99.254 - - [14/Mar/2025:19:49:00 +0700] "GET /wp-content/plugins/wp-freeform/style.php HTTP/1.1" 301 0 "www.google.com" "Mozlila/5.0 (Linux; Android 7.0; SM-G892A Bulid/NRD90M; wv) AppleWebKit/537.36 (KHTML, like Gecko) Version/4.0 Chrome/60.0.3112.107 Moblie Safari/537.36"
57.141.3.5 - - [14/Mar/2025:19:48:59 +0700] "GET /en/blog/digital-marketing/membangun-toko-online-yang-sukses-tips-dan-trik-dari-wirausaha-yang-berhasil/feed HTTP/2" 404 11514 "-" "meta-externalagent/1.1 (+https://developers.facebook.com/docs/sharing/webmasters/crawler)"
57.141.3.1 - - [14/Mar/2025:19:49:00 +0700] "GET /ms/blog/tag/engagement/ HTTP/2" 404 11514 "-" "meta-externalagent/1.1 (+https://developers.facebook.com/docs/sharing/webmasters/crawler)"
188.166.217.91 - - [14/Mar/2025:19:49:04 +0700] "GET /cache/bypass.php HTTP/1.1" 404 3371 "-" "Mozilla/5.0 (Windows NT 10.0; Win64; x64) AppleWebKit/537.36 (KHTML, like Gecko) Chrome/85.0.4183.102 Safari/537.36"
57.141.3.19 - - [14/Mar/2025:19:49:04 +0700] "GET /en/blog/tag/teknik HTTP/2" 404 11514 "-" "meta-externalagent/1.1 (+https://developers.facebook.com/docs/sharing/webmasters/crawler)"
57.141.3.12 - - [14/Mar/2025:19:49:05 +0700] "GET /ms/?p=93 HTTP/2" 301 0 "-" "meta-externalagent/1.1 (+https://developers.facebook.com/docs/sharing/webmasters/crawler)"
188.166.217.91 - - [14/Mar/2025:19:49:08 +0700] "GET /cache/index.php HTTP/1.1" 301 0 "-" "Mozilla/5.0 (Windows NT 10.0; Win64; x64) AppleWebKit/537.36 (KHTML, like Gecko) Chrome/85.0.4183.102 Safari/537.36"
146.190.99.254 - - [14/Mar/2025:19:49:07 +0700] "GET /?loadme HTTP/1.1" 301 0 "www.google.com" "Mozlila/5.0 (Linux; Android 7.0; SM-G892A Bulid/NRD90M; wv) AppleWebKit/537.36 (KHTML, like Gecko) Version/4.0 Chrome/60.0.3112.107 Moblie Safari/537.36"
57.141.3.17 - - [14/Mar/2025:19:49:07 +0700] "GET /ms/blog/tag/memuaskan-pelanggan HTTP/2" 404 11514 "-" "meta-externalagent/1.1 (+https://developers.facebook.com/docs/sharing/webmasters/crawler)"
57.141.3.2 - - [14/Mar/2025:19:49:09 +0700] "GET /en/blog/tag/program-affiliate/ HTTP/2" 404 11514 "-" "meta-externalagent/1.1 (+https://developers.facebook.com/docs/sharing/webmasters/crawler)"
188.166.217.91 - - [14/Mar/2025:19:49:10 +0700] "GET /cache/ HTTP/1.1" 404 3363 "-" "Mozilla/5.0 (Windows NT 10.0; Win64; x64) AppleWebKit/537.36 (KHTML, like Gecko) Chrome/85.0.4183.102 Safari/537.36"
57.141.3.14 - - [14/Mar/2025:19:49:12 +0700] "GET /ms/?p=1071 HTTP/2" 301 0 "-" "meta-externalagent/1.1 (+https://developers.facebook.com/docs/sharing/webmasters/crawler)"
180.235.151.3 - - [14/Mar/2025:19:49:18 +0700] "POST /wp-cron.php?doing_wp_cron=1741956557.9993970394134521484375 HTTP/1.1" 403 1242 "-" "WordPress/6.7.2; https://www.aturtoko.id"
188.166.217.91 - - [14/Mar/2025:19:49:15 +0700] "GET /cache/k.php HTTP/1.1" 404 3371 "-" "Mozilla/5.0 (Windows NT 10.0; Win64; x64) AppleWebKit/537.36 (KHTML, like Gecko) Chrome/85.0.4183.102 Safari/537.36"
180.235.151.3 - - [14/Mar/2025:19:49:19 +0700] "POST /wp-cron.php?doing_wp_cron=1741956559.4750568866729736328125 HTTP/1.1" 403 1242 "-" "WordPress/6.7.2; https://www.aturtoko.id"
57.141.3.25 - - [14/Mar/2025:19:49:14 +0700] "GET /ms/blog/management/strategi/cara-melakukan-riset-produk-yang-tepat-untuk-bisnis-online-anda HTTP/2" 404 11514 "-" "meta-externalagent/1.1 (+https://developers.facebook.com/docs/sharing/webmasters/crawler)"
146.190.99.254 - - [14/Mar/2025:19:49:16 +0700] "GET /galekjaya.php?raimu=tgl99 HTTP/1.1" 301 0 "www.google.com" "Mozlila/5.0 (Linux; Android 7.0; SM-G892A Bulid/NRD90M; wv) AppleWebKit/537.36 (KHTML, like Gecko) Version/4.0 Chrome/60.0.3112.107 Moblie Safari/537.36"
57.141.3.17 - - [14/Mar/2025:19:49:17 +0700] "GET /blog/lainnya/5-penyebab-kegagalan-dalam-bisnis HTTP/2" 200 39883 "-" "meta-externalagent/1.1 (+https://developers.facebook.com/docs/sharing/webmasters/crawler)"
57.141.3.14 - - [14/Mar/2025:19:49:18 +0700] "GET /en/blog/tag/ewallet HTTP/2" 404 11514 "-" "meta-externalagent/1.1 (+https://developers.facebook.com/docs/sharing/webmasters/crawler)"
188.166.217.91 - - [14/Mar/2025:19:49:21 +0700] "GET /cache/wp.php HTTP/1.1" 404 3371 "-" "Mozilla/5.0 (Windows NT 10.0; Win64; x64) AppleWebKit/537.36 (KHTML, like Gecko) Chrome/85.0.4183.102 Safari/537.36"
57.141.3.25 - - [14/Mar/2025:19:49:20 +0700] "GET /blog/management/marketing/mengenal-lebih-jauh-pengertian-manfaat-dan-apa-fungsi-iklan HTTP/2" 200 44464 "-" "meta-externalagent/1.1 (+https://developers.facebook.com/docs/sharing/webmasters/crawler)"
146.190.99.254 - - [14/Mar/2025:19:49:23 +0700] "GET /r00t.php HTTP/1.1" 301 0 "www.google.com" "Mozlila/5.0 (Linux; Android 7.0; SM-G892A Bulid/NRD90M; wv) AppleWebKit/537.36 (KHTML, like Gecko) Version/4.0 Chrome/60.0.3112.107 Moblie Safari/537.36"
57.141.3.7 - - [14/Mar/2025:19:49:21 +0700] "GET /ms/blog/tag/layanan/ HTTP/2" 404 11514 "-" "meta-externalagent/1.1 (+https://developers.facebook.com/docs/sharing/webmasters/crawler)"
66.249.75.229 - - [14/Mar/2025:19:49:24 +0700] "GET /?e=43879888267 HTTP/1.1" 200 22029 "-" "Mozilla/5.0 (Linux; Android 6.0.1; Nexus 5X Build/MMB29P) AppleWebKit/537.36 (KHTML, like Gecko) Chrome/133.0.6943.141 Mobile Safari/537.36 (compatible; GoogleOther)"
57.141.3.26 - - [14/Mar/2025:19:49:24 +0700] "GET /ms/blog/management/legal/arti-izin-komersial-atau-operasional-apa-beda-dengan-izin-usaha HTTP/2" 404 11514 "-" "meta-externalagent/1.1 (+https://developers.facebook.com/docs/sharing/webmasters/crawler)"
146.190.99.254 - - [14/Mar/2025:19:49:28 +0700] "GET /Xzd.php HTTP/1.1" 301 0 "www.google.com" "Mozlila/5.0 (Linux; Android 7.0; SM-G892A Bulid/NRD90M; wv) AppleWebKit/537.36 (KHTML, like Gecko) Version/4.0 Chrome/60.0.3112.107 Moblie Safari/537.36"
188.166.217.91 - - [14/Mar/2025:19:49:28 +0700] "GET /cacheadmin.php HTTP/1.1" 404 3371 "-" "Mozilla/5.0 (Windows NT 10.0; Win64; x64) AppleWebKit/537.36 (KHTML, like Gecko) Chrome/85.0.4183.102 Safari/537.36"
57.141.3.5 - - [14/Mar/2025:19:49:26 +0700] "GET /en/blog/aturtoko-update/membuat-website-e-commerce-yang-menguntungkan/ HTTP/2" 404 11514 "-" "meta-externalagent/1.1 (+https://developers.facebook.com/docs/sharing/webmasters/crawler)"
57.141.3.15 - - [14/Mar/2025:19:49:28 +0700] "GET /en/blog/tag/endorse/ HTTP/2" 404 11514 "-" "meta-externalagent/1.1 (+https://developers.facebook.com/docs/sharing/webmasters/crawler)"
57.141.3.17 - - [14/Mar/2025:19:49:30 +0700] "GET /ms/blog/tag/digital/ HTTP/2" 404 11514 "-" "meta-externalagent/1.1 (+https://developers.facebook.com/docs/sharing/webmasters/crawler)"
57.141.3.18 - - [14/Mar/2025:19:49:32 +0700] "GET /blog/tag/penjualan/page/9 HTTP/2" 200 49220 "-" "meta-externalagent/1.1 (+https://developers.facebook.com/docs/sharing/webmasters/crawler)"
57.141.3.7 - - [14/Mar/2025:19:49:34 +0700] "GET /en/cara-jualan-di-lazada/serba-serbi-pembayaran-cod-lazada-yang-perlu-diketahui HTTP/2" 404 11514 "-" "meta-externalagent/1.1 (+https://developers.facebook.com/docs/sharing/webmasters/crawler)"
188.166.217.91 - - [14/Mar/2025:19:49:36 +0700] "GET /cachealfa.php HTTP/1.1" 404 3371 "-" "Mozilla/5.0 (Windows NT 10.0; Win64; x64) AppleWebKit/537.36 (KHTML, like Gecko) Chrome/85.0.4183.102 Safari/537.36"
57.141.3.11 - - [14/Mar/2025:19:49:36 +0700] "GET /ms/blog/teknologi/algoritma-adalah-definisi-ciri-ciri-jenis-fungsi-dan-contohnya/ HTTP/2" 404 11514 "-" "meta-externalagent/1.1 (+https://developers.facebook.com/docs/sharing/webmasters/crawler)"
146.190.99.254 - - [14/Mar/2025:19:49:35 +0700] "GET /radio.php?pass=shell HTTP/1.1" 301 0 "www.google.com" "Mozlila/5.0 (Linux; Android 7.0; SM-G892A Bulid/NRD90M; wv) AppleWebKit/537.36 (KHTML, like Gecko) Version/4.0 Chrome/60.0.3112.107 Moblie Safari/537.36"
57.141.3.7 - - [14/Mar/2025:19:49:38 +0700] "GET /ms/?p=973 HTTP/2" 301 0 "-" "meta-externalagent/1.1 (+https://developers.facebook.com/docs/sharing/webmasters/crawler)"
57.141.3.16 - - [14/Mar/2025:19:49:39 +0700] "GET /ms/blog/kewirausahaan/funding/contoh-proposal-usaha-yang-memikat-modal-menggaet-investor/ HTTP/2" 404 11514 "-" "meta-externalagent/1.1 (+https://developers.facebook.com/docs/sharing/webmasters/crawler)"
66.249.75.229 - - [14/Mar/2025:19:49:45 +0700] "GET /?e=58572811386 HTTP/1.1" 200 19503 "-" "Mozilla/5.0 (Linux; Android 6.0.1; Nexus 5X Build/MMB29P) AppleWebKit/537.36 (KHTML, like Gecko) Chrome/133.0.6943.141 Mobile Safari/537.36 (compatible; GoogleOther)"
146.190.99.254 - - [14/Mar/2025:19:49:43 +0700] "GET /content.php HTTP/1.1" 301 0 "www.google.com" "Mozlila/5.0 (Linux; Android 7.0; SM-G892A Bulid/NRD90M; wv) AppleWebKit/537.36 (KHTML, like Gecko) Version/4.0 Chrome/60.0.3112.107 Moblie Safari/537.36"
188.166.217.91 - - [14/Mar/2025:19:49:46 +0700] "GET /cachebypass.php HTTP/1.1" 404 3363 "-" "Mozilla/5.0 (Windows NT 10.0; Win64; x64) AppleWebKit/537.36 (KHTML, like Gecko) Chrome/85.0.4183.102 Safari/537.36"
213.180.203.52 - - [14/Mar/2025:19:49:50 +0700] "GET /robots.txt HTTP/1.1" 200 274 "-" "Mozilla/5.0 (compatible; YandexBot/3.0; +http://yandex.com/bots)"
146.190.99.254 - - [14/Mar/2025:19:49:49 +0700] "GET /about.php HTTP/1.1" 301 0 "www.google.com" "Mozlila/5.0 (Linux; Android 7.0; SM-G892A Bulid/NRD90M; wv) AppleWebKit/537.36 (KHTML, like Gecko) Version/4.0 Chrome/60.0.3112.107 Moblie Safari/537.36"
146.190.99.254 - - [14/Mar/2025:19:49:52 +0700] "GET /admin.php HTTP/1.1" 403 1242 "www.google.com" "Mozlila/5.0 (Linux; Android 7.0; SM-G892A Bulid/NRD90M; wv) AppleWebKit/537.36 (KHTML, like Gecko) Version/4.0 Chrome/60.0.3112.107 Moblie Safari/537.36"
188.166.217.91 - - [14/Mar/2025:19:49:51 +0700] "GET /cachek.php HTTP/1.1" 404 3363 "-" "Mozilla/5.0 (Windows NT 10.0; Win64; x64) AppleWebKit/537.36 (KHTML, like Gecko) Chrome/85.0.4183.102 Safari/537.36"
188.166.217.91 - - [14/Mar/2025:19:49:54 +0700] "GET /caches.php HTTP/1.1" 404 3371 "-" "Mozilla/5.0 (Windows NT 10.0; Win64; x64) AppleWebKit/537.36 (KHTML, like Gecko) Chrome/85.0.4183.102 Safari/537.36"
146.190.99.254 - - [14/Mar/2025:19:49:54 +0700] "GET /css.php HTTP/1.1" 301 0 "www.google.com" "Mozlila/5.0 (Linux; Android 7.0; SM-G892A Bulid/NRD90M; wv) AppleWebKit/537.36 (KHTML, like Gecko) Version/4.0 Chrome/60.0.3112.107 Moblie Safari/537.36"
146.190.99.254 - - [14/Mar/2025:19:49:59 +0700] "GET /doc.php HTTP/1.1" 301 0 "www.google.com" "Mozlila/5.0 (Linux; Android 7.0; SM-G892A Bulid/NRD90M; wv) AppleWebKit/537.36 (KHTML, like Gecko) Version/4.0 Chrome/60.0.3112.107 Moblie Safari/537.36"
188.166.217.91 - - [14/Mar/2025:19:49:59 +0700] "GET /cachewp.php HTTP/1.1" 404 3371 "-" "Mozilla/5.0 (Windows NT 10.0; Win64; x64) AppleWebKit/537.36 (KHTML, like Gecko) Chrome/85.0.4183.102 Safari/537.36"
146.190.99.254 - - [14/Mar/2025:19:50:03 +0700] "GET /wp_wrong_datlib.php HTTP/1.1" 301 0 "www.google.com" "Mozlila/5.0 (Linux; Android 7.0; SM-G892A Bulid/NRD90M; wv) AppleWebKit/537.36 (KHTML, like Gecko) Version/4.0 Chrome/60.0.3112.107 Moblie Safari/537.36"
188.166.217.91 - - [14/Mar/2025:19:50:03 +0700] "GET /catalog/admin.php HTTP/1.1" 404 3363 "-" "Mozilla/5.0 (Windows NT 10.0; Win64; x64) AppleWebKit/537.36 (KHTML, like Gecko) Chrome/85.0.4183.102 Safari/537.36"
66.249.75.229 - - [14/Mar/2025:19:50:07 +0700] "GET /item.php?e=41918151429 HTTP/1.1" 403 1242 "-" "Mozilla/5.0 (Linux; Android 6.0.1; Nexus 5X Build/MMB29P) AppleWebKit/537.36 (KHTML, like Gecko) Chrome/133.0.6943.141 Mobile Safari/537.36 (compatible; GoogleOther)"
57.141.3.5 - - [14/Mar/2025:19:50:06 +0700] "GET /ms/blog/tag/komunikasi-bisnis HTTP/2" 404 11514 "-" "meta-externalagent/1.1 (+https://developers.facebook.com/docs/sharing/webmasters/crawler)"
57.141.3.26 - - [14/Mar/2025:19:50:05 +0700] "GET /ms/blog/tag/izin-usaha/ HTTP/2" 404 11514 "-" "meta-externalagent/1.1 (+https://developers.facebook.com/docs/sharing/webmasters/crawler)"
146.190.99.254 - - [14/Mar/2025:19:50:08 +0700] "GET /v.php HTTP/1.1" 301 0 "www.google.com" "Mozlila/5.0 (Linux; Android 7.0; SM-G892A Bulid/NRD90M; wv) AppleWebKit/537.36 (KHTML, like Gecko) Version/4.0 Chrome/60.0.3112.107 Moblie Safari/537.36"
188.166.217.91 - - [14/Mar/2025:19:50:09 +0700] "GET /catalog/alfa.php HTTP/1.1" 404 3371 "-" "Mozilla/5.0 (Windows NT 10.0; Win64; x64) AppleWebKit/537.36 (KHTML, like Gecko) Chrome/85.0.4183.102 Safari/537.36"
57.141.3.2 - - [14/Mar/2025:19:50:08 +0700] "GET /ms/blog/manajemen-bisnis/teknik-copywriting-yang-efektif-pada-website-penjualan-anda/ HTTP/2" 404 11514 "-" "meta-externalagent/1.1 (+https://developers.facebook.com/docs/sharing/webmasters/crawler)"
57.141.3.19 - - [14/Mar/2025:19:50:11 +0700] "GET /ms/blog/tag/ideb/ HTTP/2" 404 11514 "-" "meta-externalagent/1.1 (+https://developers.facebook.com/docs/sharing/webmasters/crawler)"
188.166.217.91 - - [14/Mar/2025:19:50:12 +0700] "GET /catalog/bypass.php HTTP/1.1" 404 3363 "-" "Mozilla/5.0 (Windows NT 10.0; Win64; x64) AppleWebKit/537.36 (KHTML, like Gecko) Chrome/85.0.4183.102 Safari/537.36"
146.190.99.254 - - [14/Mar/2025:19:50:13 +0700] "GET /ups.php HTTP/1.1" 301 0 "www.google.com" "Mozlila/5.0 (Linux; Android 7.0; SM-G892A Bulid/NRD90M; wv) AppleWebKit/537.36 (KHTML, like Gecko) Version/4.0 Chrome/60.0.3112.107 Moblie Safari/537.36"
57.141.3.17 - - [14/Mar/2025:19:50:11 +0700] "GET /ms/?p=141 HTTP/2" 301 0 "-" "meta-externalagent/1.1 (+https://developers.facebook.com/docs/sharing/webmasters/crawler)"
57.141.3.13 - - [14/Mar/2025:19:50:15 +0700] "GET /ms/blog/management/strategi/cara-melakukan-riset-produk-yang-tepat-untuk-bisnis-online-anda/ HTTP/2" 404 11514 "-" "meta-externalagent/1.1 (+https://developers.facebook.com/docs/sharing/webmasters/crawler)"
146.190.99.254 - - [14/Mar/2025:19:50:18 +0700] "GET /up.php HTTP/1.1" 301 0 "www.google.com" "Mozlila/5.0 (Linux; Android 7.0; SM-G892A Bulid/NRD90M; wv) AppleWebKit/537.36 (KHTML, like Gecko) Version/4.0 Chrome/60.0.3112.107 Moblie Safari/537.36"
180.235.151.3 - - [14/Mar/2025:19:50:20 +0700] "POST /wp-cron.php?doing_wp_cron=1741956620.8681089878082275390625 HTTP/1.1" 403 1242 "-" "WordPress/6.7.2; https://www.aturtoko.id"
188.166.217.91 - - [14/Mar/2025:19:50:18 +0700] "GET /catalog/index.php HTTP/1.1" 301 0 "-" "Mozilla/5.0 (Windows NT 10.0; Win64; x64) AppleWebKit/537.36 (KHTML, like Gecko) Chrome/85.0.4183.102 Safari/537.36"
180.235.151.3 - - [14/Mar/2025:19:50:21 +0700] "POST /wp-cron.php?doing_wp_cron=1741956621.7492160797119140625000 HTTP/1.1" 403 1242 "-" "WordPress/6.7.2; https://www.aturtoko.id"
57.141.3.6 - - [14/Mar/2025:19:50:17 +0700] "GET /ms/blog/management/marketing/cara-menarik-pelanggan-agar-membeli-produk-kita-ini-trik-jitunya/feed HTTP/2" 404 11514 "-" "meta-externalagent/1.1 (+https://developers.facebook.com/docs/sharing/webmasters/crawler)"
180.235.151.3 - - [14/Mar/2025:19:50:22 +0700] "POST /wp-cron.php?doing_wp_cron=1741956622.0833950042724609375000 HTTP/1.1" 403 1242 "-" "WordPress/6.7.2; https://www.aturtoko.id"
57.141.3.17 - - [14/Mar/2025:19:50:17 +0700] "GET /blog/digital-marketing/memahami-strategi-omnichannel-marketing-dan-pentingnya-bagi-bisnis HTTP/2" 200 46860 "-" "meta-externalagent/1.1 (+https://developers.facebook.com/docs/sharing/webmasters/crawler)"
146.190.99.254 - - [14/Mar/2025:19:50:22 +0700] "GET /fw.php HTTP/1.1" 301 0 "www.google.com" "Mozlila/5.0 (Linux; Android 7.0; SM-G892A Bulid/NRD90M; wv) AppleWebKit/537.36 (KHTML, like Gecko) Version/4.0 Chrome/60.0.3112.107 Moblie Safari/537.36"
188.166.217.91 - - [14/Mar/2025:19:50:20 +0700] "GET /catalog/ HTTP/1.1" 404 3371 "-" "Mozilla/5.0 (Windows NT 10.0; Win64; x64) AppleWebKit/537.36 (KHTML, like Gecko) Chrome/85.0.4183.102 Safari/537.36"
57.141.3.27 - - [14/Mar/2025:19:50:22 +0700] "GET /en/blog/page/7 HTTP/2" 404 11514 "-" "meta-externalagent/1.1 (+https://developers.facebook.com/docs/sharing/webmasters/crawler)"
66.249.75.229 - - [14/Mar/2025:19:50:26 +0700] "GET /?e=47625163670 HTTP/1.1" 200 20083 "-" "Mozilla/5.0 (Linux; Android 6.0.1; Nexus 5X Build/MMB29P) AppleWebKit/537.36 (KHTML, like Gecko) Chrome/133.0.6943.141 Mobile Safari/537.36 (compatible; GoogleOther)"
57.141.3.13 - - [14/Mar/2025:19:50:24 +0700] "GET /en/blog/tag/konten HTTP/2" 404 11514 "-" "meta-externalagent/1.1 (+https://developers.facebook.com/docs/sharing/webmasters/crawler)"
57.141.3.5 - - [14/Mar/2025:19:50:27 +0700] "GET /ms/blog/management/marketing/segmentasi-pasar-pengertian-jenis-manfaat-hingga-prosedur-pelaksanaannya/ HTTP/2" 404 11514 "-" "meta-externalagent/1.1 (+https://developers.facebook.com/docs/sharing/webmasters/crawler)"
