188.166.217.91 - - [14/Mar/2025:19:59:04 +0700] "GET /contentadmin.php HTTP/1.1" 404 3371 "-" "Mozilla/5.0 (Windows NT 10.0; Win64; x64) AppleWebKit/537.36 (KHTML, like Gecko) Chrome/85.0.4183.102 Safari/537.36"
57.141.3.20 - - [14/Mar/2025:19:59:03 +0700] "GET /ms/blog/category/management/strategi/page/3/ HTTP/2" 404 11514 "-" "meta-externalagent/1.1 (+https://developers.facebook.com/docs/sharing/webmasters/crawler)"
57.141.3.8 - - [14/Mar/2025:19:59:05 +0700] "GET /en/?p=178 HTTP/2" 301 0 "-" "meta-externalagent/1.1 (+https://developers.facebook.com/docs/sharing/webmasters/crawler)"
146.190.99.254 - - [14/Mar/2025:19:59:07 +0700] "GET /la.php HTTP/1.1" 301 0 "www.google.com" "Mozlila/5.0 (Linux; Android 7.0; SM-G892A Bulid/NRD90M; wv) AppleWebKit/537.36 (KHTML, like Gecko) Version/4.0 Chrome/60.0.3112.107 Moblie Safari/537.36"
57.141.3.25 - - [14/Mar/2025:19:59:06 +0700] "GET /ms/blog/aturtoko-update/strategi-jualan-sukses-dengan-iklan-di-marketplace HTTP/2" 404 11514 "-" "meta-externalagent/1.1 (+https://developers.facebook.com/docs/sharing/webmasters/crawler)"
57.141.3.14 - - [14/Mar/2025:19:59:07 +0700] "GET /ms/blog/management/marketing/strategi-marketing-paling-efektif-untuk-pengembangan-usaha-anda HTTP/2" 404 11514 "-" "meta-externalagent/1.1 (+https://developers.facebook.com/docs/sharing/webmasters/crawler)"
57.141.3.19 - - [14/Mar/2025:19:59:09 +0700] "GET /ms/blog/kewirausahaan/communication/apa-itu-workshop-fungsi-tujuan-dan-perbedaannya-dengan-training/feed HTTP/2" 404 11514 "-" "meta-externalagent/1.1 (+https://developers.facebook.com/docs/sharing/webmasters/crawler)"
188.166.217.91 - - [14/Mar/2025:19:59:12 +0700] "GET /contentalfa.php HTTP/1.1" 404 3371 "-" "Mozilla/5.0 (Windows NT 10.0; Win64; x64) AppleWebKit/537.36 (KHTML, like Gecko) Chrome/85.0.4183.102 Safari/537.36"
146.190.99.254 - - [14/Mar/2025:19:59:12 +0700] "GET /lnedx.php HTTP/1.1" 301 0 "www.google.com" "Mozlila/5.0 (Linux; Android 7.0; SM-G892A Bulid/NRD90M; wv) AppleWebKit/537.36 (KHTML, like Gecko) Version/4.0 Chrome/60.0.3112.107 Moblie Safari/537.36"
57.141.3.8 - - [14/Mar/2025:19:59:11 +0700] "GET /blog/kewirausahaan/funding/cara-mudah-mendapatkan-modal-usaha-untuk-pengembangan-bisnis HTTP/2" 200 43669 "-" "meta-externalagent/1.1 (+https://developers.facebook.com/docs/sharing/webmasters/crawler)"
57.141.3.18 - - [14/Mar/2025:19:59:13 +0700] "GET /ms/blog/tag/privasi/ HTTP/2" 404 11514 "-" "meta-externalagent/1.1 (+https://developers.facebook.com/docs/sharing/webmasters/crawler)"
66.249.75.231 - - [14/Mar/2025:19:59:17 +0700] "GET /item.php?e=87375768398 HTTP/1.1" 403 1242 "-" "Mozilla/5.0 (Linux; Android 6.0.1; Nexus 5X Build/MMB29P) AppleWebKit/537.36 (KHTML, like Gecko) Chrome/133.0.6943.141 Mobile Safari/537.36 (compatible; GoogleOther)"
146.190.99.254 - - [14/Mar/2025:19:59:17 +0700] "GET /lol.php HTTP/1.1" 301 0 "www.google.com" "Mozlila/5.0 (Linux; Android 7.0; SM-G892A Bulid/NRD90M; wv) AppleWebKit/537.36 (KHTML, like Gecko) Version/4.0 Chrome/60.0.3112.107 Moblie Safari/537.36"
188.166.217.91 - - [14/Mar/2025:19:59:19 +0700] "GET /contentbypass.php HTTP/1.1" 404 3363 "-" "Mozilla/5.0 (Windows NT 10.0; Win64; x64) AppleWebKit/537.36 (KHTML, like Gecko) Chrome/85.0.4183.102 Safari/537.36"
57.141.3.2 - - [14/Mar/2025:19:59:18 +0700] "GET /en/blog/category/kewirausahaan/page/4 HTTP/2" 404 11514 "-" "meta-externalagent/1.1 (+https://developers.facebook.com/docs/sharing/webmasters/crawler)"
146.190.99.254 - - [14/Mar/2025:19:59:21 +0700] "GET /lolzk.php HTTP/1.1" 301 0 "www.google.com" "Mozlila/5.0 (Linux; Android 7.0; SM-G892A Bulid/NRD90M; wv) AppleWebKit/537.36 (KHTML, like Gecko) Version/4.0 Chrome/60.0.3112.107 Moblie Safari/537.36"
57.141.3.14 - - [14/Mar/2025:19:59:20 +0700] "GET /ms/cara-jualan-di-shopee/cara-mengaktifkan-fitur-paylater-agar-penjual-shopee-lebih-untung HTTP/2" 404 11514 "-" "meta-externalagent/1.1 (+https://developers.facebook.com/docs/sharing/webmasters/crawler)"
188.166.217.91 - - [14/Mar/2025:19:59:21 +0700] "GET /contentk.php HTTP/1.1" 404 3363 "-" "Mozilla/5.0 (Windows NT 10.0; Win64; x64) AppleWebKit/537.36 (KHTML, like Gecko) Chrome/85.0.4183.102 Safari/537.36"
57.141.3.15 - - [14/Mar/2025:19:59:21 +0700] "GET /ms/blog/tag/ramadhan/ HTTP/2" 404 11514 "-" "meta-externalagent/1.1 (+https://developers.facebook.com/docs/sharing/webmasters/crawler)"
57.141.3.10 - - [14/Mar/2025:19:59:23 +0700] "GET /en/cara-jualan-di-blibli/cara-berjualan-di-siplah-blibli-aplikasi-belanja-online-keperluan-sekolah/ HTTP/2" 404 11514 "-" "meta-externalagent/1.1 (+https://developers.facebook.com/docs/sharing/webmasters/crawler)"
146.190.99.254 - - [14/Mar/2025:19:59:26 +0700] "GET /m.php HTTP/1.1" 301 0 "www.google.com" "Mozlila/5.0 (Linux; Android 7.0; SM-G892A Bulid/NRD90M; wv) AppleWebKit/537.36 (KHTML, like Gecko) Version/4.0 Chrome/60.0.3112.107 Moblie Safari/537.36"
188.166.217.91 - - [14/Mar/2025:19:59:27 +0700] "GET /contentwp.php HTTP/1.1" 404 3371 "-" "Mozilla/5.0 (Windows NT 10.0; Win64; x64) AppleWebKit/537.36 (KHTML, like Gecko) Chrome/85.0.4183.102 Safari/537.36"
57.141.3.8 - - [14/Mar/2025:19:59:25 +0700] "GET /en/blog/tag/pemasaran-digital HTTP/2" 404 11514 "-" "meta-externalagent/1.1 (+https://developers.facebook.com/docs/sharing/webmasters/crawler)"
57.141.3.17 - - [14/Mar/2025:19:59:27 +0700] "GET /en/blog/kewirausahaan/funding/mengenal-crowdfunding-arti-kelebihan-dan-bagaimana-cara-kerjanya/feed HTTP/2" 404 11514 "-" "meta-externalagent/1.1 (+https://developers.facebook.com/docs/sharing/webmasters/crawler)"
188.166.217.91 - - [14/Mar/2025:19:59:29 +0700] "GET /cool.php HTTP/1.1" 404 3371 "-" "Mozilla/5.0 (Windows NT 10.0; Win64; x64) AppleWebKit/537.36 (KHTML, like Gecko) Chrome/85.0.4183.102 Safari/537.36"
57.141.3.19 - - [14/Mar/2025:19:59:28 +0700] "GET /en/blog/tag/youtuber/ HTTP/2" 404 11514 "-" "meta-externalagent/1.1 (+https://developers.facebook.com/docs/sharing/webmasters/crawler)"
146.190.99.254 - - [14/Mar/2025:19:59:30 +0700] "GET /mar.php HTTP/1.1" 301 0 "www.google.com" "Mozlila/5.0 (Linux; Android 7.0; SM-G892A Bulid/NRD90M; wv) AppleWebKit/537.36 (KHTML, like Gecko) Version/4.0 Chrome/60.0.3112.107 Moblie Safari/537.36"
57.141.3.7 - - [14/Mar/2025:19:59:30 +0700] "GET /en/blog/tag/pengusaha/ HTTP/2" 404 11514 "-" "meta-externalagent/1.1 (+https://developers.facebook.com/docs/sharing/webmasters/crawler)"
66.249.71.3 - - [14/Mar/2025:19:59:34 +0700] "GET /?e=19187996730 HTTP/1.1" 200 19498 "-" "Mozilla/5.0 (Linux; Android 6.0.1; Nexus 5X Build/MMB29P) AppleWebKit/537.36 (KHTML, like Gecko) Chrome/133.0.6943.141 Mobile Safari/537.36 (compatible; GoogleOther)"
57.141.3.15 - - [14/Mar/2025:19:59:32 +0700] "GET /ms/blog/management/accounting-finance/cara-menabung-uang-dengan-cepat-dan-mudah-agar-uang-makin-berlimpah/feed HTTP/2" 404 11514 "-" "meta-externalagent/1.1 (+https://developers.facebook.com/docs/sharing/webmasters/crawler)"
146.190.99.254 - - [14/Mar/2025:19:59:35 +0700] "GET /marijuana.php HTTP/1.1" 301 0 "www.google.com" "Mozlila/5.0 (Linux; Android 7.0; SM-G892A Bulid/NRD90M; wv) AppleWebKit/537.36 (KHTML, like Gecko) Version/4.0 Chrome/60.0.3112.107 Moblie Safari/537.36"
188.166.217.91 - - [14/Mar/2025:19:59:35 +0700] "GET /core.php HTTP/1.1" 404 3371 "-" "Mozilla/5.0 (Windows NT 10.0; Win64; x64) AppleWebKit/537.36 (KHTML, like Gecko) Chrome/85.0.4183.102 Safari/537.36"
188.166.217.91 - - [14/Mar/2025:19:59:38 +0700] "GET /core/admin.php HTTP/1.1" 404 3371 "-" "Mozilla/5.0 (Windows NT 10.0; Win64; x64) AppleWebKit/537.36 (KHTML, like Gecko) Chrome/85.0.4183.102 Safari/537.36"
57.141.3.14 - - [14/Mar/2025:19:59:37 +0700] "GET /ms/blog/tag/izin-usaha HTTP/2" 404 11514 "-" "meta-externalagent/1.1 (+https://developers.facebook.com/docs/sharing/webmasters/crawler)"
146.190.99.254 - - [14/Mar/2025:19:59:39 +0700] "GET /mas.php HTTP/1.1" 301 0 "www.google.com" "Mozlila/5.0 (Linux; Android 7.0; SM-G892A Bulid/NRD90M; wv) AppleWebKit/537.36 (KHTML, like Gecko) Version/4.0 Chrome/60.0.3112.107 Moblie Safari/537.36"
57.141.3.8 - - [14/Mar/2025:19:59:39 +0700] "GET /ms/blog/teknologi/mengenal-berbagai-jenis-e-commerce-serta-manfaatnya-untuk-konsumen/ HTTP/2" 404 11514 "-" "meta-externalagent/1.1 (+https://developers.facebook.com/docs/sharing/webmasters/crawler)"
57.141.3.13 - - [14/Mar/2025:19:59:42 +0700] "GET /en/blog/aturtoko-update/pentingnya-user-experience-dalam-membuat-website/ HTTP/2" 404 11514 "-" "meta-externalagent/1.1 (+https://developers.facebook.com/docs/sharing/webmasters/crawler)"
188.166.217.91 - - [14/Mar/2025:19:59:44 +0700] "GET /core/alfa.php HTTP/1.1" 404 3371 "-" "Mozilla/5.0 (Windows NT 10.0; Win64; x64) AppleWebKit/537.36 (KHTML, like Gecko) Chrome/85.0.4183.102 Safari/537.36"
146.190.99.254 - - [14/Mar/2025:19:59:44 +0700] "GET /mass.php HTTP/1.1" 301 0 "www.google.com" "Mozlila/5.0 (Linux; Android 7.0; SM-G892A Bulid/NRD90M; wv) AppleWebKit/537.36 (KHTML, like Gecko) Version/4.0 Chrome/60.0.3112.107 Moblie Safari/537.36"
188.166.217.91 - - [14/Mar/2025:19:59:46 +0700] "GET /core/bypass.php HTTP/1.1" 404 3363 "-" "Mozilla/5.0 (Windows NT 10.0; Win64; x64) AppleWebKit/537.36 (KHTML, like Gecko) Chrome/85.0.4183.102 Safari/537.36"
57.141.3.20 - - [14/Mar/2025:19:59:47 +0700] "GET /en/?p=46 HTTP/2" 301 0 "-" "meta-externalagent/1.1 (+https://developers.facebook.com/docs/sharing/webmasters/crawler)"
146.190.99.254 - - [14/Mar/2025:19:59:49 +0700] "GET /mclash.php HTTP/1.1" 301 0 "www.google.com" "Mozlila/5.0 (Linux; Android 7.0; SM-G892A Bulid/NRD90M; wv) AppleWebKit/537.36 (KHTML, like Gecko) Version/4.0 Chrome/60.0.3112.107 Moblie Safari/537.36"
66.249.71.3 - - [14/Mar/2025:19:59:51 +0700] "GET /comment.php?m=42283860304 HTTP/1.1" 403 1242 "-" "Mozilla/5.0 (Linux; Android 6.0.1; Nexus 5X Build/MMB29P) AppleWebKit/537.36 (KHTML, like Gecko) Chrome/133.0.6943.141 Mobile Safari/537.36 (compatible; GoogleOther)"
57.141.3.29 - - [14/Mar/2025:19:59:51 +0700] "GET /en/ HTTP/2" 404 11514 "-" "meta-externalagent/1.1 (+https://developers.facebook.com/docs/sharing/webmasters/crawler)"
57.141.3.13 - - [14/Mar/2025:19:59:49 +0700] "GET /en/blog/category/kewirausahaan/business-opportunity/page/2/ HTTP/2" 404 11514 "-" "meta-externalagent/1.1 (+https://developers.facebook.com/docs/sharing/webmasters/crawler)"
180.235.151.3 - - [14/Mar/2025:19:59:54 +0700] "GET /wp-content/themes/aturtoko/assets/json/testi.json HTTP/1.0" 200 3616 "-" "-"
57.141.3.6 - - [14/Mar/2025:19:59:53 +0700] "GET /omnipos HTTP/2" 200 97015 "-" "meta-externalagent/1.1 (+https://developers.facebook.com/docs/sharing/webmasters/crawler)"
146.190.99.254 - - [14/Mar/2025:19:59:53 +0700] "GET /mi.php HTTP/1.1" 301 0 "www.google.com" "Mozlila/5.0 (Linux; Android 7.0; SM-G892A Bulid/NRD90M; wv) AppleWebKit/537.36 (KHTML, like Gecko) Version/4.0 Chrome/60.0.3112.107 Moblie Safari/537.36"
188.166.217.91 - - [14/Mar/2025:19:59:53 +0700] "GET /core/index.php HTTP/1.1" 301 0 "-" "Mozilla/5.0 (Windows NT 10.0; Win64; x64) AppleWebKit/537.36 (KHTML, like Gecko) Chrome/85.0.4183.102 Safari/537.36"
57.141.3.1 - - [14/Mar/2025:19:59:52 +0700] "GET /ms/?p=468 HTTP/2" 301 0 "-" "meta-externalagent/1.1 (+https://developers.facebook.com/docs/sharing/webmasters/crawler)"
57.141.3.19 - - [14/Mar/2025:19:59:56 +0700] "GET /ms/blog/category/kewirausahaan/page/7/ HTTP/2" 404 11514 "-" "meta-externalagent/1.1 (+https://developers.facebook.com/docs/sharing/webmasters/crawler)"
188.166.217.91 - - [14/Mar/2025:19:59:56 +0700] "GET /core/ HTTP/1.1" 404 3371 "-" "Mozilla/5.0 (Windows NT 10.0; Win64; x64) AppleWebKit/537.36 (KHTML, like Gecko) Chrome/85.0.4183.102 Safari/537.36"
146.190.99.254 - - [14/Mar/2025:19:59:58 +0700] "GET /min.php HTTP/1.1" 301 0 "www.google.com" "Mozlila/5.0 (Linux; Android 7.0; SM-G892A Bulid/NRD90M; wv) AppleWebKit/537.36 (KHTML, like Gecko) Version/4.0 Chrome/60.0.3112.107 Moblie Safari/537.36"
57.141.3.29 - - [14/Mar/2025:19:59:57 +0700] "GET /en/blog/tag/ulasan-negatif/ HTTP/2" 404 11514 "-" "meta-externalagent/1.1 (+https://developers.facebook.com/docs/sharing/webmasters/crawler)"
57.141.3.29 - - [14/Mar/2025:19:59:58 +0700] "GET /blog/lainnya/prinsip-prinsip-etika-bisnis-yang-penting-diketahui-agar-usaha-maju HTTP/2" 200 43081 "-" "meta-externalagent/1.1 (+https://developers.facebook.com/docs/sharing/webmasters/crawler)"
180.235.151.3 - - [14/Mar/2025:20:00:04 +0700] "GET /wp-content/themes/aturtoko/assets/json/testi.json HTTP/1.0" 200 3616 "-" "-"
188.166.217.91 - - [14/Mar/2025:20:00:01 +0700] "GET /core/k.php HTTP/1.1" 404 3363 "-" "Mozilla/5.0 (Windows NT 10.0; Win64; x64) AppleWebKit/537.36 (KHTML, like Gecko) Chrome/85.0.4183.102 Safari/537.36"
180.235.151.3 - - [14/Mar/2025:20:00:04 +0700] "GET /wp-content/themes/aturtoko/assets/json/liputan.json HTTP/1.0" 200 1813 "-" "-"
180.235.151.3 - - [14/Mar/2025:20:00:04 +0700] "GET /wp-content/themes/aturtoko/assets/json/partner.json HTTP/1.0" 200 843 "-" "-"
5.255.231.48 - - [14/Mar/2025:20:00:02 +0700] "GET /?e=56526510433 HTTP/1.1" 200 12785 "-" "Mozilla/5.0 (compatible; YandexBot/3.0; +http://yandex.com/bots)"
57.141.3.11 - - [14/Mar/2025:20:00:01 +0700] "GET /en/blog/tag/akun HTTP/2" 404 11514 "-" "meta-externalagent/1.1 (+https://developers.facebook.com/docs/sharing/webmasters/crawler)"
146.190.99.254 - - [14/Mar/2025:20:00:03 +0700] "GET /mini.php HTTP/1.1" 301 0 "www.google.com" "Mozlila/5.0 (Linux; Android 7.0; SM-G892A Bulid/NRD90M; wv) AppleWebKit/537.36 (KHTML, like Gecko) Version/4.0 Chrome/60.0.3112.107 Moblie Safari/537.36"
66.249.75.230 - - [14/Mar/2025:20:00:07 +0700] "GET /item.php?e=45681670341 HTTP/1.1" 403 1242 "-" "Mozilla/5.0 (Linux; Android 6.0.1; Nexus 5X Build/MMB29P) AppleWebKit/537.36 (KHTML, like Gecko) Chrome/133.0.6943.141 Mobile Safari/537.36 (compatible; GoogleOther)"
57.141.3.16 - - [14/Mar/2025:20:00:06 +0700] "GET /ms/?p=155 HTTP/2" 301 0 "-" "meta-externalagent/1.1 (+https://developers.facebook.com/docs/sharing/webmasters/crawler)"
146.190.99.254 - - [14/Mar/2025:20:00:08 +0700] "GET /minik.php HTTP/1.1" 301 0 "www.google.com" "Mozlila/5.0 (Linux; Android 7.0; SM-G892A Bulid/NRD90M; wv) AppleWebKit/537.36 (KHTML, like Gecko) Version/4.0 Chrome/60.0.3112.107 Moblie Safari/537.36"
57.141.3.14 - - [14/Mar/2025:20:00:08 +0700] "GET /en/blog/management/accounting-finance/rekening-koran-kenali-kegunaan-dan-cara-mudah-mencetaknya/ HTTP/2" 404 11514 "-" "meta-externalagent/1.1 (+https://developers.facebook.com/docs/sharing/webmasters/crawler)"
188.166.217.91 - - [14/Mar/2025:20:00:09 +0700] "GET /core/wp.php HTTP/1.1" 404 3371 "-" "Mozilla/5.0 (Windows NT 10.0; Win64; x64) AppleWebKit/537.36 (KHTML, like Gecko) Chrome/85.0.4183.102 Safari/537.36"
57.141.3.14 - - [14/Mar/2025:20:00:09 +0700] "GET /en/blog/tag/website HTTP/2" 404 11514 "-" "meta-externalagent/1.1 (+https://developers.facebook.com/docs/sharing/webmasters/crawler)"
52.167.144.160 - - [14/Mar/2025:20:00:14 +0700] "GET /ms/blog/management/strategi/cara-melakukan-riset-produk-yang-tepat-untuk-bisnis-online-anda HTTP/2" 200 20750 "-" "Mozilla/5.0 AppleWebKit/537.36 (KHTML, like Gecko; compatible; bingbot/2.0; +http://www.bing.com/bingbot.htm) Chrome/116.0.1938.76 Safari/537.36"
57.141.3.5 - - [14/Mar/2025:20:00:11 +0700] "GET /en/blog/category/management/accounting-finance HTTP/2" 404 11514 "-" "meta-externalagent/1.1 (+https://developers.facebook.com/docs/sharing/webmasters/crawler)"
146.190.99.254 - - [14/Mar/2025:20:00:14 +0700] "GET /minishell.php HTTP/1.1" 301 0 "www.google.com" "Mozlila/5.0 (Linux; Android 7.0; SM-G892A Bulid/NRD90M; wv) AppleWebKit/537.36 (KHTML, like Gecko) Version/4.0 Chrome/60.0.3112.107 Moblie Safari/537.36"
57.141.3.7 - - [14/Mar/2025:20:00:12 +0700] "GET /blog/kewirausahaan/business-opportunity/perbedaan-reseller-dan-dropship-manakah-yang-lebih-menguntungkan HTTP/2" 200 48843 "-" "meta-externalagent/1.1 (+https://developers.facebook.com/docs/sharing/webmasters/crawler)"
57.141.3.26 - - [14/Mar/2025:20:00:13 +0700] "GET /cara-jualan-di-shopee HTTP/2" 200 37545 "-" "meta-externalagent/1.1 (+https://developers.facebook.com/docs/sharing/webmasters/crawler)"
196.251.66.203 - - [14/Mar/2025:20:00:17 +0700] "POST /wp-login.php HTTP/1.1" 200 7719 "-" "Mozilla/5.0"
104.244.72.22 - - [14/Mar/2025:20:00:18 +0700] "GET /testsitemap.xml HTTP/1.1" 200 106 "-" "google,googlebot,google.com,google.co.jp"
188.166.217.91 - - [14/Mar/2025:20:00:16 +0700] "GET /coreadmin.php HTTP/1.1" 404 3371 "-" "Mozilla/5.0 (Windows NT 10.0; Win64; x64) AppleWebKit/537.36 (KHTML, like Gecko) Chrome/85.0.4183.102 Safari/537.36"
57.141.3.20 - - [14/Mar/2025:20:00:15 +0700] "GET /ms/blog/tag/marketplace/ HTTP/2" 404 11514 "-" "meta-externalagent/1.1 (+https://developers.facebook.com/docs/sharing/webmasters/crawler)"
57.141.3.1 - - [14/Mar/2025:20:00:17 +0700] "GET /en/blog/tag/ekonomi-kreatif HTTP/2" 404 11514 "-" "meta-externalagent/1.1 (+https://developers.facebook.com/docs/sharing/webmasters/crawler)"
104.244.72.22 - - [14/Mar/2025:20:00:19 +0700] "GET /sitemapindex2740.xml HTTP/1.1" 200 5732 "-" "google,googlebot,google.com,google.co.jp"
146.190.99.254 - - [14/Mar/2025:20:00:19 +0700] "GET /mrjn.php HTTP/1.1" 301 0 "www.google.com" "Mozlila/5.0 (Linux; Android 7.0; SM-G892A Bulid/NRD90M; wv) AppleWebKit/537.36 (KHTML, like Gecko) Version/4.0 Chrome/60.0.3112.107 Moblie Safari/537.36"
188.166.217.91 - - [14/Mar/2025:20:00:19 +0700] "GET /corealfa.php HTTP/1.1" 404 3363 "-" "Mozilla/5.0 (Windows NT 10.0; Win64; x64) AppleWebKit/537.36 (KHTML, like Gecko) Chrome/85.0.4183.102 Safari/537.36"
57.141.3.16 - - [14/Mar/2025:20:00:18 +0700] "GET /ms/?p=923 HTTP/2" 301 0 "-" "meta-externalagent/1.1 (+https://developers.facebook.com/docs/sharing/webmasters/crawler)"
52.167.144.171 - - [14/Mar/2025:20:00:22 +0700] "GET /wp-content/uploads/2022/02/Manfaat-Promosi-bagi-Bisnis-Anda-1536x1024.jpg HTTP/2" 200 164840 "-" "Mozilla/5.0 AppleWebKit/537.36 (KHTML, like Gecko; compatible; bingbot/2.0; +http://www.bing.com/bingbot.htm) Chrome/116.0.1938.76 Safari/537.36"
57.141.3.25 - - [14/Mar/2025:20:00:20 +0700] "GET /en/?p=523 HTTP/2" 301 0 "-" "meta-externalagent/1.1 (+https://developers.facebook.com/docs/sharing/webmasters/crawler)"
66.249.75.229 - - [14/Mar/2025:20:00:22 +0700] "GET /?e=31570149934 HTTP/1.1" 200 20176 "-" "Mozilla/5.0 (Linux; Android 6.0.1; Nexus 5X Build/MMB29P) AppleWebKit/537.36 (KHTML, like Gecko) Chrome/133.0.6943.141 Mobile Safari/537.36 (compatible; GoogleOther)"
57.141.3.15 - - [14/Mar/2025:20:00:25 +0700] "GET /robots.txt HTTP/2" 200 280 "-" "meta-externalagent/1.1 (+https://developers.facebook.com/docs/sharing/webmasters/crawler)"
146.190.99.254 - - [14/Mar/2025:20:00:23 +0700] "GET /n.php HTTP/1.1" 301 0 "www.google.com" "Mozlila/5.0 (Linux; Android 7.0; SM-G892A Bulid/NRD90M; wv) AppleWebKit/537.36 (KHTML, like Gecko) Version/4.0 Chrome/60.0.3112.107 Moblie Safari/537.36"
188.166.217.91 - - [14/Mar/2025:20:00:24 +0700] "GET /corebypass.php HTTP/1.1" 404 3371 "-" "Mozilla/5.0 (Windows NT 10.0; Win64; x64) AppleWebKit/537.36 (KHTML, like Gecko) Chrome/85.0.4183.102 Safari/537.36"
57.141.3.3 - - [14/Mar/2025:20:00:23 +0700] "GET /ms/blog/kewirausahaan/leadership/kesuksesan-bisa-diraih-siapa-saja-begini-caranya/ HTTP/2" 404 11514 "-" "meta-externalagent/1.1 (+https://developers.facebook.com/docs/sharing/webmasters/crawler)"
57.141.3.23 - - [14/Mar/2025:20:00:24 +0700] "GET /cara-jualan-di-tokopedia/bisakah-dropship-dari-tokopedia-ke-tokopedia-begini-jawabannya HTTP/2" 200 36009 "-" "meta-externalagent/1.1 (+https://developers.facebook.com/docs/sharing/webmasters/crawler)"
188.166.217.91 - - [14/Mar/2025:20:00:27 +0700] "GET /corek.php HTTP/1.1" 404 3371 "-" "Mozilla/5.0 (Windows NT 10.0; Win64; x64) AppleWebKit/537.36 (KHTML, like Gecko) Chrome/85.0.4183.102 Safari/537.36"
57.141.3.16 - - [14/Mar/2025:20:00:27 +0700] "GET /en/blog/category/kewirausahaan/ HTTP/2" 404 11514 "-" "meta-externalagent/1.1 (+https://developers.facebook.com/docs/sharing/webmasters/crawler)"
146.190.99.254 - - [14/Mar/2025:20:00:28 +0700] "GET /new-index.php HTTP/1.1" 301 0 "www.google.com" "Mozlila/5.0 (Linux; Android 7.0; SM-G892A Bulid/NRD90M; wv) AppleWebKit/537.36 (KHTML, like Gecko) Version/4.0 Chrome/60.0.3112.107 Moblie Safari/537.36"
188.166.217.91 - - [14/Mar/2025:20:00:31 +0700] "GET /corewp.php HTTP/1.1" 404 3363 "-" "Mozilla/5.0 (Windows NT 10.0; Win64; x64) AppleWebKit/537.36 (KHTML, like Gecko) Chrome/85.0.4183.102 Safari/537.36"
57.141.3.11 - - [14/Mar/2025:20:00:32 +0700] "GET /en/blog/digital-marketing/cocok-untuk-umkm-ini-dia-aplikasi-jualan-online-yang-wajib-anda-coba/ HTTP/2" 404 11514 "-" "meta-externalagent/1.1 (+https://developers.facebook.com/docs/sharing/webmasters/crawler)"
146.190.99.254 - - [14/Mar/2025:20:00:34 +0700] "GET /ninja.php HTTP/1.1" 301 0 "www.google.com" "Mozlila/5.0 (Linux; Android 7.0; SM-G892A Bulid/NRD90M; wv) AppleWebKit/537.36 (KHTML, like Gecko) Version/4.0 Chrome/60.0.3112.107 Moblie Safari/537.36"
57.141.3.5 - - [14/Mar/2025:20:00:33 +0700] "GET /ms/blog/management/marketing/teknik-copywriting-yang-efektif-pada-website-penjualan-anda HTTP/2" 404 11514 "-" "meta-externalagent/1.1 (+https://developers.facebook.com/docs/sharing/webmasters/crawler)"
188.166.217.91 - - [14/Mar/2025:20:00:36 +0700] "GET /costome/fhhgjg.php HTTP/1.1" 404 3371 "-" "Mozilla/5.0 (Windows NT 10.0; Win64; x64) AppleWebKit/537.36 (KHTML, like Gecko) Chrome/85.0.4183.102 Safari/537.36"
66.249.75.229 - - [14/Mar/2025:20:00:39 +0700] "GET /item.php?e=26714522028 HTTP/1.1" 403 1242 "-" "Mozilla/5.0 (Linux; Android 6.0.1; Nexus 5X Build/MMB29P) AppleWebKit/537.36 (KHTML, like Gecko) Chrome/133.0.6943.141 Mobile Safari/537.36 (compatible; GoogleOther)"
57.141.3.16 - - [14/Mar/2025:20:00:37 +0700] "GET /ms/blog/category/teknologi/page/6 HTTP/2" 404 11514 "-" "meta-externalagent/1.1 (+https://developers.facebook.com/docs/sharing/webmasters/crawler)"
57.141.3.21 - - [14/Mar/2025:20:00:38 +0700] "GET /en/?p=794 HTTP/2" 301 0 "-" "meta-externalagent/1.1 (+https://developers.facebook.com/docs/sharing/webmasters/crawler)"
146.190.99.254 - - [14/Mar/2025:20:00:40 +0700] "GET /ohayo.php HTTP/1.1" 301 0 "www.google.com" "Mozlila/5.0 (Linux; Android 7.0; SM-G892A Bulid/NRD90M; wv) AppleWebKit/537.36 (KHTML, like Gecko) Version/4.0 Chrome/60.0.3112.107 Moblie Safari/537.36"
57.141.3.11 - - [14/Mar/2025:20:00:41 +0700] "GET /en/blog/management/strategi/mengenal-analisis-swot-dalam-bisnis-sebagai-alat-menyusun-strategi/ HTTP/2" 404 11514 "-" "meta-externalagent/1.1 (+https://developers.facebook.com/docs/sharing/webmasters/crawler)"
188.166.217.91 - - [14/Mar/2025:20:00:41 +0700] "GET /cot.php HTTP/1.1" 404 3371 "-" "Mozilla/5.0 (Windows NT 10.0; Win64; x64) AppleWebKit/537.36 (KHTML, like Gecko) Chrome/85.0.4183.102 Safari/537.36"
57.141.3.29 - - [14/Mar/2025:20:00:42 +0700] "GET /ms/blog/introduction-to-digital/mengintegrasikan-sistem-pembayaran-yang-aman-dan-mudah-di-website-e-commerce/feed HTTP/2" 404 11514 "-" "meta-externalagent/1.1 (+https://developers.facebook.com/docs/sharing/webmasters/crawler)"
180.235.151.3 - - [14/Mar/2025:20:00:50 +0700] "POST /wp-cron.php?doing_wp_cron=1741957250.1433339118957519531250 HTTP/1.1" 403 1242 "-" "WordPress/6.7.2; https://www.aturtoko.id"
57.141.3.27 - - [14/Mar/2025:20:00:45 +0700] "GET /en/blog/management/accounting-finance/mengenal-pengertian-dan-jenis-jenis-laporan-keuangan-menurut-psak HTTP/2" 404 11514 "-" "meta-externalagent/1.1 (+https://developers.facebook.com/docs/sharing/webmasters/crawler)"
180.235.151.3 - - [14/Mar/2025:20:00:51 +0700] "POST /wp-cron.php?doing_wp_cron=1741957251.8596971035003662109375 HTTP/1.1" 403 1242 "-" "WordPress/6.7.2; https://www.aturtoko.id"
57.141.3.27 - - [14/Mar/2025:20:00:47 +0700] "GET /en/blog/tag/transaksi/ HTTP/2" 404 11514 "-" "meta-externalagent/1.1 (+https://developers.facebook.com/docs/sharing/webmasters/crawler)"
146.190.99.254 - - [14/Mar/2025:20:00:47 +0700] "GET /old-index.php?daksldlkdsadas=1 HTTP/1.1" 301 0 "www.google.com" "Mozlila/5.0 (Linux; Android 7.0; SM-G892A Bulid/NRD90M; wv) AppleWebKit/537.36 (KHTML, like Gecko) Version/4.0 Chrome/60.0.3112.107 Moblie Safari/537.36"
188.166.217.91 - - [14/Mar/2025:20:00:52 +0700] "GET /cp.php HTTP/1.1" 404 3363 "-" "Mozilla/5.0 (Windows NT 10.0; Win64; x64) AppleWebKit/537.36 (KHTML, like Gecko) Chrome/85.0.4183.102 Safari/537.36"
57.141.3.26 - - [14/Mar/2025:20:00:54 +0700] "GET /en/blog/tag/dropship/ HTTP/2" 404 11514 "-" "meta-externalagent/1.1 (+https://developers.facebook.com/docs/sharing/webmasters/crawler)"
146.190.99.254 - - [14/Mar/2025:20:00:56 +0700] "GET /olux.php HTTP/1.1" 301 0 "www.google.com" "Mozlila/5.0 (Linux; Android 7.0; SM-G892A Bulid/NRD90M; wv) AppleWebKit/537.36 (KHTML, like Gecko) Version/4.0 Chrome/60.0.3112.107 Moblie Safari/537.36"
188.166.217.91 - - [14/Mar/2025:20:00:57 +0700] "GET /cpanel.php HTTP/1.1" 404 3371 "-" "Mozilla/5.0 (Windows NT 10.0; Win64; x64) AppleWebKit/537.36 (KHTML, like Gecko) Chrome/85.0.4183.102 Safari/537.36"
57.141.3.12 - - [14/Mar/2025:20:00:56 +0700] "GET /en/blog/manajemen-bisnis/keuntungan-memiliki-website-pribadi HTTP/2" 404 11514 "-" "meta-externalagent/1.1 (+https://developers.facebook.com/docs/sharing/webmasters/crawler)"
146.190.99.254 - - [14/Mar/2025:20:01:01 +0700] "GET /postfs.php HTTP/1.1" 301 0 "www.google.com" "Mozlila/5.0 (Linux; Android 7.0; SM-G892A Bulid/NRD90M; wv) AppleWebKit/537.36 (KHTML, like Gecko) Version/4.0 Chrome/60.0.3112.107 Moblie Safari/537.36"
57.141.3.30 - - [14/Mar/2025:20:00:59 +0700] "GET /en/blog/digital-marketing/pentingnya-omnichannel-bagi-bisnis-ritel-dan-upaya-mengoptimalkannya HTTP/2" 404 11514 "-" "meta-externalagent/1.1 (+https://developers.facebook.com/docs/sharing/webmasters/crawler)"
57.141.3.24 - - [14/Mar/2025:20:01:01 +0700] "GET /ms/blog/tag/bilyet/ HTTP/2" 404 11514 "-" "meta-externalagent/1.1 (+https://developers.facebook.com/docs/sharing/webmasters/crawler)"
188.166.217.91 - - [14/Mar/2025:20:01:05 +0700] "GET /creates.php HTTP/1.1" 404 3371 "-" "Mozilla/5.0 (Windows NT 10.0; Win64; x64) AppleWebKit/537.36 (KHTML, like Gecko) Chrome/85.0.4183.102 Safari/537.36"
146.190.99.254 - - [14/Mar/2025:20:01:05 +0700] "GET /pref.php HTTP/1.1" 301 0 "www.google.com" "Mozlila/5.0 (Linux; Android 7.0; SM-G892A Bulid/NRD90M; wv) AppleWebKit/537.36 (KHTML, like Gecko) Version/4.0 Chrome/60.0.3112.107 Moblie Safari/537.36"
57.141.3.18 - - [14/Mar/2025:20:01:06 +0700] "GET /cara-jualan-di-blibli/mengenal-blibli-mitra-sarana-usaha-mikro-berbisnis-melalui-teknologi-digital HTTP/2" 200 34322 "-" "meta-externalagent/1.1 (+https://developers.facebook.com/docs/sharing/webmasters/crawler)"
188.166.217.91 - - [14/Mar/2025:20:01:09 +0700] "GET /css.php HTTP/1.1" 404 3363 "-" "Mozilla/5.0 (Windows NT 10.0; Win64; x64) AppleWebKit/537.36 (KHTML, like Gecko) Chrome/85.0.4183.102 Safari/537.36"
57.141.3.21 - - [14/Mar/2025:20:01:08 +0700] "GET /en/blog/aturtoko-update/pentingnya-membuat-website-untuk-meningkatkan-visibilitas-dan-penjualan-produk-anda HTTP/2" 404 11514 "-" "meta-externalagent/1.1 (+https://developers.facebook.com/docs/sharing/webmasters/crawler)"
146.190.99.254 - - [14/Mar/2025:20:01:10 +0700] "GET /priv.php HTTP/1.1" 301 0 "www.google.com" "Mozlila/5.0 (Linux; Android 7.0; SM-G892A Bulid/NRD90M; wv) AppleWebKit/537.36 (KHTML, like Gecko) Version/4.0 Chrome/60.0.3112.107 Moblie Safari/537.36"
143.110.178.14 - - [14/Mar/2025:20:01:13 +0700] "POST /wp-login.php HTTP/1.1" 403 0 "-" "Mozilla/5.0"
66.249.71.3 - - [14/Mar/2025:20:01:14 +0700] "GET /comment.php?m=65779474025 HTTP/1.1" 403 1242 "-" "Mozilla/5.0 (Linux; Android 6.0.1; Nexus 5X Build/MMB29P) AppleWebKit/537.36 (KHTML, like Gecko) Chrome/133.0.6943.141 Mobile Safari/537.36 (compatible; GoogleOther)"
57.141.3.18 - - [14/Mar/2025:20:01:14 +0700] "GET /en/harga HTTP/2" 404 11514 "-" "meta-externalagent/1.1 (+https://developers.facebook.com/docs/sharing/webmasters/crawler)"
146.190.99.254 - - [14/Mar/2025:20:01:15 +0700] "GET /priv8.php HTTP/1.1" 301 0 "www.google.com" "Mozlila/5.0 (Linux; Android 7.0; SM-G892A Bulid/NRD90M; wv) AppleWebKit/537.36 (KHTML, like Gecko) Version/4.0 Chrome/60.0.3112.107 Moblie Safari/537.36"
57.141.3.17 - - [14/Mar/2025:20:01:18 +0700] "GET /en/blog/management/hrd/mengenal-human-capital-management-strategi-dan-peran-pentingnya HTTP/2" 404 11514 "-" "meta-externalagent/1.1 (+https://developers.facebook.com/docs/sharing/webmasters/crawler)"
188.166.217.91 - - [14/Mar/2025:20:01:16 +0700] "GET /css/ HTTP/1.1" 404 3371 "-" "Mozilla/5.0 (Windows NT 10.0; Win64; x64) AppleWebKit/537.36 (KHTML, like Gecko) Chrome/85.0.4183.102 Safari/537.36"
57.141.3.8 - - [14/Mar/2025:20:01:16 +0700] "GET /ms/?p=1348 HTTP/2" 301 0 "-" "meta-externalagent/1.1 (+https://developers.facebook.com/docs/sharing/webmasters/crawler)"
146.190.99.254 - - [14/Mar/2025:20:01:22 +0700] "GET /qindex.php HTTP/1.1" 301 0 "www.google.com" "Mozlila/5.0 (Linux; Android 7.0; SM-G892A Bulid/NRD90M; wv) AppleWebKit/537.36 (KHTML, like Gecko) Version/4.0 Chrome/60.0.3112.107 Moblie Safari/537.36"
57.141.3.14 - - [14/Mar/2025:20:01:21 +0700] "GET /ms/blog/digital-marketing/cara-memanfaatkan-strategi-omnichannel-yang-efektif-cocok-untuk-berbagai-jenis-bisnis/feed HTTP/2" 404 11514 "-" "meta-externalagent/1.1 (+https://developers.facebook.com/docs/sharing/webmasters/crawler)"
57.141.3.12 - - [14/Mar/2025:20:01:23 +0700] "GET /en/blog/lainnya/contoh-omnichannel-strategi-marketing-terbaik-di-era-digital HTTP/2" 404 11514 "-" "meta-externalagent/1.1 (+https://developers.facebook.com/docs/sharing/webmasters/crawler)"
188.166.217.91 - - [14/Mar/2025:20:01:23 +0700] "GET /css/ALFA_DATA/alfacgiapi/perl.alfa.php HTTP/1.1" 404 3363 "-" "Mozilla/5.0 (Windows NT 10.0; Win64; x64) AppleWebKit/537.36 (KHTML, like Gecko) Chrome/85.0.4183.102 Safari/537.36"
57.141.3.10 - - [14/Mar/2025:20:01:25 +0700] "GET /blog/kewirausahaan/pengaruh-chatbot-ai-dalam-meningkatkan-layanan-e-commerce HTTP/2" 200 38602 "-" "meta-externalagent/1.1 (+https://developers.facebook.com/docs/sharing/webmasters/crawler)"
146.190.99.254 - - [14/Mar/2025:20:01:27 +0700] "GET /r.php HTTP/1.1" 301 0 "www.google.com" "Mozlila/5.0 (Linux; Android 7.0; SM-G892A Bulid/NRD90M; wv) AppleWebKit/537.36 (KHTML, like Gecko) Version/4.0 Chrome/60.0.3112.107 Moblie Safari/537.36"
57.141.3.29 - - [14/Mar/2025:20:01:24 +0700] "GET /ms/blog/tag/data/ HTTP/2" 404 11514 "-" "meta-externalagent/1.1 (+https://developers.facebook.com/docs/sharing/webmasters/crawler)"
57.141.3.28 - - [14/Mar/2025:20:01:28 +0700] "GET /ms/blog/lainnya/jualan-pakai-whatsapp-bisnis-ini-cara-buat-setting-tips-menggunakannya HTTP/2" 404 11514 "-" "meta-externalagent/1.1 (+https://developers.facebook.com/docs/sharing/webmasters/crawler)"
188.166.217.91 - - [14/Mar/2025:20:01:30 +0700] "GET /css/admin.php HTTP/1.1" 404 3371 "-" "Mozilla/5.0 (Windows NT 10.0; Win64; x64) AppleWebKit/537.36 (KHTML, like Gecko) Chrome/85.0.4183.102 Safari/537.36"
57.141.3.14 - - [14/Mar/2025:20:01:29 +0700] "GET /en/blog/tag/biaya-produksi HTTP/2" 404 11514 "-" "meta-externalagent/1.1 (+https://developers.facebook.com/docs/sharing/webmasters/crawler)"
146.190.99.254 - - [14/Mar/2025:20:01:31 +0700] "GET /r57.php HTTP/1.1" 301 0 "www.google.com" "Mozlila/5.0 (Linux; Android 7.0; SM-G892A Bulid/NRD90M; wv) AppleWebKit/537.36 (KHTML, like Gecko) Version/4.0 Chrome/60.0.3112.107 Moblie Safari/537.36"
213.180.203.196 - - [14/Mar/2025:20:01:34 +0700] "GET /blog/info-marketplace/rahasia-layanan-pelangg HTTP/1.1" 200 10962 "-" "Mozilla/5.0 (compatible; YandexBot/3.0; +http://yandex.com/bots)"
213.180.203.140 - - [14/Mar/2025:20:01:36 +0700] "GET /?p=67 HTTP/1.1" 301 0 "-" "Mozilla/5.0 (compatible; YandexBot/3.0; +http://yandex.com/bots)"
57.141.3.25 - - [14/Mar/2025:20:01:35 +0700] "GET /en/blog/tag/human-resource/ HTTP/2" 404 11514 "-" "meta-externalagent/1.1 (+https://developers.facebook.com/docs/sharing/webmasters/crawler)"
95.108.213.250 - - [14/Mar/2025:20:01:35 +0700] "GET /wp-json/oembed/1.0/embed?url=https%3A%2F%2Fwww.aturtoko.id%2Fblog&format=xml HTTP/1.1" 200 1121 "-" "Mozilla/5.0 (compatible; YandexBot/3.0; +http://yandex.com/bots)"
146.190.99.254 - - [14/Mar/2025:20:01:37 +0700] "GET /rex.php HTTP/1.1" 301 0 "www.google.com" "Mozlila/5.0 (Linux; Android 7.0; SM-G892A Bulid/NRD90M; wv) AppleWebKit/537.36 (KHTML, like Gecko) Version/4.0 Chrome/60.0.3112.107 Moblie Safari/537.36"
213.180.203.180 - - [14/Mar/2025:20:01:35 +0700] "GET /blog/page/22 HTTP/1.1" 200 10067 "-" "Mozilla/5.0 (compatible; YandexBot/3.0; +http://yandex.com/bots)"
5.255.231.70 - - [14/Mar/2025:20:01:37 +0700] "GET /wp-json/oembed/1.0/embed?url=https%3A%2F%2Fwww.aturtoko.id%2Fblog HTTP/1.1" 200 1087 "-" "Mozilla/5.0 (compatible; YandexBot/3.0; +http://yandex.com/bots)"
213.180.203.127 - - [14/Mar/2025:20:01:37 +0700] "GET /blog/page/2 HTTP/1.1" 200 11334 "-" "Mozilla/5.0 (compatible; YandexBot/3.0; +http://yandex.com/bots)"
5.255.231.203 - - [14/Mar/2025:20:01:37 +0700] "GET /blog/page/3 HTTP/1.1" 200 11137 "-" "Mozilla/5.0 (compatible; YandexBot/3.0; +http://yandex.com/bots)"
5.255.231.121 - - [14/Mar/2025:20:01:38 +0700] "GET /wp-json/wp/v2/pages/67 HTTP/1.1" 200 594 "-" "Mozilla/5.0 (compatible; YandexBot/3.0; +http://yandex.com/bots)"
188.166.217.91 - - [14/Mar/2025:20:01:39 +0700] "GET /css/alfa.php HTTP/1.1" 404 3371 "-" "Mozilla/5.0 (Windows NT 10.0; Win64; x64) AppleWebKit/537.36 (KHTML, like Gecko) Chrome/85.0.4183.102 Safari/537.36"
213.180.203.70 - - [14/Mar/2025:20:01:40 +0700] "GET /blog HTTP/1.1" 200 10842 "-" "Mozilla/5.0 (compatible; YandexBot/3.0; +http://yandex.com/bots)"
57.141.3.19 - - [14/Mar/2025:20:01:40 +0700] "GET /ms/blog/management/strategi/mengenal-tahapan-siklus-hidup-produk-strategi-dan-contoh-penerapannya-dalam-bisnis HTTP/2" 404 11514 "-" "meta-externalagent/1.1 (+https://developers.facebook.com/docs/sharing/webmasters/crawler)"
57.141.3.20 - - [14/Mar/2025:20:01:43 +0700] "GET /en/blog/tag/business HTTP/2" 404 11514 "-" "meta-externalagent/1.1 (+https://developers.facebook.com/docs/sharing/webmasters/crawler)"
146.190.99.254 - - [14/Mar/2025:20:01:45 +0700] "GET /root.php HTTP/1.1" 301 0 "www.google.com" "Mozlila/5.0 (Linux; Android 7.0; SM-G892A Bulid/NRD90M; wv) AppleWebKit/537.36 (KHTML, like Gecko) Version/4.0 Chrome/60.0.3112.107 Moblie Safari/537.36"
57.141.3.10 - - [14/Mar/2025:20:01:45 +0700] "GET /en/blog/tag/riset-produk/ HTTP/2" 404 11514 "-" "meta-externalagent/1.1 (+https://developers.facebook.com/docs/sharing/webmasters/crawler)"
57.141.3.24 - - [14/Mar/2025:20:01:47 +0700] "GET /en/blog/tag/check HTTP/2" 404 11514 "-" "meta-externalagent/1.1 (+https://developers.facebook.com/docs/sharing/webmasters/crawler)"
146.190.99.254 - - [14/Mar/2025:20:01:50 +0700] "GET /s.php HTTP/1.1" 301 0 "www.google.com" "Mozlila/5.0 (Linux; Android 7.0; SM-G892A Bulid/NRD90M; wv) AppleWebKit/537.36 (KHTML, like Gecko) Version/4.0 Chrome/60.0.3112.107 Moblie Safari/537.36"
180.235.151.3 - - [14/Mar/2025:20:01:53 +0700] "POST /wp-cron.php?doing_wp_cron=1741957313.3397328853607177734375 HTTP/1.1" 403 1242 "-" "WordPress/6.7.2; https://www.aturtoko.id"
57.141.3.6 - - [14/Mar/2025:20:01:49 +0700] "GET /en/blog/kewirausahaan/peran-intrapreneurship-dalam-inovasi-bisnis HTTP/2" 404 11514 "-" "meta-externalagent/1.1 (+https://developers.facebook.com/docs/sharing/webmasters/crawler)"
180.235.151.3 - - [14/Mar/2025:20:01:53 +0700] "POST /wp-cron.php?doing_wp_cron=1741957313.4690089225769042968750 HTTP/1.1" 403 1242 "-" "WordPress/6.7.2; https://www.aturtoko.id"
180.235.151.3 - - [14/Mar/2025:20:01:53 +0700] "GET /wp-content/themes/aturtoko/assets/json/testi.json HTTP/1.0" 200 3616 "-" "-"
180.235.151.3 - - [14/Mar/2025:20:01:53 +0700] "GET /wp-content/themes/aturtoko/assets/json/liputan.json HTTP/1.0" 200 1813 "-" "-"
180.235.151.3 - - [14/Mar/2025:20:01:53 +0700] "GET /wp-content/themes/aturtoko/assets/json/partner.json HTTP/1.0" 200 843 "-" "-"
66.220.149.6 - - [14/Mar/2025:20:01:52 +0700] "GET / HTTP/2" 200 60858 "-" "facebookexternalhit/1.1 (+http://www.facebook.com/externalhit_uatext.php)"
180.235.151.3 - - [14/Mar/2025:20:01:53 +0700] "POST /wp-cron.php?doing_wp_cron=1741957313.7533960342407226562500 HTTP/1.1" 403 1242 "-" "WordPress/6.7.2; https://www.aturtoko.id"
180.235.151.3 - - [14/Mar/2025:20:01:53 +0700] "GET /wp-content/themes/aturtoko/assets/json/testi.json HTTP/1.0" 200 3616 "-" "-"
180.235.151.3 - - [14/Mar/2025:20:01:53 +0700] "GET /wp-content/themes/aturtoko/assets/json/liputan.json HTTP/1.0" 200 1813 "-" "-"
180.235.151.3 - - [14/Mar/2025:20:01:53 +0700] "GET /wp-content/themes/aturtoko/assets/json/partner.json HTTP/1.0" 200 843 "-" "-"
66.220.149.23 - - [14/Mar/2025:20:01:52 +0700] "GET / HTTP/2" 200 60858 "-" "facebookexternalhit/1.1 (+http://www.facebook.com/externalhit_uatext.php)"
180.235.151.3 - - [14/Mar/2025:20:01:54 +0700] "POST /wp-cron.php?doing_wp_cron=1741957314.2883920669555664062500 HTTP/1.1" 403 1242 "-" "WordPress/6.7.2; https://www.aturtoko.id"
57.141.3.17 - - [14/Mar/2025:20:01:50 +0700] "GET /en/blog/tag/stok-barang HTTP/2" 404 11514 "-" "meta-externalagent/1.1 (+https://developers.facebook.com/docs/sharing/webmasters/crawler)"
188.166.217.91 - - [14/Mar/2025:20:01:53 +0700] "GET /css/bypass.php HTTP/1.1" 404 3371 "-" "Mozilla/5.0 (Windows NT 10.0; Win64; x64) AppleWebKit/537.36 (KHTML, like Gecko) Chrome/85.0.4183.102 Safari/537.36"
180.235.151.3 - - [14/Mar/2025:20:01:56 +0700] "POST /wp-cron.php?doing_wp_cron=1741957316.1215519905090332031250 HTTP/1.1" 403 1242 "-" "WordPress/6.7.2; https://www.aturtoko.id"
66.220.149.116 - - [14/Mar/2025:20:01:51 +0700] "GET /meta.json HTTP/2" 404 11514 "-" "facebookexternalhit/1.1 (+http://www.facebook.com/externalhit_uatext.php)"
146.190.99.254 - - [14/Mar/2025:20:01:55 +0700] "GET /shell.php HTTP/1.1" 301 0 "www.google.com" "Mozlila/5.0 (Linux; Android 7.0; SM-G892A Bulid/NRD90M; wv) AppleWebKit/537.36 (KHTML, like Gecko) Version/4.0 Chrome/60.0.3112.107 Moblie Safari/537.36"
57.141.3.9 - - [14/Mar/2025:20:01:55 +0700] "GET /ms/blog/management/marketing/apa-yang-dimaksud-dengan-kemasan-fungsi-tujuan-dan-jenisnya HTTP/2" 404 11514 "-" "meta-externalagent/1.1 (+https://developers.facebook.com/docs/sharing/webmasters/crawler)"
188.166.217.91 - - [14/Mar/2025:20:01:56 +0700] "GET /css/index.php HTTP/1.1" 301 0 "-" "Mozilla/5.0 (Windows NT 10.0; Win64; x64) AppleWebKit/537.36 (KHTML, like Gecko) Chrome/85.0.4183.102 Safari/537.36"
146.190.99.254 - - [14/Mar/2025:20:01:59 +0700] "GET /shell20211028.php HTTP/1.1" 301 0 "www.google.com" "Mozlila/5.0 (Linux; Android 7.0; SM-G892A Bulid/NRD90M; wv) AppleWebKit/537.36 (KHTML, like Gecko) Version/4.0 Chrome/60.0.3112.107 Moblie Safari/537.36"
57.141.3.10 - - [14/Mar/2025:20:01:58 +0700] "GET /en/blog/teknologi/apa-itu-ewallet-pengertian-jenis-kelebihan-dan-kekurangannya HTTP/2" 404 11514 "-" "meta-externalagent/1.1 (+https://developers.facebook.com/docs/sharing/webmasters/crawler)"
57.141.3.12 - - [14/Mar/2025:20:02:00 +0700] "GET /ms/?p=239 HTTP/2" 301 0 "-" "meta-externalagent/1.1 (+https://developers.facebook.com/docs/sharing/webmasters/crawler)"
103.3.220.224 - - [14/Mar/2025:20:02:04 +0700] "GET /wp-content/uploads/2022/06/Bisakah-Dropship-dari-Tokopedia-ke-Tokopedia.jpg HTTP/2" 200 39413 "https://www.google.com/" "Mozilla/5.0 (Windows NT 10.0; Win64; x64) AppleWebKit/537.36 (KHTML, like Gecko) Chrome/134.0.0.0 Safari/537.36"
188.166.217.91 - - [14/Mar/2025:20:01:59 +0700] "GET /css/ HTTP/1.1" 404 3363 "-" "Mozilla/5.0 (Windows NT 10.0; Win64; x64) AppleWebKit/537.36 (KHTML, like Gecko) Chrome/85.0.4183.102 Safari/537.36"
57.141.3.14 - - [14/Mar/2025:20:02:02 +0700] "GET /en/robots.txt/ HTTP/2" 200 303 "-" "meta-externalagent/1.1 (+https://developers.facebook.com/docs/sharing/webmasters/crawler)"
57.141.3.5 - - [14/Mar/2025:20:02:04 +0700] "GET /ms/blog/tag/strategi-pemasaran-online HTTP/2" 404 11514 "-" "meta-externalagent/1.1 (+https://developers.facebook.com/docs/sharing/webmasters/crawler)"
188.166.217.91 - - [14/Mar/2025:20:02:05 +0700] "GET /css/k.php HTTP/1.1" 404 3371 "-" "Mozilla/5.0 (Windows NT 10.0; Win64; x64) AppleWebKit/537.36 (KHTML, like Gecko) Chrome/85.0.4183.102 Safari/537.36"
146.190.99.254 - - [14/Mar/2025:20:02:07 +0700] "GET /shells.php HTTP/1.1" 301 0 "www.google.com" "Mozlila/5.0 (Linux; Android 7.0; SM-G892A Bulid/NRD90M; wv) AppleWebKit/537.36 (KHTML, like Gecko) Version/4.0 Chrome/60.0.3112.107 Moblie Safari/537.36"
57.141.3.13 - - [14/Mar/2025:20:02:08 +0700] "GET /ms/blog/category/kewirausahaan HTTP/2" 404 11514 "-" "meta-externalagent/1.1 (+https://developers.facebook.com/docs/sharing/webmasters/crawler)"
188.166.217.91 - - [14/Mar/2025:20:02:11 +0700] "GET /css/wp.php HTTP/1.1" 404 3371 "-" "Mozilla/5.0 (Windows NT 10.0; Win64; x64) AppleWebKit/537.36 (KHTML, like Gecko) Chrome/85.0.4183.102 Safari/537.36"
57.141.3.30 - - [14/Mar/2025:20:02:12 +0700] "GET /en HTTP/2" 404 11514 "-" "meta-externalagent/1.1 (+https://developers.facebook.com/docs/sharing/webmasters/crawler)"
57.141.3.2 - - [14/Mar/2025:20:02:10 +0700] "GET /en/blog/management/accounting-finance/yuk-kenali-apa-itu-rasio-keuangan-jenis-fungsi-dan-manfaatnya/ HTTP/2" 404 11514 "-" "meta-externalagent/1.1 (+https://developers.facebook.com/docs/sharing/webmasters/crawler)"
146.190.99.254 - - [14/Mar/2025:20:02:13 +0700] "GET /sql.php HTTP/1.1" 301 0 "www.google.com" "Mozlila/5.0 (Linux; Android 7.0; SM-G892A Bulid/NRD90M; wv) AppleWebKit/537.36 (KHTML, like Gecko) Version/4.0 Chrome/60.0.3112.107 Moblie Safari/537.36"
57.141.3.11 - - [14/Mar/2025:20:02:14 +0700] "GET /ms/blog/tag/finance HTTP/2" 404 11514 "-" "meta-externalagent/1.1 (+https://developers.facebook.com/docs/sharing/webmasters/crawler)"
57.141.3.16 - - [14/Mar/2025:20:02:15 +0700] "GET /ms/blog/tag/strategi/ HTTP/2" 404 11514 "-" "meta-externalagent/1.1 (+https://developers.facebook.com/docs/sharing/webmasters/crawler)"
57.141.3.28 - - [14/Mar/2025:20:02:17 +0700] "GET /ms/blog/tag/supply-chain/ HTTP/2" 404 11514 "-" "meta-externalagent/1.1 (+https://developers.facebook.com/docs/sharing/webmasters/crawler)"
146.190.99.254 - - [14/Mar/2025:20:02:19 +0700] "GET /srx.php HTTP/1.1" 301 0 "www.google.com" "Mozlila/5.0 (Linux; Android 7.0; SM-G892A Bulid/NRD90M; wv) AppleWebKit/537.36 (KHTML, like Gecko) Version/4.0 Chrome/60.0.3112.107 Moblie Safari/537.36"
66.249.75.230 - - [14/Mar/2025:20:02:21 +0700] "GET /?e=77185899534 HTTP/1.1" 200 19999 "-" "Mozilla/5.0 (Linux; Android 6.0.1; Nexus 5X Build/MMB29P) AppleWebKit/537.36 (KHTML, like Gecko) Chrome/133.0.6943.141 Mobile Safari/537.36 (compatible; GoogleOther)"
188.166.217.91 - - [14/Mar/2025:20:02:19 +0700] "GET /curme.php HTTP/1.1" 404 3371 "-" "Mozilla/5.0 (Windows NT 10.0; Win64; x64) AppleWebKit/537.36 (KHTML, like Gecko) Chrome/85.0.4183.102 Safari/537.36"
57.141.3.19 - - [14/Mar/2025:20:02:20 +0700] "GET /ms/blog/tag/laporan HTTP/2" 404 11514 "-" "meta-externalagent/1.1 (+https://developers.facebook.com/docs/sharing/webmasters/crawler)"
57.141.3.29 - - [14/Mar/2025:20:02:21 +0700] "GET /ms/blog/tag/operations/ HTTP/2" 404 11514 "-" "meta-externalagent/1.1 (+https://developers.facebook.com/docs/sharing/webmasters/crawler)"
57.141.3.24 - - [14/Mar/2025:20:02:22 +0700] "GET /en/blog/tag/optimasi-mesin-pencari HTTP/2" 404 11514 "-" "meta-externalagent/1.1 (+https://developers.facebook.com/docs/sharing/webmasters/crawler)"
146.190.99.254 - - [14/Mar/2025:20:02:24 +0700] "GET /sym.php HTTP/1.1" 301 0 "www.google.com" "Mozlila/5.0 (Linux; Android 7.0; SM-G892A Bulid/NRD90M; wv) AppleWebKit/537.36 (KHTML, like Gecko) Version/4.0 Chrome/60.0.3112.107 Moblie Safari/537.36"
57.141.3.24 - - [14/Mar/2025:20:02:26 +0700] "GET /ms/?p=233 HTTP/2" 301 0 "-" "meta-externalagent/1.1 (+https://developers.facebook.com/docs/sharing/webmasters/crawler)"
188.166.217.91 - - [14/Mar/2025:20:02:28 +0700] "GET /cy.php HTTP/1.1" 404 3371 "-" "Mozilla/5.0 (Windows NT 10.0; Win64; x64) AppleWebKit/537.36 (KHTML, like Gecko) Chrome/85.0.4183.102 Safari/537.36"
57.141.3.15 - - [14/Mar/2025:20:02:27 +0700] "GET /en/blog/management/marketing/mau-angka-penjualan-melejit-coba-8-ide-promosi-kreatif-ini/feed HTTP/2" 404 11514 "-" "meta-externalagent/1.1 (+https://developers.facebook.com/docs/sharing/webmasters/crawler)"
146.190.99.254 - - [14/Mar/2025:20:02:30 +0700] "GET /sym403.php HTTP/1.1" 301 0 "www.google.com" "Mozlila/5.0 (Linux; Android 7.0; SM-G892A Bulid/NRD90M; wv) AppleWebKit/537.36 (KHTML, like Gecko) Version/4.0 Chrome/60.0.3112.107 Moblie Safari/537.36"
188.166.217.91 - - [14/Mar/2025:20:02:31 +0700] "GET /cybershell.php HTTP/1.1" 404 3371 "-" "Mozilla/5.0 (Windows NT 10.0; Win64; x64) AppleWebKit/537.36 (KHTML, like Gecko) Chrome/85.0.4183.102 Safari/537.36"
57.141.3.6 - - [14/Mar/2025:20:02:30 +0700] "GET /en/blog/category/kewirausahaan/business-opportunity HTTP/2" 404 11514 "-" "meta-externalagent/1.1 (+https://developers.facebook.com/docs/sharing/webmasters/crawler)"
57.141.3.20 - - [14/Mar/2025:20:02:31 +0700] "GET /blog/lainnya/meningkatkan-penjualan HTTP/2" 200 39938 "-" "meta-externalagent/1.1 (+https://developers.facebook.com/docs/sharing/webmasters/crawler)"
57.141.3.5 - - [14/Mar/2025:20:02:32 +0700] "GET /ms/blog/tag/keamanan-data/ HTTP/2" 404 11514 "-" "meta-externalagent/1.1 (+https://developers.facebook.com/docs/sharing/webmasters/crawler)"
146.190.99.254 - - [14/Mar/2025:20:02:35 +0700] "GET /t.php HTTP/1.1" 301 0 "www.google.com" "Mozlila/5.0 (Linux; Android 7.0; SM-G892A Bulid/NRD90M; wv) AppleWebKit/537.36 (KHTML, like Gecko) Version/4.0 Chrome/60.0.3112.107 Moblie Safari/537.36"
57.141.3.12 - - [14/Mar/2025:20:02:34 +0700] "GET /ms/blog/tag/bep/ HTTP/2" 404 11514 "-" "meta-externalagent/1.1 (+https://developers.facebook.com/docs/sharing/webmasters/crawler)"
57.141.3.18 - - [14/Mar/2025:20:02:36 +0700] "GET /ms/blog/tag/intrapreneurship/ HTTP/2" 404 11514 "-" "meta-externalagent/1.1 (+https://developers.facebook.com/docs/sharing/webmasters/crawler)"
57.141.3.23 - - [14/Mar/2025:20:02:38 +0700] "GET /ms/blog/kewirausahaan/leadership/5-tips-membangun-karakter-wirausaha-sukses-dalam-diri HTTP/2" 404 11514 "-" "meta-externalagent/1.1 (+https://developers.facebook.com/docs/sharing/webmasters/crawler)"
146.190.99.254 - - [14/Mar/2025:20:02:40 +0700] "GET /tes.php HTTP/1.1" 301 0 "www.google.com" "Mozlila/5.0 (Linux; Android 7.0; SM-G892A Bulid/NRD90M; wv) AppleWebKit/537.36 (KHTML, like Gecko) Version/4.0 Chrome/60.0.3112.107 Moblie Safari/537.36"
188.166.217.91 - - [14/Mar/2025:20:02:40 +0700] "GET /cyl.php HTTP/1.1" 404 3371 "-" "Mozilla/5.0 (Windows NT 10.0; Win64; x64) AppleWebKit/537.36 (KHTML, like Gecko) Chrome/85.0.4183.102 Safari/537.36"
57.141.3.21 - - [14/Mar/2025:20:02:39 +0700] "GET /ms/blog/category/kewirausahaan/business-opportunity/page/3/ HTTP/2" 404 11514 "-" "meta-externalagent/1.1 (+https://developers.facebook.com/docs/sharing/webmasters/crawler)"
57.141.3.6 - - [14/Mar/2025:20:02:41 +0700] "GET /ms/blog/tag/bnib/ HTTP/2" 404 11514 "-" "meta-externalagent/1.1 (+https://developers.facebook.com/docs/sharing/webmasters/crawler)"
188.166.217.91 - - [14/Mar/2025:20:02:45 +0700] "GET /cylul.php HTTP/1.1" 404 3371 "-" "Mozilla/5.0 (Windows NT 10.0; Win64; x64) AppleWebKit/537.36 (KHTML, like Gecko) Chrome/85.0.4183.102 Safari/537.36"
57.141.3.6 - - [14/Mar/2025:20:02:44 +0700] "GET /en/?p=1286 HTTP/2" 301 0 "-" "meta-externalagent/1.1 (+https://developers.facebook.com/docs/sharing/webmasters/crawler)"
146.190.99.254 - - [14/Mar/2025:20:02:46 +0700] "GET /tesla.php HTTP/1.1" 301 0 "www.google.com" "Mozlila/5.0 (Linux; Android 7.0; SM-G892A Bulid/NRD90M; wv) AppleWebKit/537.36 (KHTML, like Gecko) Version/4.0 Chrome/60.0.3112.107 Moblie Safari/537.36"
188.166.217.91 - - [14/Mar/2025:20:02:48 +0700] "GET /d.php HTTP/1.1" 404 3371 "-" "Mozilla/5.0 (Windows NT 10.0; Win64; x64) AppleWebKit/537.36 (KHTML, like Gecko) Chrome/85.0.4183.102 Safari/537.36"
146.190.99.254 - - [14/Mar/2025:20:02:51 +0700] "GET /teslav.php HTTP/1.1" 301 0 "www.google.com" "Mozlila/5.0 (Linux; Android 7.0; SM-G892A Bulid/NRD90M; wv) AppleWebKit/537.36 (KHTML, like Gecko) Version/4.0 Chrome/60.0.3112.107 Moblie Safari/537.36"
57.141.3.15 - - [14/Mar/2025:20:02:49 +0700] "GET /blog/manajemen-bisnis/memanfaatkan-website-untuk-meningkatkan-pengelolaan-bisnis-online-anda HTTP/2" 200 40185 "-" "meta-externalagent/1.1 (+https://developers.facebook.com/docs/sharing/webmasters/crawler)"
57.141.3.6 - - [14/Mar/2025:20:02:51 +0700] "GET /ms/blog/management/legal/arti-izin-komersial-atau-operasional-apa-beda-dengan-izin-usaha/ HTTP/2" 404 11514 "-" "meta-externalagent/1.1 (+https://developers.facebook.com/docs/sharing/webmasters/crawler)"
188.166.217.91 - - [14/Mar/2025:20:02:53 +0700] "GET /d65ve.php HTTP/1.1" 404 3363 "-" "Mozilla/5.0 (Windows NT 10.0; Win64; x64) AppleWebKit/537.36 (KHTML, like Gecko) Chrome/85.0.4183.102 Safari/537.36"
146.190.99.254 - - [14/Mar/2025:20:02:55 +0700] "GET /test.php HTTP/1.1" 301 0 "www.google.com" "Mozlila/5.0 (Linux; Android 7.0; SM-G892A Bulid/NRD90M; wv) AppleWebKit/537.36 (KHTML, like Gecko) Version/4.0 Chrome/60.0.3112.107 Moblie Safari/537.36"
180.235.151.3 - - [14/Mar/2025:20:02:58 +0700] "POST /wp-cron.php?doing_wp_cron=1741957378.5287001132965087890625 HTTP/1.1" 403 1242 "-" "WordPress/6.7.2; https://www.aturtoko.id"
57.141.3.16 - - [14/Mar/2025:20:02:54 +0700] "GET /wp-content/uploads/2022/04/Iklan-Advertorial-Pengertian-Fungsi-Jenis-Contoh-dan-Kelebihannya-2048x1365.jpg& HTTP/2" 404 11514 "-" "meta-externalagent/1.1 (+https://developers.facebook.com/docs/sharing/webmasters/crawler)"
188.166.217.91 - - [14/Mar/2025:20:02:56 +0700] "GET /danci.php HTTP/1.1" 404 3371 "-" "Mozilla/5.0 (Windows NT 10.0; Win64; x64) AppleWebKit/537.36 (KHTML, like Gecko) Chrome/85.0.4183.102 Safari/537.36"
57.141.3.17 - - [14/Mar/2025:20:02:57 +0700] "GET /blog/lainnya/contoh-omnichannel-strategi-marketing-terbaik-di-era-digital HTTP/2" 200 41812 "-" "meta-externalagent/1.1 (+https://developers.facebook.com/docs/sharing/webmasters/crawler)"
