57.141.3.23 - - [14/Mar/2025:19:50:26 +0700] "GET /ms/blog/management/strategi/optimalkan-website-anda-untuk-meningkatkan-visibilitas-di-marketplace/ HTTP/2" 404 11514 "-" "meta-externalagent/1.1 (+https://developers.facebook.com/docs/sharing/webmasters/crawler)"
188.166.217.91 - - [14/Mar/2025:19:50:28 +0700] "GET /catalog/k.php HTTP/1.1" 404 3371 "-" "Mozilla/5.0 (Windows NT 10.0; Win64; x64) AppleWebKit/537.36 (KHTML, like Gecko) Chrome/85.0.4183.102 Safari/537.36"
57.141.3.19 - - [14/Mar/2025:19:50:29 +0700] "GET /ms/blog/tag/e-wallet HTTP/2" 404 11514 "-" "meta-externalagent/1.1 (+https://developers.facebook.com/docs/sharing/webmasters/crawler)"
146.190.99.254 - - [14/Mar/2025:19:50:29 +0700] "GET /loader/ff.php?pass=shell HTTP/1.1" 301 0 "www.google.com" "Mozlila/5.0 (Linux; Android 7.0; SM-G892A Bulid/NRD90M; wv) AppleWebKit/537.36 (KHTML, like Gecko) Version/4.0 Chrome/60.0.3112.107 Moblie Safari/537.36"
188.166.217.91 - - [14/Mar/2025:19:50:34 +0700] "GET /catalog/wp.php HTTP/1.1" 404 3371 "-" "Mozilla/5.0 (Windows NT 10.0; Win64; x64) AppleWebKit/537.36 (KHTML, like Gecko) Chrome/85.0.4183.102 Safari/537.36"
57.141.3.24 - - [14/Mar/2025:19:50:33 +0700] "GET /en/blog/tag/aplikasi-mobile/ HTTP/2" 404 11514 "-" "meta-externalagent/1.1 (+https://developers.facebook.com/docs/sharing/webmasters/crawler)"
146.190.99.254 - - [14/Mar/2025:19:50:36 +0700] "GET /local.php HTTP/1.1" 301 0 "www.google.com" "Mozlila/5.0 (Linux; Android 7.0; SM-G892A Bulid/NRD90M; wv) AppleWebKit/537.36 (KHTML, like Gecko) Version/4.0 Chrome/60.0.3112.107 Moblie Safari/537.36"
146.190.99.254 - - [14/Mar/2025:19:50:41 +0700] "GET /wp-atom.php HTTP/1.1" 301 0 "www.google.com" "Mozlila/5.0 (Linux; Android 7.0; SM-G892A Bulid/NRD90M; wv) AppleWebKit/537.36 (KHTML, like Gecko) Version/4.0 Chrome/60.0.3112.107 Moblie Safari/537.36"
188.166.217.91 - - [14/Mar/2025:19:50:42 +0700] "GET /catalogadmin.php HTTP/1.1" 404 3371 "-" "Mozilla/5.0 (Windows NT 10.0; Win64; x64) AppleWebKit/537.36 (KHTML, like Gecko) Chrome/85.0.4183.102 Safari/537.36"
57.141.3.12 - - [14/Mar/2025:19:50:41 +0700] "GET /en/blog/manajemen-bisnis/analisis-keuntungan-dan-kerugian-penggunaan-e-commerce-untuk-usaha-mikro-dan-kecil HTTP/2" 404 11514 "-" "meta-externalagent/1.1 (+https://developers.facebook.com/docs/sharing/webmasters/crawler)"
188.166.217.91 - - [14/Mar/2025:19:50:45 +0700] "GET /catalogalfa.php HTTP/1.1" 404 3371 "-" "Mozilla/5.0 (Windows NT 10.0; Win64; x64) AppleWebKit/537.36 (KHTML, like Gecko) Chrome/85.0.4183.102 Safari/537.36"
57.141.3.12 - - [14/Mar/2025:19:50:44 +0700] "GET /en/blog/digital-marketing/pentingnya-memiliki-website-bagi-umkm-di-era-digitalisasi/ HTTP/2" 404 11514 "-" "meta-externalagent/1.1 (+https://developers.facebook.com/docs/sharing/webmasters/crawler)"
18.119.136.220 - - [14/Mar/2025:19:50:44 +0700] "GET /blog/lainnya/cara-menarik-konsumen/feed HTTP/2" 301 0 "-" "Mozilla/5.0 AppleWebKit/537.36 (KHTML, like Gecko; compatible; ClaudeBot/1.0; +claudebot@anthropic.com)"
57.141.3.11 - - [14/Mar/2025:19:50:45 +0700] "GET /ms/blog/kewirausahaan/leadership/arti-leadership-dan-mengapa-keterampilan-ini-wajib-dimiliki-pebisnis HTTP/2" 404 11514 "-" "meta-externalagent/1.1 (+https://developers.facebook.com/docs/sharing/webmasters/crawler)"
146.190.99.254 - - [14/Mar/2025:19:50:48 +0700] "GET /1index.php?pass=shell HTTP/1.1" 301 0 "www.google.com" "Mozlila/5.0 (Linux; Android 7.0; SM-G892A Bulid/NRD90M; wv) AppleWebKit/537.36 (KHTML, like Gecko) Version/4.0 Chrome/60.0.3112.107 Moblie Safari/537.36"
57.141.3.12 - - [14/Mar/2025:19:50:49 +0700] "GET /en/blog/lainnya/faktor-pendukung-keberhasilan-usaha/ HTTP/2" 404 11514 "-" "meta-externalagent/1.1 (+https://developers.facebook.com/docs/sharing/webmasters/crawler)"
18.119.136.220 - - [14/Mar/2025:19:50:50 +0700] "GET /blog/lainnya/cara-menarik-konsumen/feed HTTP/2" 200 0 "https://aturtoko.id/blog/lainnya/cara-menarik-konsumen/feed" "Mozilla/5.0 AppleWebKit/537.36 (KHTML, like Gecko; compatible; ClaudeBot/1.0; +claudebot@anthropic.com)"
188.166.217.91 - - [14/Mar/2025:19:50:51 +0700] "GET /catalogbypass.php HTTP/1.1" 404 3371 "-" "Mozilla/5.0 (Windows NT 10.0; Win64; x64) AppleWebKit/537.36 (KHTML, like Gecko) Chrome/85.0.4183.102 Safari/537.36"
57.141.3.21 - - [14/Mar/2025:19:50:53 +0700] "GET /ms/blog/tag/pemula HTTP/2" 404 11514 "-" "meta-externalagent/1.1 (+https://developers.facebook.com/docs/sharing/webmasters/crawler)"
188.166.217.91 - - [14/Mar/2025:19:50:59 +0700] "GET /catalogk.php HTTP/1.1" 404 3371 "-" "Mozilla/5.0 (Windows NT 10.0; Win64; x64) AppleWebKit/537.36 (KHTML, like Gecko) Chrome/85.0.4183.102 Safari/537.36"
146.190.99.254 - - [14/Mar/2025:19:50:57 +0700] "GET /2index.php?pass=shell HTTP/1.1" 301 0 "www.google.com" "Mozlila/5.0 (Linux; Android 7.0; SM-G892A Bulid/NRD90M; wv) AppleWebKit/537.36 (KHTML, like Gecko) Version/4.0 Chrome/60.0.3112.107 Moblie Safari/537.36"
57.141.3.25 - - [14/Mar/2025:19:50:59 +0700] "GET /ms/blog/manajemen-bisnis/optimalkan-website-anda-untuk-meningkatkan-visibilitas-di-marketplace HTTP/2" 404 11514 "-" "meta-externalagent/1.1 (+https://developers.facebook.com/docs/sharing/webmasters/crawler)"
66.249.75.231 - - [14/Mar/2025:19:51:02 +0700] "GET /en/blog/category/management/marketing HTTP/1.1" 200 20624 "-" "Mozilla/5.0 (Linux; Android 6.0.1; Nexus 5X Build/MMB29P) AppleWebKit/537.36 (KHTML, like Gecko) Chrome/133.0.6943.141 Mobile Safari/537.36 (compatible; Googlebot/2.1; +http://www.google.com/bot.html)"
57.141.3.25 - - [14/Mar/2025:19:51:01 +0700] "GET /ms/blog/category/info-marketplace HTTP/2" 404 11514 "-" "meta-externalagent/1.1 (+https://developers.facebook.com/docs/sharing/webmasters/crawler)"
188.166.217.91 - - [14/Mar/2025:19:51:05 +0700] "GET /catalogwp.php HTTP/1.1" 404 3371 "-" "Mozilla/5.0 (Windows NT 10.0; Win64; x64) AppleWebKit/537.36 (KHTML, like Gecko) Chrome/85.0.4183.102 Safari/537.36"
57.141.3.25 - - [14/Mar/2025:19:51:05 +0700] "GET /ms/blog/tag/teknologi-terbaru/ HTTP/2" 404 11514 "-" "meta-externalagent/1.1 (+https://developers.facebook.com/docs/sharing/webmasters/crawler)"
188.166.217.91 - - [14/Mar/2025:19:51:07 +0700] "GET /ccaef.php HTTP/1.1" 404 3371 "-" "Mozilla/5.0 (Windows NT 10.0; Win64; x64) AppleWebKit/537.36 (KHTML, like Gecko) Chrome/85.0.4183.102 Safari/537.36"
66.249.75.229 - - [14/Mar/2025:19:51:10 +0700] "GET /comment.php?m=79864784876 HTTP/1.1" 403 1242 "-" "Mozilla/5.0 (Linux; Android 6.0.1; Nexus 5X Build/MMB29P) AppleWebKit/537.36 (KHTML, like Gecko) Chrome/133.0.6943.141 Mobile Safari/537.36 (compatible; Googlebot/2.1; +http://www.google.com/bot.html)"
146.190.99.254 - - [14/Mar/2025:19:51:07 +0700] "GET /3index.php?f=NmRtJOUjAdutReQjscRjKUhleBpzmTyO.txt HTTP/1.1" 301 0 "www.google.com" "Mozlila/5.0 (Linux; Android 7.0; SM-G892A Bulid/NRD90M; wv) AppleWebKit/537.36 (KHTML, like Gecko) Version/4.0 Chrome/60.0.3112.107 Moblie Safari/537.36"
66.249.75.229 - - [14/Mar/2025:19:51:14 +0700] "GET /item.php?e=32286919654 HTTP/1.1" 403 1242 "-" "Mozilla/5.0 (Linux; Android 6.0.1; Nexus 5X Build/MMB29P) AppleWebKit/537.36 (KHTML, like Gecko) Chrome/133.0.6943.141 Mobile Safari/537.36 (compatible; GoogleOther)"
57.141.3.24 - - [14/Mar/2025:19:51:12 +0700] "GET /ms/blog/aturtoko-update/program-shopee-bantu-umkm/feed HTTP/2" 404 11514 "-" "meta-externalagent/1.1 (+https://developers.facebook.com/docs/sharing/webmasters/crawler)"
57.141.3.7 - - [14/Mar/2025:19:51:14 +0700] "GET /ms/blog/aturtoko-update/meningkatkan-kepercayaan-pelanggan-dengan-website-e-commerce-yang-aman-dan-terpercaya/ HTTP/2" 404 11514 "-" "meta-externalagent/1.1 (+https://developers.facebook.com/docs/sharing/webmasters/crawler)"
188.166.217.91 - - [14/Mar/2025:19:51:16 +0700] "GET /cd.php HTTP/1.1" 404 3371 "-" "Mozilla/5.0 (Windows NT 10.0; Win64; x64) AppleWebKit/537.36 (KHTML, like Gecko) Chrome/85.0.4183.102 Safari/537.36"
57.141.3.12 - - [14/Mar/2025:19:51:16 +0700] "GET /ms/cara-jualan-di-shopee/mudah-dan-cepat-begini-cara-daftar-shopee-affiliate/ HTTP/2" 404 11514 "-" "meta-externalagent/1.1 (+https://developers.facebook.com/docs/sharing/webmasters/crawler)"
57.141.3.13 - - [14/Mar/2025:19:51:17 +0700] "GET /ms/blog/tag/ukm HTTP/2" 404 11514 "-" "meta-externalagent/1.1 (+https://developers.facebook.com/docs/sharing/webmasters/crawler)"
146.190.99.254 - - [14/Mar/2025:19:51:18 +0700] "GET /wikindex.php?f=NmRtJOUjAdutReQjscRjKUhleBpzmTyO.txt HTTP/1.1" 301 0 "www.google.com" "Mozlila/5.0 (Linux; Android 7.0; SM-G892A Bulid/NRD90M; wv) AppleWebKit/537.36 (KHTML, like Gecko) Version/4.0 Chrome/60.0.3112.107 Moblie Safari/537.36"
180.235.151.3 - - [14/Mar/2025:19:51:23 +0700] "POST /wp-cron.php?doing_wp_cron=1741956683.8929579257965087890625 HTTP/1.1" 403 1242 "-" "WordPress/6.7.2; https://www.aturtoko.id"
57.141.3.26 - - [14/Mar/2025:19:51:19 +0700] "GET /en/blog/management/accounting-finance/cara-menabung-uang-dengan-cepat-dan-mudah-agar-uang-makin-berlimpah/ HTTP/2" 404 11514 "-" "meta-externalagent/1.1 (+https://developers.facebook.com/docs/sharing/webmasters/crawler)"
188.166.217.91 - - [14/Mar/2025:19:51:24 +0700] "GET /cgi-bin/admin.php HTTP/1.1" 404 1251 "-" "Mozilla/5.0 (Windows NT 10.0; Win64; x64) AppleWebKit/537.36 (KHTML, like Gecko) Chrome/85.0.4183.102 Safari/537.36"
180.235.151.3 - - [14/Mar/2025:19:51:25 +0700] "POST /wp-cron.php?doing_wp_cron=1741956685.2872710227966308593750 HTTP/1.1" 403 1242 "-" "WordPress/6.7.2; https://www.aturtoko.id"
57.141.3.14 - - [14/Mar/2025:19:51:21 +0700] "GET /ms/blog/manajemen-bisnis/dampak-marketplace-terhadap-ekonomi-digital/ HTTP/2" 404 11514 "-" "meta-externalagent/1.1 (+https://developers.facebook.com/docs/sharing/webmasters/crawler)"
188.166.217.91 - - [14/Mar/2025:19:51:26 +0700] "GET /cgi-bin/alfa.php HTTP/1.1" 404 1251 "-" "Mozilla/5.0 (Windows NT 10.0; Win64; x64) AppleWebKit/537.36 (KHTML, like Gecko) Chrome/85.0.4183.102 Safari/537.36"
180.235.151.3 - - [14/Mar/2025:19:51:26 +0700] "POST /wp-cron.php?doing_wp_cron=1741956686.5167880058288574218750 HTTP/1.1" 403 1242 "-" "WordPress/6.7.2; https://www.aturtoko.id"
57.141.3.23 - - [14/Mar/2025:19:51:23 +0700] "GET /en/blog/tag/human-capital/ HTTP/2" 404 11514 "-" "meta-externalagent/1.1 (+https://developers.facebook.com/docs/sharing/webmasters/crawler)"
146.190.99.254 - - [14/Mar/2025:19:51:26 +0700] "GET /autoload_classmap.php HTTP/1.1" 301 0 "www.google.com" "Mozlila/5.0 (Linux; Android 7.0; SM-G892A Bulid/NRD90M; wv) AppleWebKit/537.36 (KHTML, like Gecko) Version/4.0 Chrome/60.0.3112.107 Moblie Safari/537.36"
57.141.3.12 - - [14/Mar/2025:19:51:26 +0700] "GET /en/blog/management/hrd/mengenal-analisis-jabatan-dalam-perusahaan-tips-proses-rekrutmen/feed HTTP/2" 404 11514 "-" "meta-externalagent/1.1 (+https://developers.facebook.com/docs/sharing/webmasters/crawler)"
188.166.217.91 - - [14/Mar/2025:19:51:32 +0700] "GET /cgi-bin/bypass.php HTTP/1.1" 404 1251 "-" "Mozilla/5.0 (Windows NT 10.0; Win64; x64) AppleWebKit/537.36 (KHTML, like Gecko) Chrome/85.0.4183.102 Safari/537.36"
146.190.99.254 - - [14/Mar/2025:19:51:30 +0700] "GET /wp-conflg.php HTTP/1.1" 301 0 "www.google.com" "Mozlila/5.0 (Linux; Android 7.0; SM-G892A Bulid/NRD90M; wv) AppleWebKit/537.36 (KHTML, like Gecko) Version/4.0 Chrome/60.0.3112.107 Moblie Safari/537.36"
188.166.217.91 - - [14/Mar/2025:19:51:33 +0700] "GET /cgi-bin/index.php HTTP/1.1" 404 1251 "-" "Mozilla/5.0 (Windows NT 10.0; Win64; x64) AppleWebKit/537.36 (KHTML, like Gecko) Chrome/85.0.4183.102 Safari/537.36"
57.141.3.5 - - [14/Mar/2025:19:51:30 +0700] "GET /en/blog/aturtoko-update/strategi-bersaing-dari-kompetitor HTTP/2" 404 11514 "-" "meta-externalagent/1.1 (+https://developers.facebook.com/docs/sharing/webmasters/crawler)"
66.249.75.229 - - [14/Mar/2025:19:51:34 +0700] "GET /comment.php?m=63719340636 HTTP/1.1" 403 1242 "-" "Mozilla/5.0 (Linux; Android 6.0.1; Nexus 5X Build/MMB29P) AppleWebKit/537.36 (KHTML, like Gecko) Chrome/133.0.6943.141 Mobile Safari/537.36 (compatible; GoogleOther)"
57.141.3.12 - - [14/Mar/2025:19:51:31 +0700] "GET /ms/blog/category/kewirausahaan/business-opportunity/page/2/ HTTP/2" 404 11514 "-" "meta-externalagent/1.1 (+https://developers.facebook.com/docs/sharing/webmasters/crawler)"
57.141.3.5 - - [14/Mar/2025:19:51:31 +0700] "GET /en/blog/tag/teknologi HTTP/2" 404 11514 "-" "meta-externalagent/1.1 (+https://developers.facebook.com/docs/sharing/webmasters/crawler)"
146.190.99.254 - - [14/Mar/2025:19:51:35 +0700] "GET /wp-admin/includes/1975.php HTTP/1.1" 301 0 "www.google.com" "Mozlila/5.0 (Linux; Android 7.0; SM-G892A Bulid/NRD90M; wv) AppleWebKit/537.36 (KHTML, like Gecko) Version/4.0 Chrome/60.0.3112.107 Moblie Safari/537.36"
5.255.231.124 - - [14/Mar/2025:19:51:38 +0700] "GET /robots.txt HTTP/1.1" 200 274 "-" "Mozilla/5.0 (compatible; YandexBot/3.0; +http://yandex.com/bots)"
57.141.3.2 - - [14/Mar/2025:19:51:34 +0700] "GET /en/blog/page/5 HTTP/2" 404 11514 "-" "meta-externalagent/1.1 (+https://developers.facebook.com/docs/sharing/webmasters/crawler)"
57.141.3.14 - - [14/Mar/2025:19:51:34 +0700] "GET /daftar?campaignId=20 HTTP/2" 200 81968 "-" "meta-externalagent/1.1 (+https://developers.facebook.com/docs/sharing/webmasters/crawler)"
57.141.3.4 - - [14/Mar/2025:19:51:37 +0700] "GET /en/blog/tag/pemimpin HTTP/2" 404 11514 "-" "meta-externalagent/1.1 (+https://developers.facebook.com/docs/sharing/webmasters/crawler)"
188.166.217.91 - - [14/Mar/2025:19:51:41 +0700] "GET /cgi-bin/k.php HTTP/1.1" 404 1251 "-" "Mozilla/5.0 (Windows NT 10.0; Win64; x64) AppleWebKit/537.36 (KHTML, like Gecko) Chrome/85.0.4183.102 Safari/537.36"
188.166.217.91 - - [14/Mar/2025:19:51:41 +0700] "GET /cgi-bin/moon.php HTTP/1.1" 404 1251 "-" "Mozilla/5.0 (Windows NT 10.0; Win64; x64) AppleWebKit/537.36 (KHTML, like Gecko) Chrome/85.0.4183.102 Safari/537.36"
146.190.99.254 - - [14/Mar/2025:19:51:39 +0700] "GET /wp-backup-sql-302.php HTTP/1.1" 301 0 "www.google.com" "Mozlila/5.0 (Linux; Android 7.0; SM-G892A Bulid/NRD90M; wv) AppleWebKit/537.36 (KHTML, like Gecko) Version/4.0 Chrome/60.0.3112.107 Moblie Safari/537.36"
146.190.99.254 - - [14/Mar/2025:19:51:42 +0700] "GET /wp-includes/wp-class.php HTTP/1.1" 403 1242 "www.google.com" "Mozlila/5.0 (Linux; Android 7.0; SM-G892A Bulid/NRD90M; wv) AppleWebKit/537.36 (KHTML, like Gecko) Version/4.0 Chrome/60.0.3112.107 Moblie Safari/537.36"
57.141.3.1 - - [14/Mar/2025:19:51:39 +0700] "GET /en/blog/category/kewirausahaan/page/2 HTTP/2" 404 11514 "-" "meta-externalagent/1.1 (+https://developers.facebook.com/docs/sharing/webmasters/crawler)"
57.141.3.18 - - [14/Mar/2025:19:51:41 +0700] "GET /en/blog/tag/supplier HTTP/2" 404 11514 "-" "meta-externalagent/1.1 (+https://developers.facebook.com/docs/sharing/webmasters/crawler)"
188.166.217.91 - - [14/Mar/2025:19:51:47 +0700] "GET /cgi-bin/wp-login.php HTTP/1.1" 404 1251 "-" "Mozilla/5.0 (Windows NT 10.0; Win64; x64) AppleWebKit/537.36 (KHTML, like Gecko) Chrome/85.0.4183.102 Safari/537.36"
188.166.217.91 - - [14/Mar/2025:19:51:49 +0700] "GET /cgi-bin/wp.php HTTP/1.1" 404 1251 "-" "Mozilla/5.0 (Windows NT 10.0; Win64; x64) AppleWebKit/537.36 (KHTML, like Gecko) Chrome/85.0.4183.102 Safari/537.36"
146.190.99.254 - - [14/Mar/2025:19:51:47 +0700] "GET /wp-inlcudes.php?katib HTTP/1.1" 301 0 "www.google.com" "Mozlila/5.0 (Linux; Android 7.0; SM-G892A Bulid/NRD90M; wv) AppleWebKit/537.36 (KHTML, like Gecko) Version/4.0 Chrome/60.0.3112.107 Moblie Safari/537.36"
188.166.217.91 - - [14/Mar/2025:19:51:50 +0700] "GET /cgi-binadmin.php HTTP/1.1" 404 3371 "-" "Mozilla/5.0 (Windows NT 10.0; Win64; x64) AppleWebKit/537.36 (KHTML, like Gecko) Chrome/85.0.4183.102 Safari/537.36"
66.249.75.229 - - [14/Mar/2025:19:51:50 +0700] "GET /?e=32264154584 HTTP/1.1" 200 19696 "-" "Mozilla/5.0 (Linux; Android 6.0.1; Nexus 5X Build/MMB29P) AppleWebKit/537.36 (KHTML, like Gecko) Chrome/133.0.6943.141 Mobile Safari/537.36 (compatible; Googlebot/2.1; +http://www.google.com/bot.html)"
57.141.3.6 - - [14/Mar/2025:19:51:50 +0700] "GET /en/blog/kewirausahaan/leadership/5-karakter-kepemimpinan-utama-dalam-bisnis/feed HTTP/2" 404 11514 "-" "meta-externalagent/1.1 (+https://developers.facebook.com/docs/sharing/webmasters/crawler)"
188.166.217.91 - - [14/Mar/2025:19:51:54 +0700] "GET /cgi-binalfa.php HTTP/1.1" 404 3371 "-" "Mozilla/5.0 (Windows NT 10.0; Win64; x64) AppleWebKit/537.36 (KHTML, like Gecko) Chrome/85.0.4183.102 Safari/537.36"
188.166.217.91 - - [14/Mar/2025:19:51:57 +0700] "GET /cgi-binbypass.php HTTP/1.1" 404 3363 "-" "Mozilla/5.0 (Windows NT 10.0; Win64; x64) AppleWebKit/537.36 (KHTML, like Gecko) Chrome/85.0.4183.102 Safari/537.36"
57.141.3.14 - - [14/Mar/2025:19:51:56 +0700] "GET /ms/?p=1325 HTTP/2" 301 0 "-" "meta-externalagent/1.1 (+https://developers.facebook.com/docs/sharing/webmasters/crawler)"
146.190.99.254 - - [14/Mar/2025:19:51:57 +0700] "GET /wp-js.php?phpshells HTTP/1.1" 301 0 "www.google.com" "Mozlila/5.0 (Linux; Android 7.0; SM-G892A Bulid/NRD90M; wv) AppleWebKit/537.36 (KHTML, like Gecko) Version/4.0 Chrome/60.0.3112.107 Moblie Safari/537.36"
146.190.99.254 - - [14/Mar/2025:19:52:01 +0700] "GET /wp-load.php?daksldlkdsadas=1 HTTP/1.1" 403 1242 "www.google.com" "Mozlila/5.0 (Linux; Android 7.0; SM-G892A Bulid/NRD90M; wv) AppleWebKit/537.36 (KHTML, like Gecko) Version/4.0 Chrome/60.0.3112.107 Moblie Safari/537.36"
57.141.3.15 - - [14/Mar/2025:19:51:59 +0700] "GET /ms/blog/category/teknologi/page/4/ HTTP/2" 404 11514 "-" "meta-externalagent/1.1 (+https://developers.facebook.com/docs/sharing/webmasters/crawler)"
57.141.3.8 - - [14/Mar/2025:19:52:01 +0700] "GET /ms/?p=519 HTTP/2" 301 0 "-" "meta-externalagent/1.1 (+https://developers.facebook.com/docs/sharing/webmasters/crawler)"
57.141.3.6 - - [14/Mar/2025:19:52:02 +0700] "GET /blog/lainnya/pentingnya-membangun-citra-bisnis-yang-kuat HTTP/2" 200 37774 "-" "meta-externalagent/1.1 (+https://developers.facebook.com/docs/sharing/webmasters/crawler)"
188.166.217.91 - - [14/Mar/2025:19:52:04 +0700] "GET /cgi-bink.php HTTP/1.1" 404 3371 "-" "Mozilla/5.0 (Windows NT 10.0; Win64; x64) AppleWebKit/537.36 (KHTML, like Gecko) Chrome/85.0.4183.102 Safari/537.36"
146.190.99.254 - - [14/Mar/2025:19:52:04 +0700] "GET /sys.php HTTP/1.1" 301 0 "www.google.com" "Mozlila/5.0 (Linux; Android 7.0; SM-G892A Bulid/NRD90M; wv) AppleWebKit/537.36 (KHTML, like Gecko) Version/4.0 Chrome/60.0.3112.107 Moblie Safari/537.36"
57.141.3.17 - - [14/Mar/2025:19:52:06 +0700] "GET /en/blog/tag/canvas HTTP/2" 404 11514 "-" "meta-externalagent/1.1 (+https://developers.facebook.com/docs/sharing/webmasters/crawler)"
57.141.3.26 - - [14/Mar/2025:19:52:06 +0700] "GET /blog/management/accounting-finance/berapa-keuntungan-bisnis-anda-ini-cara-menghitung-laba-yang-akurat HTTP/2" 200 43266 "-" "meta-externalagent/1.1 (+https://developers.facebook.com/docs/sharing/webmasters/crawler)"
188.166.217.91 - - [14/Mar/2025:19:52:09 +0700] "GET /cgi-binwp.php HTTP/1.1" 404 3363 "-" "Mozilla/5.0 (Windows NT 10.0; Win64; x64) AppleWebKit/537.36 (KHTML, like Gecko) Chrome/85.0.4183.102 Safari/537.36"
146.190.99.254 - - [14/Mar/2025:19:52:10 +0700] "GET /0.php HTTP/1.1" 301 0 "www.google.com" "Mozlila/5.0 (Linux; Android 7.0; SM-G892A Bulid/NRD90M; wv) AppleWebKit/537.36 (KHTML, like Gecko) Version/4.0 Chrome/60.0.3112.107 Moblie Safari/537.36"
213.180.203.157 - - [14/Mar/2025:19:52:13 +0700] "GET /robots.txt HTTP/1.1" 200 298 "-" "Mozilla/5.0 (compatible; YandexBot/3.0; +http://yandex.com/bots)"
188.166.217.91 - - [14/Mar/2025:19:52:12 +0700] "GET /cgi.php HTTP/1.1" 404 3371 "-" "Mozilla/5.0 (Windows NT 10.0; Win64; x64) AppleWebKit/537.36 (KHTML, like Gecko) Chrome/85.0.4183.102 Safari/537.36"
57.141.3.2 - - [14/Mar/2025:19:52:11 +0700] "GET /en/blog/management/strategi/memanfaatkan-mobile-apps-sebagai-alat-pemasaran-dan-penjualan-bisnis/feed HTTP/2" 404 11514 "-" "meta-externalagent/1.1 (+https://developers.facebook.com/docs/sharing/webmasters/crawler)"
146.190.99.254 - - [14/Mar/2025:19:52:15 +0700] "GET /0byte.php HTTP/1.1" 301 0 "www.google.com" "Mozlila/5.0 (Linux; Android 7.0; SM-G892A Bulid/NRD90M; wv) AppleWebKit/537.36 (KHTML, like Gecko) Version/4.0 Chrome/60.0.3112.107 Moblie Safari/537.36"
57.141.3.7 - - [14/Mar/2025:19:52:15 +0700] "GET /en/blog/teknologi/cara-membuat-kwitansi-secara-online-mudah-gratis-dan-otomatis/feed HTTP/2" 404 11514 "-" "meta-externalagent/1.1 (+https://developers.facebook.com/docs/sharing/webmasters/crawler)"
66.249.75.229 - - [14/Mar/2025:19:52:17 +0700] "GET /?e=31662262549 HTTP/1.1" 200 20176 "-" "Mozilla/5.0 (Linux; Android 6.0.1; Nexus 5X Build/MMB29P) AppleWebKit/537.36 (KHTML, like Gecko) Chrome/133.0.6943.141 Mobile Safari/537.36 (compatible; GoogleOther)"
188.166.217.91 - - [14/Mar/2025:19:52:18 +0700] "GET /cgialfa/admin.php HTTP/1.1" 404 3371 "-" "Mozilla/5.0 (Windows NT 10.0; Win64; x64) AppleWebKit/537.36 (KHTML, like Gecko) Chrome/85.0.4183.102 Safari/537.36"
57.141.3.10 - - [14/Mar/2025:19:52:17 +0700] "GET /ms/blog/tag/swot/ HTTP/2" 404 11514 "-" "meta-externalagent/1.1 (+https://developers.facebook.com/docs/sharing/webmasters/crawler)"
57.141.3.14 - - [14/Mar/2025:19:52:18 +0700] "GET /en/blog/digital-marketing/membangun-toko-online-yang-sukses-tips-dan-trik-dari-wirausaha-yang-berhasil HTTP/2" 404 11514 "-" "meta-externalagent/1.1 (+https://developers.facebook.com/docs/sharing/webmasters/crawler)"
146.190.99.254 - - [14/Mar/2025:19:52:20 +0700] "GET /0x0.php HTTP/1.1" 301 0 "www.google.com" "Mozlila/5.0 (Linux; Android 7.0; SM-G892A Bulid/NRD90M; wv) AppleWebKit/537.36 (KHTML, like Gecko) Version/4.0 Chrome/60.0.3112.107 Moblie Safari/537.36"
57.141.3.21 - - [14/Mar/2025:19:52:20 +0700] "GET /ms/blog/management/accounting-finance/beda-retur-penjualan-dan-retur-pembelian-simak-beragam-jenisnya/ HTTP/2" 404 11514 "-" "meta-externalagent/1.1 (+https://developers.facebook.com/docs/sharing/webmasters/crawler)"
146.190.99.254 - - [14/Mar/2025:19:52:25 +0700] "GET /0z.php HTTP/1.1" 301 0 "www.google.com" "Mozlila/5.0 (Linux; Android 7.0; SM-G892A Bulid/NRD90M; wv) AppleWebKit/537.36 (KHTML, like Gecko) Version/4.0 Chrome/60.0.3112.107 Moblie Safari/537.36"
188.166.217.91 - - [14/Mar/2025:19:52:26 +0700] "GET /cgialfa/alfa.php HTTP/1.1" 404 3371 "-" "Mozilla/5.0 (Windows NT 10.0; Win64; x64) AppleWebKit/537.36 (KHTML, like Gecko) Chrome/85.0.4183.102 Safari/537.36"
188.166.217.91 - - [14/Mar/2025:19:52:28 +0700] "GET /cgialfa/bypass.php HTTP/1.1" 404 3371 "-" "Mozilla/5.0 (Windows NT 10.0; Win64; x64) AppleWebKit/537.36 (KHTML, like Gecko) Chrome/85.0.4183.102 Safari/537.36"
146.190.99.254 - - [14/Mar/2025:19:52:29 +0700] "GET /1.php HTTP/1.1" 301 0 "www.google.com" "Mozlila/5.0 (Linux; Android 7.0; SM-G892A Bulid/NRD90M; wv) AppleWebKit/537.36 (KHTML, like Gecko) Version/4.0 Chrome/60.0.3112.107 Moblie Safari/537.36"
57.141.3.15 - - [14/Mar/2025:19:52:34 +0700] "GET /en/blog/tag/pelaku-usaha HTTP/2" 404 11514 "-" "meta-externalagent/1.1 (+https://developers.facebook.com/docs/sharing/webmasters/crawler)"
57.141.3.6 - - [14/Mar/2025:19:52:32 +0700] "GET /ms/blog/digital-marketing/giveaway-strategi-marketing-yang-tingkatkan-peluang-penjualan/ HTTP/2" 404 11514 "-" "meta-externalagent/1.1 (+https://developers.facebook.com/docs/sharing/webmasters/crawler)"
146.190.99.254 - - [14/Mar/2025:19:52:34 +0700] "GET /13.php HTTP/1.1" 301 0 "www.google.com" "Mozlila/5.0 (Linux; Android 7.0; SM-G892A Bulid/NRD90M; wv) AppleWebKit/537.36 (KHTML, like Gecko) Version/4.0 Chrome/60.0.3112.107 Moblie Safari/537.36"
188.166.217.91 - - [14/Mar/2025:19:52:34 +0700] "GET /cgialfa/index.php HTTP/1.1" 301 0 "-" "Mozilla/5.0 (Windows NT 10.0; Win64; x64) AppleWebKit/537.36 (KHTML, like Gecko) Chrome/85.0.4183.102 Safari/537.36"
57.141.3.15 - - [14/Mar/2025:19:52:38 +0700] "GET /en/cara-jualan-di-tokopedia/modal-toko-tokopedia-solusi-untuk-dana-usaha-tambahan-tanpa-ribet/ HTTP/2" 404 11514 "-" "meta-externalagent/1.1 (+https://developers.facebook.com/docs/sharing/webmasters/crawler)"
57.141.3.23 - - [14/Mar/2025:19:52:36 +0700] "GET /ms/blog/tag/jastip/ HTTP/2" 404 11514 "-" "meta-externalagent/1.1 (+https://developers.facebook.com/docs/sharing/webmasters/crawler)"
146.190.99.254 - - [14/Mar/2025:19:52:38 +0700] "GET /1877.php HTTP/1.1" 301 0 "www.google.com" "Mozlila/5.0 (Linux; Android 7.0; SM-G892A Bulid/NRD90M; wv) AppleWebKit/537.36 (KHTML, like Gecko) Version/4.0 Chrome/60.0.3112.107 Moblie Safari/537.36"
188.166.217.91 - - [14/Mar/2025:19:52:37 +0700] "GET /cgialfa/ HTTP/1.1" 404 3371 "-" "Mozilla/5.0 (Windows NT 10.0; Win64; x64) AppleWebKit/537.36 (KHTML, like Gecko) Chrome/85.0.4183.102 Safari/537.36"
57.141.3.11 - - [14/Mar/2025:19:52:39 +0700] "GET /ms/blog/management/strategi/memanfaatkan-mobile-apps-sebagai-alat-pemasaran-dan-penjualan-bisnis/ HTTP/2" 404 11514 "-" "meta-externalagent/1.1 (+https://developers.facebook.com/docs/sharing/webmasters/crawler)"
188.166.217.91 - - [14/Mar/2025:19:52:42 +0700] "GET /cgialfa/k.php HTTP/1.1" 404 3371 "-" "Mozilla/5.0 (Windows NT 10.0; Win64; x64) AppleWebKit/537.36 (KHTML, like Gecko) Chrome/85.0.4183.102 Safari/537.36"
57.141.3.14 - - [14/Mar/2025:19:52:41 +0700] "GET /en/blog/tag/media-sosial/ HTTP/2" 404 11514 "-" "meta-externalagent/1.1 (+https://developers.facebook.com/docs/sharing/webmasters/crawler)"
66.249.75.229 - - [14/Mar/2025:19:52:46 +0700] "GET /?e=58918824056 HTTP/1.1" 200 19742 "-" "Mozilla/5.0 (Linux; Android 6.0.1; Nexus 5X Build/MMB29P) AppleWebKit/537.36 (KHTML, like Gecko) Chrome/133.0.6943.141 Mobile Safari/537.36 (compatible; GoogleOther)"
188.166.217.91 - - [14/Mar/2025:19:52:46 +0700] "GET /cgialfa/wp.php HTTP/1.1" 404 3371 "-" "Mozilla/5.0 (Windows NT 10.0; Win64; x64) AppleWebKit/537.36 (KHTML, like Gecko) Chrome/85.0.4183.102 Safari/537.36"
146.190.99.254 - - [14/Mar/2025:19:52:45 +0700] "GET /1975.php?CVE=2022 HTTP/1.1" 301 0 "www.google.com" "Mozlila/5.0 (Linux; Android 7.0; SM-G892A Bulid/NRD90M; wv) AppleWebKit/537.36 (KHTML, like Gecko) Version/4.0 Chrome/60.0.3112.107 Moblie Safari/537.36"
57.141.3.5 - - [14/Mar/2025:19:52:47 +0700] "GET /en/blog/management/legal/kupas-tuntas-tentang-hak-cipta-pengertian-jenis-serta-prosedur-pengajuan/feed HTTP/2" 404 11514 "-" "meta-externalagent/1.1 (+https://developers.facebook.com/docs/sharing/webmasters/crawler)"
188.166.217.91 - - [14/Mar/2025:19:52:51 +0700] "GET /cgialfaadmin.php HTTP/1.1" 404 3371 "-" "Mozilla/5.0 (Windows NT 10.0; Win64; x64) AppleWebKit/537.36 (KHTML, like Gecko) Chrome/85.0.4183.102 Safari/537.36"
64.233.173.202 - - [14/Mar/2025:19:52:52 +0700] "GET /.well-known/traffic-advice HTTP/1.1" 404 3371 "-" "Chrome Privacy Preserving Prefetch Proxy"
57.141.3.17 - - [14/Mar/2025:19:52:53 +0700] "GET /cara-jualan-di-tokopedia/cara-mendaftar-jadi-mitra-tokopedia-aplikasi-untuk-bisnis-rumahan HTTP/2" 200 34879 "-" "meta-externalagent/1.1 (+https://developers.facebook.com/docs/sharing/webmasters/crawler)"
193.186.4.183 - - [14/Mar/2025:19:52:53 +0700] "GET /en/blog/lainnya/tantangan-keamanan-data-dan-privasi-dalam-e-commerce HTTP/2" 200 0 "https://www.google.com/" "Mozilla/5.0 (Windows NT 10.0; Win64; x64) AppleWebKit/537.36 (KHTML, like Gecko) Chrome/134.0.0.0 Safari/537.36"
57.141.3.28 - - [14/Mar/2025:19:52:55 +0700] "GET /ms/?p=254 HTTP/2" 301 0 "-" "meta-externalagent/1.1 (+https://developers.facebook.com/docs/sharing/webmasters/crawler)"
146.190.99.254 - - [14/Mar/2025:19:52:54 +0700] "GET /1975.php?CVE=2021 HTTP/1.1" 301 0 "www.google.com" "Mozlila/5.0 (Linux; Android 7.0; SM-G892A Bulid/NRD90M; wv) AppleWebKit/537.36 (KHTML, like Gecko) Version/4.0 Chrome/60.0.3112.107 Moblie Safari/537.36"
188.166.217.91 - - [14/Mar/2025:19:52:59 +0700] "GET /cgialfaalfa.php HTTP/1.1" 404 3371 "-" "Mozilla/5.0 (Windows NT 10.0; Win64; x64) AppleWebKit/537.36 (KHTML, like Gecko) Chrome/85.0.4183.102 Safari/537.36"
146.190.99.254 - - [14/Mar/2025:19:53:02 +0700] "GET /1975.php HTTP/1.1" 301 0 "www.google.com" "Mozlila/5.0 (Linux; Android 7.0; SM-G892A Bulid/NRD90M; wv) AppleWebKit/537.36 (KHTML, like Gecko) Version/4.0 Chrome/60.0.3112.107 Moblie Safari/537.36"
57.141.3.17 - - [14/Mar/2025:19:53:01 +0700] "GET /blog/kewirausahaan/communication/apa-itu-workshop-fungsi-tujuan-dan-perbedaannya-dengan-training HTTP/2" 200 43642 "-" "meta-externalagent/1.1 (+https://developers.facebook.com/docs/sharing/webmasters/crawler)"
66.249.75.231 - - [14/Mar/2025:19:53:09 +0700] "GET /item.php?e=14687725000 HTTP/1.1" 403 1242 "-" "Mozilla/5.0 (Linux; Android 6.0.1; Nexus 5X Build/MMB29P) AppleWebKit/537.36 (KHTML, like Gecko) Chrome/133.0.6943.141 Mobile Safari/537.36 (compatible; GoogleOther)"
188.166.217.91 - - [14/Mar/2025:19:53:07 +0700] "GET /cgialfabypass.php HTTP/1.1" 404 3371 "-" "Mozilla/5.0 (Windows NT 10.0; Win64; x64) AppleWebKit/537.36 (KHTML, like Gecko) Chrome/85.0.4183.102 Safari/537.36"
146.190.99.254 - - [14/Mar/2025:19:53:09 +0700] "GET /1975Team.php?shell=Dead HTTP/1.1" 301 0 "www.google.com" "Mozlila/5.0 (Linux; Android 7.0; SM-G892A Bulid/NRD90M; wv) AppleWebKit/537.36 (KHTML, like Gecko) Version/4.0 Chrome/60.0.3112.107 Moblie Safari/537.36"
188.166.217.91 - - [14/Mar/2025:19:53:11 +0700] "GET /cgialfak.php HTTP/1.1" 404 3371 "-" "Mozilla/5.0 (Windows NT 10.0; Win64; x64) AppleWebKit/537.36 (KHTML, like Gecko) Chrome/85.0.4183.102 Safari/537.36"
146.190.99.254 - - [14/Mar/2025:19:53:17 +0700] "GET /403.php HTTP/1.1" 301 0 "www.google.com" "Mozlila/5.0 (Linux; Android 7.0; SM-G892A Bulid/NRD90M; wv) AppleWebKit/537.36 (KHTML, like Gecko) Version/4.0 Chrome/60.0.3112.107 Moblie Safari/537.36"
188.166.217.91 - - [14/Mar/2025:19:53:18 +0700] "GET /cgialfawp.php HTTP/1.1" 404 3371 "-" "Mozilla/5.0 (Windows NT 10.0; Win64; x64) AppleWebKit/537.36 (KHTML, like Gecko) Chrome/85.0.4183.102 Safari/537.36"
146.190.99.254 - - [14/Mar/2025:19:53:22 +0700] "GET /404.php HTTP/1.1" 301 0 "www.google.com" "Mozlila/5.0 (Linux; Android 7.0; SM-G892A Bulid/NRD90M; wv) AppleWebKit/537.36 (KHTML, like Gecko) Version/4.0 Chrome/60.0.3112.107 Moblie Safari/537.36"
180.235.151.3 - - [14/Mar/2025:19:53:27 +0700] "POST /wp-cron.php?doing_wp_cron=1741956807.2509438991546630859375 HTTP/1.1" 403 1242 "-" "WordPress/6.7.2; https://www.aturtoko.id"
188.166.217.91 - - [14/Mar/2025:19:53:25 +0700] "GET /checkbox.php HTTP/1.1" 404 3371 "-" "Mozilla/5.0 (Windows NT 10.0; Win64; x64) AppleWebKit/537.36 (KHTML, like Gecko) Chrome/85.0.4183.102 Safari/537.36"
146.190.99.254 - - [14/Mar/2025:19:53:26 +0700] "GET /45.php HTTP/1.1" 301 0 "www.google.com" "Mozlila/5.0 (Linux; Android 7.0; SM-G892A Bulid/NRD90M; wv) AppleWebKit/537.36 (KHTML, like Gecko) Version/4.0 Chrome/60.0.3112.107 Moblie Safari/537.36"
57.141.3.16 - - [14/Mar/2025:19:53:27 +0700] "GET /en/blog/tag/perusahaan-terbuka/ HTTP/2" 404 11514 "-" "meta-externalagent/1.1 (+https://developers.facebook.com/docs/sharing/webmasters/crawler)"
57.141.3.30 - - [14/Mar/2025:19:53:27 +0700] "GET /en/blog/tag/riset-pasar/ HTTP/2" 404 11514 "-" "meta-externalagent/1.1 (+https://developers.facebook.com/docs/sharing/webmasters/crawler)"
188.166.217.91 - - [14/Mar/2025:19:53:29 +0700] "GET /chitoge.php HTTP/1.1" 404 3363 "-" "Mozilla/5.0 (Windows NT 10.0; Win64; x64) AppleWebKit/537.36 (KHTML, like Gecko) Chrome/85.0.4183.102 Safari/537.36"
66.249.75.230 - - [14/Mar/2025:19:53:30 +0700] "GET /?e=85516571609 HTTP/1.1" 200 19759 "-" "Mozilla/5.0 (Linux; Android 6.0.1; Nexus 5X Build/MMB29P) AppleWebKit/537.36 (KHTML, like Gecko) Chrome/133.0.6943.141 Mobile Safari/537.36 (compatible; GoogleOther)"
57.141.3.15 - - [14/Mar/2025:19:53:28 +0700] "GET /ms/blog/teknologi/yuk-ketahui-apa-itu-qris-manfaat-dan-cara-penggunaannya-sebagai-sarana-pembayaran/feed HTTP/2" 404 11514 "-" "meta-externalagent/1.1 (+https://developers.facebook.com/docs/sharing/webmasters/crawler)"
146.190.99.254 - - [14/Mar/2025:19:53:31 +0700] "GET /4x4.php HTTP/1.1" 301 0 "www.google.com" "Mozlila/5.0 (Linux; Android 7.0; SM-G892A Bulid/NRD90M; wv) AppleWebKit/537.36 (KHTML, like Gecko) Version/4.0 Chrome/60.0.3112.107 Moblie Safari/537.36"
57.141.3.20 - - [14/Mar/2025:19:53:30 +0700] "GET /ms/blog/category/teknologi/ HTTP/2" 404 11514 "-" "meta-externalagent/1.1 (+https://developers.facebook.com/docs/sharing/webmasters/crawler)"
188.166.217.91 - - [14/Mar/2025:19:53:32 +0700] "GET /chosen.php HTTP/1.1" 404 3371 "-" "Mozilla/5.0 (Windows NT 10.0; Win64; x64) AppleWebKit/537.36 (KHTML, like Gecko) Chrome/85.0.4183.102 Safari/537.36"
57.141.3.20 - - [14/Mar/2025:19:53:32 +0700] "GET /ms/blog/tag/digitalitas HTTP/2" 404 11514 "-" "meta-externalagent/1.1 (+https://developers.facebook.com/docs/sharing/webmasters/crawler)"
146.190.99.254 - - [14/Mar/2025:19:53:35 +0700] "GET /73.php HTTP/1.1" 301 0 "www.google.com" "Mozlila/5.0 (Linux; Android 7.0; SM-G892A Bulid/NRD90M; wv) AppleWebKit/537.36 (KHTML, like Gecko) Version/4.0 Chrome/60.0.3112.107 Moblie Safari/537.36"
57.141.3.22 - - [14/Mar/2025:19:53:37 +0700] "GET /ms/blog/lainnya/membuat-website-anda-untuk-kesuksesan-bisnis-online/ HTTP/2" 404 11514 "-" "meta-externalagent/1.1 (+https://developers.facebook.com/docs/sharing/webmasters/crawler)"
146.190.99.254 - - [14/Mar/2025:19:53:40 +0700] "GET /a.php HTTP/1.1" 301 0 "www.google.com" "Mozlila/5.0 (Linux; Android 7.0; SM-G892A Bulid/NRD90M; wv) AppleWebKit/537.36 (KHTML, like Gecko) Version/4.0 Chrome/60.0.3112.107 Moblie Safari/537.36"
57.141.3.20 - - [14/Mar/2025:19:53:39 +0700] "GET /en/blog/kewirausahaan/communication/pengertian-feedback-umpan-balik-untuk-karyawan-jenis-dan-contohnya/ HTTP/2" 404 11514 "-" "meta-externalagent/1.1 (+https://developers.facebook.com/docs/sharing/webmasters/crawler)"
188.166.217.91 - - [14/Mar/2025:19:53:40 +0700] "GET /chosen.php?p= HTTP/1.1" 301 0 "-" "Mozilla/5.0 (Windows NT 10.0; Win64; x64) AppleWebKit/537.36 (KHTML, like Gecko) Chrome/85.0.4183.102 Safari/537.36"
57.141.3.19 - - [14/Mar/2025:19:53:41 +0700] "GET /en/blog/tag/subscriber/ HTTP/2" 404 11514 "-" "meta-externalagent/1.1 (+https://developers.facebook.com/docs/sharing/webmasters/crawler)"
146.190.99.254 - - [14/Mar/2025:19:53:44 +0700] "GET /abc.php HTTP/1.1" 301 0 "www.google.com" "Mozlila/5.0 (Linux; Android 7.0; SM-G892A Bulid/NRD90M; wv) AppleWebKit/537.36 (KHTML, like Gecko) Version/4.0 Chrome/60.0.3112.107 Moblie Safari/537.36"
188.166.217.91 - - [14/Mar/2025:19:53:44 +0700] "GET /chosen.php HTTP/1.1" 404 3363 "-" "Mozilla/5.0 (Windows NT 10.0; Win64; x64) AppleWebKit/537.36 (KHTML, like Gecko) Chrome/85.0.4183.102 Safari/537.36"
57.141.3.23 - - [14/Mar/2025:19:53:43 +0700] "GET /ms/blog/tag/leadership HTTP/2" 404 11514 "-" "meta-externalagent/1.1 (+https://developers.facebook.com/docs/sharing/webmasters/crawler)"
57.141.3.1 - - [14/Mar/2025:19:53:45 +0700] "GET /ms/blog/lainnya/ini-5-hal-yang-perlu-kita-tahu-tentang-template-toko-online HTTP/2" 404 11514 "-" "meta-externalagent/1.1 (+https://developers.facebook.com/docs/sharing/webmasters/crawler)"
188.166.217.91 - - [14/Mar/2025:19:53:48 +0700] "GET /ciis.php HTTP/1.1" 404 3371 "-" "Mozilla/5.0 (Windows NT 10.0; Win64; x64) AppleWebKit/537.36 (KHTML, like Gecko) Chrome/85.0.4183.102 Safari/537.36"
146.190.99.254 - - [14/Mar/2025:19:53:49 +0700] "GET /al.php HTTP/1.1" 301 0 "www.google.com" "Mozlila/5.0 (Linux; Android 7.0; SM-G892A Bulid/NRD90M; wv) AppleWebKit/537.36 (KHTML, like Gecko) Version/4.0 Chrome/60.0.3112.107 Moblie Safari/537.36"
57.141.3.18 - - [14/Mar/2025:19:53:48 +0700] "GET /ms/blog/tag/bisnis-online HTTP/2" 404 11514 "-" "meta-externalagent/1.1 (+https://developers.facebook.com/docs/sharing/webmasters/crawler)"
188.166.217.91 - - [14/Mar/2025:19:53:50 +0700] "GET /clan.php HTTP/1.1" 404 3371 "-" "Mozilla/5.0 (Windows NT 10.0; Win64; x64) AppleWebKit/537.36 (KHTML, like Gecko) Chrome/85.0.4183.102 Safari/537.36"
66.249.71.3 - - [14/Mar/2025:19:53:52 +0700] "GET /?e=83268020598 HTTP/1.1" 200 20904 "-" "Mozilla/5.0 (Linux; Android 6.0.1; Nexus 5X Build/MMB29P) AppleWebKit/537.36 (KHTML, like Gecko) Chrome/133.0.6943.141 Mobile Safari/537.36 (compatible; GoogleOther)"
57.141.3.22 - - [14/Mar/2025:19:53:53 +0700] "GET /ms/cara-jualan-di-shopee HTTP/2" 404 11514 "-" "meta-externalagent/1.1 (+https://developers.facebook.com/docs/sharing/webmasters/crawler)"
146.190.99.254 - - [14/Mar/2025:19:53:53 +0700] "GET /alf.php HTTP/1.1" 301 0 "www.google.com" "Mozlila/5.0 (Linux; Android 7.0; SM-G892A Bulid/NRD90M; wv) AppleWebKit/537.36 (KHTML, like Gecko) Version/4.0 Chrome/60.0.3112.107 Moblie Safari/537.36"
188.166.217.91 - - [14/Mar/2025:19:53:55 +0700] "GET /class-ftp-pures.php HTTP/1.1" 404 3371 "-" "Mozilla/5.0 (Windows NT 10.0; Win64; x64) AppleWebKit/537.36 (KHTML, like Gecko) Chrome/85.0.4183.102 Safari/537.36"
146.190.99.254 - - [14/Mar/2025:19:53:58 +0700] "GET /alf4.php HTTP/1.1" 301 0 "www.google.com" "Mozlila/5.0 (Linux; Android 7.0; SM-G892A Bulid/NRD90M; wv) AppleWebKit/537.36 (KHTML, like Gecko) Version/4.0 Chrome/60.0.3112.107 Moblie Safari/537.36"
188.166.217.91 - - [14/Mar/2025:19:53:58 +0700] "GET /class-wp-settings.php HTTP/1.1" 404 3371 "-" "Mozilla/5.0 (Windows NT 10.0; Win64; x64) AppleWebKit/537.36 (KHTML, like Gecko) Chrome/85.0.4183.102 Safari/537.36"
57.141.3.9 - - [14/Mar/2025:19:53:58 +0700] "GET /ms/blog/tag/company-profile/ HTTP/2" 404 11514 "-" "meta-externalagent/1.1 (+https://developers.facebook.com/docs/sharing/webmasters/crawler)"
146.190.99.254 - - [14/Mar/2025:19:54:03 +0700] "GET /alfa-ioxi.php HTTP/1.1" 301 0 "www.google.com" "Mozlila/5.0 (Linux; Android 7.0; SM-G892A Bulid/NRD90M; wv) AppleWebKit/537.36 (KHTML, like Gecko) Version/4.0 Chrome/60.0.3112.107 Moblie Safari/537.36"
57.141.3.8 - - [14/Mar/2025:19:54:01 +0700] "GET /ms/blog/tag/riset HTTP/2" 404 11514 "-" "meta-externalagent/1.1 (+https://developers.facebook.com/docs/sharing/webmasters/crawler)"
188.166.217.91 - - [14/Mar/2025:19:54:06 +0700] "GET /class-wp.php HTTP/1.1" 404 3371 "-" "Mozilla/5.0 (Windows NT 10.0; Win64; x64) AppleWebKit/537.36 (KHTML, like Gecko) Chrome/85.0.4183.102 Safari/537.36"
57.141.3.15 - - [14/Mar/2025:19:54:06 +0700] "GET /ms/blog/category/kewirausahaan/page/7 HTTP/2" 404 11514 "-" "meta-externalagent/1.1 (+https://developers.facebook.com/docs/sharing/webmasters/crawler)"
146.190.99.254 - - [14/Mar/2025:19:54:08 +0700] "GET /alfa-shell-v4.php HTTP/1.1" 301 0 "www.google.com" "Mozlila/5.0 (Linux; Android 7.0; SM-G892A Bulid/NRD90M; wv) AppleWebKit/537.36 (KHTML, like Gecko) Version/4.0 Chrome/60.0.3112.107 Moblie Safari/537.36"
57.141.3.2 - - [14/Mar/2025:19:54:09 +0700] "GET /en/blog/category/kewirausahaan/page/8 HTTP/2" 404 11514 "-" "meta-externalagent/1.1 (+https://developers.facebook.com/docs/sharing/webmasters/crawler)"
188.166.217.91 - - [14/Mar/2025:19:54:11 +0700] "GET /class.php HTTP/1.1" 404 3371 "-" "Mozilla/5.0 (Windows NT 10.0; Win64; x64) AppleWebKit/537.36 (KHTML, like Gecko) Chrome/85.0.4183.102 Safari/537.36"
57.141.3.27 - - [14/Mar/2025:19:54:10 +0700] "GET /en/blog/management/legal/badan-usaha-pengertian-ciri-ciri-dan-bentuk-yang-ada-di-indonesia/feed HTTP/2" 404 11514 "-" "meta-externalagent/1.1 (+https://developers.facebook.com/docs/sharing/webmasters/crawler)"
146.190.99.254 - - [14/Mar/2025:19:54:13 +0700] "GET /alfa.php HTTP/1.1" 301 0 "www.google.com" "Mozlila/5.0 (Linux; Android 7.0; SM-G892A Bulid/NRD90M; wv) AppleWebKit/537.36 (KHTML, like Gecko) Version/4.0 Chrome/60.0.3112.107 Moblie Safari/537.36"
66.249.75.230 - - [14/Mar/2025:19:54:15 +0700] "GET /?e=26859310352 HTTP/1.1" 200 19696 "-" "Mozilla/5.0 (Linux; Android 6.0.1; Nexus 5X Build/MMB29P) AppleWebKit/537.36 (KHTML, like Gecko) Chrome/133.0.6943.141 Mobile Safari/537.36 (compatible; GoogleOther)"
57.141.3.11 - - [14/Mar/2025:19:54:13 +0700] "GET /ms/blog/introduction-to-digital/membuat-website-anda-untuk-kesuksesan-bisnis-online/ HTTP/2" 404 11514 "-" "meta-externalagent/1.1 (+https://developers.facebook.com/docs/sharing/webmasters/crawler)"
57.141.3.5 - - [14/Mar/2025:19:54:14 +0700] "GET /ms/blog/manajemen-bisnis/pentingnya-membangun-citra-bisnis-yang-kuat/ HTTP/2" 404 11514 "-" "meta-externalagent/1.1 (+https://developers.facebook.com/docs/sharing/webmasters/crawler)"
188.166.217.91 - - [14/Mar/2025:19:54:16 +0700] "GET /class_appfun.php HTTP/1.1" 404 3363 "-" "Mozilla/5.0 (Windows NT 10.0; Win64; x64) AppleWebKit/537.36 (KHTML, like Gecko) Chrome/85.0.4183.102 Safari/537.36"
146.190.99.254 - - [14/Mar/2025:19:54:17 +0700] "GET /alfakun.php HTTP/1.1" 301 0 "www.google.com" "Mozlila/5.0 (Linux; Android 7.0; SM-G892A Bulid/NRD90M; wv) AppleWebKit/537.36 (KHTML, like Gecko) Version/4.0 Chrome/60.0.3112.107 Moblie Safari/537.36"
57.141.3.9 - - [14/Mar/2025:19:54:18 +0700] "GET /en/blog/tag/sop HTTP/2" 404 11514 "-" "meta-externalagent/1.1 (+https://developers.facebook.com/docs/sharing/webmasters/crawler)"
188.166.217.91 - - [14/Mar/2025:19:54:20 +0700] "GET /classwithtostring.php HTTP/1.1" 404 3363 "-" "Mozilla/5.0 (Windows NT 10.0; Win64; x64) AppleWebKit/537.36 (KHTML, like Gecko) Chrome/85.0.4183.102 Safari/537.36"
57.141.3.13 - - [14/Mar/2025:19:54:19 +0700] "GET /ms/blog/tag/perusahaan-terbuka/ HTTP/2" 404 11514 "-" "meta-externalagent/1.1 (+https://developers.facebook.com/docs/sharing/webmasters/crawler)"
18.191.174.45 - - [14/Mar/2025:19:54:19 +0700] "GET /blog/lainnya/cara-menarik-konsumen HTTP/2" 301 0 "-" "Mozilla/5.0 AppleWebKit/537.36 (KHTML, like Gecko; compatible; ClaudeBot/1.0; +claudebot@anthropic.com)"
57.141.3.7 - - [14/Mar/2025:19:54:21 +0700] "GET /ms/blog/tag/analisis-swot HTTP/2" 404 11514 "-" "meta-externalagent/1.1 (+https://developers.facebook.com/docs/sharing/webmasters/crawler)"
146.190.99.254 - - [14/Mar/2025:19:54:22 +0700] "GET /alfatesla.php HTTP/1.1" 301 0 "www.google.com" "Mozlila/5.0 (Linux; Android 7.0; SM-G892A Bulid/NRD90M; wv) AppleWebKit/537.36 (KHTML, like Gecko) Version/4.0 Chrome/60.0.3112.107 Moblie Safari/537.36"
57.141.3.4 - - [14/Mar/2025:19:54:22 +0700] "GET /ms/blog/tag/jejaring-sosial HTTP/2" 404 11514 "-" "meta-externalagent/1.1 (+https://developers.facebook.com/docs/sharing/webmasters/crawler)"
18.191.174.45 - - [14/Mar/2025:19:54:25 +0700] "GET /blog/lainnya/cara-menarik-konsumen HTTP/2" 200 0 "https://aturtoko.id/blog/lainnya/cara-menarik-konsumen" "Mozilla/5.0 AppleWebKit/537.36 (KHTML, like Gecko; compatible; ClaudeBot/1.0; +claudebot@anthropic.com)"
180.235.151.3 - - [14/Mar/2025:19:54:28 +0700] "POST /wp-cron.php?doing_wp_cron=1741956868.8997509479522705078125 HTTP/1.1" 403 1242 "-" "WordPress/6.7.2; https://www.aturtoko.id"
188.166.217.91 - - [14/Mar/2025:19:54:26 +0700] "GET /clay.php HTTP/1.1" 404 3371 "-" "Mozilla/5.0 (Windows NT 10.0; Win64; x64) AppleWebKit/537.36 (KHTML, like Gecko) Chrome/85.0.4183.102 Safari/537.36"
180.235.151.3 - - [14/Mar/2025:19:54:30 +0700] "POST /wp-cron.php?doing_wp_cron=1741956870.3072099685668945312500 HTTP/1.1" 403 1242 "-" "WordPress/6.7.2; https://www.aturtoko.id"
57.141.3.28 - - [14/Mar/2025:19:54:26 +0700] "GET /ms/blog/info-marketplace/cara-memanfaatkan-konten-untuk-meningkatkan-penjualan-di-website-e-commerce HTTP/2" 404 11514 "-" "meta-externalagent/1.1 (+https://developers.facebook.com/docs/sharing/webmasters/crawler)"
180.235.151.3 - - [14/Mar/2025:19:54:30 +0700] "POST /wp-cron.php?doing_wp_cron=1741956870.7291669845581054687500 HTTP/1.1" 403 1242 "-" "WordPress/6.7.2; https://www.aturtoko.id"
57.141.3.29 - - [14/Mar/2025:19:54:26 +0700] "GET /ms/blog/tag/teknologi-cloud/ HTTP/2" 404 11514 "-" "meta-externalagent/1.1 (+https://developers.facebook.com/docs/sharing/webmasters/crawler)"
146.190.99.254 - - [14/Mar/2025:19:54:28 +0700] "GET /alfateslav4.php HTTP/1.1" 301 0 "www.google.com" "Mozlila/5.0 (Linux; Android 7.0; SM-G892A Bulid/NRD90M; wv) AppleWebKit/537.36 (KHTML, like Gecko) Version/4.0 Chrome/60.0.3112.107 Moblie Safari/537.36"
180.235.151.3 - - [14/Mar/2025:19:54:31 +0700] "POST /wp-cron.php?doing_wp_cron=1741956871.3737800121307373046875 HTTP/1.1" 403 1242 "-" "WordPress/6.7.2; https://www.aturtoko.id"
57.141.3.14 - - [14/Mar/2025:19:54:29 +0700] "GET /en/blog/kewirausahaan/investasi/mengenal-investasi-saham-keuntungan-risiko-dan-tips-bagi-pemula HTTP/2" 404 11514 "-" "meta-externalagent/1.1 (+https://developers.facebook.com/docs/sharing/webmasters/crawler)"
196.251.66.203 - - [14/Mar/2025:19:54:32 +0700] "POST /wp-login.php HTTP/1.1" 403 0 "-" "Mozilla/5.0"
57.141.3.10 - - [14/Mar/2025:19:54:31 +0700] "GET /ms/blog/manajemen-bisnis/analisis-keuntungan-dan-kerugian-penggunaan-e-commerce-untuk-usaha-mikro-dan-kecil/ HTTP/2" 404 11514 "-" "meta-externalagent/1.1 (+https://developers.facebook.com/docs/sharing/webmasters/crawler)"
146.190.99.254 - - [14/Mar/2025:19:54:33 +0700] "GET /alwso.php HTTP/1.1" 301 0 "www.google.com" "Mozlila/5.0 (Linux; Android 7.0; SM-G892A Bulid/NRD90M; wv) AppleWebKit/537.36 (KHTML, like Gecko) Version/4.0 Chrome/60.0.3112.107 Moblie Safari/537.36"
188.166.217.91 - - [14/Mar/2025:19:54:34 +0700] "GET /clen.php HTTP/1.1" 404 3371 "-" "Mozilla/5.0 (Windows NT 10.0; Win64; x64) AppleWebKit/537.36 (KHTML, like Gecko) Chrome/85.0.4183.102 Safari/537.36"
143.110.178.14 - - [14/Mar/2025:19:54:36 +0700] "POST /wp-login.php HTTP/1.1" 403 0 "-" "Mozilla/5.0"
57.141.3.1 - - [14/Mar/2025:19:54:35 +0700] "GET /ms/?p=1342 HTTP/2" 301 0 "-" "meta-externalagent/1.1 (+https://developers.facebook.com/docs/sharing/webmasters/crawler)"
188.166.217.91 - - [14/Mar/2025:19:54:37 +0700] "GET /click.php HTTP/1.1" 404 3371 "-" "Mozilla/5.0 (Windows NT 10.0; Win64; x64) AppleWebKit/537.36 (KHTML, like Gecko) Chrome/85.0.4183.102 Safari/537.36"
146.190.99.254 - - [14/Mar/2025:19:54:37 +0700] "GET /anjay.php HTTP/1.1" 301 0 "www.google.com" "Mozlila/5.0 (Linux; Android 7.0; SM-G892A Bulid/NRD90M; wv) AppleWebKit/537.36 (KHTML, like Gecko) Version/4.0 Chrome/60.0.3112.107 Moblie Safari/537.36"
66.249.75.230 - - [14/Mar/2025:19:54:39 +0700] "GET /?e=21396024709 HTTP/1.1" 200 19550 "-" "Mozilla/5.0 (Linux; Android 6.0.1; Nexus 5X Build/MMB29P) AppleWebKit/537.36 (KHTML, like Gecko) Chrome/133.0.6943.141 Mobile Safari/537.36 (compatible; GoogleOther)"
57.141.3.9 - - [14/Mar/2025:19:54:38 +0700] "GET /en/?p=637 HTTP/2" 301 0 "-" "meta-externalagent/1.1 (+https://developers.facebook.com/docs/sharing/webmasters/crawler)"
57.141.3.28 - - [14/Mar/2025:19:54:40 +0700] "GET /blog/digital-marketing/strategi-pemasaran-digital HTTP/2" 200 38173 "-" "meta-externalagent/1.1 (+https://developers.facebook.com/docs/sharing/webmasters/crawler)"
57.141.3.13 - - [14/Mar/2025:19:54:40 +0700] "GET /en/blog/digital-marketing/biar-bisnis-cuan-terus-simak-cara-meningkatkan-penjualan-online-berikut-ini/ HTTP/2" 404 11514 "-" "meta-externalagent/1.1 (+https://developers.facebook.com/docs/sharing/webmasters/crawler)"
146.190.99.254 - - [14/Mar/2025:19:54:42 +0700] "GET /anon.php HTTP/1.1" 301 0 "www.google.com" "Mozlila/5.0 (Linux; Android 7.0; SM-G892A Bulid/NRD90M; wv) AppleWebKit/537.36 (KHTML, like Gecko) Version/4.0 Chrome/60.0.3112.107 Moblie Safari/537.36"
188.166.217.91 - - [14/Mar/2025:19:54:43 +0700] "GET /cmd.php HTTP/1.1" 404 3363 "-" "Mozilla/5.0 (Windows NT 10.0; Win64; x64) AppleWebKit/537.36 (KHTML, like Gecko) Chrome/85.0.4183.102 Safari/537.36"
57.141.3.2 - - [14/Mar/2025:19:54:44 +0700] "GET /blog/kewirausahaan/funding/contoh-proposal-usaha-yang-memikat-modal-menggaet-investor HTTP/2" 200 42135 "-" "meta-externalagent/1.1 (+https://developers.facebook.com/docs/sharing/webmasters/crawler)"
146.190.99.254 - - [14/Mar/2025:19:54:46 +0700] "GET /anons79.php HTTP/1.1" 301 0 "www.google.com" "Mozlila/5.0 (Linux; Android 7.0; SM-G892A Bulid/NRD90M; wv) AppleWebKit/537.36 (KHTML, like Gecko) Version/4.0 Chrome/60.0.3112.107 Moblie Safari/537.36"
188.166.217.91 - - [14/Mar/2025:19:54:49 +0700] "GET /cms.php HTTP/1.1" 404 3363 "-" "Mozilla/5.0 (Windows NT 10.0; Win64; x64) AppleWebKit/537.36 (KHTML, like Gecko) Chrome/85.0.4183.102 Safari/537.36"
146.190.99.254 - - [14/Mar/2025:19:54:52 +0700] "GET /base.php HTTP/1.1" 301 0 "www.google.com" "Mozlila/5.0 (Linux; Android 7.0; SM-G892A Bulid/NRD90M; wv) AppleWebKit/537.36 (KHTML, like Gecko) Version/4.0 Chrome/60.0.3112.107 Moblie Safari/537.36"
57.141.3.16 - - [14/Mar/2025:19:54:52 +0700] "GET /en/blog/manajemen-bisnis/keuntungan-membuat-website-penjualan-yang-terintegrasi-dengan-sistem-manajemen-inventaris/ HTTP/2" 404 11514 "-" "meta-externalagent/1.1 (+https://developers.facebook.com/docs/sharing/webmasters/crawler)"
188.166.217.91 - - [14/Mar/2025:19:54:54 +0700] "GET /cocot.php HTTP/1.1" 404 3371 "-" "Mozilla/5.0 (Windows NT 10.0; Win64; x64) AppleWebKit/537.36 (KHTML, like Gecko) Chrome/85.0.4183.102 Safari/537.36"
66.249.75.229 - - [14/Mar/2025:19:54:56 +0700] "GET /?e=65348153230 HTTP/1.1" 200 20181 "-" "Mozilla/5.0 (Linux; Android 6.0.1; Nexus 5X Build/MMB29P) AppleWebKit/537.36 (KHTML, like Gecko) Chrome/133.0.6943.141 Mobile Safari/537.36 (compatible; Googlebot/2.1; +http://www.google.com/bot.html)"
57.141.3.26 - - [14/Mar/2025:19:54:54 +0700] "GET /en/blog/kewirausahaan/pengaruh-chatbot-ai-dalam-meningkatkan-layanan-e-commerce/feed HTTP/2" 404 11514 "-" "meta-externalagent/1.1 (+https://developers.facebook.com/docs/sharing/webmasters/crawler)"
57.141.3.7 - - [14/Mar/2025:19:54:55 +0700] "GET /ms/blog/aturtoko-update/lebih-baik-jualan-di-instagram-atau-marketplace/ HTTP/2" 404 11514 "-" "meta-externalagent/1.1 (+https://developers.facebook.com/docs/sharing/webmasters/crawler)"
146.190.99.254 - - [14/Mar/2025:19:54:58 +0700] "GET /batm.php HTTP/1.1" 301 0 "www.google.com" "Mozlila/5.0 (Linux; Android 7.0; SM-G892A Bulid/NRD90M; wv) AppleWebKit/537.36 (KHTML, like Gecko) Version/4.0 Chrome/60.0.3112.107 Moblie Safari/537.36"
188.166.217.91 - - [14/Mar/2025:19:54:59 +0700] "GET /codeboy1877x.php HTTP/1.1" 404 3363 "-" "Mozilla/5.0 (Windows NT 10.0; Win64; x64) AppleWebKit/537.36 (KHTML, like Gecko) Chrome/85.0.4183.102 Safari/537.36"
57.141.3.20 - - [14/Mar/2025:19:54:58 +0700] "GET /en/blog/lainnya/5-penyebab-kegagalan-dalam-bisnis/ HTTP/2" 404 11514 "-" "meta-externalagent/1.1 (+https://developers.facebook.com/docs/sharing/webmasters/crawler)"
