114.119.155.224 - - [14/Mar/2025:20:12:25 +0700] "GET /en/blog/kewirausahaan/funding/cara-mudah-mendapatkan-modal-usaha-untuk-pengembangan-bisnis/ HTTP/1.1" 404 3363 "https://www.aturtoko.id/ms/blog/kewirausahaan/funding/cara-mudah-mendapatkan-modal-usaha-untuk-pengembangan-bisnis" "Mozilla/5.0 (Linux; Android 7.0;) AppleWebKit/537.36 (KHTML, like Gecko) Mobile Safari/537.36 (compatible; PetalBot;+https://webmaster.petalsearch.com/site/petalbot)"
57.141.3.16 - - [14/Mar/2025:20:12:25 +0700] "GET /en/blog/category/kewirausahaan/page/6 HTTP/2" 404 11514 "-" "meta-externalagent/1.1 (+https://developers.facebook.com/docs/sharing/webmasters/crawler)"
188.166.217.91 - - [14/Mar/2025:20:12:30 +0700] "GET /doc/wp.php HTTP/1.1" 404 3371 "-" "Mozilla/5.0 (Windows NT 10.0; Win64; x64) AppleWebKit/537.36 (KHTML, like Gecko) Chrome/85.0.4183.102 Safari/537.36"
57.141.3.10 - - [14/Mar/2025:20:12:29 +0700] "GET /blog/tag/digitalitas HTTP/2" 200 48418 "-" "meta-externalagent/1.1 (+https://developers.facebook.com/docs/sharing/webmasters/crawler)"
57.141.3.5 - - [14/Mar/2025:20:12:30 +0700] "GET /en/blog/tag/digitalitas/ HTTP/2" 404 11514 "-" "meta-externalagent/1.1 (+https://developers.facebook.com/docs/sharing/webmasters/crawler)"
57.141.3.20 - - [14/Mar/2025:20:12:33 +0700] "GET /en/aturtokoplus HTTP/2" 404 11514 "-" "meta-externalagent/1.1 (+https://developers.facebook.com/docs/sharing/webmasters/crawler)"
57.141.3.21 - - [14/Mar/2025:20:12:32 +0700] "GET /en/blog/manajemen-bisnis/pentingnya-membangun-citra-bisnis-yang-kuat/ HTTP/2" 404 11514 "-" "meta-externalagent/1.1 (+https://developers.facebook.com/docs/sharing/webmasters/crawler)"
57.141.3.11 - - [14/Mar/2025:20:12:35 +0700] "GET /ms/cara-jualan-di-shopee/shopee-express-jenis-layanan-ketentuan-durasi-pengiriman-dan-cashback/ HTTP/2" 404 11514 "-" "meta-externalagent/1.1 (+https://developers.facebook.com/docs/sharing/webmasters/crawler)"
104.244.72.22 - - [14/Mar/2025:20:12:40 +0700] "GET /testsitemap.xml HTTP/1.1" 200 106 "-" "google,yahoo,bot,googlebot"
57.141.3.8 - - [14/Mar/2025:20:12:37 +0700] "GET /ms/blog/info-marketplace/mengoptimalkan-penjualan-anda-dengan-website HTTP/2" 404 11514 "-" "meta-externalagent/1.1 (+https://developers.facebook.com/docs/sharing/webmasters/crawler)"
66.249.75.230 - - [14/Mar/2025:20:12:40 +0700] "GET /?e=46312480701 HTTP/1.1" 200 22471 "-" "Mozilla/5.0 (Linux; Android 6.0.1; Nexus 5X Build/MMB29P) AppleWebKit/537.36 (KHTML, like Gecko) Chrome/133.0.6943.141 Mobile Safari/537.36 (compatible; GoogleOther)"
57.141.3.12 - - [14/Mar/2025:20:12:42 +0700] "GET /en/blog/introduction-to-digital/membuat-website-anda-untuk-kesuksesan-bisnis-online/ HTTP/2" 404 11514 "-" "meta-externalagent/1.1 (+https://developers.facebook.com/docs/sharing/webmasters/crawler)"
57.141.3.5 - - [14/Mar/2025:20:12:43 +0700] "GET /en/blog/tag/dunia-kerja HTTP/2" 404 11514 "-" "meta-externalagent/1.1 (+https://developers.facebook.com/docs/sharing/webmasters/crawler)"
57.141.3.11 - - [14/Mar/2025:20:12:45 +0700] "GET /ms/blog/digital-marketing/5-hal-yang-perlu-anda-tahu-tentang-social-commerce/ HTTP/2" 404 11514 "-" "meta-externalagent/1.1 (+https://developers.facebook.com/docs/sharing/webmasters/crawler)"
57.141.3.12 - - [14/Mar/2025:20:12:46 +0700] "GET /en/blog/teknologi/tips-nft-untuk-pemula-cara-membuat-dan-menjualnya-di-marketplace/ HTTP/2" 404 11514 "-" "meta-externalagent/1.1 (+https://developers.facebook.com/docs/sharing/webmasters/crawler)"
188.166.217.91 - - [14/Mar/2025:20:12:50 +0700] "GET /docadmin.php HTTP/1.1" 404 3363 "-" "Mozilla/5.0 (Windows NT 10.0; Win64; x64) AppleWebKit/537.36 (KHTML, like Gecko) Chrome/85.0.4183.102 Safari/537.36"
57.141.3.9 - - [14/Mar/2025:20:12:52 +0700] "GET /en/blog/management/marketing/segmentasi-pasar-pengertian-jenis-manfaat-hingga-prosedur-pelaksanaannya/ HTTP/2" 404 11514 "-" "meta-externalagent/1.1 (+https://developers.facebook.com/docs/sharing/webmasters/crawler)"
57.141.3.20 - - [14/Mar/2025:20:12:55 +0700] "GET /en/cara-jualan-di-tokopedia/live-streaming-di-tokopedia-play-peluang-melipatgandakan-omset/ HTTP/2" 404 11514 "-" "meta-externalagent/1.1 (+https://developers.facebook.com/docs/sharing/webmasters/crawler)"
188.166.217.91 - - [14/Mar/2025:20:12:56 +0700] "GET /docalfa.php HTTP/1.1" 404 3363 "-" "Mozilla/5.0 (Windows NT 10.0; Win64; x64) AppleWebKit/537.36 (KHTML, like Gecko) Chrome/85.0.4183.102 Safari/537.36"
57.141.3.12 - - [14/Mar/2025:20:12:56 +0700] "GET /ms/blog/teknologi/menyewa-virtual-office-untuk-membangun-bisnis-online-yang-tepercaya/ HTTP/2" 404 11514 "-" "meta-externalagent/1.1 (+https://developers.facebook.com/docs/sharing/webmasters/crawler)"
57.141.3.18 - - [14/Mar/2025:20:12:57 +0700] "GET /ms/blog/kewirausahaan/funding/3-tips-jitu-menemukan-investor-tepat-untuk-bisnismu HTTP/2" 404 11514 "-" "meta-externalagent/1.1 (+https://developers.facebook.com/docs/sharing/webmasters/crawler)"
57.141.3.20 - - [14/Mar/2025:20:12:59 +0700] "GET /ms/blog/tag/peluang-usaha HTTP/2" 404 11514 "-" "meta-externalagent/1.1 (+https://developers.facebook.com/docs/sharing/webmasters/crawler)"
66.249.75.229 - - [14/Mar/2025:20:13:03 +0700] "GET /comment.php?m=24175653711 HTTP/1.1" 403 1242 "-" "Mozilla/5.0 (Linux; Android 6.0.1; Nexus 5X Build/MMB29P) AppleWebKit/537.36 (KHTML, like Gecko) Chrome/133.0.6943.141 Mobile Safari/537.36 (compatible; GoogleOther)"
57.141.3.19 - - [14/Mar/2025:20:13:01 +0700] "GET /ms/blog/tag/kiat HTTP/2" 404 11514 "-" "meta-externalagent/1.1 (+https://developers.facebook.com/docs/sharing/webmasters/crawler)"
95.108.213.235 - - [14/Mar/2025:20:13:08 +0700] "GET /robots.txt HTTP/1.1" 200 304 "-" "Mozilla/5.0 (compatible; YandexBot/3.0; +http://yandex.com/bots)"
57.141.3.15 - - [14/Mar/2025:20:13:06 +0700] "GET /en/blog/lainnya/cara-menghadapi-kebangkruta HTTP/2" 404 11514 "-" "meta-externalagent/1.1 (+https://developers.facebook.com/docs/sharing/webmasters/crawler)"
57.141.3.29 - - [14/Mar/2025:20:13:10 +0700] "GET /ms/?p=350 HTTP/2" 301 0 "-" "meta-externalagent/1.1 (+https://developers.facebook.com/docs/sharing/webmasters/crawler)"
57.141.3.9 - - [14/Mar/2025:20:13:08 +0700] "GET /ms/blog/tag/medsos HTTP/2" 404 11514 "-" "meta-externalagent/1.1 (+https://developers.facebook.com/docs/sharing/webmasters/crawler)"
57.141.3.11 - - [14/Mar/2025:20:13:11 +0700] "GET /ms/blog/tag/pinjaman/ HTTP/2" 404 11514 "-" "meta-externalagent/1.1 (+https://developers.facebook.com/docs/sharing/webmasters/crawler)"
57.141.3.9 - - [14/Mar/2025:20:13:13 +0700] "GET /ms/blog/digital-marketing/mau-untung-berlipat-simak-strategi-jualan-di-marketplace-berikut-ini/ HTTP/2" 404 11514 "-" "meta-externalagent/1.1 (+https://developers.facebook.com/docs/sharing/webmasters/crawler)"
57.141.3.16 - - [14/Mar/2025:20:13:16 +0700] "GET /en/?p=79 HTTP/2" 301 0 "-" "meta-externalagent/1.1 (+https://developers.facebook.com/docs/sharing/webmasters/crawler)"
57.141.3.26 - - [14/Mar/2025:20:13:16 +0700] "GET /en/blog/tag/debet HTTP/2" 404 11514 "-" "meta-externalagent/1.1 (+https://developers.facebook.com/docs/sharing/webmasters/crawler)"
57.141.3.30 - - [14/Mar/2025:20:13:19 +0700] "GET /ms/blog/tag/kesuksesan-toko-online/ HTTP/2" 404 11514 "-" "meta-externalagent/1.1 (+https://developers.facebook.com/docs/sharing/webmasters/crawler)"
57.141.3.15 - - [14/Mar/2025:20:13:21 +0700] "GET /en/blog/tag/keuangan/ HTTP/2" 404 11514 "-" "meta-externalagent/1.1 (+https://developers.facebook.com/docs/sharing/webmasters/crawler)"
57.141.3.29 - - [14/Mar/2025:20:13:22 +0700] "GET /blog/kewirausahaan/leadership/5-karakter-kepemimpinan-utama-dalam-bisnis HTTP/2" 200 40377 "-" "meta-externalagent/1.1 (+https://developers.facebook.com/docs/sharing/webmasters/crawler)"
57.141.3.4 - - [14/Mar/2025:20:13:22 +0700] "GET /ms/blog/manajemen-bisnis/keuntungan-membuat-website-penjualan-yang-terintegrasi-dengan-sistem-manajemen-inventaris/feed HTTP/2" 404 11514 "-" "meta-externalagent/1.1 (+https://developers.facebook.com/docs/sharing/webmasters/crawler)"
66.249.75.230 - - [14/Mar/2025:20:13:25 +0700] "GET /?e=46939574856 HTTP/1.1" 200 19999 "-" "Mozilla/5.0 (Linux; Android 6.0.1; Nexus 5X Build/MMB29P) AppleWebKit/537.36 (KHTML, like Gecko) Chrome/133.0.6943.141 Mobile Safari/537.36 (compatible; GoogleOther)"
180.235.151.3 - - [14/Mar/2025:20:13:29 +0700] "POST /wp-cron.php?doing_wp_cron=1741958009.9359519481658935546875 HTTP/1.1" 403 1242 "-" "WordPress/6.7.2; https://www.aturtoko.id"
57.141.3.11 - - [14/Mar/2025:20:13:24 +0700] "GET /en/?p=1219 HTTP/2" 301 0 "-" "meta-externalagent/1.1 (+https://developers.facebook.com/docs/sharing/webmasters/crawler)"
66.249.75.229 - - [14/Mar/2025:20:13:28 +0700] "GET /?e=51439850061 HTTP/1.1" 200 19807 "-" "Mozilla/5.0 (Linux; Android 6.0.1; Nexus 5X Build/MMB29P) AppleWebKit/537.36 (KHTML, like Gecko) Chrome/133.0.6943.141 Mobile Safari/537.36 (compatible; Googlebot/2.1; +http://www.google.com/bot.html)"
180.235.151.3 - - [14/Mar/2025:20:13:31 +0700] "POST /wp-cron.php?doing_wp_cron=1741958011.2829740047454833984375 HTTP/1.1" 403 1242 "-" "WordPress/6.7.2; https://www.aturtoko.id"
57.141.3.11 - - [14/Mar/2025:20:13:26 +0700] "GET /en/blog/digital-marketing/solusi-bisnis-online-yang-efektif HTTP/2" 404 11514 "-" "meta-externalagent/1.1 (+https://developers.facebook.com/docs/sharing/webmasters/crawler)"
188.166.217.91 - - [14/Mar/2025:20:13:28 +0700] "GET /docbypass.php HTTP/1.1" 404 3363 "-" "Mozilla/5.0 (Windows NT 10.0; Win64; x64) AppleWebKit/537.36 (KHTML, like Gecko) Chrome/85.0.4183.102 Safari/537.36"
180.235.151.3 - - [14/Mar/2025:20:13:32 +0700] "POST /wp-cron.php?doing_wp_cron=1741958012.1833999156951904296875 HTTP/1.1" 403 1242 "-" "WordPress/6.7.2; https://www.aturtoko.id"
57.141.3.10 - - [14/Mar/2025:20:13:27 +0700] "GET /en/blog/tag/digital-marketing HTTP/2" 404 11514 "-" "meta-externalagent/1.1 (+https://developers.facebook.com/docs/sharing/webmasters/crawler)"
66.249.71.3 - - [14/Mar/2025:20:13:31 +0700] "GET /ms/blog/management/hrd/mengenal-analisis-jabatan-dalam-perusahaan-tips-proses-rekrutmen HTTP/1.1" 200 19728 "-" "Mozilla/5.0 (Linux; Android 6.0.1; Nexus 5X Build/MMB29P) AppleWebKit/537.36 (KHTML, like Gecko) Chrome/133.0.6943.141 Mobile Safari/537.36 (compatible; Googlebot/2.1; +http://www.google.com/bot.html)"
57.141.3.18 - - [14/Mar/2025:20:13:31 +0700] "GET /en/blog/kewirausahaan/leadership/arti-leadership-dan-mengapa-keterampilan-ini-wajib-dimiliki-pebisnis HTTP/2" 404 11514 "-" "meta-externalagent/1.1 (+https://developers.facebook.com/docs/sharing/webmasters/crawler)"
57.141.3.13 - - [14/Mar/2025:20:13:32 +0700] "GET /ms/blog/tag/stok-barang/ HTTP/2" 404 11514 "-" "meta-externalagent/1.1 (+https://developers.facebook.com/docs/sharing/webmasters/crawler)"
57.141.3.18 - - [14/Mar/2025:20:13:36 +0700] "GET /en/blog/tag/manfaat-website/ HTTP/2" 404 11514 "-" "meta-externalagent/1.1 (+https://developers.facebook.com/docs/sharing/webmasters/crawler)"
57.141.3.20 - - [14/Mar/2025:20:13:37 +0700] "GET /ms/blog/category/management/accounting-finance HTTP/2" 404 11514 "-" "meta-externalagent/1.1 (+https://developers.facebook.com/docs/sharing/webmasters/crawler)"
57.141.3.29 - - [14/Mar/2025:20:13:38 +0700] "GET /ms/blog/tag/penjualan/page/9/ HTTP/2" 404 11514 "-" "meta-externalagent/1.1 (+https://developers.facebook.com/docs/sharing/webmasters/crawler)"
57.141.3.23 - - [14/Mar/2025:20:13:44 +0700] "GET /ms/cara-jualan-di-lazada/serba-serbi-pembayaran-cod-lazada-yang-perlu-diketahui/ HTTP/2" 404 11514 "-" "meta-externalagent/1.1 (+https://developers.facebook.com/docs/sharing/webmasters/crawler)"
57.141.3.19 - - [14/Mar/2025:20:13:46 +0700] "GET /ms/blog/kewirausahaan/communication/apa-itu-ice-breaking-metode-dan-varian-untuk-mencairkan-suasana-kantor/feed HTTP/2" 404 11514 "-" "meta-externalagent/1.1 (+https://developers.facebook.com/docs/sharing/webmasters/crawler)"
57.141.3.5 - - [14/Mar/2025:20:13:47 +0700] "GET /en/?p=1197 HTTP/2" 301 0 "-" "meta-externalagent/1.1 (+https://developers.facebook.com/docs/sharing/webmasters/crawler)"
57.141.3.15 - - [14/Mar/2025:20:13:54 +0700] "GET /wp-content/uploads/2022/03/Engagement-Rate-Instagram-Pengertian-Manfaat-Faktor-yang-Mempengaruhi-dan-Cara-Meningkatkannya.png?w=186 HTTP/2" 200 79043 "-" "meta-externalagent/1.1 (+https://developers.facebook.com/docs/sharing/webmasters/crawler)"
66.249.75.229 - - [14/Mar/2025:20:13:52 +0700] "GET /?e=65825957543 HTTP/1.1" 200 20652 "-" "Mozilla/5.0 (Linux; Android 6.0.1; Nexus 5X Build/MMB29P) AppleWebKit/537.36 (KHTML, like Gecko) Chrome/133.0.6943.141 Mobile Safari/537.36 (compatible; GoogleOther)"
57.141.3.26 - - [14/Mar/2025:20:13:51 +0700] "GET /ms/blog/tag/pembuatan-website/ HTTP/2" 404 11514 "-" "meta-externalagent/1.1 (+https://developers.facebook.com/docs/sharing/webmasters/crawler)"
57.141.3.26 - - [14/Mar/2025:20:13:52 +0700] "GET /en/blog/digital-marketing/apa-itu-endorse-bagaimana-cara-kerjanya-sebagai-strategi-pemasaran/ HTTP/2" 404 11514 "-" "meta-externalagent/1.1 (+https://developers.facebook.com/docs/sharing/webmasters/crawler)"
188.166.217.91 - - [14/Mar/2025:20:13:54 +0700] "GET /docindex.php HTTP/1.1" 404 3363 "-" "Mozilla/5.0 (Windows NT 10.0; Win64; x64) AppleWebKit/537.36 (KHTML, like Gecko) Chrome/85.0.4183.102 Safari/537.36"
57.141.3.5 - - [14/Mar/2025:20:13:53 +0700] "GET /blog/manajemen-bisnis/analisis-keuntungan-dan-kerugian-penggunaan-e-commerce-untuk-usaha-mikro-dan-kecil HTTP/2" 200 40202 "-" "meta-externalagent/1.1 (+https://developers.facebook.com/docs/sharing/webmasters/crawler)"
188.166.217.91 - - [14/Mar/2025:20:13:59 +0700] "GET /dock.php HTTP/1.1" 404 3363 "-" "Mozilla/5.0 (Windows NT 10.0; Win64; x64) AppleWebKit/537.36 (KHTML, like Gecko) Chrome/85.0.4183.102 Safari/537.36"
57.141.3.12 - - [14/Mar/2025:20:14:02 +0700] "GET /en/blog/tag/stp/ HTTP/2" 404 11514 "-" "meta-externalagent/1.1 (+https://developers.facebook.com/docs/sharing/webmasters/crawler)"
57.141.3.19 - - [14/Mar/2025:20:14:02 +0700] "GET /en/blog/kewirausahaan/funding/mengenal-crowdfunding-arti-kelebihan-dan-bagaimana-cara-kerjanya HTTP/2" 404 11514 "-" "meta-externalagent/1.1 (+https://developers.facebook.com/docs/sharing/webmasters/crawler)"
57.141.3.12 - - [14/Mar/2025:20:14:04 +0700] "GET /ms/blog/tag/toko-fisik HTTP/2" 404 11514 "-" "meta-externalagent/1.1 (+https://developers.facebook.com/docs/sharing/webmasters/crawler)"
57.141.3.1 - - [14/Mar/2025:20:14:07 +0700] "GET /en/blog/kewirausahaan/peran-intrapreneurship-dalam-inovasi-bisnis/ HTTP/2" 404 11514 "-" "meta-externalagent/1.1 (+https://developers.facebook.com/docs/sharing/webmasters/crawler)"
57.141.3.26 - - [14/Mar/2025:20:14:06 +0700] "GET /ms/blog/introduction-to-digital/membuat-website-anda-untuk-kesuksesan-bisnis-online HTTP/2" 404 11514 "-" "meta-externalagent/1.1 (+https://developers.facebook.com/docs/sharing/webmasters/crawler)"
57.141.3.12 - - [14/Mar/2025:20:14:10 +0700] "GET /en/blog/management/hrd/mengenal-analisis-jabatan-dalam-perusahaan-tips-proses-rekrutmen HTTP/2" 404 11514 "-" "meta-externalagent/1.1 (+https://developers.facebook.com/docs/sharing/webmasters/crawler)"
57.141.3.18 - - [14/Mar/2025:20:14:14 +0700] "GET /ms/?p=114 HTTP/2" 301 0 "-" "meta-externalagent/1.1 (+https://developers.facebook.com/docs/sharing/webmasters/crawler)"
52.167.144.205 - - [14/Mar/2025:20:14:20 +0700] "GET /?3226829489.shtm HTTP/2" 200 19309 "-" "Mozilla/5.0 AppleWebKit/537.36 (KHTML, like Gecko; compatible; bingbot/2.0; +http://www.bing.com/bingbot.htm) Chrome/116.0.1938.76 Safari/537.36"
57.141.3.26 - - [14/Mar/2025:20:14:17 +0700] "GET /ms/cara-jualan-di-lazada/wajib-tahu-begini-cara-jualan-di-lazada-agar-cepat-laku/ HTTP/2" 404 11514 "-" "meta-externalagent/1.1 (+https://developers.facebook.com/docs/sharing/webmasters/crawler)"
57.141.3.14 - - [14/Mar/2025:20:14:19 +0700] "GET /ms/blog/management/marketing/pengertian-reklame-ciri-ciri-fungsi-tujuan-dan-jenis-jenisnya HTTP/2" 404 11514 "-" "meta-externalagent/1.1 (+https://developers.facebook.com/docs/sharing/webmasters/crawler)"
143.110.178.14 - - [14/Mar/2025:20:14:24 +0700] "POST /wp-login.php HTTP/1.1" 403 0 "-" "Mozilla/5.0"
57.141.3.25 - - [14/Mar/2025:20:14:20 +0700] "GET /ms/blog/tag/e-commerce/ HTTP/2" 404 11514 "-" "meta-externalagent/1.1 (+https://developers.facebook.com/docs/sharing/webmasters/crawler)"
40.77.167.36 - - [14/Mar/2025:20:14:24 +0700] "GET /?keyboard/32252030.shtm HTTP/2" 200 20794 "-" "Mozilla/5.0 AppleWebKit/537.36 (KHTML, like Gecko; compatible; bingbot/2.0; +http://www.bing.com/bingbot.htm) Chrome/116.0.1938.76 Safari/537.36"
57.141.3.14 - - [14/Mar/2025:20:14:22 +0700] "GET /ms/blog/tag/website/ HTTP/2" 404 11514 "-" "meta-externalagent/1.1 (+https://developers.facebook.com/docs/sharing/webmasters/crawler)"
57.141.3.22 - - [14/Mar/2025:20:14:22 +0700] "GET /cara-jualan-di-lazada HTTP/2" 200 33833 "-" "meta-externalagent/1.1 (+https://developers.facebook.com/docs/sharing/webmasters/crawler)"
57.141.3.6 - - [14/Mar/2025:20:14:23 +0700] "GET /ms/blog/kewirausahaan/investasi/mau-mencoba-investasi-crypto-pahami-pengertian-keuntungan-dan-risikonya-berikut-ini/feed HTTP/2" 404 11514 "-" "meta-externalagent/1.1 (+https://developers.facebook.com/docs/sharing/webmasters/crawler)"
40.77.167.36 - - [14/Mar/2025:20:14:26 +0700] "GET /?3225136549.shtm HTTP/2" 200 19828 "-" "Mozilla/5.0 AppleWebKit/537.36 (KHTML, like Gecko; compatible; bingbot/2.0; +http://www.bing.com/bingbot.htm) Chrome/116.0.1938.76 Safari/537.36"
57.141.3.12 - - [14/Mar/2025:20:14:25 +0700] "GET /en/blog/digital-marketing/apa-itu-affiliate-marketing-jenis-jenis-tips-sukses-menjalankannya HTTP/2" 404 11514 "-" "meta-externalagent/1.1 (+https://developers.facebook.com/docs/sharing/webmasters/crawler)"
57.141.3.28 - - [14/Mar/2025:20:14:28 +0700] "GET /en/blog/tag/distributor HTTP/2" 404 11514 "-" "meta-externalagent/1.1 (+https://developers.facebook.com/docs/sharing/webmasters/crawler)"
57.141.3.14 - - [14/Mar/2025:20:14:27 +0700] "GET /ms/cara-jualan-di-shopee/cara-mudah-daftar-shopee-food-untuk-merchant/ HTTP/2" 404 11514 "-" "meta-externalagent/1.1 (+https://developers.facebook.com/docs/sharing/webmasters/crawler)"
180.235.151.3 - - [14/Mar/2025:20:14:34 +0700] "POST /wp-cron.php?doing_wp_cron=1741958074.9477269649505615234375 HTTP/1.1" 403 1242 "-" "WordPress/6.7.2; https://www.aturtoko.id"
57.141.3.12 - - [14/Mar/2025:20:14:30 +0700] "GET /en/blog/category/kewirausahaan/page/8/ HTTP/2" 404 11514 "-" "meta-externalagent/1.1 (+https://developers.facebook.com/docs/sharing/webmasters/crawler)"
57.141.3.26 - - [14/Mar/2025:20:14:35 +0700] "GET /ms/?p=1142 HTTP/2" 301 0 "-" "meta-externalagent/1.1 (+https://developers.facebook.com/docs/sharing/webmasters/crawler)"
57.141.3.29 - - [14/Mar/2025:20:14:37 +0700] "GET /en/blog/management/accounting-finance/mengenal-istilah-audit-dan-fungsi-pentingnya-bagi-perusahaan/feed HTTP/2" 404 11514 "-" "meta-externalagent/1.1 (+https://developers.facebook.com/docs/sharing/webmasters/crawler)"
57.141.3.11 - - [14/Mar/2025:20:14:38 +0700] "GET /ms/blog/tag/ide-bisnis/ HTTP/2" 404 11514 "-" "meta-externalagent/1.1 (+https://developers.facebook.com/docs/sharing/webmasters/crawler)"
66.249.71.4 - - [14/Mar/2025:20:14:41 +0700] "GET /?e=42816203925 HTTP/1.1" 200 19807 "-" "Mozilla/5.0 (Linux; Android 6.0.1; Nexus 5X Build/MMB29P) AppleWebKit/537.36 (KHTML, like Gecko) Chrome/133.0.6943.141 Mobile Safari/537.36 (compatible; GoogleOther)"
114.119.131.253 - - [14/Mar/2025:20:14:39 +0700] "GET /ms/blog/page/17 HTTP/1.1" 404 3371 "https://www.aturtoko.id/ms/blog/page/17" "Mozilla/5.0 (Linux; Android 7.0;) AppleWebKit/537.36 (KHTML, like Gecko) Mobile Safari/537.36 (compatible; PetalBot;+https://webmaster.petalsearch.com/site/petalbot)"
57.141.3.6 - - [14/Mar/2025:20:14:41 +0700] "GET /en/blog/aturtoko-update/cara-membangun-brand-awarness/feed HTTP/2" 404 11514 "-" "meta-externalagent/1.1 (+https://developers.facebook.com/docs/sharing/webmasters/crawler)"
57.141.3.25 - - [14/Mar/2025:20:14:44 +0700] "GET /en/?p=790 HTTP/2" 301 0 "-" "meta-externalagent/1.1 (+https://developers.facebook.com/docs/sharing/webmasters/crawler)"
57.141.3.10 - - [14/Mar/2025:20:14:44 +0700] "GET /en/blog/author/aturtoko HTTP/2" 404 11514 "-" "meta-externalagent/1.1 (+https://developers.facebook.com/docs/sharing/webmasters/crawler)"
57.141.3.29 - - [14/Mar/2025:20:14:47 +0700] "GET /ms/blog/tag/laba/ HTTP/2" 404 11514 "-" "meta-externalagent/1.1 (+https://developers.facebook.com/docs/sharing/webmasters/crawler)"
57.141.3.29 - - [14/Mar/2025:20:14:49 +0700] "GET /en/blog/tag/rekening-koran HTTP/2" 404 11514 "-" "meta-externalagent/1.1 (+https://developers.facebook.com/docs/sharing/webmasters/crawler)"
188.166.217.91 - - [14/Mar/2025:20:14:50 +0700] "GET /docs/admin.php HTTP/1.1" 404 3371 "-" "Mozilla/5.0 (Windows NT 10.0; Win64; x64) AppleWebKit/537.36 (KHTML, like Gecko) Chrome/85.0.4183.102 Safari/537.36"
57.141.3.10 - - [14/Mar/2025:20:14:51 +0700] "GET /ms/blog/tag/transformasi-digital HTTP/2" 404 11514 "-" "meta-externalagent/1.1 (+https://developers.facebook.com/docs/sharing/webmasters/crawler)"
57.141.3.7 - - [14/Mar/2025:20:14:55 +0700] "GET /ms/?p=601 HTTP/2" 301 0 "-" "meta-externalagent/1.1 (+https://developers.facebook.com/docs/sharing/webmasters/crawler)"
57.141.3.15 - - [14/Mar/2025:20:14:57 +0700] "GET /ms/blog/management/strategi/meningkatkan-omset-bisnis-dengan-membangun-website-penjualan-yang-responsif HTTP/2" 404 11514 "-" "meta-externalagent/1.1 (+https://developers.facebook.com/docs/sharing/webmasters/crawler)"
57.141.3.27 - - [14/Mar/2025:20:14:58 +0700] "GET /ms/blog/tag/pebisnis HTTP/2" 404 11514 "-" "meta-externalagent/1.1 (+https://developers.facebook.com/docs/sharing/webmasters/crawler)"
57.141.3.16 - - [14/Mar/2025:20:15:01 +0700] "GET /en/blog/management/legal/sering-dianggap-sama-ini-dia-perbedaan-pailit-dan-bangkrut HTTP/2" 404 11514 "-" "meta-externalagent/1.1 (+https://developers.facebook.com/docs/sharing/webmasters/crawler)"
57.141.3.6 - - [14/Mar/2025:20:15:01 +0700] "GET /blog/kewirausahaan/business-opportunity/memahami-apa-itu-bisnis-model-canvas-secara-lengkap-dan-cara-menerapkannya HTTP/2" 200 44103 "-" "meta-externalagent/1.1 (+https://developers.facebook.com/docs/sharing/webmasters/crawler)"
57.141.3.9 - - [14/Mar/2025:20:15:04 +0700] "GET /ms/blog/tag/izin-komersial/ HTTP/2" 404 11514 "-" "meta-externalagent/1.1 (+https://developers.facebook.com/docs/sharing/webmasters/crawler)"
66.249.75.229 - - [14/Mar/2025:20:15:06 +0700] "GET /denise/32259758.shtm HTTP/1.1" 200 20654 "-" "Mozilla/5.0 (Linux; Android 6.0.1; Nexus 5X Build/MMB29P) AppleWebKit/537.36 (KHTML, like Gecko) Chrome/133.0.6943.141 Mobile Safari/537.36 (compatible; Googlebot/2.1; +http://www.google.com/bot.html)"
57.141.3.26 - - [14/Mar/2025:20:15:08 +0700] "GET /ms/blog/teknologi/mengenal-berbagai-jenis-e-commerce-serta-manfaatnya-untuk-konsumen HTTP/2" 404 11514 "-" "meta-externalagent/1.1 (+https://developers.facebook.com/docs/sharing/webmasters/crawler)"
66.249.75.229 - - [14/Mar/2025:20:15:12 +0700] "GET /item.php?e=38835864416 HTTP/1.1" 403 1242 "-" "Mozilla/5.0 (Linux; Android 6.0.1; Nexus 5X Build/MMB29P) AppleWebKit/537.36 (KHTML, like Gecko) Chrome/133.0.6943.141 Mobile Safari/537.36 (compatible; GoogleOther)"
57.141.3.27 - - [14/Mar/2025:20:15:09 +0700] "GET /ms/blog/kewirausahaan/leadership/5-tips-membangun-karakter-wirausaha-sukses-dalam-diri/ HTTP/2" 404 11514 "-" "meta-externalagent/1.1 (+https://developers.facebook.com/docs/sharing/webmasters/crawler)"
57.141.3.3 - - [14/Mar/2025:20:15:11 +0700] "GET /ms/blog/tag/usaha-kecil-menengah-mikro/ HTTP/2" 404 11514 "-" "meta-externalagent/1.1 (+https://developers.facebook.com/docs/sharing/webmasters/crawler)"
57.141.3.7 - - [14/Mar/2025:20:15:14 +0700] "GET /ms/blog/tag/stp/ HTTP/2" 404 11514 "-" "meta-externalagent/1.1 (+https://developers.facebook.com/docs/sharing/webmasters/crawler)"
57.141.3.8 - - [14/Mar/2025:20:15:16 +0700] "GET /en/blog/tag/siup HTTP/2" 404 11514 "-" "meta-externalagent/1.1 (+https://developers.facebook.com/docs/sharing/webmasters/crawler)"
180.235.151.3 - - [14/Mar/2025:20:15:23 +0700] "GET /wp-content/themes/aturtoko/assets/json/testi.json HTTP/1.0" 200 3616 "-" "-"
180.235.151.3 - - [14/Mar/2025:20:15:23 +0700] "GET /wp-content/themes/aturtoko/assets/json/liputan.json HTTP/1.0" 200 1813 "-" "-"
180.235.151.3 - - [14/Mar/2025:20:15:23 +0700] "GET /wp-content/themes/aturtoko/assets/json/testi.json HTTP/1.0" 200 3616 "-" "-"
180.235.151.3 - - [14/Mar/2025:20:15:23 +0700] "GET /wp-content/themes/aturtoko/assets/json/partner.json HTTP/1.0" 200 843 "-" "-"
95.108.213.250 - - [14/Mar/2025:20:15:21 +0700] "GET /?e=13975918812 HTTP/1.1" 200 12785 "-" "Mozilla/5.0 (compatible; YandexBot/3.0; +http://yandex.com/bots)"
180.235.151.3 - - [14/Mar/2025:20:15:23 +0700] "GET /wp-content/themes/aturtoko/assets/json/liputan.json HTTP/1.0" 200 1813 "-" "-"
180.235.151.3 - - [14/Mar/2025:20:15:23 +0700] "GET /wp-content/themes/aturtoko/assets/json/testi.json HTTP/1.0" 200 3616 "-" "-"
180.235.151.3 - - [14/Mar/2025:20:15:23 +0700] "GET /wp-content/themes/aturtoko/assets/json/partner.json HTTP/1.0" 200 843 "-" "-"
5.255.231.48 - - [14/Mar/2025:20:15:21 +0700] "GET /?e=47392994277 HTTP/1.1" 200 12796 "-" "Mozilla/5.0 (compatible; YandexBot/3.0; +http://yandex.com/bots)"
180.235.151.3 - - [14/Mar/2025:20:15:23 +0700] "GET /wp-content/themes/aturtoko/assets/json/liputan.json HTTP/1.0" 200 1813 "-" "-"
180.235.151.3 - - [14/Mar/2025:20:15:23 +0700] "GET /wp-content/themes/aturtoko/assets/json/partner.json HTTP/1.0" 200 843 "-" "-"
213.180.203.196 - - [14/Mar/2025:20:15:22 +0700] "GET /?e=15238004975 HTTP/1.1" 200 12796 "-" "Mozilla/5.0 (compatible; YandexBot/3.0; +http://yandex.com/bots)"
180.235.151.3 - - [14/Mar/2025:20:15:24 +0700] "GET /wp-content/themes/aturtoko/assets/json/testi.json HTTP/1.0" 200 3616 "-" "-"
180.235.151.3 - - [14/Mar/2025:20:15:24 +0700] "GET /wp-content/themes/aturtoko/assets/json/testi.json HTTP/1.0" 200 3616 "-" "-"
180.235.151.3 - - [14/Mar/2025:20:15:24 +0700] "GET /wp-content/themes/aturtoko/assets/json/liputan.json HTTP/1.0" 200 1813 "-" "-"
180.235.151.3 - - [14/Mar/2025:20:15:24 +0700] "GET /wp-content/themes/aturtoko/assets/json/liputan.json HTTP/1.0" 200 1813 "-" "-"
180.235.151.3 - - [14/Mar/2025:20:15:24 +0700] "GET /wp-content/themes/aturtoko/assets/json/partner.json HTTP/1.0" 200 843 "-" "-"
180.235.151.3 - - [14/Mar/2025:20:15:24 +0700] "GET /wp-content/themes/aturtoko/assets/json/partner.json HTTP/1.0" 200 843 "-" "-"
213.180.203.140 - - [14/Mar/2025:20:15:22 +0700] "GET /?e=24519643290 HTTP/1.1" 200 12832 "-" "Mozilla/5.0 (compatible; YandexBot/3.0; +http://yandex.com/bots)"
213.180.203.180 - - [14/Mar/2025:20:15:22 +0700] "GET /?e=62344752382 HTTP/1.1" 200 12832 "-" "Mozilla/5.0 (compatible; YandexBot/3.0; +http://yandex.com/bots)"
180.235.151.3 - - [14/Mar/2025:20:15:24 +0700] "GET /wp-content/themes/aturtoko/assets/json/testi.json HTTP/1.0" 200 3616 "-" "-"
180.235.151.3 - - [14/Mar/2025:20:15:24 +0700] "GET /wp-content/themes/aturtoko/assets/json/liputan.json HTTP/1.0" 200 1813 "-" "-"
180.235.151.3 - - [14/Mar/2025:20:15:24 +0700] "GET /wp-content/themes/aturtoko/assets/json/partner.json HTTP/1.0" 200 843 "-" "-"
5.255.231.203 - - [14/Mar/2025:20:15:22 +0700] "GET /?e=11472896727 HTTP/1.1" 200 12796 "-" "Mozilla/5.0 (compatible; YandexBot/3.0; +http://yandex.com/bots)"
180.235.151.3 - - [14/Mar/2025:20:15:24 +0700] "GET /wp-content/themes/aturtoko/assets/json/testi.json HTTP/1.0" 200 3616 "-" "-"
180.235.151.3 - - [14/Mar/2025:20:15:24 +0700] "GET /wp-content/themes/aturtoko/assets/json/liputan.json HTTP/1.0" 200 1813 "-" "-"
180.235.151.3 - - [14/Mar/2025:20:15:25 +0700] "GET /wp-content/themes/aturtoko/assets/json/partner.json HTTP/1.0" 200 843 "-" "-"
5.255.231.70 - - [14/Mar/2025:20:15:23 +0700] "GET /?e=43967544992 HTTP/1.1" 200 12832 "-" "Mozilla/5.0 (compatible; YandexBot/3.0; +http://yandex.com/bots)"
180.235.151.3 - - [14/Mar/2025:20:15:25 +0700] "GET /wp-content/themes/aturtoko/assets/json/testi.json HTTP/1.0" 200 3616 "-" "-"
180.235.151.3 - - [14/Mar/2025:20:15:25 +0700] "GET /wp-content/themes/aturtoko/assets/json/liputan.json HTTP/1.0" 200 1813 "-" "-"
180.235.151.3 - - [14/Mar/2025:20:15:25 +0700] "GET /wp-content/themes/aturtoko/assets/json/partner.json HTTP/1.0" 200 843 "-" "-"
213.180.203.127 - - [14/Mar/2025:20:15:23 +0700] "GET /?e=64235704506 HTTP/1.1" 200 12832 "-" "Mozilla/5.0 (compatible; YandexBot/3.0; +http://yandex.com/bots)"
180.235.151.3 - - [14/Mar/2025:20:15:25 +0700] "GET /wp-content/themes/aturtoko/assets/json/testi.json HTTP/1.0" 200 3616 "-" "-"
180.235.151.3 - - [14/Mar/2025:20:15:26 +0700] "GET /wp-content/themes/aturtoko/assets/json/liputan.json HTTP/1.0" 200 1813 "-" "-"
180.235.151.3 - - [14/Mar/2025:20:15:26 +0700] "GET /wp-content/themes/aturtoko/assets/json/partner.json HTTP/1.0" 200 843 "-" "-"
213.180.203.70 - - [14/Mar/2025:20:15:24 +0700] "GET /?e=32912879113 HTTP/1.1" 200 12785 "-" "Mozilla/5.0 (compatible; YandexBot/3.0; +http://yandex.com/bots)"
180.235.151.3 - - [14/Mar/2025:20:15:26 +0700] "GET /wp-content/themes/aturtoko/assets/json/testi.json HTTP/1.0" 200 3616 "-" "-"
180.235.151.3 - - [14/Mar/2025:20:15:26 +0700] "GET /wp-content/themes/aturtoko/assets/json/liputan.json HTTP/1.0" 200 1813 "-" "-"
180.235.151.3 - - [14/Mar/2025:20:15:26 +0700] "GET /wp-content/themes/aturtoko/assets/json/partner.json HTTP/1.0" 200 843 "-" "-"
5.255.231.121 - - [14/Mar/2025:20:15:24 +0700] "GET /?e=78983290052 HTTP/1.1" 200 12796 "-" "Mozilla/5.0 (compatible; YandexBot/3.0; +http://yandex.com/bots)"
57.141.3.12 - - [14/Mar/2025:20:15:22 +0700] "GET /ms/blog/tag/cara-agar-toko-online-laris/ HTTP/2" 404 11514 "-" "meta-externalagent/1.1 (+https://developers.facebook.com/docs/sharing/webmasters/crawler)"
180.235.151.3 - - [14/Mar/2025:20:15:26 +0700] "GET /wp-content/themes/aturtoko/assets/json/testi.json HTTP/1.0" 200 3616 "-" "-"
180.235.151.3 - - [14/Mar/2025:20:15:26 +0700] "GET /wp-content/themes/aturtoko/assets/json/liputan.json HTTP/1.0" 200 1813 "-" "-"
180.235.151.3 - - [14/Mar/2025:20:15:26 +0700] "GET /wp-content/themes/aturtoko/assets/json/testi.json HTTP/1.0" 200 3616 "-" "-"
180.235.151.3 - - [14/Mar/2025:20:15:26 +0700] "GET /wp-content/themes/aturtoko/assets/json/partner.json HTTP/1.0" 200 843 "-" "-"
213.180.203.214 - - [14/Mar/2025:20:15:25 +0700] "GET /?e=83491929914 HTTP/1.1" 200 12832 "-" "Mozilla/5.0 (compatible; YandexBot/3.0; +http://yandex.com/bots)"
180.235.151.3 - - [14/Mar/2025:20:15:26 +0700] "GET /wp-content/themes/aturtoko/assets/json/liputan.json HTTP/1.0" 200 1813 "-" "-"
180.235.151.3 - - [14/Mar/2025:20:15:26 +0700] "GET /wp-content/themes/aturtoko/assets/json/partner.json HTTP/1.0" 200 843 "-" "-"
213.180.203.113 - - [14/Mar/2025:20:15:25 +0700] "GET /?e=88665584781 HTTP/1.1" 200 12832 "-" "Mozilla/5.0 (compatible; YandexBot/3.0; +http://yandex.com/bots)"
180.235.151.3 - - [14/Mar/2025:20:15:27 +0700] "GET /wp-content/themes/aturtoko/assets/json/testi.json HTTP/1.0" 200 3616 "-" "-"
180.235.151.3 - - [14/Mar/2025:20:15:27 +0700] "GET /wp-content/themes/aturtoko/assets/json/liputan.json HTTP/1.0" 200 1813 "-" "-"
180.235.151.3 - - [14/Mar/2025:20:15:27 +0700] "GET /wp-content/themes/aturtoko/assets/json/partner.json HTTP/1.0" 200 843 "-" "-"
87.250.224.20 - - [14/Mar/2025:20:15:25 +0700] "GET /?e=21914937659 HTTP/1.1" 200 12785 "-" "Mozilla/5.0 (compatible; YandexBot/3.0; +http://yandex.com/bots)"
180.235.151.3 - - [14/Mar/2025:20:15:27 +0700] "GET /wp-content/themes/aturtoko/assets/json/testi.json HTTP/1.0" 200 3616 "-" "-"
180.235.151.3 - - [14/Mar/2025:20:15:27 +0700] "GET /wp-content/themes/aturtoko/assets/json/liputan.json HTTP/1.0" 200 1813 "-" "-"
180.235.151.3 - - [14/Mar/2025:20:15:27 +0700] "GET /wp-content/themes/aturtoko/assets/json/partner.json HTTP/1.0" 200 843 "-" "-"
213.180.203.18 - - [14/Mar/2025:20:15:26 +0700] "GET /?e=79258718127 HTTP/1.1" 200 12796 "-" "Mozilla/5.0 (compatible; YandexBot/3.0; +http://yandex.com/bots)"
180.235.151.3 - - [14/Mar/2025:20:15:28 +0700] "GET /wp-content/themes/aturtoko/assets/json/testi.json HTTP/1.0" 200 3616 "-" "-"
180.235.151.3 - - [14/Mar/2025:20:15:28 +0700] "GET /wp-content/themes/aturtoko/assets/json/liputan.json HTTP/1.0" 200 1813 "-" "-"
180.235.151.3 - - [14/Mar/2025:20:15:28 +0700] "GET /wp-content/themes/aturtoko/assets/json/partner.json HTTP/1.0" 200 843 "-" "-"
95.108.213.175 - - [14/Mar/2025:20:15:26 +0700] "GET /?e=48713920748 HTTP/1.1" 200 12832 "-" "Mozilla/5.0 (compatible; YandexBot/3.0; +http://yandex.com/bots)"
180.235.151.3 - - [14/Mar/2025:20:15:28 +0700] "GET /wp-content/themes/aturtoko/assets/json/testi.json HTTP/1.0" 200 3616 "-" "-"
180.235.151.3 - - [14/Mar/2025:20:15:28 +0700] "GET /wp-content/themes/aturtoko/assets/json/liputan.json HTTP/1.0" 200 1813 "-" "-"
180.235.151.3 - - [14/Mar/2025:20:15:28 +0700] "GET /wp-content/themes/aturtoko/assets/json/partner.json HTTP/1.0" 200 843 "-" "-"
5.255.231.48 - - [14/Mar/2025:20:15:27 +0700] "GET /?e=42122147224 HTTP/1.1" 200 12832 "-" "Mozilla/5.0 (compatible; YandexBot/3.0; +http://yandex.com/bots)"
180.235.151.3 - - [14/Mar/2025:20:15:29 +0700] "GET /wp-content/themes/aturtoko/assets/json/testi.json HTTP/1.0" 200 3616 "-" "-"
180.235.151.3 - - [14/Mar/2025:20:15:29 +0700] "GET /wp-content/themes/aturtoko/assets/json/liputan.json HTTP/1.0" 200 1813 "-" "-"
180.235.151.3 - - [14/Mar/2025:20:15:29 +0700] "GET /wp-content/themes/aturtoko/assets/json/partner.json HTTP/1.0" 200 843 "-" "-"
95.108.213.250 - - [14/Mar/2025:20:15:27 +0700] "GET /?e=43616787239 HTTP/1.1" 200 12832 "-" "Mozilla/5.0 (compatible; YandexBot/3.0; +http://yandex.com/bots)"
180.235.151.3 - - [14/Mar/2025:20:15:29 +0700] "GET /wp-content/themes/aturtoko/assets/json/testi.json HTTP/1.0" 200 3616 "-" "-"
180.235.151.3 - - [14/Mar/2025:20:15:29 +0700] "GET /wp-content/themes/aturtoko/assets/json/liputan.json HTTP/1.0" 200 1813 "-" "-"
180.235.151.3 - - [14/Mar/2025:20:15:29 +0700] "GET /wp-content/themes/aturtoko/assets/json/partner.json HTTP/1.0" 200 843 "-" "-"
213.180.203.196 - - [14/Mar/2025:20:15:28 +0700] "GET /?e=29486167689 HTTP/1.1" 200 12832 "-" "Mozilla/5.0 (compatible; YandexBot/3.0; +http://yandex.com/bots)"
188.166.217.91 - - [14/Mar/2025:20:15:27 +0700] "GET /docs/alfa.php HTTP/1.1" 404 3371 "-" "Mozilla/5.0 (Windows NT 10.0; Win64; x64) AppleWebKit/537.36 (KHTML, like Gecko) Chrome/85.0.4183.102 Safari/537.36"
180.235.151.3 - - [14/Mar/2025:20:15:30 +0700] "GET /wp-content/themes/aturtoko/assets/json/testi.json HTTP/1.0" 200 3616 "-" "-"
180.235.151.3 - - [14/Mar/2025:20:15:30 +0700] "GET /wp-content/themes/aturtoko/assets/json/liputan.json HTTP/1.0" 200 1813 "-" "-"
180.235.151.3 - - [14/Mar/2025:20:15:30 +0700] "GET /wp-content/themes/aturtoko/assets/json/partner.json HTTP/1.0" 200 843 "-" "-"
213.180.203.180 - - [14/Mar/2025:20:15:28 +0700] "GET /?e=79247127578 HTTP/1.1" 200 12832 "-" "Mozilla/5.0 (compatible; YandexBot/3.0; +http://yandex.com/bots)"
180.235.151.3 - - [14/Mar/2025:20:15:30 +0700] "GET /wp-content/themes/aturtoko/assets/json/testi.json HTTP/1.0" 200 3616 "-" "-"
180.235.151.3 - - [14/Mar/2025:20:15:30 +0700] "GET /wp-content/themes/aturtoko/assets/json/liputan.json HTTP/1.0" 200 1813 "-" "-"
180.235.151.3 - - [14/Mar/2025:20:15:30 +0700] "GET /wp-content/themes/aturtoko/assets/json/partner.json HTTP/1.0" 200 843 "-" "-"
213.180.203.140 - - [14/Mar/2025:20:15:29 +0700] "GET /?e=79179194468 HTTP/1.1" 200 12796 "-" "Mozilla/5.0 (compatible; YandexBot/3.0; +http://yandex.com/bots)"
57.141.3.1 - - [14/Mar/2025:20:15:27 +0700] "GET /ms/blog/management/marketing/iklan-advertorial-pengertian-fungsi-jenis-contoh-dan-kelebihannya HTTP/2" 404 11514 "-" "meta-externalagent/1.1 (+https://developers.facebook.com/docs/sharing/webmasters/crawler)"
57.141.3.6 - - [14/Mar/2025:20:15:29 +0700] "GET /en/blog/lainnya/perbedaan-wirausahawan-dulu-dan-sekarang/feed HTTP/2" 404 11514 "-" "meta-externalagent/1.1 (+https://developers.facebook.com/docs/sharing/webmasters/crawler)"
180.235.151.3 - - [14/Mar/2025:20:15:32 +0700] "GET /wp-content/themes/aturtoko/assets/json/testi.json HTTP/1.0" 200 3616 "-" "-"
180.235.151.3 - - [14/Mar/2025:20:15:33 +0700] "GET /wp-content/themes/aturtoko/assets/json/liputan.json HTTP/1.0" 200 1813 "-" "-"
180.235.151.3 - - [14/Mar/2025:20:15:33 +0700] "GET /wp-content/themes/aturtoko/assets/json/partner.json HTTP/1.0" 200 843 "-" "-"
213.180.203.127 - - [14/Mar/2025:20:15:29 +0700] "GET /?e=53144025938 HTTP/1.1" 200 12832 "-" "Mozilla/5.0 (compatible; YandexBot/3.0; +http://yandex.com/bots)"
180.235.151.3 - - [14/Mar/2025:20:15:33 +0700] "GET /wp-content/themes/aturtoko/assets/json/testi.json HTTP/1.0" 200 3616 "-" "-"
180.235.151.3 - - [14/Mar/2025:20:15:33 +0700] "GET /wp-content/themes/aturtoko/assets/json/liputan.json HTTP/1.0" 200 1813 "-" "-"
180.235.151.3 - - [14/Mar/2025:20:15:34 +0700] "GET /wp-content/themes/aturtoko/assets/json/partner.json HTTP/1.0" 200 843 "-" "-"
5.255.231.203 - - [14/Mar/2025:20:15:30 +0700] "GET /?e=86359479714 HTTP/1.1" 200 12832 "-" "Mozilla/5.0 (compatible; YandexBot/3.0; +http://yandex.com/bots)"
57.141.3.14 - - [14/Mar/2025:20:15:30 +0700] "GET /ms/blog/tag/pemimpin HTTP/2" 404 11514 "-" "meta-externalagent/1.1 (+https://developers.facebook.com/docs/sharing/webmasters/crawler)"
57.141.3.14 - - [14/Mar/2025:20:15:32 +0700] "GET /en/?p=1165 HTTP/2" 301 0 "-" "meta-externalagent/1.1 (+https://developers.facebook.com/docs/sharing/webmasters/crawler)"
180.235.151.3 - - [14/Mar/2025:20:15:38 +0700] "POST /wp-cron.php?doing_wp_cron=1741958138.2310829162597656250000 HTTP/1.1" 403 1242 "-" "WordPress/6.7.2; https://www.aturtoko.id"
57.141.3.7 - - [14/Mar/2025:20:15:34 +0700] "GET /en/blog/digital-marketing/meningkatkan-penjualan-online-dengan-website-yang-efektif HTTP/2" 404 11514 "-" "meta-externalagent/1.1 (+https://developers.facebook.com/docs/sharing/webmasters/crawler)"
180.235.151.3 - - [14/Mar/2025:20:15:39 +0700] "POST /wp-cron.php?doing_wp_cron=1741958139.5837609767913818359375 HTTP/1.1" 403 1242 "-" "WordPress/6.7.2; https://www.aturtoko.id"
57.141.3.19 - - [14/Mar/2025:20:15:35 +0700] "GET /ms/blog/management/strategi/tips-dan-kiat-sukses-menjalankan-manajemen-bisnis-ritel-untuk-pemula/ HTTP/2" 404 11514 "-" "meta-externalagent/1.1 (+https://developers.facebook.com/docs/sharing/webmasters/crawler)"
66.249.75.229 - - [14/Mar/2025:20:15:39 +0700] "GET /?e=31576918192 HTTP/1.1" 200 19982 "-" "Mozilla/5.0 (Linux; Android 6.0.1; Nexus 5X Build/MMB29P) AppleWebKit/537.36 (KHTML, like Gecko) Chrome/133.0.6943.141 Mobile Safari/537.36 (compatible; GoogleOther)"
180.235.151.3 - - [14/Mar/2025:20:15:41 +0700] "POST /wp-cron.php?doing_wp_cron=1741958141.5710320472717285156250 HTTP/1.1" 403 1242 "-" "WordPress/6.7.2; https://www.aturtoko.id"
57.141.3.7 - - [14/Mar/2025:20:15:37 +0700] "GET /ms/blog/management/legal/kupas-tuntas-tentang-hak-cipta-pengertian-jenis-serta-prosedur-pengajuan/ HTTP/2" 404 11514 "-" "meta-externalagent/1.1 (+https://developers.facebook.com/docs/sharing/webmasters/crawler)"
57.141.3.12 - - [14/Mar/2025:20:15:38 +0700] "GET /en/?p=1024 HTTP/2" 301 0 "-" "meta-externalagent/1.1 (+https://developers.facebook.com/docs/sharing/webmasters/crawler)"
57.141.3.6 - - [14/Mar/2025:20:15:38 +0700] "GET /blog/lainnya/pentingnya-kehadiran-online-untuk-kesuksesan-bisnis-anda HTTP/2" 200 40339 "-" "meta-externalagent/1.1 (+https://developers.facebook.com/docs/sharing/webmasters/crawler)"
57.141.3.21 - - [14/Mar/2025:20:15:40 +0700] "GET /ms/blog/digital-marketing/tantangan-strategi-omnichannel-dan-cara-mengatasinya-dengan-efektif/feed HTTP/2" 404 11514 "-" "meta-externalagent/1.1 (+https://developers.facebook.com/docs/sharing/webmasters/crawler)"
57.141.3.9 - - [14/Mar/2025:20:15:42 +0700] "GET /ms/?p=585 HTTP/2" 301 0 "-" "meta-externalagent/1.1 (+https://developers.facebook.com/docs/sharing/webmasters/crawler)"
57.141.3.5 - - [14/Mar/2025:20:15:43 +0700] "GET /en/blog/kewirausahaan/business-opportunity/yuk-pahami-apa-itu-jastip-bisnis-menguntungkan-yang-bisa-dimulai-tanpa-modal HTTP/2" 404 11514 "-" "meta-externalagent/1.1 (+https://developers.facebook.com/docs/sharing/webmasters/crawler)"
57.141.3.12 - - [14/Mar/2025:20:15:43 +0700] "GET /blog/manajemen-bisnis/keuntungan-memiliki-website-pribadi HTTP/2" 200 39305 "-" "meta-externalagent/1.1 (+https://developers.facebook.com/docs/sharing/webmasters/crawler)"
57.141.3.23 - - [14/Mar/2025:20:15:44 +0700] "GET /ms/blog/digital-marketing/apa-itu-endorse-bagaimana-cara-kerjanya-sebagai-strategi-pemasaran/feed HTTP/2" 404 11514 "-" "meta-externalagent/1.1 (+https://developers.facebook.com/docs/sharing/webmasters/crawler)"
188.166.217.91 - - [14/Mar/2025:20:15:48 +0700] "GET /docs/bypass.php HTTP/1.1" 404 3363 "-" "Mozilla/5.0 (Windows NT 10.0; Win64; x64) AppleWebKit/537.36 (KHTML, like Gecko) Chrome/85.0.4183.102 Safari/537.36"
57.141.3.29 - - [14/Mar/2025:20:15:47 +0700] "GET /blog/management/apa-itu-promosi-bisnis-pengertian-tujuan-jenis-contoh-dan-manfaatnya HTTP/2" 200 45432 "-" "meta-externalagent/1.1 (+https://developers.facebook.com/docs/sharing/webmasters/crawler)"
57.141.3.2 - - [14/Mar/2025:20:15:48 +0700] "GET /en/blog/kewirausahaan/leadership/arti-leadership-dan-mengapa-keterampilan-ini-wajib-dimiliki-pebisnis/ HTTP/2" 404 11514 "-" "meta-externalagent/1.1 (+https://developers.facebook.com/docs/sharing/webmasters/crawler)"
57.141.3.20 - - [14/Mar/2025:20:15:50 +0700] "GET /en/blog/tag/pajak HTTP/2" 404 11514 "-" "meta-externalagent/1.1 (+https://developers.facebook.com/docs/sharing/webmasters/crawler)"
57.141.3.10 - - [14/Mar/2025:20:15:52 +0700] "GET /wp-content/uploads/2022/04/Cara-Mengaktifkan-Fitur-COD-di-Tokopedia-Penjual-Makin-Aman.jpg& HTTP/2" 404 11514 "-" "meta-externalagent/1.1 (+https://developers.facebook.com/docs/sharing/webmasters/crawler)"
57.141.3.1 - - [14/Mar/2025:20:16:00 +0700] "GET /cara-jualan-di-lazada/standar-pengemasan-paket-di-lazada-seller-wajib-tahu HTTP/2" 200 33541 "-" "meta-externalagent/1.1 (+https://developers.facebook.com/docs/sharing/webmasters/crawler)"
57.141.3.19 - - [14/Mar/2025:20:16:02 +0700] "GET /en/cara-jualan-di-shopee/cara-mudah-daftar-shopee-food-untuk-merchant/ HTTP/2" 404 11514 "-" "meta-externalagent/1.1 (+https://developers.facebook.com/docs/sharing/webmasters/crawler)"
57.141.3.6 - - [14/Mar/2025:20:16:03 +0700] "GET /ms/blog/aturtoko-update/meningkatkan-penjualan-dengan-memperluas-pasar-digital HTTP/2" 404 11514 "-" "meta-externalagent/1.1 (+https://developers.facebook.com/docs/sharing/webmasters/crawler)"
188.166.217.91 - - [14/Mar/2025:20:16:04 +0700] "GET /docs/index.php HTTP/1.1" 301 0 "-" "Mozilla/5.0 (Windows NT 10.0; Win64; x64) AppleWebKit/537.36 (KHTML, like Gecko) Chrome/85.0.4183.102 Safari/537.36"
57.141.3.1 - - [14/Mar/2025:20:16:04 +0700] "GET /ms/blog/digital-marketing/meningkatkan-penjualan-online-dengan-website-yang-efektif HTTP/2" 404 11514 "-" "meta-externalagent/1.1 (+https://developers.facebook.com/docs/sharing/webmasters/crawler)"
57.141.3.16 - - [14/Mar/2025:20:16:07 +0700] "GET /en/blog/management/apa-itu-sku-mengapa-kode-ini-sangat-penting-untuk-manajemen-persediaan/feed HTTP/2" 404 11514 "-" "meta-externalagent/1.1 (+https://developers.facebook.com/docs/sharing/webmasters/crawler)"
57.141.3.22 - - [14/Mar/2025:20:16:10 +0700] "GET /ms/blog/digital-marketing/memanfaatkan-sosial-media-dalam-strategi-digital-marketing/ HTTP/2" 404 11514 "-" "meta-externalagent/1.1 (+https://developers.facebook.com/docs/sharing/webmasters/crawler)"
188.166.217.91 - - [14/Mar/2025:20:16:08 +0700] "GET /docs/ HTTP/1.1" 404 3363 "-" "Mozilla/5.0 (Windows NT 10.0; Win64; x64) AppleWebKit/537.36 (KHTML, like Gecko) Chrome/85.0.4183.102 Safari/537.36"
57.141.3.22 - - [14/Mar/2025:20:16:11 +0700] "GET /ms/blog/digital-marketing/copywriting-pengertian-jenis-dan-contoh-cara-membuatnya/ HTTP/2" 404 11514 "-" "meta-externalagent/1.1 (+https://developers.facebook.com/docs/sharing/webmasters/crawler)"
57.141.3.12 - - [14/Mar/2025:20:16:13 +0700] "GET /ms/blog/digital-marketing/keuntungan-memiliki-website-pribadi HTTP/2" 404 11514 "-" "meta-externalagent/1.1 (+https://developers.facebook.com/docs/sharing/webmasters/crawler)"
57.141.3.12 - - [14/Mar/2025:20:16:14 +0700] "GET /ms/blog/management/marketing/pengertian-dan-pentingnya-testimoni-untuk-mendongkrak-omzet-bisnis/ HTTP/2" 404 11514 "-" "meta-externalagent/1.1 (+https://developers.facebook.com/docs/sharing/webmasters/crawler)"
57.141.3.17 - - [14/Mar/2025:20:16:16 +0700] "GET /en/blog/tag/asean/ HTTP/2" 404 11514 "-" "meta-externalagent/1.1 (+https://developers.facebook.com/docs/sharing/webmasters/crawler)"
57.141.3.28 - - [14/Mar/2025:20:16:21 +0700] "GET /ms/blog/kewirausahaan/investasi/mengenal-jenis-jenis-investasi-dan-cara-mengelolanya/ HTTP/2" 404 11514 "-" "meta-externalagent/1.1 (+https://developers.facebook.com/docs/sharing/webmasters/crawler)"
57.141.3.14 - - [14/Mar/2025:20:16:22 +0700] "GET /cara-jualan-di-tokopedia/cara-mengaktifkan-fitur-cod-di-tokopedia-penjual-makin-aman HTTP/2" 200 34134 "-" "meta-externalagent/1.1 (+https://developers.facebook.com/docs/sharing/webmasters/crawler)"
66.249.75.230 - - [14/Mar/2025:20:16:26 +0700] "GET /?e=39564945683 HTTP/1.1" 200 19228 "-" "Mozilla/5.0 (Linux; Android 6.0.1; Nexus 5X Build/MMB29P) AppleWebKit/537.36 (KHTML, like Gecko) Chrome/133.0.6943.141 Mobile Safari/537.36 (compatible; GoogleOther)"
188.166.217.91 - - [14/Mar/2025:20:16:27 +0700] "GET /docs/k.php HTTP/1.1" 404 3363 "-" "Mozilla/5.0 (Windows NT 10.0; Win64; x64) AppleWebKit/537.36 (KHTML, like Gecko) Chrome/85.0.4183.102 Safari/537.36"
188.166.217.91 - - [14/Mar/2025:20:16:35 +0700] "GET /docs/wp.php HTTP/1.1" 404 3363 "-" "Mozilla/5.0 (Windows NT 10.0; Win64; x64) AppleWebKit/537.36 (KHTML, like Gecko) Chrome/85.0.4183.102 Safari/537.36"
180.235.151.3 - - [14/Mar/2025:20:16:47 +0700] "POST /wp-cron.php?doing_wp_cron=1741958207.1794500350952148437500 HTTP/1.1" 403 1242 "-" "WordPress/6.7.2; https://www.aturtoko.id"
180.235.151.3 - - [14/Mar/2025:20:16:47 +0700] "GET /wp-content/themes/aturtoko/assets/json/testi.json HTTP/1.0" 200 3616 "-" "-"
180.235.151.3 - - [14/Mar/2025:20:16:47 +0700] "GET /wp-content/themes/aturtoko/assets/json/liputan.json HTTP/1.0" 200 1813 "-" "-"
180.235.151.3 - - [14/Mar/2025:20:16:47 +0700] "GET /wp-content/themes/aturtoko/assets/json/partner.json HTTP/1.0" 200 843 "-" "-"
5.255.231.121 - - [14/Mar/2025:20:16:45 +0700] "GET /?e=53781609677 HTTP/1.1" 200 12832 "-" "Mozilla/5.0 (compatible; YandexBot/3.0; +http://yandex.com/bots)"
180.235.151.3 - - [14/Mar/2025:20:16:47 +0700] "POST /wp-cron.php?doing_wp_cron=1741958207.4355940818786621093750 HTTP/1.1" 403 1242 "-" "WordPress/6.7.2; https://www.aturtoko.id"
180.235.151.3 - - [14/Mar/2025:20:16:47 +0700] "GET /wp-content/themes/aturtoko/assets/json/testi.json HTTP/1.0" 200 3616 "-" "-"
180.235.151.3 - - [14/Mar/2025:20:16:47 +0700] "GET /wp-content/themes/aturtoko/assets/json/liputan.json HTTP/1.0" 200 1813 "-" "-"
180.235.151.3 - - [14/Mar/2025:20:16:47 +0700] "GET /wp-content/themes/aturtoko/assets/json/partner.json HTTP/1.0" 200 843 "-" "-"
5.255.231.70 - - [14/Mar/2025:20:16:45 +0700] "GET /?e=28632222483 HTTP/1.1" 200 12832 "-" "Mozilla/5.0 (compatible; YandexBot/3.0; +http://yandex.com/bots)"
180.235.151.3 - - [14/Mar/2025:20:16:47 +0700] "POST /wp-cron.php?doing_wp_cron=1741958207.6587240695953369140625 HTTP/1.1" 403 1242 "-" "WordPress/6.7.2; https://www.aturtoko.id"
180.235.151.3 - - [14/Mar/2025:20:16:47 +0700] "GET /wp-content/themes/aturtoko/assets/json/testi.json HTTP/1.0" 200 3616 "-" "-"
180.235.151.3 - - [14/Mar/2025:20:16:47 +0700] "POST /wp-cron.php?doing_wp_cron=1741958207.7445409297943115234375 HTTP/1.1" 403 1242 "-" "WordPress/6.7.2; https://www.aturtoko.id"
180.235.151.3 - - [14/Mar/2025:20:16:47 +0700] "GET /wp-content/themes/aturtoko/assets/json/liputan.json HTTP/1.0" 200 1813 "-" "-"
180.235.151.3 - - [14/Mar/2025:20:16:47 +0700] "GET /wp-content/themes/aturtoko/assets/json/testi.json HTTP/1.0" 200 3616 "-" "-"
180.235.151.3 - - [14/Mar/2025:20:16:47 +0700] "GET /wp-content/themes/aturtoko/assets/json/partner.json HTTP/1.0" 200 843 "-" "-"
180.235.151.3 - - [14/Mar/2025:20:16:47 +0700] "GET /wp-content/themes/aturtoko/assets/json/liputan.json HTTP/1.0" 200 1813 "-" "-"
213.180.203.70 - - [14/Mar/2025:20:16:46 +0700] "GET /?e=67834241291 HTTP/1.1" 200 12832 "-" "Mozilla/5.0 (compatible; YandexBot/3.0; +http://yandex.com/bots)"
180.235.151.3 - - [14/Mar/2025:20:16:47 +0700] "GET /wp-content/themes/aturtoko/assets/json/partner.json HTTP/1.0" 200 843 "-" "-"
213.180.203.214 - - [14/Mar/2025:20:16:46 +0700] "GET /?e=85426208234 HTTP/1.1" 200 12832 "-" "Mozilla/5.0 (compatible; YandexBot/3.0; +http://yandex.com/bots)"
180.235.151.3 - - [14/Mar/2025:20:16:48 +0700] "POST /wp-cron.php?doing_wp_cron=1741958208.1529309749603271484375 HTTP/1.1" 403 1242 "-" "WordPress/6.7.2; https://www.aturtoko.id"
180.235.151.3 - - [14/Mar/2025:20:16:48 +0700] "POST /wp-cron.php?doing_wp_cron=1741958208.1917979717254638671875 HTTP/1.1" 403 1242 "-" "WordPress/6.7.2; https://www.aturtoko.id"
180.235.151.3 - - [14/Mar/2025:20:16:48 +0700] "GET /wp-content/themes/aturtoko/assets/json/testi.json HTTP/1.0" 200 3616 "-" "-"
180.235.151.3 - - [14/Mar/2025:20:16:48 +0700] "GET /wp-content/themes/aturtoko/assets/json/testi.json HTTP/1.0" 200 3616 "-" "-"
180.235.151.3 - - [14/Mar/2025:20:16:48 +0700] "GET /wp-content/themes/aturtoko/assets/json/liputan.json HTTP/1.0" 200 1813 "-" "-"
180.235.151.3 - - [14/Mar/2025:20:16:48 +0700] "GET /wp-content/themes/aturtoko/assets/json/liputan.json HTTP/1.0" 200 1813 "-" "-"
180.235.151.3 - - [14/Mar/2025:20:16:48 +0700] "GET /wp-content/themes/aturtoko/assets/json/partner.json HTTP/1.0" 200 843 "-" "-"
180.235.151.3 - - [14/Mar/2025:20:16:48 +0700] "GET /wp-content/themes/aturtoko/assets/json/partner.json HTTP/1.0" 200 843 "-" "-"
180.235.151.3 - - [14/Mar/2025:20:16:48 +0700] "GET /wp-content/themes/aturtoko/assets/json/testi.json HTTP/1.0" 200 3616 "-" "-"
